24.3.151.52 - - [26/Feb/2004:18:45:43 -0800] "GET /NCAA2003.jpg HTTP/1.1" 200 84807 "http://www.wrestlingstats.com/" "Mozilla/4.0 (compatible; MSIE 6.0; Windows NT 5.1; FunWebProducts; .NET CLR 1.1.4322)"
24.3.151.52 - - [26/Feb/2004:18:45:45 -0800] "GET /apPopupMenu.class HTTP/1.1" 200 19469 "-" "Mozilla/4.0 (compatible; MSIE 6.0; Win32)"
24.3.151.52 - - [26/Feb/2004:18:45:46 -0800] "GET /images/home32.gif HTTP/1.1" 200 287 "-" "Mozilla/4.0 (compatible; MSIE 6.0; Win32)"
24.3.151.52 - - [26/Feb/2004:18:45:46 -0800] "GET /images/mail32.gif HTTP/1.1" 200 317 "-" "Mozilla/4.0 (compatible; MSIE 6.0; Win32)"
207.177.82.246 - - [26/Feb/2004:18:46:01 -0800] "GET /ncaa/brackets.htm HTTP/1.1" 200 12926 "-" "Mozilla/4.0 (compatible; MSIE 6.0; Windows NT 5.1; .NET CLR 1.1.4322)"
207.177.82.246 - - [26/Feb/2004:18:46:10 -0800] "GET /apPopupMenu.class HTTP/1.1" 200 19469 "-" "Mozilla/4.0 (Windows XP 5.1) Java/1.4.1_02"
207.177.82.246 - - [26/Feb/2004:18:46:13 -0800] "GET /images/home32.gif HTTP/1.1" 200 287 "-" "Mozilla/4.0 (Windows XP 5.1) Java/1.4.1_02"
207.177.82.246 - - [26/Feb/2004:18:46:13 -0800] "GET /images/mail32.gif HTTP/1.1" 200 317 "-" "Mozilla/4.0 (Windows XP 5.1) Java/1.4.1_02"
205.188.208.70 - - [26/Feb/2004:18:46:34 -0800] "GET /ncaa/pdf/brackets/NCAA%201991.pdf HTTP/1.0" 206 57833 "-" "Mozilla/4.0 (compatible; MSIE 6.0; AOL 7.0; Windows NT 5.1; .NET CLR 1.0.3705; .NET CLR 1.1.4322)"
67.193.66.39 - - [26/Feb/2004:18:46:59 -0800] "GET /eiwa/pdf/brackets/EIWA%201970.pdf HTTP/1.1" 200 64644 "http://www.wrestlingstats.com/eiwa/brackets.htm" "Mozilla/4.0 (compatible; MSIE 5.5; Windows 98)"
67.193.66.39 - - [26/Feb/2004:18:47:01 -0800] "GET /eiwa/pdf/brackets/EIWA%201970.pdf HTTP/1.1" 206 60046 "-" "Mozilla/4.0 (compatible; MSIE 5.5; Windows 98)"
67.193.66.39 - - [26/Feb/2004:18:47:02 -0800] "GET /eiwa/pdf/brackets/EIWA%201970.pdf HTTP/1.1" 206 60176 "-" "Mozilla/4.0 (compatible; MSIE 5.5; Windows 98)"
205.188.208.103 - - [26/Feb/2004:18:47:36 -0800] "GET /ncaa/pdf/brackets/NCAA%201992.pdf HTTP/1.0" 200 225940 "http://www.wrestlingstats.com/ncaa/brackets.htm" "Mozilla/4.0 (compatible; MSIE 6.0; AOL 7.0; Windows NT 5.1; .NET CLR 1.0.3705; .NET CLR 1.1.4322)"
198.81.26.12 - - [26/Feb/2004:18:47:37 -0800] "GET /ncaa/pdf/brackets/NCAA%201985.pdf HTTP/1.0" 200 223425 "http://www.wrestlingstats.com/ncaa/brackets.htm" "Mozilla/4.0 (compatible; MSIE 6.0; AOL 8.0; Windows NT 5.1)"
198.81.26.12 - - [26/Feb/2004:18:47:38 -0800] "GET /ncaa/pdf/brackets/NCAA%201985.pdf HTTP/1.0" 200 223425 "-" "Mozilla/4.0 (compatible; MSIE 6.0; AOL 8.0; Windows NT 5.1)"
205.188.208.103 - - [26/Feb/2004:18:47:38 -0800] "GET /ncaa/pdf/brackets/NCAA%201992.pdf HTTP/1.0" 200 225940 "-" "Mozilla/4.0 (compatible; MSIE 6.0; AOL 7.0; Windows NT 5.1; .NET CLR 1.0.3705; .NET CLR 1.1.4322)"
198.81.26.12 - - [26/Feb/2004:18:47:38 -0800] "GET /ncaa/pdf/brackets/NCAA%201985.pdf HTTP/1.0" 206 101581 "-" "Mozilla/4.0 (compatible; MSIE 6.0; AOL 8.0; Windows NT 5.1)"
198.81.26.12 - - [26/Feb/2004:18:47:39 -0800] "GET /ncaa/pdf/brackets/NCAA%201985.pdf HTTP/1.1" 206 114614 "-" "Mozilla/4.0 (compatible; MSIE 6.0; AOL 8.0; Windows NT 5.1)"
205.188.208.103 - - [26/Feb/2004:18:47:40 -0800] "GET /ncaa/pdf/brackets/NCAA%201992.pdf HTTP/1.0" 206 107228 "-" "Mozilla/4.0 (compatible; MSIE 6.0; AOL 7.0; Windows NT 5.1; .NET CLR 1.0.3705; .NET CLR 1.1.4322)"
67.193.66.39 - - [26/Feb/2004:18:47:47 -0800] "GET /eiwa/pdf/brackets/EIWA%201988.pdf HTTP/1.1" 200 71590 "http://www.wrestlingstats.com/eiwa/brackets.htm" "Mozilla/4.0 (compatible; MSIE 5.5; Windows 98)"
67.193.66.39 - - [26/Feb/2004:18:47:49 -0800] "GET /eiwa/pdf/brackets/EIWA%201988.pdf HTTP/1.1" 206 66994 "-" "Mozilla/4.0 (compatible; MSIE 5.5; Windows 98)"
67.193.66.39 - - [26/Feb/2004:18:47:52 -0800] "GET /eiwa/pdf/brackets/EIWA%201988.pdf HTTP/1.1" 206 62930 "-" "Mozilla/4.0 (compatible; MSIE 5.5; Windows 98)"
67.193.66.39 - - [26/Feb/2004:18:48:30 -0800] "GET /eiwa/pdf/brackets/EIWA%201977.pdf HTTP/1.1" 200 131879 "http://www.wrestlingstats.com/eiwa/brackets.htm" "Mozilla/4.0 (compatible; MSIE 5.5; Windows 98)"
67.193.66.39 - - [26/Feb/2004:18:48:31 -0800] "GET /eiwa/pdf/brackets/EIWA%201977.pdf HTTP/1.1" 206 131572 "-" "Mozilla/4.0 (compatible; MSIE 5.5; Windows 98)"
67.193.66.39 - - [26/Feb/2004:18:48:39 -0800] "GET /eiwa/pdf/brackets/EIWA%201977.pdf HTTP/1.1" 206 103225 "-" "Mozilla/4.0 (compatible; MSIE 5.5; Windows 98)"
67.193.66.39 - - [26/Feb/2004:18:49:26 -0800] "GET /eiwa/pdf/brackets/EIWA%201969.pdf HTTP/1.1" 200 65198 "http://www.wrestlingstats.com/eiwa/brackets.htm" "Mozilla/4.0 (compatible; MSIE 5.5; Windows 98)"
67.193.66.39 - - [26/Feb/2004:18:49:28 -0800] "GET /eiwa/pdf/brackets/EIWA%201969.pdf HTTP/1.1" 206 60601 "-" "Mozilla/4.0 (compatible; MSIE 5.5; Windows 98)"
67.193.66.39 - - [26/Feb/2004:18:49:31 -0800] "GET /eiwa/pdf/brackets/EIWA%201969.pdf HTTP/1.1" 206 56444 "-" "Mozilla/4.0 (compatible; MSIE 5.5; Windows 98)"
67.193.66.39 - - [26/Feb/2004:18:50:15 -0800] "GET /eiwa/pdf/brackets/EIWA%201990.pdf HTTP/1.1" 200 71627 "http://www.wrestlingstats.com/eiwa/brackets.htm" "Mozilla/4.0 (compatible; MSIE 5.5; Windows 98)"
67.193.66.39 - - [26/Feb/2004:18:50:17 -0800] "GET /eiwa/pdf/brackets/EIWA%201990.pdf HTTP/1.1" 206 67030 "-" "Mozilla/4.0 (compatible; MSIE 5.5; Windows 98)"
67.193.66.39 - - [26/Feb/2004:18:50:20 -0800] "GET /eiwa/pdf/brackets/EIWA%201990.pdf HTTP/1.1" 206 62965 "-" "Mozilla/4.0 (compatible; MSIE 5.5; Windows 98)"
67.193.66.39 - - [26/Feb/2004:18:50:43 -0800] "GET /eiwa/pdf/brackets/EIWA%201980.pdf HTTP/1.1" 200 131505 "http://www.wrestlingstats.com/eiwa/brackets.htm" "Mozilla/4.0 (compatible; MSIE 5.5; Windows 98)"
67.193.66.39 - - [26/Feb/2004:18:50:46 -0800] "GET /eiwa/pdf/brackets/EIWA%201980.pdf HTTP/1.1" 206 126909 "-" "Mozilla/4.0 (compatible; MSIE 5.5; Windows 98)"
67.193.66.39 - - [26/Feb/2004:18:50:50 -0800] "GET /eiwa/pdf/brackets/EIWA%201980.pdf HTTP/1.1" 206 101314 "-" "Mozilla/4.0 (compatible; MSIE 5.5; Windows 98)"
198.81.26.12 - - [26/Feb/2004:18:51:04 -0800] "GET /ncaa/pdf/brackets/NCAA%201987.pdf HTTP/1.0" 200 228177 "http://www.wrestlingstats.com/ncaa/brackets.htm" "Mozilla/4.0 (compatible; MSIE 6.0; AOL 8.0; Windows NT 5.1)"
198.81.26.12 - - [26/Feb/2004:18:51:04 -0800] "GET /ncaa/pdf/brackets/NCAA%201987.pdf HTTP/1.1" 200 228177 "-" "Mozilla/4.0 (compatible; MSIE 6.0; AOL 8.0; Windows NT 5.1)"
198.81.26.12 - - [26/Feb/2004:18:51:05 -0800] "GET /ncaa/pdf/brackets/NCAA%201987.pdf HTTP/1.1" 206 88229 "-" "Mozilla/4.0 (compatible; MSIE 6.0; AOL 8.0; Windows NT 5.1)"
198.81.26.12 - - [26/Feb/2004:18:51:06 -0800] "GET /ncaa/pdf/brackets/NCAA%201987.pdf HTTP/1.1" 206 120479 "-" "Mozilla/4.0 (compatible; MSIE 6.0; AOL 8.0; Windows NT 5.1)"
67.193.66.39 - - [26/Feb/2004:18:51:52 -0800] "GET /eiwa/pdf/brackets/EIWA%201973.pdf HTTP/1.1" 200 69965 "http://www.wrestlingstats.com/eiwa/brackets.htm" "Mozilla/4.0 (compatible; MSIE 5.5; Windows 98)"
67.193.66.39 - - [26/Feb/2004:18:51:54 -0800] "GET /eiwa/pdf/brackets/EIWA%201973.pdf HTTP/1.1" 206 65368 "-" "Mozilla/4.0 (compatible; MSIE 5.5; Windows 98)"
67.193.66.39 - - [26/Feb/2004:18:51:57 -0800] "GET /eiwa/pdf/brackets/EIWA%201973.pdf HTTP/1.1" 206 61303 "-" "Mozilla/4.0 (compatible; MSIE 5.5; Windows 98)"
67.193.66.39 - - [26/Feb/2004:18:52:38 -0800] "GET /eiwa/pdf/brackets/EIWA%201976.pdf HTTP/1.1" 200 69927 "http://www.wrestlingstats.com/eiwa/brackets.htm" "Mozilla/4.0 (compatible; MSIE 5.5; Windows 98)"
67.193.66.39 - - [26/Feb/2004:18:52:40 -0800] "GET /eiwa/pdf/brackets/EIWA%201976.pdf HTTP/1.1" 206 65331 "-" "Mozilla/4.0 (compatible; MSIE 5.5; Windows 98)"
67.193.66.39 - - [26/Feb/2004:18:52:43 -0800] "GET /eiwa/pdf/brackets/EIWA%201976.pdf HTTP/1.1" 206 61267 "-" "Mozilla/4.0 (compatible; MSIE 5.5; Windows 98)"
67.193.66.39 - - [26/Feb/2004:18:53:17 -0800] "GET /eiwa/pdf/brackets/EIWA%201978.pdf HTTP/1.1" 200 70304 "http://www.wrestlingstats.com/eiwa/brackets.htm" "Mozilla/4.0 (compatible; MSIE 5.5; Windows 98)"
67.193.66.39 - - [26/Feb/2004:18:53:18 -0800] "GET /eiwa/pdf/brackets/EIWA%201978.pdf HTTP/1.1" 206 65708 "-" "Mozilla/4.0 (compatible; MSIE 5.5; Windows 98)"
67.193.66.39 - - [26/Feb/2004:18:53:21 -0800] "GET /eiwa/pdf/brackets/EIWA%201978.pdf HTTP/1.1" 206 61644 "-" "Mozilla/4.0 (compatible; MSIE 5.5; Windows 98)"
67.193.66.39 - - [26/Feb/2004:18:53:49 -0800] "GET /eiwa/pdf/brackets/EIWA%201975.pdf HTTP/1.1" 200 69463 "http://www.wrestlingstats.com/eiwa/brackets.htm" "Mozilla/4.0 (compatible; MSIE 5.5; Windows 98)"
67.193.66.39 - - [26/Feb/2004:18:53:51 -0800] "GET /eiwa/pdf/brackets/EIWA%201975.pdf HTTP/1.1" 206 64867 "-" "Mozilla/4.0 (compatible; MSIE 5.5; Windows 98)"
67.193.66.39 - - [26/Feb/2004:18:53:54 -0800] "GET /eiwa/pdf/brackets/EIWA%201975.pdf HTTP/1.1" 206 60803 "-" "Mozilla/4.0 (compatible; MSIE 5.5; Windows 98)"
67.193.66.39 - - [26/Feb/2004:18:54:17 -0800] "GET /eiwa/pdf/brackets/EIWA%201974.pdf HTTP/1.1" 200 69936 "http://www.wrestlingstats.com/eiwa/brackets.htm" "Mozilla/4.0 (compatible; MSIE 5.5; Windows 98)"
67.193.66.39 - - [26/Feb/2004:18:54:19 -0800] "GET /eiwa/pdf/brackets/EIWA%201974.pdf HTTP/1.1" 206 65339 "-" "Mozilla/4.0 (compatible; MSIE 5.5; Windows 98)"
67.193.66.39 - - [26/Feb/2004:18:54:22 -0800] "GET /eiwa/pdf/brackets/EIWA%201974.pdf HTTP/1.1" 206 61274 "-" "Mozilla/4.0 (compatible; MSIE 5.5; Windows 98)"
67.193.66.39 - - [26/Feb/2004:18:54:42 -0800] "GET /eiwa/pdf/brackets/EIWA%201972.pdf HTTP/1.1" 200 69919 "http://www.wrestlingstats.com/eiwa/brackets.htm" "Mozilla/4.0 (compatible; MSIE 5.5; Windows 98)"
67.193.66.39 - - [26/Feb/2004:18:54:44 -0800] "GET /eiwa/pdf/brackets/EIWA%201972.pdf HTTP/1.1" 206 65322 "-" "Mozilla/4.0 (compatible; MSIE 5.5; Windows 98)"
67.193.66.39 - - [26/Feb/2004:18:54:47 -0800] "GET /eiwa/pdf/brackets/EIWA%201972.pdf HTTP/1.1" 206 61257 "-" "Mozilla/4.0 (compatible; MSIE 5.5; Windows 98)"
67.193.66.39 - - [26/Feb/2004:18:55:15 -0800] "GET /eiwa/pdf/brackets/EIWA%201971.pdf HTTP/1.1" 200 64082 "http://www.wrestlingstats.com/eiwa/brackets.htm" "Mozilla/4.0 (compatible; MSIE 5.5; Windows 98)"
67.193.66.39 - - [26/Feb/2004:18:55:17 -0800] "GET /eiwa/pdf/brackets/EIWA%201971.pdf HTTP/1.1" 206 59484 "-" "Mozilla/4.0 (compatible; MSIE 5.5; Windows 98)"
67.193.66.39 - - [26/Feb/2004:18:55:21 -0800] "GET /eiwa/pdf/brackets/EIWA%201971.pdf HTTP/1.1" 206 54790 "-" "Mozilla/4.0 (compatible; MSIE 5.5; Windows 98)"
67.193.66.39 - - [26/Feb/2004:18:55:38 -0800] "GET /eiwa/pdf/brackets/EIWA%201982.pdf HTTP/1.1" 200 132086 "http://www.wrestlingstats.com/eiwa/brackets.htm" "Mozilla/4.0 (compatible; MSIE 5.5; Windows 98)"
67.193.66.39 - - [26/Feb/2004:18:55:41 -0800] "GET /eiwa/pdf/brackets/EIWA%201982.pdf HTTP/1.1" 206 127490 "-" "Mozilla/4.0 (compatible; MSIE 5.5; Windows 98)"
67.193.66.39 - - [26/Feb/2004:18:55:45 -0800] "GET /eiwa/pdf/brackets/EIWA%201982.pdf HTTP/1.1" 206 101965 "-" "Mozilla/4.0 (compatible; MSIE 5.5; Windows 98)"
67.193.66.39 - - [26/Feb/2004:18:56:32 -0800] "GET /eiwa/pdf/brackets/EIWA%201983.pdf HTTP/1.1" 200 131512 "http://www.wrestlingstats.com/eiwa/brackets.htm" "Mozilla/4.0 (compatible; MSIE 5.5; Windows 98)"
67.193.66.39 - - [26/Feb/2004:18:56:35 -0800] "GET /eiwa/pdf/brackets/EIWA%201983.pdf HTTP/1.1" 206 126916 "-" "Mozilla/4.0 (compatible; MSIE 5.5; Windows 98)"
67.193.66.39 - - [26/Feb/2004:18:56:37 -0800] "GET /eiwa/pdf/brackets/EIWA%201983.pdf HTTP/1.1" 206 104846 "-" "Mozilla/4.0 (compatible; MSIE 5.5; Windows 98)"
67.193.66.39 - - [26/Feb/2004:18:58:01 -0800] "GET /eiwa/pdf/brackets/EIWA%201985.pdf HTTP/1.1" 200 70276 "http://www.wrestlingstats.com/eiwa/brackets.htm" "Mozilla/4.0 (compatible; MSIE 5.5; Windows 98)"
67.193.66.39 - - [26/Feb/2004:18:58:03 -0800] "GET /eiwa/pdf/brackets/EIWA%201985.pdf HTTP/1.1" 206 65679 "-" "Mozilla/4.0 (compatible; MSIE 5.5; Windows 98)"
67.193.66.39 - - [26/Feb/2004:18:58:05 -0800] "GET /eiwa/pdf/brackets/EIWA%201985.pdf HTTP/1.1" 206 61614 "-" "Mozilla/4.0 (compatible; MSIE 5.5; Windows 98)"
57.69.14.130 - - [26/Feb/2004:19:13:42 -0800] "GET /NCAA2003.jpg HTTP/1.0" 304 - "-" "Mozilla/4.0 (compatible; MSIE 5.5; Windows NT 5.0) Fetch API Request"
198.81.26.12 - - [26/Feb/2004:19:17:43 -0800] "GET /ncaa/pdf/brackets/NCAA%201998.pdf HTTP/1.1" 200 196608 "http://www.wrestlingstats.com/ncaa/brackets.htm" "Mozilla/4.0 (compatible; MSIE 6.0; AOL 8.0; Windows NT 5.1)"
198.81.26.12 - - [26/Feb/2004:19:17:43 -0800] "GET /ncaa/pdf/brackets/NCAA%201998.pdf HTTP/1.0" 200 231756 "-" "Mozilla/4.0 (compatible; MSIE 6.0; AOL 8.0; Windows NT 5.1)"
198.81.26.12 - - [26/Feb/2004:19:17:44 -0800] "GET /ncaa/pdf/brackets/NCAA%201998.pdf HTTP/1.0" 206 100729 "-" "Mozilla/4.0 (compatible; MSIE 6.0; AOL 8.0; Windows NT 5.1)"
198.81.26.12 - - [26/Feb/2004:19:17:45 -0800] "GET /ncaa/pdf/brackets/NCAA%201998.pdf HTTP/1.0" 206 123802 "-" "Mozilla/4.0 (compatible; MSIE 6.0; AOL 8.0; Windows NT 5.1)"
205.162.138.111 - - [26/Feb/2004:19:31:25 -0800] "GET / HTTP/1.1" 200 1757 "http://www.wrestlingreport.com/" "Mozilla/4.0 (compatible; MSIE 6.0; Windows NT 5.1)"
205.162.138.111 - - [26/Feb/2004:19:31:31 -0800] "GET /NCAA2003.jpg HTTP/1.1" 304 - "http://www.wrestlingstats.com/" "Mozilla/4.0 (compatible; MSIE 6.0; Windows NT 5.1)"
205.162.138.111 - - [26/Feb/2004:19:31:31 -0800] "GET /apPopupMenu.class HTTP/1.1" 304 - "-" "Mozilla/4.0 (compatible; MSIE 6.0; Win32)"
205.162.138.111 - - [26/Feb/2004:19:31:32 -0800] "GET /images/home32.gif HTTP/1.1" 304 - "-" "Mozilla/4.0 (compatible; MSIE 6.0; Win32)"
205.162.138.111 - - [26/Feb/2004:19:31:33 -0800] "GET /images/mail32.gif HTTP/1.1" 304 - "-" "Mozilla/4.0 (compatible; MSIE 6.0; Win32)"
198.81.26.12 - - [26/Feb/2004:19:33:31 -0800] "GET /ncaa/pdf/brackets/NCAA%201997.pdf HTTP/1.0" 200 230238 "http://www.wrestlingstats.com/ncaa/brackets.htm" "Mozilla/4.0 (compatible; MSIE 6.0; AOL 8.0; Windows NT 5.1)"
198.81.26.12 - - [26/Feb/2004:19:33:31 -0800] "GET /ncaa/pdf/brackets/NCAA%201997.pdf HTTP/1.0" 200 230238 "-" "Mozilla/4.0 (compatible; MSIE 6.0; AOL 8.0; Windows NT 5.1)"
198.81.26.12 - - [26/Feb/2004:19:33:32 -0800] "GET /ncaa/pdf/brackets/NCAA%201997.pdf HTTP/1.0" 206 104986 "-" "Mozilla/4.0 (compatible; MSIE 6.0; AOL 8.0; Windows NT 5.1)"
198.81.26.12 - - [26/Feb/2004:19:33:33 -0800] "GET /ncaa/pdf/brackets/NCAA%201997.pdf HTTP/1.0" 206 122105 "-" "Mozilla/4.0 (compatible; MSIE 6.0; AOL 8.0; Windows NT 5.1)"
198.81.26.12 - - [26/Feb/2004:19:34:23 -0800] "GET /ncaa/pdf/brackets/NCAA%201999.pdf HTTP/1.0" 200 231535 "http://www.wrestlingstats.com/ncaa/brackets.htm" "Mozilla/4.0 (compatible; MSIE 6.0; AOL 8.0; Windows NT 5.1)"
198.81.26.12 - - [26/Feb/2004:19:34:24 -0800] "GET /ncaa/pdf/brackets/NCAA%201999.pdf HTTP/1.0" 200 231535 "-" "Mozilla/4.0 (compatible; MSIE 6.0; AOL 8.0; Windows NT 5.1)"
198.81.26.12 - - [26/Feb/2004:19:34:24 -0800] "GET /ncaa/pdf/brackets/NCAA%201999.pdf HTTP/1.0" 206 105381 "-" "Mozilla/4.0 (compatible; MSIE 6.0; AOL 8.0; Windows NT 5.1)"
198.81.26.12 - - [26/Feb/2004:19:34:25 -0800] "GET /ncaa/pdf/brackets/NCAA%201999.pdf HTTP/1.0" 206 123008 "-" "Mozilla/4.0 (compatible; MSIE 6.0; AOL 8.0; Windows NT 5.1)"
198.81.26.11 - - [26/Feb/2004:19:36:23 -0800] "GET /ncaa/pdf/brackets/NCAA%202000.pdf HTTP/1.0" 200 231911 "http://www.wrestlingstats.com/ncaa/brackets.htm" "Mozilla/4.0 (compatible; MSIE 6.0; AOL 8.0; Windows NT 5.1)"
198.81.26.11 - - [26/Feb/2004:19:36:23 -0800] "GET /ncaa/pdf/brackets/NCAA%202000.pdf HTTP/1.0" 200 231911 "-" "Mozilla/4.0 (compatible; MSIE 6.0; AOL 8.0; Windows NT 5.1)"
198.81.26.11 - - [26/Feb/2004:19:36:24 -0800] "GET /ncaa/pdf/brackets/NCAA%202000.pdf HTTP/1.0" 206 104979 "-" "Mozilla/4.0 (compatible; MSIE 6.0; AOL 8.0; Windows NT 5.1)"
198.81.26.11 - - [26/Feb/2004:19:36:25 -0800] "GET /ncaa/pdf/brackets/NCAA%202000.pdf HTTP/1.0" 206 123786 "-" "Mozilla/4.0 (compatible; MSIE 6.0; AOL 8.0; Windows NT 5.1)"
198.81.26.12 - - [26/Feb/2004:19:38:33 -0800] "GET /ncaa/pdf/brackets/NCAA%202002.pdf HTTP/1.0" 200 230468 "http://www.wrestlingstats.com/ncaa/brackets.htm" "Mozilla/4.0 (compatible; MSIE 6.0; AOL 8.0; Windows NT 5.1)"
198.81.26.12 - - [26/Feb/2004:19:38:33 -0800] "GET /ncaa/pdf/brackets/NCAA%202002.pdf HTTP/1.0" 200 230468 "-" "Mozilla/4.0 (compatible; MSIE 6.0; AOL 8.0; Windows NT 5.1)"
198.81.26.12 - - [26/Feb/2004:19:38:34 -0800] "GET /ncaa/pdf/brackets/NCAA%202002.pdf HTTP/1.0" 206 104819 "-" "Mozilla/4.0 (compatible; MSIE 6.0; AOL 8.0; Windows NT 5.1)"
198.81.26.12 - - [26/Feb/2004:19:38:35 -0800] "GET /ncaa/pdf/brackets/NCAA%202002.pdf HTTP/1.0" 206 122499 "-" "Mozilla/4.0 (compatible; MSIE 6.0; AOL 8.0; Windows NT 5.1)"
198.81.26.12 - - [26/Feb/2004:19:40:12 -0800] "GET /ncaa/pdf/brackets/NCAA%201992.pdf HTTP/1.0" 200 225940 "http://www.wrestlingstats.com/ncaa/brackets.htm" "Mozilla/4.0 (compatible; MSIE 6.0; AOL 8.0; Windows NT 5.1)"
198.81.26.12 - - [26/Feb/2004:19:40:12 -0800] "GET /ncaa/pdf/brackets/NCAA%201992.pdf HTTP/1.0" 200 225940 "-" "Mozilla/4.0 (compatible; MSIE 6.0; AOL 8.0; Windows NT 5.1)"
198.81.26.12 - - [26/Feb/2004:19:40:13 -0800] "GET /ncaa/pdf/brackets/NCAA%201992.pdf HTTP/1.0" 206 105880 "-" "Mozilla/4.0 (compatible; MSIE 6.0; AOL 8.0; Windows NT 5.1)"
198.81.26.12 - - [26/Feb/2004:19:40:14 -0800] "GET /ncaa/pdf/brackets/NCAA%201992.pdf HTTP/1.0" 206 116917 "-" "Mozilla/4.0 (compatible; MSIE 6.0; AOL 8.0; Windows NT 5.1)"
198.81.26.12 - - [26/Feb/2004:19:43:17 -0800] "GET /ncaa/pdf/brackets/NCAA%202003.pdf HTTP/1.0" 200 131072 "http://www.wrestlingstats.com/ncaa/brackets.htm" "Mozilla/4.0 (compatible; MSIE 6.0; AOL 8.0; Windows NT 5.1)"
198.81.26.12 - - [26/Feb/2004:19:43:17 -0800] "GET /ncaa/pdf/brackets/NCAA%202003.pdf HTTP/1.0" 200 144218 "-" "Mozilla/4.0 (compatible; MSIE 6.0; AOL 8.0; Windows NT 5.1)"
198.81.26.12 - - [26/Feb/2004:19:43:47 -0800] "GET /ncaa/pdf/brackets/NCAA%201987.pdf HTTP/1.0" 200 228177 "http://www.wrestlingstats.com/ncaa/brackets.htm" "Mozilla/4.0 (compatible; MSIE 6.0; AOL 8.0; Windows NT 5.1)"
198.81.26.12 - - [26/Feb/2004:19:43:47 -0800] "GET /ncaa/pdf/brackets/NCAA%201987.pdf HTTP/1.0" 200 228177 "-" "Mozilla/4.0 (compatible; MSIE 6.0; AOL 8.0; Windows NT 5.1)"
198.81.26.12 - - [26/Feb/2004:19:43:48 -0800] "GET /ncaa/pdf/brackets/NCAA%201987.pdf HTTP/1.1" 206 100468 "-" "Mozilla/4.0 (compatible; MSIE 6.0; AOL 8.0; Windows NT 5.1)"
198.81.26.12 - - [26/Feb/2004:19:43:49 -0800] "GET /ncaa/pdf/brackets/NCAA%201987.pdf HTTP/1.0" 206 120479 "-" "Mozilla/4.0 (compatible; MSIE 6.0; AOL 8.0; Windows NT 5.1)"
198.81.26.12 - - [26/Feb/2004:19:49:10 -0800] "GET /ncaa/pdf/brackets/NCAA%201987.pdf HTTP/1.0" 200 228177 "-" "contype"
198.81.26.12 - - [26/Feb/2004:19:49:11 -0800] "GET /ncaa/pdf/brackets/NCAA%201987.pdf HTTP/1.1" 206 100459 "-" "Mozilla/4.0 (compatible; MSIE 6.0; AOL 8.0; Windows NT 5.1)"
198.81.26.12 - - [26/Feb/2004:19:49:11 -0800] "GET /ncaa/pdf/brackets/NCAA%201987.pdf HTTP/1.0" 206 23355 "-" "Mozilla/4.0 (compatible; MSIE 6.0; AOL 8.0; Windows NT 5.1)"
198.81.26.12 - - [26/Feb/2004:19:49:12 -0800] "GET /ncaa/pdf/brackets/NCAA%201987.pdf HTTP/1.1" 206 98653 "-" "Mozilla/4.0 (compatible; MSIE 6.0; AOL 8.0; Windows NT 5.1)"
198.81.26.12 - - [26/Feb/2004:19:52:19 -0800] "GET /ncaa/pdf/brackets/NCAA%201986.pdf HTTP/1.0" 200 196608 "http://www.wrestlingstats.com/ncaa/brackets.htm" "Mozilla/4.0 (compatible; MSIE 6.0; AOL 8.0; Windows NT 5.1)"
198.81.26.12 - - [26/Feb/2004:19:52:20 -0800] "GET /ncaa/pdf/brackets/NCAA%201986.pdf HTTP/1.0" 200 227750 "-" "Mozilla/4.0 (compatible; MSIE 6.0; AOL 8.0; Windows NT 5.1)"
198.81.26.12 - - [26/Feb/2004:19:52:20 -0800] "GET /ncaa/pdf/brackets/NCAA%201986.pdf HTTP/1.1" 206 98521 "-" "Mozilla/4.0 (compatible; MSIE 6.0; AOL 8.0; Windows NT 5.1)"
198.81.26.12 - - [26/Feb/2004:19:52:21 -0800] "GET /ncaa/pdf/brackets/NCAA%201986.pdf HTTP/1.0" 206 119283 "-" "Mozilla/4.0 (compatible; MSIE 6.0; AOL 8.0; Windows NT 5.1)"
205.188.208.41 - - [26/Feb/2004:19:57:37 -0800] "GET /ncaa/brackets.htm HTTP/1.0" 200 2835 "http://www.wrestlinghalloffame.org/champions/" "Mozilla/4.0 (compatible; MSIE 6.0; AOL 9.0; Windows NT 5.1)"
205.188.208.135 - - [26/Feb/2004:19:57:46 -0800] "GET /apPopupMenuBeanInfo.class HTTP/1.0" 404 363 "-" "Java 1.1"
205.188.208.70 - - [26/Feb/2004:19:57:50 -0800] "GET /ncaa/pdf/brackets/NCAA%201981.pdf HTTP/1.0" 200 228281 "http://www.wrestlingstats.com/ncaa/brackets.htm" "Mozilla/4.0 (compatible; MSIE 6.0; AOL 9.0; Windows NT 5.1)"
205.188.208.70 - - [26/Feb/2004:19:57:54 -0800] "GET /ncaa/pdf/brackets/NCAA%201981.pdf HTTP/1.0" 200 228281 "-" "Mozilla/4.0 (compatible; MSIE 6.0; AOL 9.0; Windows NT 5.1)"
129.186.37.238 - - [26/Feb/2004:19:58:10 -0800] "GET / HTTP/1.1" 200 2887 "-" "Mozilla/4.0 (compatible; MSIE 5.16; Mac_PowerPC)"
129.186.37.238 - - [26/Feb/2004:19:58:13 -0800] "GET /NCAA2003.jpg HTTP/1.1" 200 84807 "http://www.wrestlingstats.com/" "Mozilla/4.0 (compatible; MSIE 5.16; Mac_PowerPC)"
129.186.37.238 - - [26/Feb/2004:19:58:14 -0800] "GET /apPopupMenu.class HTTP/1.1" 200 19469 "-" "Mozilla/4.0 (compatible; MSIE 5.16; Mac_PowerPC)"
129.186.37.238 - - [26/Feb/2004:19:58:15 -0800] "GET /images/home32.gif HTTP/1.1" 200 287 "-" "Mozilla/4.0 (compatible; MSIE 5.16; Mac_PowerPC)"
129.186.37.238 - - [26/Feb/2004:19:58:15 -0800] "GET /images/mail32.gif HTTP/1.1" 200 317 "-" "Mozilla/4.0 (compatible; MSIE 5.16; Mac_PowerPC)"
67.193.66.165 - - [26/Feb/2004:19:58:20 -0800] "GET /eiwa/brackets.htm HTTP/1.1" 200 2415 "http://wrestlingreport.com/Forums/EIWA.mv?parm_func=showmsg+parm_msgnum=1000148" "Mozilla/4.0 (compatible; MSIE 5.5; Windows 98)"
129.186.37.238 - - [26/Feb/2004:19:58:21 -0800] "GET /index.html HTTP/1.1" 200 2887 "http://www.wrestlingstats.com/" "Mozilla/4.0 (compatible; MSIE 5.16; Mac_PowerPC)"
129.186.37.238 - - [26/Feb/2004:19:58:22 -0800] "GET /apPopupMenu.class HTTP/1.1" 200 19469 "-" "Mozilla/4.0 (compatible; MSIE 5.16; Mac_PowerPC)"
129.186.37.238 - - [26/Feb/2004:19:58:22 -0800] "GET /images/home32.gif HTTP/1.1" 200 287 "-" "Mozilla/4.0 (compatible; MSIE 5.16; Mac_PowerPC)"
129.186.37.238 - - [26/Feb/2004:19:58:23 -0800] "GET /images/mail32.gif HTTP/1.1" 200 317 "-" "Mozilla/4.0 (compatible; MSIE 5.16; Mac_PowerPC)"
67.193.66.165 - - [26/Feb/2004:19:58:23 -0800] "GET /apPopupMenu.class HTTP/1.1" 200 19469 "-" "Mozilla/4.0 (compatible; MSIE 5.0; Win32)"
67.193.66.165 - - [26/Feb/2004:19:58:27 -0800] "GET /eiwa/pdf/brackets/EIWA%201989.pdf HTTP/1.1" 200 70692 "http://www.wrestlingstats.com/eiwa/brackets.htm" "Mozilla/4.0 (compatible; MSIE 5.5; Windows 98)"
67.193.66.165 - - [26/Feb/2004:19:58:29 -0800] "GET /eiwa/pdf/brackets/EIWA%201989.pdf HTTP/1.1" 206 70384 "-" "Mozilla/4.0 (compatible; MSIE 5.5; Windows 98)"
129.186.37.238 - - [26/Feb/2004:19:58:29 -0800] "GET /ncaa/ncaa.htm HTTP/1.1" 200 3575 "http://www.wrestlingstats.com/index.html" "Mozilla/4.0 (compatible; MSIE 5.16; Mac_PowerPC)"
129.186.37.238 - - [26/Feb/2004:19:58:30 -0800] "GET /apPopupMenu.class HTTP/1.1" 200 19469 "-" "Mozilla/4.0 (compatible; MSIE 5.16; Mac_PowerPC)"
129.186.37.238 - - [26/Feb/2004:19:58:31 -0800] "GET /images/home32.gif HTTP/1.1" 200 287 "-" "Mozilla/4.0 (compatible; MSIE 5.16; Mac_PowerPC)"
129.186.37.238 - - [26/Feb/2004:19:58:31 -0800] "GET /images/mail32.gif HTTP/1.1" 200 317 "-" "Mozilla/4.0 (compatible; MSIE 5.16; Mac_PowerPC)"
67.193.66.165 - - [26/Feb/2004:19:58:34 -0800] "GET /eiwa/pdf/brackets/EIWA%201989.pdf HTTP/1.1" 206 65235 "-" "Mozilla/4.0 (compatible; MSIE 5.5; Windows 98)"
129.186.37.238 - - [26/Feb/2004:19:58:35 -0800] "GET /ncaa/pdf/NCAA%20Wrestling%20Tournament%20Summary.pdf HTTP/1.1" 200 12017 "http://www.wrestlingstats.com/ncaa/ncaa.htm" "Mozilla/4.0 (compatible; MSIE 5.16; Mac_PowerPC)"
67.193.66.165 - - [26/Feb/2004:19:58:51 -0800] "GET /images/home32.gif HTTP/1.1" 200 287 "-" "Mozilla/4.0 (compatible; MSIE 5.0; Win32)"
67.193.66.165 - - [26/Feb/2004:19:58:52 -0800] "GET /eiwa/pdf/brackets/EIWA%201987.pdf HTTP/1.1" 200 71264 "http://www.wrestlingstats.com/eiwa/brackets.htm" "Mozilla/4.0 (compatible; MSIE 5.5; Windows 98)"
67.193.66.165 - - [26/Feb/2004:19:58:52 -0800] "GET /images/mail32.gif HTTP/1.1" 200 317 "-" "Mozilla/4.0 (compatible; MSIE 5.0; Win32)"
67.193.66.165 - - [26/Feb/2004:19:58:54 -0800] "GET /eiwa/pdf/brackets/EIWA%201987.pdf HTTP/1.1" 206 66668 "-" "Mozilla/4.0 (compatible; MSIE 5.5; Windows 98)"
67.193.66.165 - - [26/Feb/2004:19:58:57 -0800] "GET /eiwa/pdf/brackets/EIWA%201987.pdf HTTP/1.1" 206 62592 "-" "Mozilla/4.0 (compatible; MSIE 5.5; Windows 98)"
129.186.37.238 - - [26/Feb/2004:19:59:06 -0800] "GET /ncaa/pdf/NCAA%20Wrestling%20Tournament%20Summary.pdf HTTP/1.1" 206 10986 "http://www.wrestlingstats.com/ncaa/pdf/NCAA%20Wrestling%20Tournament%20Summary.pdf" "Mozilla/4.0 (compatible; MSIE 5.16; Mac_PowerPC)"
67.193.66.165 - - [26/Feb/2004:19:59:33 -0800] "GET /eiwa/pdf/brackets/EIWA%201986.pdf HTTP/1.1" 200 71328 "http://www.wrestlingstats.com/eiwa/brackets.htm" "Mozilla/4.0 (compatible; MSIE 5.5; Windows 98)"
67.193.66.165 - - [26/Feb/2004:19:59:34 -0800] "GET /eiwa/pdf/brackets/EIWA%201986.pdf HTTP/1.1" 206 66732 "-" "Mozilla/4.0 (compatible; MSIE 5.5; Windows 98)"
67.193.66.165 - - [26/Feb/2004:19:59:38 -0800] "GET /eiwa/pdf/brackets/EIWA%201986.pdf HTTP/1.1" 206 62662 "-" "Mozilla/4.0 (compatible; MSIE 5.5; Windows 98)"
67.193.66.165 - - [26/Feb/2004:19:59:54 -0800] "GET /eiwa/pdf/brackets/EIWA%201991.pdf HTTP/1.1" 200 71310 "http://www.wrestlingstats.com/eiwa/brackets.htm" "Mozilla/4.0 (compatible; MSIE 5.5; Windows 98)"
67.193.66.165 - - [26/Feb/2004:19:59:56 -0800] "GET /eiwa/pdf/brackets/EIWA%201991.pdf HTTP/1.1" 206 66714 "-" "Mozilla/4.0 (compatible; MSIE 5.5; Windows 98)"
67.193.66.165 - - [26/Feb/2004:19:59:59 -0800] "GET /eiwa/pdf/brackets/EIWA%201991.pdf HTTP/1.1" 206 62644 "-" "Mozilla/4.0 (compatible; MSIE 5.5; Windows 98)"
67.193.66.165 - - [26/Feb/2004:20:00:26 -0800] "GET /eiwa/pdf/brackets/EIWA%201968.pdf HTTP/1.1" 200 65553 "http://www.wrestlingstats.com/eiwa/brackets.htm" "Mozilla/4.0 (compatible; MSIE 5.5; Windows 98)"
67.193.66.165 - - [26/Feb/2004:20:00:27 -0800] "GET /eiwa/pdf/brackets/EIWA%201968.pdf HTTP/1.1" 206 65245 "-" "Mozilla/4.0 (compatible; MSIE 5.5; Windows 98)"
205.188.208.70 - - [26/Feb/2004:20:00:28 -0800] "GET /ncaa/pdf/brackets/NCAA%201981.pdf HTTP/1.0" 206 81414 "-" "Mozilla/4.0 (compatible; MSIE 6.0; AOL 9.0; Windows NT 5.1)"
67.193.66.165 - - [26/Feb/2004:20:00:29 -0800] "GET /eiwa/pdf/brackets/EIWA%201968.pdf HTTP/1.1" 206 64835 "-" "Mozilla/4.0 (compatible; MSIE 5.5; Windows 98)"
205.188.208.70 - - [26/Feb/2004:20:00:44 -0800] "GET /ncaa/pdf/brackets/NCAA%201981.pdf HTTP/1.1" 206 119210 "-" "Mozilla/4.0 (compatible; MSIE 6.0; AOL 9.0; Windows NT 5.1)"
67.193.66.165 - - [26/Feb/2004:20:01:25 -0800] "GET /ncaa/brackets.htm HTTP/1.1" 200 2797 "-" "Mozilla/4.0 (compatible; MSIE 5.5; Windows 98)"
67.193.66.165 - - [26/Feb/2004:20:01:36 -0800] "GET /ncaa/pdf/brackets/NCAA%201968.pdf HTTP/1.1" 200 139554 "http://www.wrestlingstats.com/ncaa/brackets.htm" "Mozilla/4.0 (compatible; MSIE 5.5; Windows 98)"
67.193.66.165 - - [26/Feb/2004:20:01:38 -0800] "GET /ncaa/pdf/brackets/NCAA%201968.pdf HTTP/1.1" 206 134959 "-" "Mozilla/4.0 (compatible; MSIE 5.5; Windows 98)"
67.193.66.165 - - [26/Feb/2004:20:01:41 -0800] "GET /ncaa/pdf/brackets/NCAA%201968.pdf HTTP/1.1" 206 131088 "-" "Mozilla/4.0 (compatible; MSIE 5.5; Windows 98)"
199.208.213.35 - - [26/Feb/2004:20:04:15 -0800] "GET /ncaa/brackets.htm HTTP/1.0" 200 12926 "http://www.wrestlinghalloffame.org/" "Mozilla/4.0 (compatible; MSIE 6.0; Windows NT 5.0)"
199.208.213.35 - - [26/Feb/2004:20:04:17 -0800] "GET /apPopupMenu.class HTTP/1.0" 200 19469 "-" "Mozilla/4.0 (compatible; MSIE 6.0; Win32)"
199.208.213.35 - - [26/Feb/2004:20:04:19 -0800] "GET /images/home32.gif HTTP/1.0" 304 - "-" "Mozilla/4.0 (compatible; MSIE 6.0; Win32)"
199.208.213.35 - - [26/Feb/2004:20:04:19 -0800] "GET /images/mail32.gif HTTP/1.0" 200 317 "-" "Mozilla/4.0 (compatible; MSIE 6.0; Win32)"
199.208.213.35 - - [26/Feb/2004:20:04:22 -0800] "GET /ncaa/pdf/brackets/NCAA%201991.pdf HTTP/1.0" 200 229431 "http://www.wrestlingstats.com/ncaa/brackets.htm" "Mozilla/4.0 (compatible; MSIE 6.0; Windows NT 5.0)"
12.107.12.130 - - [26/Feb/2004:20:04:47 -0800] "GET / HTTP/1.1" 200 2887 "http://wrestlingreport.com/" "Mozilla/4.0 (compatible; MSIE 5.23; Mac_PowerPC)"
12.107.12.130 - - [26/Feb/2004:20:04:51 -0800] "GET /apPopupMenu.class HTTP/1.1" 200 19469 "-" "Java1.3.1"
12.107.12.130 - - [26/Feb/2004:20:04:53 -0800] "GET /images/home32.gif HTTP/1.1" 200 287 "-" "Java1.3.1"
12.107.12.130 - - [26/Feb/2004:20:04:53 -0800] "GET /NCAA2003.jpg HTTP/1.1" 200 84807 "http://www.wrestlingstats.com/" "Mozilla/4.0 (compatible; MSIE 5.23; Mac_PowerPC)"
12.107.12.130 - - [26/Feb/2004:20:04:54 -0800] "GET /images/mail32.gif HTTP/1.1" 200 317 "-" "Java1.3.1"
12.107.12.130 - - [26/Feb/2004:20:05:39 -0800] "GET /ncaa/brackets.htm HTTP/1.1" 200 12926 "http://www.wrestlingstats.com/" "Mozilla/4.0 (compatible; MSIE 5.23; Mac_PowerPC)"
12.107.12.130 - - [26/Feb/2004:20:05:54 -0800] "GET /ncaa/pdf/brackets/NCAA%202003.pdf HTTP/1.1" 200 144218 "http://www.wrestlingstats.com/ncaa/brackets.htm" "Mozilla/4.0 (compatible; MSIE 5.23; Mac_PowerPC)"
12.107.12.130 - - [26/Feb/2004:20:07:08 -0800] "GET / HTTP/1.1" 200 2887 "http://wrestlingreport.com/" "Mozilla/4.0 (compatible; MSIE 5.23; Mac_PowerPC)"
205.188.208.41 - - [26/Feb/2004:20:12:38 -0800] "GET /ncaa/brackets.htm HTTP/1.0" 200 2835 "http://www.wrestlinghalloffame.org/champions/" "Mozilla/4.0 (compatible; MSIE 6.0; AOL 9.0; Windows NT 5.1)"
199.208.213.35 - - [26/Feb/2004:20:12:49 -0800] "GET /ncaa/pdf/brackets/NCAA%201995.pdf HTTP/1.0" 200 227502 "http://www.wrestlingstats.com/ncaa/brackets.htm" "Mozilla/4.0 (compatible; MSIE 6.0; Windows NT 5.0)"
205.188.208.70 - - [26/Feb/2004:20:13:20 -0800] "GET /ncaa/pdf/brackets/NCAA%201982.pdf HTTP/1.0" 200 244071 "http://www.wrestlingstats.com/ncaa/brackets.htm" "Mozilla/4.0 (compatible; MSIE 6.0; AOL 9.0; Windows NT 5.1)"
205.188.208.70 - - [26/Feb/2004:20:13:27 -0800] "GET /ncaa/pdf/brackets/NCAA%201982.pdf HTTP/1.0" 200 244071 "-" "Mozilla/4.0 (compatible; MSIE 6.0; AOL 9.0; Windows NT 5.1)"
205.188.208.70 - - [26/Feb/2004:20:13:35 -0800] "GET /ncaa/pdf/brackets/NCAA%201982.pdf HTTP/1.0" 206 104990 "-" "Mozilla/4.0 (compatible; MSIE 6.0; AOL 9.0; Windows NT 5.1)"
205.188.208.70 - - [26/Feb/2004:20:14:06 -0800] "GET /ncaa/pdf/brackets/NCAA%201982.pdf HTTP/1.0" 206 134380 "-" "Mozilla/4.0 (compatible; MSIE 6.0; AOL 9.0; Windows NT 5.1)"
198.81.26.12 - - [26/Feb/2004:20:14:19 -0800] "GET /ncaa/pdf/brackets/NCAA%201981.pdf HTTP/1.0" 200 131072 "http://www.wrestlingstats.com/ncaa/brackets.htm" "Mozilla/4.0 (compatible; MSIE 6.0; AOL 8.0; Windows NT 5.1)"
198.81.26.12 - - [26/Feb/2004:20:14:19 -0800] "GET /ncaa/pdf/brackets/NCAA%201981.pdf HTTP/1.0" 200 228281 "-" "Mozilla/4.0 (compatible; MSIE 6.0; AOL 8.0; Windows NT 5.1)"
198.81.26.12 - - [26/Feb/2004:20:14:20 -0800] "GET /ncaa/pdf/brackets/NCAA%201981.pdf HTTP/1.0" 206 105921 "-" "Mozilla/4.0 (compatible; MSIE 6.0; AOL 8.0; Windows NT 5.1)"
198.81.26.12 - - [26/Feb/2004:20:14:21 -0800] "GET /ncaa/pdf/brackets/NCAA%201981.pdf HTTP/1.0" 206 119213 "-" "Mozilla/4.0 (compatible; MSIE 6.0; AOL 8.0; Windows NT 5.1)"
198.81.26.12 - - [26/Feb/2004:20:14:41 -0800] "GET /ncaa/pdf/brackets/NCAA%201982.pdf HTTP/1.0" 200 244071 "http://www.wrestlingstats.com/ncaa/brackets.htm" "Mozilla/4.0 (compatible; MSIE 6.0; AOL 8.0; Windows NT 5.1)"
198.81.26.12 - - [26/Feb/2004:20:14:42 -0800] "GET /ncaa/pdf/brackets/NCAA%201982.pdf HTTP/1.0" 200 244071 "-" "Mozilla/4.0 (compatible; MSIE 6.0; AOL 8.0; Windows NT 5.1)"
198.81.26.12 - - [26/Feb/2004:20:14:42 -0800] "GET /ncaa/pdf/brackets/NCAA%201982.pdf HTTP/1.1" 206 99749 "-" "Mozilla/4.0 (compatible; MSIE 6.0; AOL 8.0; Windows NT 5.1)"
198.81.26.12 - - [26/Feb/2004:20:14:46 -0800] "GET /ncaa/pdf/brackets/NCAA%201982.pdf HTTP/1.1" 206 134377 "-" "Mozilla/4.0 (compatible; MSIE 6.0; AOL 8.0; Windows NT 5.1)"
198.81.26.12 - - [26/Feb/2004:20:14:50 -0800] "GET /ncaa/pdf/brackets/NCAA%201980.pdf HTTP/1.1" 200 196608 "http://www.wrestlingstats.com/ncaa/brackets.htm" "Mozilla/4.0 (compatible; MSIE 6.0; AOL 8.0; Windows NT 5.1)"
198.81.26.12 - - [26/Feb/2004:20:14:50 -0800] "GET /ncaa/pdf/brackets/NCAA%201980.pdf HTTP/1.1" 200 222124 "-" "Mozilla/4.0 (compatible; MSIE 6.0; AOL 8.0; Windows NT 5.1)"
198.81.26.12 - - [26/Feb/2004:20:14:51 -0800] "GET /ncaa/pdf/brackets/NCAA%201980.pdf HTTP/1.1" 206 100406 "-" "Mozilla/4.0 (compatible; MSIE 6.0; AOL 8.0; Windows NT 5.1)"
198.81.26.12 - - [26/Feb/2004:20:14:52 -0800] "GET /ncaa/pdf/brackets/NCAA%201980.pdf HTTP/1.1" 206 114491 "-" "Mozilla/4.0 (compatible; MSIE 6.0; AOL 8.0; Windows NT 5.1)"
198.81.26.12 - - [26/Feb/2004:20:15:40 -0800] "GET /ncaa/pdf/brackets/NCAA%201979.pdf HTTP/1.0" 200 131072 "http://www.wrestlingstats.com/ncaa/brackets.htm" "Mozilla/4.0 (compatible; MSIE 6.0; AOL 8.0; Windows NT 5.1)"
198.81.26.12 - - [26/Feb/2004:20:15:40 -0800] "GET /ncaa/pdf/brackets/NCAA%201979.pdf HTTP/1.0" 200 221713 "-" "Mozilla/4.0 (compatible; MSIE 6.0; AOL 8.0; Windows NT 5.1)"
198.81.26.12 - - [26/Feb/2004:20:15:41 -0800] "GET /ncaa/pdf/brackets/NCAA%201979.pdf HTTP/1.0" 206 98742 "-" "Mozilla/4.0 (compatible; MSIE 6.0; AOL 8.0; Windows NT 5.1)"
198.81.26.12 - - [26/Feb/2004:20:15:42 -0800] "GET /ncaa/pdf/brackets/NCAA%201979.pdf HTTP/1.0" 206 113022 "-" "Mozilla/4.0 (compatible; MSIE 6.0; AOL 8.0; Windows NT 5.1)"
198.81.26.12 - - [26/Feb/2004:20:17:14 -0800] "GET /ncaa/pdf/brackets/NCAA%201977.pdf HTTP/1.0" 200 225054 "http://www.wrestlingstats.com/ncaa/brackets.htm" "Mozilla/4.0 (compatible; MSIE 6.0; AOL 8.0; Windows NT 5.1)"
198.81.26.12 - - [26/Feb/2004:20:17:14 -0800] "GET /ncaa/pdf/brackets/NCAA%201977.pdf HTTP/1.0" 200 225054 "-" "Mozilla/4.0 (compatible; MSIE 6.0; AOL 8.0; Windows NT 5.1)"
198.81.26.12 - - [26/Feb/2004:20:17:15 -0800] "GET /ncaa/pdf/brackets/NCAA%201977.pdf HTTP/1.0" 206 101311 "-" "Mozilla/4.0 (compatible; MSIE 6.0; AOL 8.0; Windows NT 5.1)"
198.81.26.12 - - [26/Feb/2004:20:17:30 -0800] "GET /ncaa/pdf/brackets/NCAA%201977.pdf HTTP/1.0" 206 117870 "-" "Mozilla/4.0 (compatible; MSIE 6.0; AOL 8.0; Windows NT 5.1)"
216.217.36.130 - - [26/Feb/2004:20:17:37 -0800] "GET /ncaa/brackets.htmv HTTP/1.0" 404 363 "-" "Mozilla/4.0 (compatible; MSIE 6.0; Windows NT 5.0; .NET CLR 1.0.3705)"
198.81.26.12 - - [26/Feb/2004:20:18:33 -0800] "GET /ncaa/pdf/brackets/NCAA%201976.pdf HTTP/1.0" 200 65536 "http://www.wrestlingstats.com/ncaa/brackets.htm" "Mozilla/4.0 (compatible; MSIE 6.0; AOL 8.0; Windows NT 5.1)"
198.81.26.12 - - [26/Feb/2004:20:18:33 -0800] "GET /ncaa/pdf/brackets/NCAA%201976.pdf HTTP/1.1" 200 215763 "-" "Mozilla/4.0 (compatible; MSIE 6.0; AOL 8.0; Windows NT 5.1)"
198.81.26.12 - - [26/Feb/2004:20:18:33 -0800] "GET /ncaa/pdf/brackets/NCAA%201976.pdf HTTP/1.1" 206 102200 "-" "Mozilla/4.0 (compatible; MSIE 6.0; AOL 8.0; Windows NT 5.1)"
198.81.26.12 - - [26/Feb/2004:20:18:48 -0800] "GET /ncaa/pdf/brackets/NCAA%201976.pdf HTTP/1.0" 206 109049 "-" "Mozilla/4.0 (compatible; MSIE 6.0; AOL 8.0; Windows NT 5.1)"
64.68.82.184 - - [26/Feb/2004:20:22:03 -0800] "GET /robots.txt HTTP/1.0" 404 363 "-" "Googlebot/2.1 (+http://www.googlebot.com/bot.html)"
64.68.82.184 - - [26/Feb/2004:20:22:03 -0800] "GET / HTTP/1.0" 200 2887 "-" "Googlebot/2.1 (+http://www.googlebot.com/bot.html)"
198.81.26.12 - - [26/Feb/2004:20:29:33 -0800] "GET /ncaa/pdf/brackets/NCAA%201975.pdf HTTP/1.0" 200 219309 "http://www.wrestlingstats.com/ncaa/brackets.htm" "Mozilla/4.0 (compatible; MSIE 6.0; AOL 8.0; Windows NT 5.1)"
198.81.26.12 - - [26/Feb/2004:20:29:33 -0800] "GET /ncaa/pdf/brackets/NCAA%201975.pdf HTTP/1.0" 200 219309 "-" "Mozilla/4.0 (compatible; MSIE 6.0; AOL 8.0; Windows NT 5.1)"
198.81.26.12 - - [26/Feb/2004:20:29:34 -0800] "GET /ncaa/pdf/brackets/NCAA%201975.pdf HTTP/1.0" 206 98585 "-" "Mozilla/4.0 (compatible; MSIE 6.0; AOL 8.0; Windows NT 5.1)"
198.81.26.12 - - [26/Feb/2004:20:29:35 -0800] "GET /ncaa/pdf/brackets/NCAA%201975.pdf HTTP/1.1" 206 113498 "-" "Mozilla/4.0 (compatible; MSIE 6.0; AOL 8.0; Windows NT 5.1)"
204.210.254.5 - - [26/Feb/2004:20:30:26 -0800] "GET / HTTP/1.1" 200 1756 "-" "Mozilla/4.0 (compatible; MSIE 6.0; Windows NT 5.1; .NET CLR 1.1.4322)"
204.210.254.5 - - [26/Feb/2004:20:30:27 -0800] "GET /NCAA2003.jpg HTTP/1.1" 304 - "http://www.wrestlingstats.com" "Mozilla/4.0 (compatible; MSIE 6.0; Windows NT 5.1; .NET CLR 1.1.4322)"
204.210.254.5 - - [26/Feb/2004:20:30:28 -0800] "GET /apPopupMenu.class HTTP/1.1" 304 - "-" "Mozilla/4.0 (compatible; MSIE 6.0; Win32)"
204.210.254.5 - - [26/Feb/2004:20:30:28 -0800] "GET /images/home32.gif HTTP/1.1" 304 - "-" "Mozilla/4.0 (compatible; MSIE 6.0; Win32)"
204.210.254.5 - - [26/Feb/2004:20:30:28 -0800] "GET /images/mail32.gif HTTP/1.1" 304 - "-" "Mozilla/4.0 (compatible; MSIE 6.0; Win32)"
24.186.42.75 - - [26/Feb/2004:20:30:29 -0800] "GET /ncaa/pdf/brackets/NCAA%201986.pdf HTTP/1.1" 200 227750 "http://www.google.com/search?hl=en&ie=UTF-8&oe=UTF-8&q=Peter+Yozzo+Wrestling" "Mozilla/4.0 (compatible; MSIE 6.0; Windows NT 5.1; .NET CLR 1.0.3705)"
24.186.42.75 - - [26/Feb/2004:20:30:29 -0800] "GET /ncaa/pdf/brackets/NCAA%201986.pdf HTTP/1.1" 200 227750 "-" "Mozilla/4.0 (compatible; MSIE 6.0; Windows NT 5.1; .NET CLR 1.0.3705)"
24.186.42.75 - - [26/Feb/2004:20:30:29 -0800] "GET /ncaa/pdf/brackets/NCAA%201986.pdf HTTP/1.1" 206 224551 "-" "Mozilla/4.0 (compatible; MSIE 6.0; Windows NT 5.1; .NET CLR 1.0.3705)"
24.47.136.57 - - [26/Feb/2004:20:30:34 -0800] "GET / HTTP/1.1" 200 1757 "http://www.thematforums.com/topic.asp?TOPIC_ID=26466" "Mozilla/4.0 (compatible; MSIE 6.0; Windows 98)"
198.81.26.12 - - [26/Feb/2004:20:30:34 -0800] "GET /ncaa/pdf/brackets/NCAA%201982.pdf HTTP/1.1" 200 65536 "http://www.wrestlingstats.com/ncaa/brackets.htm" "Mozilla/4.0 (compatible; MSIE 6.0; AOL 8.0; Windows NT 5.1)"
24.47.136.57 - - [26/Feb/2004:20:30:34 -0800] "GET /NCAA2003.jpg HTTP/1.1" 200 84807 "http://www.wrestlingstats.com/" "Mozilla/4.0 (compatible; MSIE 6.0; Windows 98)"
198.81.26.12 - - [26/Feb/2004:20:30:34 -0800] "GET /ncaa/pdf/brackets/NCAA%201982.pdf HTTP/1.0" 200 244071 "-" "Mozilla/4.0 (compatible; MSIE 6.0; AOL 8.0; Windows NT 5.1)"
198.81.26.12 - - [26/Feb/2004:20:30:35 -0800] "GET /ncaa/pdf/brackets/NCAA%201982.pdf HTTP/1.0" 206 102464 "-" "Mozilla/4.0 (compatible; MSIE 6.0; AOL 8.0; Windows NT 5.1)"
198.81.26.12 - - [26/Feb/2004:20:30:36 -0800] "GET /ncaa/pdf/brackets/NCAA%201982.pdf HTTP/1.0" 206 134377 "-" "Mozilla/4.0 (compatible; MSIE 6.0; AOL 8.0; Windows NT 5.1)"
24.47.136.57 - - [26/Feb/2004:20:30:36 -0800] "GET /apPopupMenu.class HTTP/1.1" 200 19469 "-" "Java 1.1"
24.47.136.57 - - [26/Feb/2004:20:30:39 -0800] "GET /images/home32.gif HTTP/1.1" 200 287 "-" "Java 1.1"
24.47.136.57 - - [26/Feb/2004:20:30:40 -0800] "GET /images/mail32.gif HTTP/1.1" 200 317 "-" "Java 1.1"
69.5.157.210 - - [26/Feb/2004:20:31:11 -0800] "GET /ncaa/brackets.htm HTTP/1.1" 200 2797 "http://kd.mysearch.myway.com/jsp/GGmain.jsp?st=bar&ptnrS=KD&searchfor=iowa+state+wrestling+tournament" "Mozilla/4.0 (compatible; MSIE 6.0; Windows NT 5.1)"
69.5.157.210 - - [26/Feb/2004:20:31:11 -0800] "GET /apPopupMenu.class HTTP/1.1" 200 19469 "-" "Mozilla/4.0 (compatible; MSIE 6.0; Windows NT 5.1)"
69.5.157.210 - - [26/Feb/2004:20:31:13 -0800] "GET /images/home32.gif HTTP/1.1" 200 287 "-" "Mozilla/4.0 (compatible; MSIE 6.0; Windows NT 5.1)"
69.5.157.210 - - [26/Feb/2004:20:31:14 -0800] "GET /images/mail32.gif HTTP/1.1" 200 317 "-" "Mozilla/4.0 (compatible; MSIE 6.0; Windows NT 5.1)"
24.186.42.75 - - [26/Feb/2004:20:32:47 -0800] "GET /ncaa/pdf/brackets/NCAA%201985.pdf HTTP/1.1" 200 223425 "http://www.google.com/search?hl=en&ie=UTF-8&oe=UTF-8&q=Peter+Yozzo+Wrestling" "Mozilla/4.0 (compatible; MSIE 6.0; Windows NT 5.1; .NET CLR 1.0.3705)"
24.186.42.75 - - [26/Feb/2004:20:32:48 -0800] "GET /ncaa/pdf/brackets/NCAA%201985.pdf HTTP/1.1" 200 223425 "-" "Mozilla/4.0 (compatible; MSIE 6.0; Windows NT 5.1; .NET CLR 1.0.3705)"
24.186.42.75 - - [26/Feb/2004:20:32:48 -0800] "GET /ncaa/pdf/brackets/NCAA%201985.pdf HTTP/1.1" 206 220226 "-" "Mozilla/4.0 (compatible; MSIE 6.0; Windows NT 5.1; .NET CLR 1.0.3705)"
24.186.42.75 - - [26/Feb/2004:20:33:24 -0800] "GET /ncaa/pdf/brackets/NCAA%201986.pdf HTTP/1.1" 200 227750 "http://www.google.com/search?hl=en&ie=UTF-8&oe=UTF-8&q=Peter+Yozzo+Wrestling" "Mozilla/4.0 (compatible; MSIE 6.0; Windows NT 5.1; .NET CLR 1.0.3705)"
24.186.42.75 - - [26/Feb/2004:20:33:24 -0800] "GET /ncaa/pdf/brackets/NCAA%201986.pdf HTTP/1.1" 200 227750 "-" "Mozilla/4.0 (compatible; MSIE 6.0; Windows NT 5.1; .NET CLR 1.0.3705)"
24.186.42.75 - - [26/Feb/2004:20:33:24 -0800] "GET /ncaa/pdf/brackets/NCAA%201986.pdf HTTP/1.1" 206 224551 "-" "Mozilla/4.0 (compatible; MSIE 6.0; Windows NT 5.1; .NET CLR 1.0.3705)"
199.208.213.35 - - [26/Feb/2004:20:33:49 -0800] "GET /ncaa/pdf/brackets/NCAA%201999.pdf HTTP/1.0" 200 231535 "http://www.wrestlingstats.com/ncaa/brackets.htm" "Mozilla/4.0 (compatible; MSIE 6.0; Windows NT 5.0)"
68.79.24.88 - - [26/Feb/2004:20:35:48 -0800] "GET /ncaa/pdf/brackets/NCAA%201947.pdf HTTP/1.1" 200 113226 "http://www.google.com/search?hl=en&lr=&ie=UTF-8&oe=UTF-8&q=fred+garcia+wrestling+illinois" "Mozilla/4.0 (compatible; MSIE 6.0; Windows NT 5.1; MSN 6.1; MSNbMSFT; MSNmen-us; MSNc00; v5m)"
68.79.24.88 - - [26/Feb/2004:20:35:48 -0800] "GET /ncaa/pdf/brackets/NCAA%201947.pdf HTTP/1.1" 206 109375 "-" "Mozilla/4.0 (compatible; MSIE 6.0; Windows NT 5.1; MSN 6.1; MSNbMSFT; MSNmen-us; MSNc0z; v5m)"
24.186.42.75 - - [26/Feb/2004:20:37:41 -0800] "GET /ncaa/pdf/brackets/NCAA%201984.pdf HTTP/1.1" 200 222683 "-" "Mozilla/4.0 (compatible; MSIE 6.0; Windows NT 5.1; .NET CLR 1.0.3705)"
24.186.42.75 - - [26/Feb/2004:20:37:42 -0800] "GET /ncaa/pdf/brackets/NCAA%201984.pdf HTTP/1.1" 200 222683 "-" "Mozilla/4.0 (compatible; MSIE 6.0; Windows NT 5.1; .NET CLR 1.0.3705)"
24.186.42.75 - - [26/Feb/2004:20:37:42 -0800] "GET /ncaa/pdf/brackets/NCAA%201984.pdf HTTP/1.1" 206 219484 "-" "Mozilla/4.0 (compatible; MSIE 6.0; Windows NT 5.1; .NET CLR 1.0.3705)"
24.186.42.75 - - [26/Feb/2004:20:40:30 -0800] "GET /ncaa/pdf/brackets/NCAA%201994.pdf HTTP/1.1" 200 226551 "-" "Mozilla/4.0 (compatible; MSIE 6.0; Windows NT 5.1; .NET CLR 1.0.3705)"
24.186.42.75 - - [26/Feb/2004:20:40:31 -0800] "GET /ncaa/pdf/brackets/NCAA%201994.pdf HTTP/1.1" 200 226551 "-" "Mozilla/4.0 (compatible; MSIE 6.0; Windows NT 5.1; .NET CLR 1.0.3705)"
24.186.42.75 - - [26/Feb/2004:20:41:53 -0800] "GET /ncaa/pdf/brackets/NCAA%201999.pdf HTTP/1.1" 200 231535 "-" "Mozilla/4.0 (compatible; MSIE 6.0; Windows NT 5.1; .NET CLR 1.0.3705)"
24.186.42.75 - - [26/Feb/2004:20:41:54 -0800] "GET /ncaa/pdf/brackets/NCAA%201999.pdf HTTP/1.1" 200 231535 "-" "Mozilla/4.0 (compatible; MSIE 6.0; Windows NT 5.1; .NET CLR 1.0.3705)"
24.186.42.75 - - [26/Feb/2004:20:45:23 -0800] "GET /ncaa/pdf/brackets/NCAA%201996.pdf HTTP/1.1" 200 230299 "-" "Mozilla/4.0 (compatible; MSIE 6.0; Windows NT 5.1; .NET CLR 1.0.3705)"
24.186.42.75 - - [26/Feb/2004:20:45:23 -0800] "GET /ncaa/pdf/brackets/NCAA%201996.pdf HTTP/1.1" 200 230299 "-" "Mozilla/4.0 (compatible; MSIE 6.0; Windows NT 5.1; .NET CLR 1.0.3705)"
24.186.42.75 - - [26/Feb/2004:20:46:48 -0800] "GET /ncaa/pdf/brackets/NCAA%201984.pdf HTTP/1.1" 200 222683 "-" "Mozilla/4.0 (compatible; MSIE 6.0; Windows NT 5.1; .NET CLR 1.0.3705)"
24.186.42.75 - - [26/Feb/2004:20:46:48 -0800] "GET /ncaa/pdf/brackets/NCAA%201984.pdf HTTP/1.1" 200 222683 "-" "Mozilla/4.0 (compatible; MSIE 6.0; Windows NT 5.1; .NET CLR 1.0.3705)"
24.186.42.75 - - [26/Feb/2004:20:46:48 -0800] "GET /ncaa/pdf/brackets/NCAA%201984.pdf HTTP/1.1" 206 219484 "-" "Mozilla/4.0 (compatible; MSIE 6.0; Windows NT 5.1; .NET CLR 1.0.3705)"
24.186.42.75 - - [26/Feb/2004:20:47:38 -0800] "GET /ncaa/pdf/brackets/NCAA%201997.pdf HTTP/1.1" 200 230238 "-" "Mozilla/4.0 (compatible; MSIE 6.0; Windows NT 5.1; .NET CLR 1.0.3705)"
24.186.42.75 - - [26/Feb/2004:20:47:38 -0800] "GET /ncaa/pdf/brackets/NCAA%201997.pdf HTTP/1.1" 200 230238 "-" "Mozilla/4.0 (compatible; MSIE 6.0; Windows NT 5.1; .NET CLR 1.0.3705)"
199.208.213.35 - - [26/Feb/2004:20:48:11 -0800] "GET /ncaa/pdf/brackets/NCAA%201972.pdf HTTP/1.0" 200 217006 "http://www.wrestlingstats.com/ncaa/brackets.htm" "Mozilla/4.0 (compatible; MSIE 6.0; Windows NT 5.0)"
198.81.26.12 - - [26/Feb/2004:20:52:23 -0800] "GET /ncaa/pdf/brackets/NCAA%201974.pdf HTTP/1.0" 200 221153 "http://www.wrestlingstats.com/ncaa/brackets.htm" "Mozilla/4.0 (compatible; MSIE 6.0; AOL 8.0; Windows NT 5.1)"
198.81.26.12 - - [26/Feb/2004:20:52:23 -0800] "GET /ncaa/pdf/brackets/NCAA%201974.pdf HTTP/1.0" 200 221153 "-" "Mozilla/4.0 (compatible; MSIE 6.0; AOL 8.0; Windows NT 5.1)"
198.81.26.12 - - [26/Feb/2004:20:52:24 -0800] "GET /ncaa/pdf/brackets/NCAA%201974.pdf HTTP/1.1" 206 96965 "-" "Mozilla/4.0 (compatible; MSIE 6.0; AOL 8.0; Windows NT 5.1)"
198.81.26.12 - - [26/Feb/2004:20:52:25 -0800] "GET /ncaa/pdf/brackets/NCAA%201974.pdf HTTP/1.0" 206 114242 "-" "Mozilla/4.0 (compatible; MSIE 6.0; AOL 8.0; Windows NT 5.1)"
198.81.26.12 - - [26/Feb/2004:20:53:24 -0800] "GET /ncaa/pdf/brackets/NCAA%201976.pdf HTTP/1.1" 200 215763 "http://www.wrestlingstats.com/ncaa/brackets.htm" "Mozilla/4.0 (compatible; MSIE 6.0; AOL 8.0; Windows NT 5.1)"
198.81.26.12 - - [26/Feb/2004:20:53:25 -0800] "GET /ncaa/pdf/brackets/NCAA%201976.pdf HTTP/1.0" 200 215763 "-" "Mozilla/4.0 (compatible; MSIE 6.0; AOL 8.0; Windows NT 5.1)"
198.81.26.12 - - [26/Feb/2004:20:53:25 -0800] "GET /ncaa/pdf/brackets/NCAA%201976.pdf HTTP/1.0" 206 96765 "-" "Mozilla/4.0 (compatible; MSIE 6.0; AOL 8.0; Windows NT 5.1)"
198.81.26.12 - - [26/Feb/2004:20:53:26 -0800] "GET /ncaa/pdf/brackets/NCAA%201976.pdf HTTP/1.1" 206 109052 "-" "Mozilla/4.0 (compatible; MSIE 6.0; AOL 8.0; Windows NT 5.1)"
198.81.26.12 - - [26/Feb/2004:20:53:59 -0800] "GET /ncaa/pdf/brackets/NCAA%201974.pdf HTTP/1.1" 200 221153 "http://www.wrestlingstats.com/ncaa/brackets.htm" "Mozilla/4.0 (compatible; MSIE 6.0; AOL 8.0; Windows NT 5.1)"
198.81.26.12 - - [26/Feb/2004:20:54:00 -0800] "GET /ncaa/pdf/brackets/NCAA%201974.pdf HTTP/1.0" 200 221153 "-" "Mozilla/4.0 (compatible; MSIE 6.0; AOL 8.0; Windows NT 5.1)"
198.81.26.12 - - [26/Feb/2004:20:54:00 -0800] "GET /ncaa/pdf/brackets/NCAA%201974.pdf HTTP/1.0" 206 101044 "-" "Mozilla/4.0 (compatible; MSIE 6.0; AOL 8.0; Windows NT 5.1)"
198.81.26.12 - - [26/Feb/2004:20:54:03 -0800] "GET /ncaa/pdf/brackets/NCAA%201975.pdf HTTP/1.0" 200 219309 "http://www.wrestlingstats.com/ncaa/brackets.htm" "Mozilla/4.0 (compatible; MSIE 6.0; AOL 8.0; Windows NT 5.1)"
198.81.26.12 - - [26/Feb/2004:20:54:03 -0800] "GET /ncaa/pdf/brackets/NCAA%201975.pdf HTTP/1.1" 200 219309 "-" "Mozilla/4.0 (compatible; MSIE 6.0; AOL 8.0; Windows NT 5.1)"
198.81.26.12 - - [26/Feb/2004:20:54:04 -0800] "GET /ncaa/pdf/brackets/NCAA%201975.pdf HTTP/1.1" 206 98581 "-" "Mozilla/4.0 (compatible; MSIE 6.0; AOL 8.0; Windows NT 5.1)"
198.81.26.12 - - [26/Feb/2004:20:54:04 -0800] "GET /ncaa/pdf/brackets/NCAA%201975.pdf HTTP/1.1" 206 113498 "-" "Mozilla/4.0 (compatible; MSIE 6.0; AOL 8.0; Windows NT 5.1)"
198.81.26.12 - - [26/Feb/2004:20:54:26 -0800] "GET /ncaa/pdf/brackets/NCAA%201977.pdf HTTP/1.0" 200 225054 "http://www.wrestlingstats.com/ncaa/brackets.htm" "Mozilla/4.0 (compatible; MSIE 6.0; AOL 8.0; Windows NT 5.1)"
198.81.26.12 - - [26/Feb/2004:20:54:27 -0800] "GET /ncaa/pdf/brackets/NCAA%201977.pdf HTTP/1.0" 200 225054 "-" "Mozilla/4.0 (compatible; MSIE 6.0; AOL 8.0; Windows NT 5.1)"
198.81.26.12 - - [26/Feb/2004:20:54:27 -0800] "GET /ncaa/pdf/brackets/NCAA%201977.pdf HTTP/1.1" 206 104031 "-" "Mozilla/4.0 (compatible; MSIE 6.0; AOL 8.0; Windows NT 5.1)"
198.81.26.12 - - [26/Feb/2004:20:54:28 -0800] "GET /ncaa/pdf/brackets/NCAA%201977.pdf HTTP/1.0" 206 117876 "-" "Mozilla/4.0 (compatible; MSIE 6.0; AOL 8.0; Windows NT 5.1)"
198.81.26.12 - - [26/Feb/2004:20:54:39 -0800] "GET /ncaa/pdf/brackets/NCAA%201982.pdf HTTP/1.1" 200 131072 "http://www.wrestlingstats.com/ncaa/brackets.htm" "Mozilla/4.0 (compatible; MSIE 6.0; AOL 8.0; Windows NT 5.1)"
198.81.26.12 - - [26/Feb/2004:20:54:39 -0800] "GET /ncaa/pdf/brackets/NCAA%201982.pdf HTTP/1.1" 200 244071 "-" "Mozilla/4.0 (compatible; MSIE 6.0; AOL 8.0; Windows NT 5.1)"
198.81.26.12 - - [26/Feb/2004:20:54:40 -0800] "GET /ncaa/pdf/brackets/NCAA%201982.pdf HTTP/1.1" 206 102468 "-" "Mozilla/4.0 (compatible; MSIE 6.0; AOL 8.0; Windows NT 5.1)"
198.81.26.12 - - [26/Feb/2004:20:54:41 -0800] "GET /ncaa/pdf/brackets/NCAA%201982.pdf HTTP/1.0" 206 134377 "-" "Mozilla/4.0 (compatible; MSIE 6.0; AOL 8.0; Windows NT 5.1)"
198.81.26.12 - - [26/Feb/2004:20:54:55 -0800] "GET /ncaa/pdf/brackets/NCAA%201981.pdf HTTP/1.1" 200 228281 "http://www.wrestlingstats.com/ncaa/brackets.htm" "Mozilla/4.0 (compatible; MSIE 6.0; AOL 8.0; Windows NT 5.1)"
198.81.26.12 - - [26/Feb/2004:20:54:55 -0800] "GET /ncaa/pdf/brackets/NCAA%201981.pdf HTTP/1.1" 200 228281 "-" "Mozilla/4.0 (compatible; MSIE 6.0; AOL 8.0; Windows NT 5.1)"
198.81.26.12 - - [26/Feb/2004:20:54:56 -0800] "GET /ncaa/pdf/brackets/NCAA%201981.pdf HTTP/1.1" 206 105921 "-" "Mozilla/4.0 (compatible; MSIE 6.0; AOL 8.0; Windows NT 5.1)"
198.81.26.12 - - [26/Feb/2004:20:54:57 -0800] "GET /ncaa/pdf/brackets/NCAA%201981.pdf HTTP/1.1" 206 119213 "-" "Mozilla/4.0 (compatible; MSIE 6.0; AOL 8.0; Windows NT 5.1)"
198.81.26.12 - - [26/Feb/2004:20:55:07 -0800] "GET /ncaa/pdf/brackets/NCAA%201980.pdf HTTP/1.0" 200 222124 "http://www.wrestlingstats.com/ncaa/brackets.htm" "Mozilla/4.0 (compatible; MSIE 6.0; AOL 8.0; Windows NT 5.1)"
198.81.26.12 - - [26/Feb/2004:20:55:07 -0800] "GET /ncaa/pdf/brackets/NCAA%201980.pdf HTTP/1.1" 200 222124 "-" "Mozilla/4.0 (compatible; MSIE 6.0; AOL 8.0; Windows NT 5.1)"
198.81.26.12 - - [26/Feb/2004:20:55:08 -0800] "GET /ncaa/pdf/brackets/NCAA%201980.pdf HTTP/1.0" 206 100410 "-" "Mozilla/4.0 (compatible; MSIE 6.0; AOL 8.0; Windows NT 5.1)"
198.81.26.12 - - [26/Feb/2004:20:55:09 -0800] "GET /ncaa/pdf/brackets/NCAA%201980.pdf HTTP/1.1" 206 114488 "-" "Mozilla/4.0 (compatible; MSIE 6.0; AOL 8.0; Windows NT 5.1)"
