152.163.252.194 - - [23/Feb/2004:18:59:41 -0800] "GET /ncaa/brackets.htm HTTP/1.0" 200 2835 "http://aolsearch.aol.com/aol/search?encquery=711101B97776C86F88169A81E3847CC4923F267CD2FB7BFFC093FC31E9017B14FB895FFD762E65DA&invocationType=keyword_rollover&ie=ISO-8859-1" "Mozilla/4.0 (compatible; MSIE 6.0; AOL 8.0; Windows 98; FunWebProducts; FunWebProducts-MyWay)"
24.34.115.53 - - [23/Feb/2004:18:59:41 -0800] "GET /eiwa/pdf/brackets/EIWA%201966.pdf HTTP/1.1" 200 123838 "http://www.wrestlingstats.com/eiwa/brackets.htm" "Mozilla/4.0 (compatible; MSIE 6.0; Windows NT 5.1; .NET CLR 1.0.3705; .NET CLR 1.1.4322)"
24.34.115.53 - - [23/Feb/2004:18:59:42 -0800] "GET /eiwa/pdf/brackets/EIWA%201966.pdf HTTP/1.1" 200 123838 "-" "Mozilla/4.0 (compatible; MSIE 6.0; Windows NT 5.1; .NET CLR 1.0.3705; .NET CLR 1.1.4322)"
160.39.188.113 - - [23/Feb/2004:18:59:53 -0800] "GET /eiwa/pdf/brackets/EIWA%201999.pdf HTTP/1.1" 200 70161 "http://www.wrestlingstats.com/eiwa/brackets.htm" "Mozilla/4.0 (compatible; MSIE 6.0; Windows NT 5.1; .NET CLR 1.1.4322)"
160.39.188.113 - - [23/Feb/2004:18:59:54 -0800] "GET /eiwa/pdf/brackets/EIWA%201999.pdf HTTP/1.1" 206 67468 "-" "Mozilla/4.0 (compatible; MSIE 6.0; Windows NT 5.1; .NET CLR 1.1.4322)"
216.51.162.28 - - [23/Feb/2004:19:00:24 -0800] "GET /ncaa/brackets.htm HTTP/1.1" 200 2797 "http://www.wrestlinghalloffame.org/" "Mozilla/4.0 (compatible; MSIE 6.0; Windows NT 5.1; .NET CLR 1.1.4322)"
216.51.162.28 - - [23/Feb/2004:19:00:30 -0800] "GET /apPopupMenu.class HTTP/1.1" 200 19469 "-" "Mozilla/4.0 (Windows XP 5.1) Java/1.4.2"
216.51.162.28 - - [23/Feb/2004:19:00:33 -0800] "GET /images/home32.gif HTTP/1.1" 200 287 "-" "Mozilla/4.0 (Windows XP 5.1) Java/1.4.2"
216.51.162.28 - - [23/Feb/2004:19:00:33 -0800] "GET /images/mail32.gif HTTP/1.1" 200 317 "-" "Mozilla/4.0 (Windows XP 5.1) Java/1.4.2"
65.96.173.40 - - [23/Feb/2004:19:01:12 -0800] "GET /eiwa/brackets.htm HTTP/1.1" 200 2415 "http://wrestlingreport.com/Forums/EIWA.mv?parm_func=showmsg+parm_msgnum=1000148" "Mozilla/4.0 (compatible; MSIE 5.5; Windows NT 5.0)"
65.96.173.40 - - [23/Feb/2004:19:01:12 -0800] "GET /apPopupMenu.class HTTP/1.1" 200 19469 "-" "Mozilla/4.0 (compatible; MSIE 5.0; Win32)"
65.96.173.40 - - [23/Feb/2004:19:01:13 -0800] "GET /images/home32.gif HTTP/1.1" 200 287 "-" "Mozilla/4.0 (compatible; MSIE 5.0; Win32)"
65.96.173.40 - - [23/Feb/2004:19:01:13 -0800] "GET /images/mail32.gif HTTP/1.1" 200 317 "-" "Mozilla/4.0 (compatible; MSIE 5.0; Win32)"
216.51.162.28 - - [23/Feb/2004:19:01:16 -0800] "GET /ncaa/pdf/brackets/NCAA%201977.pdf HTTP/1.1" 200 225054 "http://www.wrestlingstats.com/ncaa/brackets.htm" "Mozilla/4.0 (compatible; MSIE 6.0; Windows NT 5.1; .NET CLR 1.1.4322)"
216.51.162.28 - - [23/Feb/2004:19:01:19 -0800] "GET /ncaa/pdf/brackets/NCAA%201977.pdf HTTP/1.1" 206 220903 "-" "Mozilla/4.0 (compatible; MSIE 6.0; Windows NT 5.1; .NET CLR 1.1.4322)"
216.51.162.28 - - [23/Feb/2004:19:01:24 -0800] "GET /ncaa/pdf/brackets/NCAA%201977.pdf HTTP/1.1" 206 99500 "-" "Mozilla/4.0 (compatible; MSIE 6.0; Windows NT 5.1; .NET CLR 1.1.4322)"
205.188.208.70 - - [23/Feb/2004:19:02:08 -0800] "GET /ncaa/pdf/brackets/NCAA%201972.pdf HTTP/1.0" 200 217006 "http://aolsearch.aol.com/aol/search?query=%22Rich+Komar%22&page=3&Stage=0&invocationType=keyword_rollover" "Mozilla/4.0 (compatible; MSIE 6.0; AOL 9.0; Windows NT 5.1; .NET CLR 1.1.4322)"
160.39.188.113 - - [23/Feb/2004:19:02:08 -0800] "GET / HTTP/1.1" 200 1754 "-" "Mozilla/4.0 (compatible; MSIE 6.0; Windows NT 5.1; .NET CLR 1.1.4322)"
160.39.188.113 - - [23/Feb/2004:19:02:09 -0800] "GET /NCAA2003.jpg HTTP/1.1" 200 84807 "http://www.wrestlingstats.com" "Mozilla/4.0 (compatible; MSIE 6.0; Windows NT 5.1; .NET CLR 1.1.4322)"
205.188.208.70 - - [23/Feb/2004:19:02:12 -0800] "GET /ncaa/pdf/brackets/NCAA%201972.pdf HTTP/1.0" 200 217006 "-" "Mozilla/4.0 (compatible; MSIE 6.0; AOL 9.0; Windows NT 5.1; .NET CLR 1.1.4322)"
205.188.208.70 - - [23/Feb/2004:19:02:46 -0800] "GET /ncaa/pdf/brackets/NCAA%201972.pdf HTTP/1.0" 206 1807 "-" "Mozilla/4.0 (compatible; MSIE 6.0; AOL 9.0; Windows NT 5.1; .NET CLR 1.1.4322)"
205.188.208.70 - - [23/Feb/2004:19:02:49 -0800] "GET /ncaa/pdf/brackets/NCAA%201972.pdf HTTP/1.0" 206 82569 "-" "Mozilla/4.0 (compatible; MSIE 6.0; AOL 9.0; Windows NT 5.1; .NET CLR 1.1.4322)"
160.39.188.113 - - [23/Feb/2004:19:02:51 -0800] "GET /eiwa/pdf/brackets/EIWA%201998.pdf HTTP/1.1" 200 70550 "http://www.wrestlingstats.com/eiwa/brackets.htm" "Mozilla/4.0 (compatible; MSIE 6.0; Windows NT 5.1; .NET CLR 1.1.4322)"
160.39.188.113 - - [23/Feb/2004:19:02:51 -0800] "GET /eiwa/pdf/brackets/EIWA%201998.pdf HTTP/1.1" 206 66398 "-" "Mozilla/4.0 (compatible; MSIE 6.0; Windows NT 5.1; .NET CLR 1.1.4322)"
216.51.162.28 - - [23/Feb/2004:19:04:16 -0800] "GET /ncaa/pdf/brackets/NCAA%201976.pdf HTTP/1.1" 200 215763 "http://www.wrestlingstats.com/ncaa/brackets.htm" "Mozilla/4.0 (compatible; MSIE 6.0; Windows NT 5.1; .NET CLR 1.1.4322)"
216.51.162.28 - - [23/Feb/2004:19:04:18 -0800] "GET /ncaa/pdf/brackets/NCAA%201976.pdf HTTP/1.1" 206 211612 "-" "Mozilla/4.0 (compatible; MSIE 6.0; Windows NT 5.1; .NET CLR 1.1.4322)"
216.51.162.28 - - [23/Feb/2004:19:04:21 -0800] "GET /ncaa/pdf/brackets/NCAA%201976.pdf HTTP/1.1" 206 208383 "-" "Mozilla/4.0 (compatible; MSIE 6.0; Windows NT 5.1; .NET CLR 1.1.4322)"
216.51.162.28 - - [23/Feb/2004:19:05:38 -0800] "GET /index.html HTTP/1.1" 200 1754 "-" "Mozilla/4.0 (compatible; MSIE 6.0; Windows NT 5.1; .NET CLR 1.1.4322)"
216.51.162.28 - - [23/Feb/2004:19:05:39 -0800] "GET /NCAA2003.jpg HTTP/1.1" 200 84807 "http://www.wrestlingstats.com/index.html" "Mozilla/4.0 (compatible; MSIE 6.0; Windows NT 5.1; .NET CLR 1.1.4322)"
216.51.162.28 - - [23/Feb/2004:19:06:20 -0800] "GET /ncaa/home.htm HTTP/1.1" 200 2390 "-" "Mozilla/4.0 (compatible; MSIE 6.0; Windows NT 5.1; .NET CLR 1.1.4322)"
216.51.162.28 - - [23/Feb/2004:19:06:21 -0800] "GET /ncaa/ncaa02.jpg HTTP/1.1" 200 81812 "http://www.wrestlingstats.com/ncaa/home.htm" "Mozilla/4.0 (compatible; MSIE 6.0; Windows NT 5.1; .NET CLR 1.1.4322)"
216.51.162.28 - - [23/Feb/2004:19:06:21 -0800] "GET /ncaa/pix/home.gif HTTP/1.1" 404 363 "-" "Mozilla/4.0 (Windows XP 5.1) Java/1.4.2"
216.51.162.28 - - [23/Feb/2004:19:06:24 -0800] "GET /ncaa/apbfind.gif HTTP/1.1" 200 89 "-" "Mozilla/4.0 (Windows XP 5.1) Java/1.4.2"
216.51.162.28 - - [23/Feb/2004:19:06:51 -0800] "GET /ncaa/champs.php HTTP/1.1" 200 1518 "-" "Mozilla/4.0 (compatible; MSIE 6.0; Windows NT 5.1; .NET CLR 1.1.4322)"
216.51.162.28 - - [23/Feb/2004:19:07:13 -0800] "POST /ncaa/champs_found.php HTTP/1.1" 200 1509 "http://www.wrestlingstats.com/ncaa/champs.php" "Mozilla/4.0 (compatible; MSIE 6.0; Windows NT 5.1; .NET CLR 1.1.4322)"
216.51.162.28 - - [23/Feb/2004:19:07:14 -0800] "GET /ncaa/pix/home.gif HTTP/1.1" 404 363 "-" "Mozilla/4.0 (Windows XP 5.1) Java/1.4.2"
216.51.162.28 - - [23/Feb/2004:19:08:10 -0800] "GET /ncaa/pix/home.gif HTTP/1.1" 404 363 "-" "Mozilla/4.0 (Windows XP 5.1) Java/1.4.2"
216.51.162.28 - - [23/Feb/2004:19:08:21 -0800] "POST /ncaa/champs_found.php HTTP/1.1" 200 1509 "http://www.wrestlingstats.com/ncaa/champs.php" "Mozilla/4.0 (compatible; MSIE 6.0; Windows NT 5.1; .NET CLR 1.1.4322)"
216.51.162.28 - - [23/Feb/2004:19:09:05 -0800] "GET /ncaa/seasons.php HTTP/1.1" 200 2526 "-" "Mozilla/4.0 (compatible; MSIE 6.0; Windows NT 5.1; .NET CLR 1.1.4322)"
216.51.162.28 - - [23/Feb/2004:19:09:16 -0800] "POST /ncaa/champs_season.php HTTP/1.1" 200 1889 "http://www.wrestlingstats.com/ncaa/seasons.php" "Mozilla/4.0 (compatible; MSIE 6.0; Windows NT 5.1; .NET CLR 1.1.4322)"
216.51.162.28 - - [23/Feb/2004:19:09:41 -0800] "POST /ncaa/champs_season.php HTTP/1.1" 200 1843 "http://www.wrestlingstats.com/ncaa/seasons.php" "Mozilla/4.0 (compatible; MSIE 6.0; Windows NT 5.1; .NET CLR 1.1.4322)"
216.51.162.28 - - [23/Feb/2004:19:09:59 -0800] "POST /ncaa/champs_season.php HTTP/1.1" 200 1864 "http://www.wrestlingstats.com/ncaa/seasons.php" "Mozilla/4.0 (compatible; MSIE 6.0; Windows NT 5.1; .NET CLR 1.1.4322)"
216.51.162.28 - - [23/Feb/2004:19:10:13 -0800] "POST /ncaa/champs_season.php HTTP/1.1" 200 1864 "http://www.wrestlingstats.com/ncaa/seasons.php" "Mozilla/4.0 (compatible; MSIE 6.0; Windows NT 5.1; .NET CLR 1.1.4322)"
216.51.162.28 - - [23/Feb/2004:19:10:35 -0800] "POST /ncaa/champs_season.php HTTP/1.1" 200 1878 "http://www.wrestlingstats.com/ncaa/seasons.php" "Mozilla/4.0 (compatible; MSIE 6.0; Windows NT 5.1; .NET CLR 1.1.4322)"
216.51.162.28 - - [23/Feb/2004:19:10:51 -0800] "POST /ncaa/champs_season.php HTTP/1.1" 200 1874 "http://www.wrestlingstats.com/ncaa/seasons.php" "Mozilla/4.0 (compatible; MSIE 6.0; Windows NT 5.1; .NET CLR 1.1.4322)"
216.51.162.28 - - [23/Feb/2004:19:10:52 -0800] "GET /ncaa/pix/home.gif HTTP/1.1" 404 363 "-" "Mozilla/4.0 (Windows XP 5.1) Java/1.4.2"
216.51.162.28 - - [23/Feb/2004:19:11:05 -0800] "POST /ncaa/champs_season.php HTTP/1.1" 200 1869 "http://www.wrestlingstats.com/ncaa/seasons.php" "Mozilla/4.0 (compatible; MSIE 6.0; Windows NT 5.1; .NET CLR 1.1.4322)"
216.51.162.28 - - [23/Feb/2004:19:11:21 -0800] "POST /ncaa/champs_season.php HTTP/1.1" 200 1858 "http://www.wrestlingstats.com/ncaa/seasons.php" "Mozilla/4.0 (compatible; MSIE 6.0; Windows NT 5.1; .NET CLR 1.1.4322)"
216.51.162.28 - - [23/Feb/2004:19:11:32 -0800] "POST /ncaa/champs_season.php HTTP/1.1" 200 1858 "http://www.wrestlingstats.com/ncaa/seasons.php" "Mozilla/4.0 (compatible; MSIE 6.0; Windows NT 5.1; .NET CLR 1.1.4322)"
216.51.162.28 - - [23/Feb/2004:19:11:54 -0800] "POST /ncaa/champs_season.php HTTP/1.1" 200 1846 "http://www.wrestlingstats.com/ncaa/seasons.php" "Mozilla/4.0 (compatible; MSIE 6.0; Windows NT 5.1; .NET CLR 1.1.4322)"
216.51.162.28 - - [23/Feb/2004:19:12:25 -0800] "POST /ncaa/champs_season.php HTTP/1.1" 200 1861 "http://www.wrestlingstats.com/ncaa/seasons.php" "Mozilla/4.0 (compatible; MSIE 6.0; Windows NT 5.1; .NET CLR 1.1.4322)"
216.51.162.28 - - [23/Feb/2004:19:12:26 -0800] "GET /ncaa/pix/home.gif HTTP/1.1" 404 363 "-" "Mozilla/4.0 (Windows XP 5.1) Java/1.4.2"
216.51.162.28 - - [23/Feb/2004:19:12:49 -0800] "POST /ncaa/champs_season.php HTTP/1.1" 200 1858 "http://www.wrestlingstats.com/ncaa/seasons.php" "Mozilla/4.0 (compatible; MSIE 6.0; Windows NT 5.1; .NET CLR 1.1.4322)"
216.51.162.28 - - [23/Feb/2004:19:13:07 -0800] "POST /ncaa/champs_season.php HTTP/1.1" 200 1845 "http://www.wrestlingstats.com/ncaa/seasons.php" "Mozilla/4.0 (compatible; MSIE 6.0; Windows NT 5.1; .NET CLR 1.1.4322)"
216.51.162.28 - - [23/Feb/2004:19:13:22 -0800] "POST /ncaa/champs_season.php HTTP/1.1" 200 1876 "http://www.wrestlingstats.com/ncaa/seasons.php" "Mozilla/4.0 (compatible; MSIE 6.0; Windows NT 5.1; .NET CLR 1.1.4322)"
216.51.162.28 - - [23/Feb/2004:19:13:37 -0800] "POST /ncaa/champs_season.php HTTP/1.1" 200 1848 "http://www.wrestlingstats.com/ncaa/seasons.php" "Mozilla/4.0 (compatible; MSIE 6.0; Windows NT 5.1; .NET CLR 1.1.4322)"
68.43.246.197 - - [23/Feb/2004:19:13:43 -0800] "GET /ncaa/pdf/brackets/NCAA%201972.pdf HTTP/1.1" 200 217006 "http://www.google.com/search?hl=en&ie=UTF-8&oe=UTF-8&q=gerald+malecek" "Mozilla/4.0 (compatible; MSIE 6.0; Windows NT 5.1)"
68.43.246.197 - - [23/Feb/2004:19:13:43 -0800] "GET /ncaa/pdf/brackets/NCAA%201972.pdf HTTP/1.1" 206 212855 "-" "Mozilla/4.0 (compatible; MSIE 6.0; Windows NT 5.1)"
216.51.162.28 - - [23/Feb/2004:19:14:03 -0800] "POST /ncaa/champs_season.php HTTP/1.1" 200 1876 "http://www.wrestlingstats.com/ncaa/seasons.php" "Mozilla/4.0 (compatible; MSIE 6.0; Windows NT 5.1; .NET CLR 1.1.4322)"
216.51.162.28 - - [23/Feb/2004:19:14:29 -0800] "POST /ncaa/champs_season.php HTTP/1.1" 200 1864 "http://www.wrestlingstats.com/ncaa/seasons.php" "Mozilla/4.0 (compatible; MSIE 6.0; Windows NT 5.1; .NET CLR 1.1.4322)"
216.51.162.28 - - [23/Feb/2004:19:14:54 -0800] "POST /ncaa/champs_found.php HTTP/1.1" 200 1509 "http://www.wrestlingstats.com/ncaa/champs.php" "Mozilla/4.0 (compatible; MSIE 6.0; Windows NT 5.1; .NET CLR 1.1.4322)"
24.3.7.96 - - [23/Feb/2004:19:14:58 -0800] "GET / HTTP/1.1" 200 1755 "http://www.wrestlingreport.com/" "Mozilla/4.0 (compatible; MSIE 6.0; Windows NT 5.1; FunWebProducts; .NET CLR 1.1.4322)"
24.3.7.96 - - [23/Feb/2004:19:15:05 -0800] "GET /NCAA2003.jpg HTTP/1.1" 200 84807 "http://www.wrestlingstats.com/" "Mozilla/4.0 (compatible; MSIE 6.0; Windows NT 5.1; FunWebProducts; .NET CLR 1.1.4322)"
24.3.7.96 - - [23/Feb/2004:19:15:08 -0800] "GET /apPopupMenu.class HTTP/1.1" 304 - "-" "Mozilla/4.0 (Windows XP 5.1) Java/1.4.2"
24.3.7.96 - - [23/Feb/2004:19:15:11 -0800] "GET /images/home32.gif HTTP/1.1" 304 - "-" "Mozilla/4.0 (Windows XP 5.1) Java/1.4.2"
24.3.7.96 - - [23/Feb/2004:19:15:12 -0800] "GET /images/mail32.gif HTTP/1.1" 304 - "-" "Mozilla/4.0 (Windows XP 5.1) Java/1.4.2"
216.51.162.28 - - [23/Feb/2004:19:15:21 -0800] "POST /ncaa/champs_found.php HTTP/1.1" 200 1509 "http://www.wrestlingstats.com/ncaa/champs.php" "Mozilla/4.0 (compatible; MSIE 6.0; Windows NT 5.1; .NET CLR 1.1.4322)"
24.3.7.96 - - [23/Feb/2004:19:15:26 -0800] "GET /ncaa/home.htm HTTP/1.1" 200 2391 "-" "Mozilla/4.0 (compatible; MSIE 6.0; Windows NT 5.1; FunWebProducts; .NET CLR 1.1.4322)"
24.3.7.96 - - [23/Feb/2004:19:15:27 -0800] "GET /ncaa/ncaa02.jpg HTTP/1.1" 200 81812 "http://www.wrestlingstats.com/ncaa/home.htm" "Mozilla/4.0 (compatible; MSIE 6.0; Windows NT 5.1; FunWebProducts; .NET CLR 1.1.4322)"
24.3.7.96 - - [23/Feb/2004:19:15:27 -0800] "GET /ncaa/pix/home.gif HTTP/1.1" 404 363 "-" "Mozilla/4.0 (Windows XP 5.1) Java/1.4.2"
24.3.7.96 - - [23/Feb/2004:19:15:27 -0800] "GET /ncaa/apbfind.gif HTTP/1.1" 304 - "-" "Mozilla/4.0 (Windows XP 5.1) Java/1.4.2"
216.51.162.28 - - [23/Feb/2004:19:15:50 -0800] "GET /eiwa/eiwa.htm HTTP/1.1" 200 1730 "-" "Mozilla/4.0 (compatible; MSIE 6.0; Windows NT 5.1; .NET CLR 1.1.4322)"
216.51.162.28 - - [23/Feb/2004:19:15:51 -0800] "GET /images/home32.gif HTTP/1.1" 304 - "-" "Mozilla/4.0 (Windows XP 5.1) Java/1.4.2"
216.51.162.28 - - [23/Feb/2004:19:15:51 -0800] "GET /images/mail32.gif HTTP/1.1" 304 - "-" "Mozilla/4.0 (Windows XP 5.1) Java/1.4.2"
24.3.7.96 - - [23/Feb/2004:19:15:53 -0800] "GET /ncaa/schools.php HTTP/1.1" 200 2855 "-" "Mozilla/4.0 (compatible; MSIE 6.0; Windows NT 5.1; FunWebProducts; .NET CLR 1.1.4322)"
24.3.7.96 - - [23/Feb/2004:19:15:53 -0800] "GET /ncaa/pix/home.gif HTTP/1.1" 404 363 "-" "Mozilla/4.0 (Windows XP 5.1) Java/1.4.2"
24.3.7.96 - - [23/Feb/2004:19:16:06 -0800] "POST /ncaa/view_champs.php HTTP/1.1" 200 1625 "http://www.wrestlingstats.com/ncaa/schools.php" "Mozilla/4.0 (compatible; MSIE 6.0; Windows NT 5.1; FunWebProducts; .NET CLR 1.1.4322)"
216.51.162.28 - - [23/Feb/2004:19:16:23 -0800] "GET /eiwa/pdf/EIWA%20Place%20Winners.pdf HTTP/1.1" 200 14858 "http://www.wrestlingstats.com/eiwa/eiwa.htm" "Mozilla/4.0 (compatible; MSIE 6.0; Windows NT 5.1; .NET CLR 1.1.4322)"
216.51.162.28 - - [23/Feb/2004:19:16:26 -0800] "GET /eiwa/pdf/EIWA%20Place%20Winners.pdf HTTP/1.1" 206 10706 "-" "Mozilla/4.0 (compatible; MSIE 6.0; Windows NT 5.1; .NET CLR 1.1.4322)"
24.3.7.96 - - [23/Feb/2004:19:16:36 -0800] "GET /eiwa/eiwa.htm HTTP/1.1" 200 1732 "-" "Mozilla/4.0 (compatible; MSIE 6.0; Windows NT 5.1; FunWebProducts; .NET CLR 1.1.4322)"
24.3.7.96 - - [23/Feb/2004:19:16:40 -0800] "GET /images/home32.gif HTTP/1.1" 304 - "-" "Mozilla/4.0 (Windows XP 5.1) Java/1.4.2"
24.3.7.96 - - [23/Feb/2004:19:16:41 -0800] "GET /images/mail32.gif HTTP/1.1" 304 - "-" "Mozilla/4.0 (Windows XP 5.1) Java/1.4.2"
24.3.7.96 - - [23/Feb/2004:19:16:47 -0800] "GET /eiwa/pdf/EIWA%20Place%20Winners.pdf HTTP/1.1" 200 14858 "http://www.wrestlingstats.com/eiwa/eiwa.htm" "Mozilla/4.0 (compatible; MSIE 6.0; Windows NT 5.1; FunWebProducts; .NET CLR 1.1.4322)"
24.3.7.96 - - [23/Feb/2004:19:16:48 -0800] "GET /eiwa/pdf/EIWA%20Place%20Winners.pdf HTTP/1.1" 206 10706 "-" "Mozilla/4.0 (compatible; MSIE 6.0; Windows NT 5.1; FunWebProducts; .NET CLR 1.1.4322)"
216.51.162.28 - - [23/Feb/2004:19:17:08 -0800] "GET /ncaa/pix/home.gif HTTP/1.1" 404 363 "-" "Mozilla/4.0 (Windows XP 5.1) Java/1.4.2"
216.51.162.28 - - [23/Feb/2004:19:17:09 -0800] "GET /ncaa/apbfind.gif HTTP/1.1" 304 - "-" "Mozilla/4.0 (Windows XP 5.1) Java/1.4.2"
216.51.162.28 - - [23/Feb/2004:19:17:32 -0800] "GET /ncaa/schools.php HTTP/1.1" 200 2855 "-" "Mozilla/4.0 (compatible; MSIE 6.0; Windows NT 5.1; .NET CLR 1.1.4322)"
216.51.162.28 - - [23/Feb/2004:19:17:33 -0800] "GET /ncaa/pix/home.gif HTTP/1.1" 404 363 "-" "Mozilla/4.0 (Windows XP 5.1) Java/1.4.2"
216.51.162.28 - - [23/Feb/2004:19:17:44 -0800] "POST /ncaa/view_champs.php HTTP/1.1" 200 1940 "http://www.wrestlingstats.com/ncaa/schools.php" "Mozilla/4.0 (compatible; MSIE 6.0; Windows NT 5.1; .NET CLR 1.1.4322)"
216.51.162.28 - - [23/Feb/2004:19:17:45 -0800] "GET /ncaa/pix/home.gif HTTP/1.1" 404 363 "-" "Mozilla/4.0 (Windows XP 5.1) Java/1.4.2"
24.3.7.96 - - [23/Feb/2004:19:17:45 -0800] "GET /eiwa/brackets.htm HTTP/1.1" 200 2415 "http://www.wrestlingstats.com/eiwa/eiwa.htm" "Mozilla/4.0 (compatible; MSIE 6.0; Windows NT 5.1; FunWebProducts; .NET CLR 1.1.4322)"
24.3.7.96 - - [23/Feb/2004:19:17:50 -0800] "GET /eiwa/pdf/brackets/EIWA%202000.pdf HTTP/1.1" 200 70894 "http://www.wrestlingstats.com/eiwa/brackets.htm" "Mozilla/4.0 (compatible; MSIE 6.0; Windows NT 5.1; FunWebProducts; .NET CLR 1.1.4322)"
24.3.7.96 - - [23/Feb/2004:19:17:50 -0800] "GET /eiwa/pdf/brackets/EIWA%202000.pdf HTTP/1.1" 206 68202 "-" "Mozilla/4.0 (compatible; MSIE 6.0; Windows NT 5.1; FunWebProducts; .NET CLR 1.1.4322)"
207.38.184.135 - - [23/Feb/2004:19:19:25 -0800] "GET /lehigh/ HTTP/1.1" 200 5000 "-" "Mozilla/4.0 (compatible; MSIE 6.0; Windows NT 5.1)"
207.38.184.135 - - [23/Feb/2004:19:19:27 -0800] "GET /lehigh/EIWAChamps.jpg HTTP/1.1" 304 - "-" "Mozilla/4.0 (compatible; MSIE 6.0; Windows NT 5.1)"
207.38.184.135 - - [23/Feb/2004:19:19:27 -0800] "GET /lehigh/apPopupMenu.class HTTP/1.1" 304 - "-" "Java 1.1"
207.38.184.135 - - [23/Feb/2004:19:19:28 -0800] "GET /lehigh/pix/home.gif HTTP/1.1" 304 - "-" "Java 1.1"
207.38.184.135 - - [23/Feb/2004:19:19:29 -0800] "GET /lehigh/pix/apbfind.gif HTTP/1.1" 304 - "-" "Java 1.1"
207.38.184.135 - - [23/Feb/2004:19:19:38 -0800] "GET /lehigh/wrestlers.php HTTP/1.1" 200 4870 "-" "Mozilla/4.0 (compatible; MSIE 6.0; Windows NT 5.1)"
207.38.184.135 - - [23/Feb/2004:19:19:43 -0800] "POST /lehigh/view_all_wrestlers.php HTTP/1.1" 200 5472 "-" "Mozilla/4.0 (compatible; MSIE 6.0; Windows NT 5.1)"
207.38.184.135 - - [23/Feb/2004:19:19:48 -0800] "GET /lehigh/view_wrestlers.php?wrestler=739 HTTP/1.1" 200 8620 "-" "Mozilla/4.0 (compatible; MSIE 6.0; Windows NT 5.1)"
24.3.7.96 - - [23/Feb/2004:19:19:49 -0800] "GET /ncaa/pix/home.gif HTTP/1.1" 404 363 "-" "Mozilla/4.0 (Windows XP 5.1) Java/1.4.2"
24.3.7.96 - - [23/Feb/2004:19:19:49 -0800] "GET /ncaa/apbfind.gif HTTP/1.1" 304 - "-" "Mozilla/4.0 (Windows XP 5.1) Java/1.4.2"
24.3.7.96 - - [23/Feb/2004:19:19:50 -0800] "GET /ncaa/pix/home.gif HTTP/1.1" 404 363 "-" "Mozilla/4.0 (Windows XP 5.1) Java/1.4.2"
207.38.184.135 - - [23/Feb/2004:19:19:51 -0800] "GET /lehigh/view_wrestler_bouts.php?wrestler=739&season=2003 HTTP/1.1" 200 11581 "-" "Mozilla/4.0 (compatible; MSIE 6.0; Windows NT 5.1)"
24.3.7.96 - - [23/Feb/2004:19:19:52 -0800] "GET /images/home32.gif HTTP/1.1" 304 - "-" "Mozilla/4.0 (Windows XP 5.1) Java/1.4.2"
24.3.7.96 - - [23/Feb/2004:19:19:52 -0800] "GET /images/mail32.gif HTTP/1.1" 304 - "-" "Mozilla/4.0 (Windows XP 5.1) Java/1.4.2"
162.84.165.207 - - [23/Feb/2004:19:20:56 -0800] "GET /eiwa/brackets.htm HTTP/1.1" 200 2415 "http://www.wrestlingreport.com/Forums/EIWA.mv?parm_func=showmsg+parm_msgnum=1000148" "Mozilla/4.0 (compatible; MSIE 6.0; Windows NT 5.1; AT&T CSM7.0)"
162.84.165.207 - - [23/Feb/2004:19:21:00 -0800] "GET /apPopupMenu.class HTTP/1.1" 200 19469 "-" "Mozilla/4.0 (compatible; MSIE 6.0; Win32; AT&T CSM7.0)"
162.84.165.207 - - [23/Feb/2004:19:21:01 -0800] "GET /images/home32.gif HTTP/1.1" 200 287 "-" "Mozilla/4.0 (compatible; MSIE 6.0; Win32; AT&T CSM7.0)"
162.84.165.207 - - [23/Feb/2004:19:21:01 -0800] "GET /images/mail32.gif HTTP/1.1" 200 317 "-" "Mozilla/4.0 (compatible; MSIE 6.0; Win32; AT&T CSM7.0)"
162.84.165.207 - - [23/Feb/2004:19:21:05 -0800] "GET /eiwa/pdf/brackets/EIWA%202003.pdf HTTP/1.1" 200 70502 "http://www.wrestlingstats.com/eiwa/brackets.htm" "Mozilla/4.0 (compatible; MSIE 6.0; Windows NT 5.1; AT&T CSM7.0)"
162.84.165.207 - - [23/Feb/2004:19:21:06 -0800] "GET /eiwa/pdf/brackets/EIWA%202003.pdf HTTP/1.1" 206 66451 "-" "Mozilla/4.0 (compatible; MSIE 6.0; Windows NT 5.1; AT&T CSM7.0)"
24.127.82.204 - - [23/Feb/2004:19:22:56 -0800] "GET /ncaa/pdf/brackets/NCAA%201995.pdf HTTP/1.1" 200 227502 "http://search.iwon.com/commerce/multisearch.jsp?searchfor=dewayne+zinkin&symbol_search_select=short&PG=home&SEC=srch" "Mozilla/4.0 (compatible; MSIE 6.0; Windows NT 5.1; .NET CLR 1.0.3705; .NET CLR 1.1.4322)"
24.127.82.204 - - [23/Feb/2004:19:22:57 -0800] "GET /ncaa/pdf/brackets/NCAA%201995.pdf HTTP/1.1" 206 223351 "-" "Mozilla/4.0 (compatible; MSIE 6.0; Windows NT 5.1; .NET CLR 1.0.3705; .NET CLR 1.1.4322)"
207.38.184.135 - - [23/Feb/2004:19:23:13 -0800] "GET /lehigh/view_wrestler_bouts.php?wrestler=739&season=2004 HTTP/1.1" 200 10692 "-" "Mozilla/4.0 (compatible; MSIE 6.0; Windows NT 5.1)"
64.68.82.201 - - [23/Feb/2004:19:23:34 -0800] "GET / HTTP/1.0" 200 2887 "-" "Googlebot/2.1 (+http://www.googlebot.com/bot.html)"
68.195.34.213 - - [23/Feb/2004:19:24:51 -0800] "GET /lehigh/show_leaders.php?term=C&leader=1 HTTP/1.1" 200 8752 "-" "Mozilla/4.0 (compatible; MSIE 6.0; Windows NT 5.1; .NET CLR 1.0.3705; .NET CLR 1.1.4322)"
68.195.34.213 - - [23/Feb/2004:19:24:53 -0800] "GET /lehigh/apPopupMenu.class HTTP/1.1" 200 19469 "-" "Java 1.1"
68.195.34.213 - - [23/Feb/2004:19:24:54 -0800] "GET /lehigh/pix/home.gif HTTP/1.1" 200 215 "-" "Java 1.1"
68.195.34.213 - - [23/Feb/2004:19:24:54 -0800] "GET /lehigh/pix/apbfind.gif HTTP/1.1" 200 89 "-" "Java 1.1"
68.34.253.227 - - [23/Feb/2004:19:31:04 -0800] "GET /ncaa/brackets.htm HTTP/1.1" 200 2797 "-" "Mozilla/4.0 (compatible; MSIE 6.0; Windows NT 5.1)"
68.34.253.227 - - [23/Feb/2004:19:31:06 -0800] "GET /apPopupMenu.class HTTP/1.1" 304 - "-" "Mozilla/4.0 (compatible; MSIE 6.0; Win32)"
68.34.253.227 - - [23/Feb/2004:19:31:07 -0800] "GET /images/home32.gif HTTP/1.1" 304 - "-" "Mozilla/4.0 (compatible; MSIE 6.0; Win32)"
68.34.253.227 - - [23/Feb/2004:19:31:07 -0800] "GET /images/mail32.gif HTTP/1.1" 304 - "-" "Mozilla/4.0 (compatible; MSIE 6.0; Win32)"
207.38.184.135 - - [23/Feb/2004:19:33:47 -0800] "POST /lehigh/view_all_wrestlers.php HTTP/1.1" 200 5255 "-" "Mozilla/4.0 (compatible; MSIE 6.0; Windows NT 5.1)"
207.38.184.135 - - [23/Feb/2004:19:33:50 -0800] "GET /lehigh/view_wrestlers.php?wrestler=742 HTTP/1.1" 200 7746 "-" "Mozilla/4.0 (compatible; MSIE 6.0; Windows NT 5.1)"
207.38.184.135 - - [23/Feb/2004:19:34:00 -0800] "GET /lehigh/view_wrestler_bouts.php?wrestler=742&season=2003 HTTP/1.1" 200 14516 "-" "Mozilla/4.0 (compatible; MSIE 6.0; Windows NT 5.1)"
207.38.184.135 - - [23/Feb/2004:19:35:57 -0800] "GET /lehigh/view_wrestler_bouts.php?wrestler=742&season=2004 HTTP/1.1" 200 13035 "-" "Mozilla/4.0 (compatible; MSIE 6.0; Windows NT 5.1)"
65.73.6.174 - - [23/Feb/2004:19:40:35 -0800] "GET /eiwa/brackets.htm HTTP/1.1" 200 2415 "http://wrestlingreport.com/Forums/EIWA.mv?parm_func=showmsg+parm_msgnum=1000148" "Mozilla/4.0 (compatible; MSIE 6.0; Windows NT 5.1)"
65.73.6.174 - - [23/Feb/2004:19:40:36 -0800] "GET /apPopupMenu.class HTTP/1.1" 200 19469 "-" "Mozilla/4.0 (compatible; MSIE 6.0; Win32)"
65.73.6.174 - - [23/Feb/2004:19:40:37 -0800] "GET /images/home32.gif HTTP/1.1" 200 287 "-" "Mozilla/4.0 (compatible; MSIE 6.0; Win32)"
65.73.6.174 - - [23/Feb/2004:19:40:38 -0800] "GET /images/mail32.gif HTTP/1.1" 200 317 "-" "Mozilla/4.0 (compatible; MSIE 6.0; Win32)"
65.73.6.174 - - [23/Feb/2004:19:40:43 -0800] "GET /eiwa/pdf/brackets/EIWA%201999.pdf HTTP/1.1" 200 70161 "http://www.wrestlingstats.com/eiwa/brackets.htm" "Mozilla/4.0 (compatible; MSIE 6.0; Windows NT 5.1)"
65.73.6.174 - - [23/Feb/2004:19:40:43 -0800] "GET /eiwa/pdf/brackets/EIWA%201999.pdf HTTP/1.1" 206 66008 "-" "Mozilla/4.0 (compatible; MSIE 6.0; Windows NT 5.1)"
24.248.6.178 - - [23/Feb/2004:19:41:45 -0800] "GET /ncaa/pdf/brackets/NCAA%201959.pdf HTTP/1.1" 200 96431 "http://www.google.com/search?hl=en&ie=UTF-8&oe=UTF-8&q=PAUL+PINNT" "Mozilla/4.0 (compatible; MSIE 6.0; Windows NT 5.0)"
24.248.6.178 - - [23/Feb/2004:19:41:45 -0800] "GET /ncaa/pdf/brackets/NCAA%201959.pdf HTTP/1.1" 206 92279 "-" "Mozilla/4.0 (compatible; MSIE 6.0; Windows NT 5.0)"
24.248.6.178 - - [23/Feb/2004:19:41:49 -0800] "GET /ncaa/pdf/brackets/NCAA%201959.pdf HTTP/1.1" 206 15472 "-" "Mozilla/4.0 (compatible; MSIE 6.0; Windows NT 5.0)"
65.73.6.174 - - [23/Feb/2004:19:44:57 -0800] "GET /eiwa/pdf/brackets/EIWA%201995.pdf HTTP/1.1" 200 70895 "http://www.wrestlingstats.com/eiwa/brackets.htm" "Mozilla/4.0 (compatible; MSIE 6.0; Windows NT 5.1)"
65.73.6.174 - - [23/Feb/2004:19:44:57 -0800] "GET /eiwa/pdf/brackets/EIWA%201995.pdf HTTP/1.1" 206 66742 "-" "Mozilla/4.0 (compatible; MSIE 6.0; Windows NT 5.1)"
65.73.6.174 - - [23/Feb/2004:19:44:57 -0800] "GET /eiwa/pdf/brackets/EIWA%201995.pdf HTTP/1.1" 206 63115 "-" "Mozilla/4.0 (compatible; MSIE 6.0; Windows NT 5.1)"
65.73.6.174 - - [23/Feb/2004:19:45:53 -0800] "GET /eiwa/pdf/brackets/EIWA%201998.pdf HTTP/1.1" 200 70550 "http://www.wrestlingstats.com/eiwa/brackets.htm" "Mozilla/4.0 (compatible; MSIE 6.0; Windows NT 5.1)"
65.73.6.174 - - [23/Feb/2004:19:45:53 -0800] "GET /eiwa/pdf/brackets/EIWA%201998.pdf HTTP/1.1" 206 66398 "-" "Mozilla/4.0 (compatible; MSIE 6.0; Windows NT 5.1)"
65.73.6.174 - - [23/Feb/2004:19:45:54 -0800] "GET /eiwa/pdf/brackets/EIWA%201998.pdf HTTP/1.1" 206 62772 "-" "Mozilla/4.0 (compatible; MSIE 6.0; Windows NT 5.1)"
65.73.6.174 - - [23/Feb/2004:19:46:39 -0800] "GET /eiwa/pdf/brackets/EIWA%202000.pdf HTTP/1.1" 200 70894 "http://www.wrestlingstats.com/eiwa/brackets.htm" "Mozilla/4.0 (compatible; MSIE 6.0; Windows NT 5.1)"
65.73.6.174 - - [23/Feb/2004:19:46:40 -0800] "GET /eiwa/pdf/brackets/EIWA%202000.pdf HTTP/1.1" 206 66742 "-" "Mozilla/4.0 (compatible; MSIE 6.0; Windows NT 5.1)"
65.73.6.174 - - [23/Feb/2004:19:46:40 -0800] "GET /eiwa/pdf/brackets/EIWA%202000.pdf HTTP/1.1" 206 63116 "-" "Mozilla/4.0 (compatible; MSIE 6.0; Windows NT 5.1)"
65.113.234.98 - - [23/Feb/2004:19:49:05 -0800] "GET /ncaa/brackets.htm HTTP/1.1" 200 12926 "http://www.google.com/url?sa=U&start=1&q=http://www.wrestlingstats.com/ncaa/brackets.htm&e=912" "Mozilla/4.0 (compatible; MSIE 5.0; Mac_PowerPC)"
65.113.234.98 - - [23/Feb/2004:19:49:09 -0800] "GET /apPopupMenu.class HTTP/1.1" 200 19469 "-" "Mozilla/4.0 (compatible; MSIE 5.0; Mac_PowerPC)"
65.113.234.98 - - [23/Feb/2004:19:49:10 -0800] "GET /images/home32.gif HTTP/1.1" 200 287 "-" "Mozilla/4.0 (compatible; MSIE 5.0; Mac_PowerPC)"
65.113.234.98 - - [23/Feb/2004:19:49:11 -0800] "GET /images/mail32.gif HTTP/1.1" 200 317 "-" "Mozilla/4.0 (compatible; MSIE 5.0; Mac_PowerPC)"
65.113.234.98 - - [23/Feb/2004:19:50:07 -0800] "GET /ncaa/pdf/brackets/NCAA%201965.pdf HTTP/1.1" 200 181764 "http://www.wrestlingstats.com/ncaa/brackets.htm" "Mozilla/4.0 (compatible; MSIE 5.0; Mac_PowerPC)"
65.113.234.98 - - [23/Feb/2004:19:50:09 -0800] "GET /ncaa/pdf/brackets/NCAA%201965.pdf HTTP/1.1" 206 179701 "http://www.wrestlingstats.com/ncaa/pdf/brackets/NCAA%201965.pdf" "Mozilla/4.0 (compatible; MSIE 5.0; Mac_PowerPC)"
67.26.76.180 - - [23/Feb/2004:19:52:40 -0800] "GET /eiwa/pdf/brackets/EIWA%201965.pdf HTTP/1.1" 200 120079 "-" "Mozilla/4.0 (compatible; MSIE 6.0; Windows 98; Win 9x 4.90; MSN 8.0; MSN 8.5; MSNbMSNI; MSNmen-us; MSNcIA)"
67.26.76.180 - - [23/Feb/2004:19:52:49 -0800] "GET /eiwa/pdf/brackets/EIWA%201965.pdf HTTP/1.1" 206 115483 "-" "Mozilla/4.0 (compatible; MSIE 6.0; Windows 98; Win 9x 4.90; MSN 8.0; MSN 8.5; MSNbMSNI; MSNmen-us; MSNcIA)"
67.26.76.180 - - [23/Feb/2004:19:52:56 -0800] "GET /eiwa/pdf/brackets/EIWA%201965.pdf HTTP/1.1" 206 91485 "-" "Mozilla/4.0 (compatible; MSIE 6.0; Windows 98; Win 9x 4.90; MSN 8.0; MSN 8.5; MSNbMSNI; MSNmen-us; MSNcIA)"
67.26.76.180 - - [23/Feb/2004:19:52:56 -0800] "GET /eiwa/pdf/brackets/EIWA%201965.pdf HTTP/1.1" 206 878 "-" "Mozilla/4.0 (compatible; MSIE 6.0; Windows 98; Win 9x 4.90; MSN 8.0; MSN 8.5; MSNbMSNI; MSNmen-us; MSNcIA)"
67.26.76.180 - - [23/Feb/2004:19:52:57 -0800] "GET /eiwa/pdf/brackets/EIWA%201965.pdf HTTP/1.1" 206 1024 "-" "Mozilla/4.0 (compatible; MSIE 6.0; Windows 98; Win 9x 4.90; MSN 8.0; MSN 8.5; MSNbMSNI; MSNmen-us; MSNcIA)"
67.26.76.180 - - [23/Feb/2004:19:52:59 -0800] "GET /eiwa/pdf/brackets/EIWA%201965.pdf HTTP/1.1" 206 379 "-" "Mozilla/4.0 (compatible; MSIE 6.0; Windows 98; Win 9x 4.90; MSN 8.0; MSN 8.5; MSNbMSNI; MSNmen-us; MSNcIA)"
131.122.59.59 - - [23/Feb/2004:19:53:23 -0800] "GET /eiwa/brackets.htm HTTP/1.1" 200 2415 "http://wrestlingreport.com/Forums/EIWA.mv?parm_func=showmsg+parm_msgnum=1000148" "Mozilla/4.0 (compatible; MSIE 6.0; Windows NT 5.1; .NET CLR 1.0.3705)"
131.122.59.59 - - [23/Feb/2004:19:53:24 -0800] "GET /apPopupMenu.class HTTP/1.1" 200 19469 "-" "Mozilla/4.0 (Windows XP 5.1)"
131.122.59.59 - - [23/Feb/2004:19:53:25 -0800] "GET /images/home32.gif HTTP/1.1" 200 287 "-" "Mozilla/4.0 (Windows XP 5.1)"
131.122.59.59 - - [23/Feb/2004:19:53:25 -0800] "GET /images/mail32.gif HTTP/1.1" 200 317 "-" "Mozilla/4.0 (Windows XP 5.1)"
67.26.76.180 - - [23/Feb/2004:19:57:31 -0800] "GET /eiwa/pdf/brackets/EIWA%201965.pdf HTTP/1.1" 206 110941 "-" "Mozilla/4.0 (compatible; MSIE 6.0; Windows 98; Win 9x 4.90; MSN 8.0; MSN 8.5; MSNbMSNI; MSNmen-us; MSNcIA)"
67.26.76.180 - - [23/Feb/2004:19:57:33 -0800] "GET /eiwa/pdf/brackets/EIWA%201965.pdf HTTP/1.1" 206 110941 "-" "Mozilla/4.0 (compatible; MSIE 6.0; Windows 98; Win 9x 4.90; MSN 8.0; MSN 8.5; MSNbMSNI; MSNmen-us; MSNcIA)"
67.26.76.180 - - [23/Feb/2004:19:58:35 -0800] "GET /eiwa/pdf/brackets/EIWA%201965.pdf HTTP/1.1" 206 106399 "-" "Mozilla/4.0 (compatible; MSIE 6.0; Windows 98; Win 9x 4.90; MSN 8.0; MSN 8.5; MSNbMSNI; MSNmen-us; MSNcIA)"
67.26.76.180 - - [23/Feb/2004:19:58:37 -0800] "GET /eiwa/pdf/brackets/EIWA%201965.pdf HTTP/1.1" 206 106399 "-" "Mozilla/4.0 (compatible; MSIE 6.0; Windows 98; Win 9x 4.90; MSN 8.0; MSN 8.5; MSNbMSNI; MSNmen-us; MSNcIA)"
207.69.137.36 - - [23/Feb/2004:20:01:18 -0800] "GET /ncaa/ncaa.htm HTTP/1.0" 200 3575 "-" "Mozilla/4.0 (compatible; MSIE 6.0; Windows NT 5.1)"
64.91.145.68 - - [23/Feb/2004:20:01:23 -0800] "GET /apPopupMenu.class HTTP/1.1" 200 19469 "-" "Mozilla/4.0 (compatible; MSIE 6.0; Win32)"
12.223.203.122 - - [23/Feb/2004:20:02:32 -0800] "GET /ncaa/brackets.htm HTTP/1.1" 200 2796 "http://www.wrestlinghalloffame.org/awards/?dm&year=1991" "Mozilla/4.0 (compatible; MSIE 6.0; Windows 98)"
12.223.203.122 - - [23/Feb/2004:20:02:35 -0800] "GET /apPopupMenu.class HTTP/1.1" 200 19469 "-" "Java 1.1"
67.26.76.180 - - [23/Feb/2004:20:04:15 -0800] "GET /eiwa/pdf/brackets/EIWA%201965.pdf HTTP/1.1" 206 101858 "-" "Mozilla/4.0 (compatible; MSIE 6.0; Windows 98; Win 9x 4.90; MSN 8.0; MSN 8.5; MSNbMSNI; MSNmen-us; MSNcIA)"
67.193.66.28 - - [23/Feb/2004:20:04:21 -0800] "GET /eiwa/brackets.htm HTTP/1.1" 200 2414 "http://wrestlingreport.com/Forums/EIWA.mv?parm_func=showmsg+parm_msgnum=1000148" "Mozilla/4.0 (compatible; MSIE 5.5; Windows 98)"
67.26.76.180 - - [23/Feb/2004:20:04:23 -0800] "GET /eiwa/pdf/brackets/EIWA%201965.pdf HTTP/1.1" 206 101858 "-" "Mozilla/4.0 (compatible; MSIE 6.0; Windows 98; Win 9x 4.90; MSN 8.0; MSN 8.5; MSNbMSNI; MSNmen-us; MSNcIA)"
67.26.76.180 - - [23/Feb/2004:20:04:25 -0800] "GET /eiwa/pdf/brackets/EIWA%201965.pdf HTTP/1.1" 206 77857 "-" "Mozilla/4.0 (compatible; MSIE 6.0; Windows 98; Win 9x 4.90; MSN 8.0; MSN 8.5; MSNbMSNI; MSNmen-us; MSNcIA)"
67.26.76.180 - - [23/Feb/2004:20:04:25 -0800] "GET /eiwa/pdf/brackets/EIWA%201965.pdf HTTP/1.1" 206 878 "-" "Mozilla/4.0 (compatible; MSIE 6.0; Windows 98; Win 9x 4.90; MSN 8.0; MSN 8.5; MSNbMSNI; MSNmen-us; MSNcIA)"
67.193.66.28 - - [23/Feb/2004:20:04:26 -0800] "GET /apPopupMenu.class HTTP/1.1" 200 19469 "-" "Mozilla/4.0 (compatible; MSIE 5.0; Win32)"
67.26.76.180 - - [23/Feb/2004:20:04:27 -0800] "GET /eiwa/pdf/brackets/EIWA%201965.pdf HTTP/1.1" 206 1024 "-" "Mozilla/4.0 (compatible; MSIE 6.0; Windows 98; Win 9x 4.90; MSN 8.0; MSN 8.5; MSNbMSNI; MSNmen-us; MSNcIA)"
67.26.76.180 - - [23/Feb/2004:20:04:28 -0800] "GET /eiwa/pdf/brackets/EIWA%201965.pdf HTTP/1.1" 206 375 "-" "Mozilla/4.0 (compatible; MSIE 6.0; Windows 98; Win 9x 4.90; MSN 8.0; MSN 8.5; MSNbMSNI; MSNmen-us; MSNcIA)"
67.193.66.28 - - [23/Feb/2004:20:04:31 -0800] "GET /images/home32.gif HTTP/1.1" 200 287 "-" "Mozilla/4.0 (compatible; MSIE 5.0; Win32)"
67.193.66.28 - - [23/Feb/2004:20:04:32 -0800] "GET /images/mail32.gif HTTP/1.1" 200 317 "-" "Mozilla/4.0 (compatible; MSIE 5.0; Win32)"
67.193.66.28 - - [23/Feb/2004:20:04:32 -0800] "GET /eiwa/pdf/brackets/EIWA%202003.pdf HTTP/1.1" 200 70502 "http://www.wrestlingstats.com/eiwa/brackets.htm" "Mozilla/4.0 (compatible; MSIE 5.5; Windows 98)"
67.193.66.28 - - [23/Feb/2004:20:04:35 -0800] "GET /eiwa/pdf/brackets/EIWA%202003.pdf HTTP/1.1" 206 65905 "-" "Mozilla/4.0 (compatible; MSIE 5.5; Windows 98)"
67.193.66.28 - - [23/Feb/2004:20:04:44 -0800] "GET /eiwa/pdf/brackets/EIWA%202003.pdf HTTP/1.1" 206 55397 "-" "Mozilla/4.0 (compatible; MSIE 5.5; Windows 98)"
64.91.145.68 - - [23/Feb/2004:20:05:30 -0800] "GET /apPopupMenu.class HTTP/1.1" 200 19469 "-" "Mozilla/4.0 (compatible; MSIE 6.0; Win32)"
67.193.66.28 - - [23/Feb/2004:20:09:13 -0800] "GET /ncaa/brackets.htm HTTP/1.1" 200 2797 "-" "Mozilla/4.0 (compatible; MSIE 5.5; Windows 98)"
67.193.66.28 - - [23/Feb/2004:20:09:18 -0800] "GET /ncaa/pdf/brackets/NCAA%202003.pdf HTTP/1.1" 200 144218 "http://www.wrestlingstats.com/ncaa/brackets.htm" "Mozilla/4.0 (compatible; MSIE 5.5; Windows 98)"
67.193.66.28 - - [23/Feb/2004:20:09:20 -0800] "GET /ncaa/pdf/brackets/NCAA%202003.pdf HTTP/1.1" 206 139623 "-" "Mozilla/4.0 (compatible; MSIE 5.5; Windows 98)"
67.193.66.28 - - [23/Feb/2004:20:09:23 -0800] "GET /ncaa/pdf/brackets/NCAA%202003.pdf HTTP/1.1" 206 135752 "-" "Mozilla/4.0 (compatible; MSIE 5.5; Windows 98)"
207.111.3.195 - - [23/Feb/2004:20:11:31 -0800] "GET /eiwa/brackets.htm HTTP/1.1" 200 2414 "http://wrestlingreport.com/Forums/EIWA.mv?parm_func=showmsg+parm_msgnum=1000148" "Mozilla/4.0 (compatible; MSIE 5.0; Windows 95; DigExt)"
207.111.3.195 - - [23/Feb/2004:20:11:32 -0800] "GET /apPopupMenu.class HTTP/1.1" 200 19469 "-" "Mozilla/4.0 (compatible; MSIE 5.0; Win32)"
207.111.3.195 - - [23/Feb/2004:20:11:32 -0800] "GET /images/home32.gif HTTP/1.1" 200 287 "-" "Mozilla/4.0 (compatible; MSIE 5.0; Win32)"
207.111.3.195 - - [23/Feb/2004:20:11:33 -0800] "GET /images/mail32.gif HTTP/1.1" 200 317 "-" "Mozilla/4.0 (compatible; MSIE 5.0; Win32)"
207.111.3.195 - - [23/Feb/2004:20:11:37 -0800] "GET /eiwa/pdf/brackets/EIWA%202003.pdf HTTP/1.1" 200 70502 "http://www.wrestlingstats.com/eiwa/brackets.htm" "Mozilla/4.0 (compatible; MSIE 5.0; Windows 95; DigExt)"
207.111.3.195 - - [23/Feb/2004:20:11:37 -0800] "GET /eiwa/pdf/brackets/EIWA%202003.pdf HTTP/1.1" 206 64937 "-" "contype"
207.111.3.195 - - [23/Feb/2004:20:11:38 -0800] "GET /eiwa/pdf/brackets/EIWA%202003.pdf HTTP/1.1" 206 64937 "-" "Mozilla/4.0 (compatible; MSIE 5.0; Windows 95; DigExt)"
207.111.3.195 - - [23/Feb/2004:20:11:38 -0800] "GET /eiwa/pdf/brackets/EIWA%202003.pdf HTTP/1.1" 206 59899 "-" "Mozilla/4.0 (compatible; MSIE 5.0; Windows 95; DigExt)"
207.111.3.195 - - [23/Feb/2004:20:12:32 -0800] "GET /eiwa/brackets.htm HTTP/1.1" 200 2413 "http://wrestlingreport.com/Forums/EIWA.mv?parm_func=showmsg+parm_msgnum=1000148" "Mozilla/4.0 (compatible; MSIE 5.0; Windows 95; DigExt)"
65.169.16.157 - - [23/Feb/2004:20:23:22 -0800] "GET /ncaa/pdf/brackets/NCAA%201974.pdf HTTP/1.1" 200 221153 "http://www.google.com/search?q=Schonauer&hl=en&lr=&ie=UTF-8&oe=UTF-8&start=130&sa=N" "Mozilla/4.0 (compatible; MSIE 6.0; Windows NT 5.1)"
165.121.64.83 - - [23/Feb/2004:20:23:39 -0800] "GET /ncaa/brackets.htm HTTP/1.1" 200 2798 "http://www.google.com/search?q=1996+NCAA+wrestling&hl=en&lr=&ie=UTF-8&oe=UTF-8&start=10&sa=N" "Mozilla/4.0 (compatible; MSIE 6.0; Windows NT 5.1)"
165.121.64.83 - - [23/Feb/2004:20:23:41 -0800] "GET /apPopupMenu.class HTTP/1.1" 200 19469 "-" "Mozilla/4.0 (compatible; MSIE 6.0; Win32)"
165.121.64.83 - - [23/Feb/2004:20:23:44 -0800] "GET /images/home32.gif HTTP/1.1" 200 287 "-" "Mozilla/4.0 (compatible; MSIE 6.0; Win32)"
165.121.64.83 - - [23/Feb/2004:20:23:45 -0800] "GET /images/mail32.gif HTTP/1.1" 200 317 "-" "Mozilla/4.0 (compatible; MSIE 6.0; Win32)"
165.121.64.83 - - [23/Feb/2004:20:23:57 -0800] "GET /ncaa/pdf/brackets/NCAA%201996.pdf HTTP/1.1" 200 230299 "http://www.wrestlingstats.com/ncaa/brackets.htm" "Mozilla/4.0 (compatible; MSIE 6.0; Windows NT 5.1)"
165.121.64.83 - - [23/Feb/2004:20:23:59 -0800] "GET /ncaa/pdf/brackets/NCAA%201996.pdf HTTP/1.1" 206 226148 "-" "Mozilla/4.0 (compatible; MSIE 6.0; Windows NT 5.1)"
165.121.64.83 - - [23/Feb/2004:20:24:05 -0800] "GET /ncaa/pdf/brackets/NCAA%201996.pdf HTTP/1.1" 206 100053 "-" "Mozilla/4.0 (compatible; MSIE 6.0; Windows NT 5.1)"
165.121.64.83 - - [23/Feb/2004:20:27:17 -0800] "GET /ncaa/pdf/brackets/NCAA%201995.pdf HTTP/1.1" 200 227502 "http://www.wrestlingstats.com/ncaa/brackets.htm" "Mozilla/4.0 (compatible; MSIE 6.0; Windows NT 5.1)"
165.121.64.83 - - [23/Feb/2004:20:27:19 -0800] "GET /ncaa/pdf/brackets/NCAA%201995.pdf HTTP/1.1" 206 223351 "-" "Mozilla/4.0 (compatible; MSIE 6.0; Windows NT 5.1)"
165.121.64.83 - - [23/Feb/2004:20:27:21 -0800] "GET /ncaa/pdf/brackets/NCAA%201995.pdf HTTP/1.1" 206 101233 "-" "Mozilla/4.0 (compatible; MSIE 6.0; Windows NT 5.1)"
165.121.64.83 - - [23/Feb/2004:20:29:04 -0800] "GET /ncaa/brackets.htm HTTP/1.1" 304 - "http://www.google.com/search?q=1996+NCAA+wrestling&hl=en&lr=&ie=UTF-8&oe=UTF-8&start=10&sa=N" "Mozilla/4.0 (compatible; MSIE 6.0; Windows NT 5.1)"
165.121.64.83 - - [23/Feb/2004:20:29:10 -0800] "GET /ncaa/pdf/brackets/NCAA%201999.pdf HTTP/1.1" 200 231535 "http://www.wrestlingstats.com/ncaa/brackets.htm" "Mozilla/4.0 (compatible; MSIE 6.0; Windows NT 5.1)"
165.121.64.83 - - [23/Feb/2004:20:29:10 -0800] "GET /ncaa/pdf/brackets/NCAA%201999.pdf HTTP/1.1" 206 227385 "-" "Mozilla/4.0 (compatible; MSIE 6.0; Windows NT 5.1)"
165.121.64.83 - - [23/Feb/2004:20:29:13 -0800] "GET /ncaa/pdf/brackets/NCAA%201999.pdf HTTP/1.1" 206 100845 "-" "Mozilla/4.0 (compatible; MSIE 6.0; Windows NT 5.1)"
64.12.96.232 - - [23/Feb/2004:20:29:26 -0800] "GET /ncaa/pdf/brackets/NCAA%201972.pdf HTTP/1.1" 200 217006 "http://aolsearch.aol.com/aol/search?invocationType=topsearchbox.%2Faol%2Fjsp%2Fsearch.jsp&query=harry+pruzansky" "Mozilla/4.0 (compatible; MSIE 6.0; AOL 9.0; Windows NT 5.1; .NET CLR 1.1.4322)"
64.12.96.232 - - [23/Feb/2004:20:29:26 -0800] "GET /ncaa/pdf/brackets/NCAA%201972.pdf HTTP/1.0" 200 217006 "-" "Mozilla/4.0 (compatible; MSIE 6.0; AOL 9.0; Windows NT 5.1; .NET CLR 1.1.4322)"
64.12.96.232 - - [23/Feb/2004:20:29:32 -0800] "GET /ncaa/pdf/brackets/NCAA%201972.pdf HTTP/1.0" 206 133338 "-" "Mozilla/4.0 (compatible; MSIE 6.0; AOL 9.0; Windows NT 5.1; .NET CLR 1.1.4322)"
165.121.64.83 - - [23/Feb/2004:20:31:02 -0800] "GET /ncaa/pdf/brackets/NCAA%202000.pdf HTTP/1.1" 200 231911 "http://www.wrestlingstats.com/ncaa/brackets.htm" "Mozilla/4.0 (compatible; MSIE 6.0; Windows NT 5.1)"
165.121.64.83 - - [23/Feb/2004:20:31:03 -0800] "GET /ncaa/pdf/brackets/NCAA%202000.pdf HTTP/1.1" 206 227761 "-" "Mozilla/4.0 (compatible; MSIE 6.0; Windows NT 5.1)"
165.121.64.83 - - [23/Feb/2004:20:31:05 -0800] "GET /ncaa/pdf/brackets/NCAA%202000.pdf HTTP/1.1" 206 100443 "-" "Mozilla/4.0 (compatible; MSIE 6.0; Windows NT 5.1)"
64.12.96.41 - - [23/Feb/2004:20:31:18 -0800] "GET /ncaa/pdf/brackets/NCAA%201968.pdf HTTP/1.0" 200 139554 "http://aolsearch.aol.com/aol/search?invocationType=topsearchbox.%2Faol%2Fjsp%2Fsearch.jsp&query=harry+pruzansky" "Mozilla/4.0 (compatible; MSIE 6.0; AOL 9.0; Windows NT 5.1; .NET CLR 1.1.4322)"
64.12.96.41 - - [23/Feb/2004:20:31:18 -0800] "GET /ncaa/pdf/brackets/NCAA%201968.pdf HTTP/1.0" 200 139554 "-" "Mozilla/4.0 (compatible; MSIE 6.0; AOL 9.0; Windows NT 5.1; .NET CLR 1.1.4322)"
64.12.96.41 - - [23/Feb/2004:20:31:20 -0800] "GET /ncaa/pdf/brackets/NCAA%201968.pdf HTTP/1.0" 206 107866 "-" "Mozilla/4.0 (compatible; MSIE 6.0; AOL 9.0; Windows NT 5.1; .NET CLR 1.1.4322)"
69.137.179.28 - - [23/Feb/2004:20:34:00 -0800] "GET /ncaa/pdf/brackets/NCAA%201950.pdf HTTP/1.1" 200 177736 "http://www.google.com/search?hl=en&ie=UTF-8&q=Jack+Blubaugh&spell=1" "Mozilla/4.0 (compatible; MSIE 5.23; Mac_PowerPC)"
69.137.179.28 - - [23/Feb/2004:20:34:54 -0800] "GET /ncaa/pdf/brackets/NCAA%201951.pdf HTTP/1.1" 200 157907 "http://www.google.com/search?hl=en&ie=UTF-8&q=Jack+Blubaugh&spell=1" "Mozilla/4.0 (compatible; MSIE 5.23; Mac_PowerPC)"
208.23.115.155 - - [23/Feb/2004:20:47:51 -0800] "GET /ncaa/pdf/brackets/NCAA%201932.pdf HTTP/1.1" 200 54990 "http://www.google.com/search?sourceid=navclient&q=George+Belshaw" "Mozilla/4.0 (compatible; MSIE 6.0; Windows NT 5.1)"
208.23.115.155 - - [23/Feb/2004:20:47:54 -0800] "GET / HTTP/1.1" 200 1755 "-" "Mozilla/4.0 (compatible; MSIE 6.0; Windows NT 5.1)"
209.158.247.192 - - [23/Feb/2004:20:58:42 -0800] "GET /eiwa/brackets.htm HTTP/1.1" 200 11529 "http://wrestlingreport.com/Forums/EIWA.mv?parm_func=showmsg+parm_msgnum=1000148" "Mozilla/4.0 (compatible; MSIE 5.0; Mac_PowerPC)"
209.158.247.192 - - [23/Feb/2004:20:58:49 -0800] "GET /apPopupMenu.class HTTP/1.1" 200 19469 "-" "Mozilla/4.0 (compatible; MSIE 5.0; Mac_PowerPC)"
209.158.247.192 - - [23/Feb/2004:20:58:51 -0800] "GET /images/home32.gif HTTP/1.1" 200 287 "-" "Mozilla/4.0 (compatible; MSIE 5.0; Mac_PowerPC)"
209.158.247.192 - - [23/Feb/2004:20:58:52 -0800] "GET /images/mail32.gif HTTP/1.1" 200 317 "-" "Mozilla/4.0 (compatible; MSIE 5.0; Mac_PowerPC)"
64.68.82.184 - - [23/Feb/2004:21:00:39 -0800] "GET /robots.txt HTTP/1.0" 404 363 "-" "Googlebot/2.1 (+http://www.googlebot.com/bot.html)"
64.68.82.184 - - [23/Feb/2004:21:00:39 -0800] "GET /ncaa/brackets.htm HTTP/1.0" 200 12926 "-" "Googlebot/2.1 (+http://www.googlebot.com/bot.html)"
24.225.146.126 - - [23/Feb/2004:21:01:30 -0800] "GET /eiwa/brackets.htm HTTP/1.1" 200 11529 "-" "Mozilla/4.0 (compatible; MSIE 6.0; Windows NT 5.1; (R1 1.3))"
24.225.146.126 - - [23/Feb/2004:21:01:32 -0800] "GET /apPopupMenu.class HTTP/1.1" 200 19469 "-" "Java 1.1"
24.225.146.126 - - [23/Feb/2004:21:01:33 -0800] "GET /images/home32.gif HTTP/1.1" 200 287 "-" "Java 1.1"
24.225.146.126 - - [23/Feb/2004:21:01:34 -0800] "GET /images/mail32.gif HTTP/1.1" 200 317 "-" "Java 1.1"
24.225.146.126 - - [23/Feb/2004:21:01:40 -0800] "GET /eiwa/pdf/brackets/EIWA%202003.pdf HTTP/1.1" 200 70502 "-" "Mozilla/4.0 (compatible; MSIE 6.0; Windows NT 5.1; (R1 1.3))"
24.225.146.126 - - [23/Feb/2004:21:01:40 -0800] "GET /eiwa/pdf/brackets/EIWA%202003.pdf HTTP/1.1" 206 62310 "-" "Mozilla/4.0 (compatible; MSIE 6.0; Windows NT 5.1; (R1 1.3))"
165.123.193.60 - - [23/Feb/2004:21:02:42 -0800] "GET /eiwa/brackets.htm HTTP/1.1" 200 2414 "http://wrestlingreport.com/Forums/EIWA.mv?parm_func=showmsg+parm_msgnum=1000148" "Mozilla/4.0 (compatible; MSIE 6.0; Windows 98; Win 9x 4.90; SEARCHALOT)"
165.123.193.60 - - [23/Feb/2004:21:02:42 -0800] "GET /apPopupMenu.class HTTP/1.1" 200 19469 "-" "Java 1.1"
165.123.193.60 - - [23/Feb/2004:21:02:43 -0800] "GET /images/home32.gif HTTP/1.1" 200 287 "-" "Java 1.1"
165.123.193.60 - - [23/Feb/2004:21:02:43 -0800] "GET /images/mail32.gif HTTP/1.1" 200 317 "-" "Java 1.1"
165.123.193.60 - - [23/Feb/2004:21:02:45 -0800] "GET /eiwa/pdf/brackets/EIWA%202003.pdf HTTP/1.1" 200 70502 "http://www.wrestlingstats.com/eiwa/brackets.htm" "Mozilla/4.0 (compatible; MSIE 6.0; Windows 98; Win 9x 4.90; SEARCHALOT)"
165.123.193.60 - - [23/Feb/2004:21:02:45 -0800] "GET /eiwa/pdf/brackets/EIWA%202003.pdf HTTP/1.1" 206 66349 "-" "Mozilla/4.0 (compatible; MSIE 6.0; Windows 98; Win 9x 4.90; SEARCHALOT)"
24.225.146.126 - - [23/Feb/2004:21:03:08 -0800] "GET /favicon.ico HTTP/1.1" 404 363 "-" "Mozilla/4.0 (compatible; MSIE 6.0; Windows NT 5.1; (R1 1.3))"
24.225.146.126 - - [23/Feb/2004:21:03:08 -0800] "GET /eiwa/pdf/brackets/EIWA%201967.pdf HTTP/1.1" 200 127392 "-" "Mozilla/4.0 (compatible; MSIE 6.0; Windows NT 5.1; (R1 1.3))"
24.225.146.126 - - [23/Feb/2004:21:03:08 -0800] "GET /eiwa/pdf/brackets/EIWA%201967.pdf HTTP/1.1" 206 119200 "-" "Mozilla/4.0 (compatible; MSIE 6.0; Windows NT 5.1; (R1 1.3))"
24.225.146.126 - - [23/Feb/2004:21:06:30 -0800] "GET /eiwa/pdf/brackets/EIWA%201966.pdf HTTP/1.1" 200 123838 "-" "Mozilla/4.0 (compatible; MSIE 6.0; Windows NT 5.1; (R1 1.3))"
24.225.146.126 - - [23/Feb/2004:21:06:30 -0800] "GET /eiwa/pdf/brackets/EIWA%201966.pdf HTTP/1.1" 206 115646 "-" "Mozilla/4.0 (compatible; MSIE 6.0; Windows NT 5.1; (R1 1.3))"
209.158.247.192 - - [23/Feb/2004:21:06:48 -0800] "GET / HTTP/1.1" 200 2887 "-" "Mozilla/4.0 (compatible; MSIE 5.0; Mac_PowerPC)"
209.158.247.192 - - [23/Feb/2004:21:06:52 -0800] "GET /NCAA2003.jpg HTTP/1.1" 200 84807 "http://www.wrestlingstats.com/" "Mozilla/4.0 (compatible; MSIE 5.0; Mac_PowerPC)"
209.158.247.192 - - [23/Feb/2004:21:06:56 -0800] "GET /apPopupMenu.class HTTP/1.1" 200 19469 "-" "Mozilla/4.0 (compatible; MSIE 5.0; Mac_PowerPC)"
209.158.247.192 - - [23/Feb/2004:21:06:59 -0800] "GET /images/home32.gif HTTP/1.1" 200 287 "-" "Mozilla/4.0 (compatible; MSIE 5.0; Mac_PowerPC)"
209.158.247.192 - - [23/Feb/2004:21:06:59 -0800] "GET /images/mail32.gif HTTP/1.1" 200 317 "-" "Mozilla/4.0 (compatible; MSIE 5.0; Mac_PowerPC)"
165.123.131.63 - - [23/Feb/2004:21:07:32 -0800] "GET /favicon.ico HTTP/1.1" 404 363 "-" "Mozilla/4.0 (compatible; MSIE 6.0; Windows NT 5.1)"
165.123.131.63 - - [23/Feb/2004:21:07:35 -0800] "GET /ncaa/pdf/brackets/NCAA%202001.pdf HTTP/1.1" 200 144227 "http://www.wrestlingstats.com/ncaa/brackets.htm" "Mozilla/4.0 (compatible; MSIE 6.0; Windows NT 5.1)"
165.123.193.60 - - [23/Feb/2004:21:08:11 -0800] "GET /eiwa/pdf/brackets/EIWA%202002.pdf HTTP/1.1" 200 70105 "http://www.wrestlingstats.com/eiwa/brackets.htm" "Mozilla/4.0 (compatible; MSIE 6.0; Windows 98; Win 9x 4.90; SEARCHALOT)"
165.123.193.60 - - [23/Feb/2004:21:08:11 -0800] "GET /eiwa/pdf/brackets/EIWA%202002.pdf HTTP/1.1" 206 65953 "-" "Mozilla/4.0 (compatible; MSIE 6.0; Windows 98; Win 9x 4.90; SEARCHALOT)"
24.225.146.126 - - [23/Feb/2004:21:08:28 -0800] "GET /ncaa/ncaa.htm HTTP/1.1" 200 3575 "-" "Mozilla/4.0 (compatible; MSIE 6.0; Windows NT 5.1; (R1 1.3))"
24.225.146.126 - - [23/Feb/2004:21:08:32 -0800] "GET /ncaa/pdf/Champs%20by%20School.pdf HTTP/1.1" 200 57751 "-" "Mozilla/4.0 (compatible; MSIE 6.0; Windows NT 5.1; (R1 1.3))"
24.225.146.126 - - [23/Feb/2004:21:08:32 -0800] "GET /ncaa/pdf/Champs%20by%20School.pdf HTTP/1.1" 206 49559 "-" "Mozilla/4.0 (compatible; MSIE 6.0; Windows NT 5.1; (R1 1.3))"
24.225.146.126 - - [23/Feb/2004:21:09:13 -0800] "GET /ncaa/pdf/NCAA%20Fastest%20Falls.pdf HTTP/1.1" 200 57738 "-" "Mozilla/4.0 (compatible; MSIE 6.0; Windows NT 5.1; (R1 1.3))"
24.225.146.126 - - [23/Feb/2004:21:09:14 -0800] "GET /ncaa/pdf/NCAA%20Fastest%20Falls.pdf HTTP/1.1" 206 49546 "-" "Mozilla/4.0 (compatible; MSIE 6.0; Windows NT 5.1; (R1 1.3))"
165.123.193.60 - - [23/Feb/2004:21:09:57 -0800] "GET /eiwa/pdf/brackets/EIWA%202001.pdf HTTP/1.1" 200 71223 "http://www.wrestlingstats.com/eiwa/brackets.htm" "Mozilla/4.0 (compatible; MSIE 6.0; Windows 98; Win 9x 4.90; SEARCHALOT)"
165.123.193.60 - - [23/Feb/2004:21:09:57 -0800] "GET /eiwa/pdf/brackets/EIWA%202001.pdf HTTP/1.1" 206 67071 "-" "Mozilla/4.0 (compatible; MSIE 6.0; Windows 98; Win 9x 4.90; SEARCHALOT)"
165.123.193.60 - - [23/Feb/2004:21:10:59 -0800] "GET /eiwa/pdf/brackets/EIWA%202000.pdf HTTP/1.1" 200 70894 "http://www.wrestlingstats.com/eiwa/brackets.htm" "Mozilla/4.0 (compatible; MSIE 6.0; Windows 98; Win 9x 4.90; SEARCHALOT)"
165.123.193.60 - - [23/Feb/2004:21:10:59 -0800] "GET /eiwa/pdf/brackets/EIWA%202000.pdf HTTP/1.1" 206 66742 "-" "Mozilla/4.0 (compatible; MSIE 6.0; Windows 98; Win 9x 4.90; SEARCHALOT)"
165.123.193.60 - - [23/Feb/2004:21:13:48 -0800] "GET /eiwa/pdf/brackets/EIWA%201999.pdf HTTP/1.1" 200 70161 "http://www.wrestlingstats.com/eiwa/brackets.htm" "Mozilla/4.0 (compatible; MSIE 6.0; Windows 98; Win 9x 4.90; SEARCHALOT)"
165.123.193.60 - - [23/Feb/2004:21:13:48 -0800] "GET /eiwa/pdf/brackets/EIWA%201999.pdf HTTP/1.1" 206 66008 "-" "Mozilla/4.0 (compatible; MSIE 6.0; Windows 98; Win 9x 4.90; SEARCHALOT)"
199.208.213.35 - - [23/Feb/2004:21:35:28 -0800] "GET /ncaa/brackets.htm HTTP/1.0" 304 - "http://www.wrestlinghalloffame.org/" "Mozilla/4.0 (compatible; MSIE 6.0; Windows NT 5.0)"
199.208.213.35 - - [23/Feb/2004:21:35:31 -0800] "GET /apPopupMenu.class HTTP/1.0" 304 - "-" "Mozilla/4.0 (compatible; MSIE 6.0; Win32)"
199.208.213.35 - - [23/Feb/2004:21:35:31 -0800] "GET /images/home32.gif HTTP/1.0" 304 - "-" "Mozilla/4.0 (compatible; MSIE 6.0; Win32)"
199.208.213.35 - - [23/Feb/2004:21:35:32 -0800] "GET /images/mail32.gif HTTP/1.0" 304 - "-" "Mozilla/4.0 (compatible; MSIE 6.0; Win32)"
199.208.213.35 - - [23/Feb/2004:21:35:45 -0800] "GET /ncaa/pdf/brackets/NCAA%201992.pdf HTTP/1.0" 200 225940 "http://www.wrestlingstats.com/ncaa/brackets.htm" "Mozilla/4.0 (compatible; MSIE 6.0; Windows NT 5.0)"
199.208.213.35 - - [23/Feb/2004:21:37:57 -0800] "GET /ncaa/pdf/brackets/NCAA%201940.pdf HTTP/1.0" 200 109779 "http://www.wrestlingstats.com/ncaa/brackets.htm" "Mozilla/4.0 (compatible; MSIE 6.0; Windows NT 5.0)"
199.208.213.35 - - [23/Feb/2004:21:38:31 -0800] "GET /ncaa/pdf/brackets/NCAA%201990.pdf HTTP/1.0" 200 232154 "http://www.wrestlingstats.com/ncaa/brackets.htm" "Mozilla/4.0 (compatible; MSIE 6.0; Windows NT 5.0)"
199.208.213.35 - - [23/Feb/2004:21:39:34 -0800] "GET /ncaa/pdf/brackets/NCAA%201991.pdf HTTP/1.0" 200 229431 "http://www.wrestlingstats.com/ncaa/brackets.htm" "Mozilla/4.0 (compatible; MSIE 6.0; Windows NT 5.0)"
