68.78.37.181 - - [23/Feb/2004:13:48:39 -0800] "GET /ncaa/pdf/brackets/NCAA%201970.pdf HTTP/1.1" 206 208226 "-" "Mozilla/4.0 (compatible; MSIE 6.0; Windows NT 5.1)"
68.78.37.181 - - [23/Feb/2004:13:49:19 -0800] "GET /ncaa/pdf/brackets/NCAA%201969.pdf HTTP/1.1" 200 219821 "-" "Mozilla/4.0 (compatible; MSIE 6.0; Windows NT 5.1)"
68.78.37.181 - - [23/Feb/2004:13:49:19 -0800] "GET /ncaa/pdf/brackets/NCAA%201969.pdf HTTP/1.1" 200 219821 "-" "Mozilla/4.0 (compatible; MSIE 6.0; Windows NT 5.1)"
68.78.37.181 - - [23/Feb/2004:13:49:20 -0800] "GET /ncaa/pdf/brackets/NCAA%201969.pdf HTTP/1.1" 206 212301 "-" "Mozilla/4.0 (compatible; MSIE 6.0; Windows NT 5.1)"
164.109.8.247 - - [23/Feb/2004:13:49:33 -0800] "GET /ncaa/brackets.htm HTTP/1.1" 200 2797 "http://www.wrestlinghalloffame.org/" "Mozilla/4.0 (compatible; MSIE 6.0; Windows NT 5.1; .NET CLR 1.1.4322)"
164.109.8.247 - - [23/Feb/2004:13:49:33 -0800] "GET /apPopupMenu.class HTTP/1.1" 200 19469 "-" "Mozilla/4.0 (compatible; MSIE 6.0; Win32)"
164.109.8.247 - - [23/Feb/2004:13:49:34 -0800] "GET /images/home32.gif HTTP/1.1" 200 287 "-" "Mozilla/4.0 (compatible; MSIE 6.0; Win32)"
68.80.208.192 - - [23/Feb/2004:13:49:34 -0800] "GET /ncaa/brackets.htm HTTP/1.1" 200 2797 "http://www.wrestlinghalloffame.org/champions/?teams&team=184" "Mozilla/4.0 (compatible; MSIE 6.0; Windows NT 5.1; .NET CLR 1.1.4322)"
164.109.8.247 - - [23/Feb/2004:13:49:34 -0800] "GET /images/mail32.gif HTTP/1.1" 200 317 "-" "Mozilla/4.0 (compatible; MSIE 6.0; Win32)"
164.109.8.247 - - [23/Feb/2004:13:49:38 -0800] "GET /ncaa/pdf/brackets/NCAA%201987.pdf HTTP/1.1" 200 228177 "http://www.wrestlingstats.com/ncaa/brackets.htm" "Mozilla/4.0 (compatible; MSIE 6.0; Windows NT 5.1; .NET CLR 1.1.4322)"
164.109.8.247 - - [23/Feb/2004:13:49:39 -0800] "GET /ncaa/pdf/brackets/NCAA%201987.pdf HTTP/1.1" 206 224026 "-" "Mozilla/4.0 (compatible; MSIE 6.0; Windows NT 5.1; .NET CLR 1.1.4322)"
128.147.177.150 - - [23/Feb/2004:13:49:44 -0800] "GET / HTTP/1.1" 200 1755 "http://wrestlingreport.com/" "Mozilla/4.0 (compatible; MSIE 5.01; Windows NT)"
128.147.177.150 - - [23/Feb/2004:13:49:44 -0800] "GET /NCAA2003.jpg HTTP/1.1" 200 84807 "http://www.wrestlingstats.com/" "Mozilla/4.0 (compatible; MSIE 5.01; Windows NT)"
128.147.177.150 - - [23/Feb/2004:13:49:45 -0800] "GET /apPopupMenu.class HTTP/1.1" 200 19469 "-" "Mozilla/4.0 (compatible; MSIE 5.0; Win32)"
128.147.177.150 - - [23/Feb/2004:13:49:46 -0800] "GET /apPopupMenuBeanInfo.class HTTP/1.1" 404 363 "-" "Mozilla/4.0 (compatible; MSIE 5.0; Win32)"
128.147.177.150 - - [23/Feb/2004:13:49:46 -0800] "GET /images/home32.gif HTTP/1.1" 200 287 "-" "Mozilla/4.0 (compatible; MSIE 5.0; Win32)"
128.147.177.150 - - [23/Feb/2004:13:49:47 -0800] "GET /images/mail32.gif HTTP/1.1" 200 317 "-" "Mozilla/4.0 (compatible; MSIE 5.0; Win32)"
68.78.37.181 - - [23/Feb/2004:13:49:56 -0800] "GET /ncaa/pdf/brackets/NCAA%201968.pdf HTTP/1.1" 200 139554 "-" "Mozilla/4.0 (compatible; MSIE 6.0; Windows NT 5.1)"
68.78.37.181 - - [23/Feb/2004:13:49:57 -0800] "GET /ncaa/pdf/brackets/NCAA%201968.pdf HTTP/1.1" 200 139554 "-" "Mozilla/4.0 (compatible; MSIE 6.0; Windows NT 5.1)"
68.78.37.181 - - [23/Feb/2004:13:49:57 -0800] "GET /ncaa/pdf/brackets/NCAA%201968.pdf HTTP/1.1" 206 131749 "-" "Mozilla/4.0 (compatible; MSIE 6.0; Windows NT 5.1)"
68.80.208.192 - - [23/Feb/2004:13:50:11 -0800] "GET /ncaa/pdf/brackets/NCAA%201989.pdf HTTP/1.1" 200 196608 "http://www.wrestlingstats.com/ncaa/brackets.htm" "Mozilla/4.0 (compatible; MSIE 6.0; Windows NT 5.1; .NET CLR 1.1.4322)"
68.80.208.192 - - [23/Feb/2004:13:50:12 -0800] "GET /ncaa/pdf/brackets/NCAA%201989.pdf HTTP/1.1" 200 253042 "-" "Mozilla/4.0 (compatible; MSIE 6.0; Windows NT 5.1; .NET CLR 1.1.4322)"
68.80.208.192 - - [23/Feb/2004:13:50:14 -0800] "GET /ncaa/pdf/brackets/NCAA%201989.pdf HTTP/1.1" 206 241178 "-" "Mozilla/4.0 (compatible; MSIE 6.0; Windows NT 5.1; .NET CLR 1.1.4322)"
68.78.37.181 - - [23/Feb/2004:13:50:15 -0800] "GET /ncaa/pdf/brackets/NCAA%201969.pdf HTTP/1.1" 200 219821 "-" "Mozilla/4.0 (compatible; MSIE 6.0; Windows NT 5.1)"
68.78.37.181 - - [23/Feb/2004:13:50:16 -0800] "GET /ncaa/pdf/brackets/NCAA%201969.pdf HTTP/1.1" 200 219821 "-" "Mozilla/4.0 (compatible; MSIE 6.0; Windows NT 5.1)"
68.78.37.181 - - [23/Feb/2004:13:50:16 -0800] "GET /ncaa/pdf/brackets/NCAA%201969.pdf HTTP/1.1" 206 212301 "-" "Mozilla/4.0 (compatible; MSIE 6.0; Windows NT 5.1)"
68.78.37.181 - - [23/Feb/2004:13:50:30 -0800] "GET /ncaa/pdf/brackets/NCAA%201965.pdf HTTP/1.1" 200 181764 "-" "Mozilla/4.0 (compatible; MSIE 6.0; Windows NT 5.1)"
68.78.37.181 - - [23/Feb/2004:13:50:30 -0800] "GET /ncaa/pdf/brackets/NCAA%201965.pdf HTTP/1.1" 200 181764 "-" "Mozilla/4.0 (compatible; MSIE 6.0; Windows NT 5.1)"
68.78.37.181 - - [23/Feb/2004:13:50:31 -0800] "GET /ncaa/pdf/brackets/NCAA%201965.pdf HTTP/1.1" 206 174054 "-" "Mozilla/4.0 (compatible; MSIE 6.0; Windows NT 5.1)"
128.147.177.150 - - [23/Feb/2004:13:50:40 -0800] "GET /lehigh/index.html HTTP/1.1" 200 837 "-" "Mozilla/4.0 (compatible; MSIE 5.01; Windows NT)"
128.147.177.150 - - [23/Feb/2004:13:50:40 -0800] "GET /lehigh/home.php HTTP/1.1" 200 2019 "-" "Mozilla/4.0 (compatible; MSIE 5.01; Windows NT)"
128.147.177.150 - - [23/Feb/2004:13:50:40 -0800] "GET /lehigh/EIWAChamps.jpg HTTP/1.1" 200 42637 "http://www.wrestlingstats.com/lehigh/home.php" "Mozilla/4.0 (compatible; MSIE 5.01; Windows NT)"
128.147.177.150 - - [23/Feb/2004:13:50:40 -0800] "GET /lehigh/apPopupMenu.class HTTP/1.1" 200 19469 "-" "Mozilla/4.0 (compatible; MSIE 5.0; Win32)"
128.147.177.150 - - [23/Feb/2004:13:50:41 -0800] "GET /lehigh/pix/home.gif HTTP/1.1" 200 215 "-" "Mozilla/4.0 (compatible; MSIE 5.0; Win32)"
128.147.177.150 - - [23/Feb/2004:13:50:41 -0800] "GET /lehigh/apPopupMenuBeanInfo.class HTTP/1.1" 404 363 "-" "Mozilla/4.0 (compatible; MSIE 5.0; Win32)"
128.147.177.150 - - [23/Feb/2004:13:50:41 -0800] "GET /lehigh/pix/apbfind.gif HTTP/1.1" 200 89 "-" "Mozilla/4.0 (compatible; MSIE 5.0; Win32)"
68.80.208.192 - - [23/Feb/2004:13:50:49 -0800] "GET /ncaa/brackets.htm HTTP/1.1" 200 2797 "http://www.wrestlinghalloffame.org/champions/?teams&team=184" "Mozilla/4.0 (compatible; MSIE 6.0; Windows NT 5.1; .NET CLR 1.1.4322)"
68.80.208.192 - - [23/Feb/2004:13:50:52 -0800] "GET /ncaa/pdf/brackets/NCAA%201989.pdf HTTP/1.1" 200 196608 "http://www.wrestlingstats.com/ncaa/brackets.htm" "Mozilla/4.0 (compatible; MSIE 6.0; Windows NT 5.1; .NET CLR 1.1.4322)"
68.80.208.192 - - [23/Feb/2004:13:50:52 -0800] "GET /ncaa/pdf/brackets/NCAA%201989.pdf HTTP/1.1" 200 196608 "-" "Mozilla/4.0 (compatible; MSIE 6.0; Windows NT 5.1; .NET CLR 1.1.4322)"
68.80.208.192 - - [23/Feb/2004:13:50:53 -0800] "GET /ncaa/pdf/brackets/NCAA%201989.pdf HTTP/1.1" 206 249937 "-" "Mozilla/4.0 (compatible; MSIE 6.0; Windows NT 5.1; .NET CLR 1.1.4322)"
68.78.37.181 - - [23/Feb/2004:13:50:54 -0800] "GET /ncaa/pdf/brackets/NCAA%201948.pdf HTTP/1.1" 200 222230 "-" "Mozilla/4.0 (compatible; MSIE 6.0; Windows NT 5.1)"
68.78.37.181 - - [23/Feb/2004:13:50:55 -0800] "GET /ncaa/pdf/brackets/NCAA%201948.pdf HTTP/1.1" 200 222230 "-" "Mozilla/4.0 (compatible; MSIE 6.0; Windows NT 5.1)"
68.78.37.181 - - [23/Feb/2004:13:51:02 -0800] "GET /ncaa/pdf/brackets/NCAA%201965.pdf HTTP/1.1" 200 181764 "-" "Mozilla/4.0 (compatible; MSIE 6.0; Windows NT 5.1)"
68.78.37.181 - - [23/Feb/2004:13:51:03 -0800] "GET /ncaa/pdf/brackets/NCAA%201965.pdf HTTP/1.1" 200 181764 "-" "Mozilla/4.0 (compatible; MSIE 6.0; Windows NT 5.1)"
68.78.37.181 - - [23/Feb/2004:13:51:03 -0800] "GET /ncaa/pdf/brackets/NCAA%201965.pdf HTTP/1.1" 206 174054 "-" "Mozilla/4.0 (compatible; MSIE 6.0; Windows NT 5.1)"
68.80.208.192 - - [23/Feb/2004:13:51:08 -0800] "GET /ncaa/brackets.htm HTTP/1.1" 200 2797 "http://www.wrestlinghalloffame.org/champions/?teams&team=184" "Mozilla/4.0 (compatible; MSIE 6.0; Windows NT 5.1; .NET CLR 1.1.4322)"
68.78.37.181 - - [23/Feb/2004:13:51:11 -0800] "GET /ncaa/pdf/brackets/NCAA%201949.pdf HTTP/1.1" 200 77051 "-" "Mozilla/4.0 (compatible; MSIE 6.0; Windows NT 5.1)"
68.78.37.181 - - [23/Feb/2004:13:51:12 -0800] "GET /ncaa/pdf/brackets/NCAA%201949.pdf HTTP/1.1" 200 77051 "-" "Mozilla/4.0 (compatible; MSIE 6.0; Windows NT 5.1)"
68.78.37.181 - - [23/Feb/2004:13:51:13 -0800] "GET /ncaa/pdf/brackets/NCAA%201949.pdf HTTP/1.1" 206 69047 "-" "Mozilla/4.0 (compatible; MSIE 6.0; Windows NT 5.1)"
68.80.208.192 - - [23/Feb/2004:13:51:14 -0800] "GET /ncaa/pdf/brackets/NCAA%201987.pdf HTTP/1.1" 200 228177 "http://www.wrestlingstats.com/ncaa/brackets.htm" "Mozilla/4.0 (compatible; MSIE 6.0; Windows NT 5.1; .NET CLR 1.1.4322)"
68.80.208.192 - - [23/Feb/2004:13:51:14 -0800] "GET /ncaa/pdf/brackets/NCAA%201987.pdf HTTP/1.1" 200 228177 "-" "Mozilla/4.0 (compatible; MSIE 6.0; Windows NT 5.1; .NET CLR 1.1.4322)"
68.80.208.192 - - [23/Feb/2004:13:51:14 -0800] "GET /ncaa/pdf/brackets/NCAA%201987.pdf HTTP/1.1" 206 224978 "-" "Mozilla/4.0 (compatible; MSIE 6.0; Windows NT 5.1; .NET CLR 1.1.4322)"
209.110.227.35 - - [23/Feb/2004:13:51:46 -0800] "GET / HTTP/1.1" 200 1754 "http://wrestlingreport.com/" "Mozilla/4.0 (compatible; MSIE 6.0; Windows 98; Compaq)"
209.110.227.35 - - [23/Feb/2004:13:51:47 -0800] "GET /NCAA2003.jpg HTTP/1.1" 200 84807 "http://www.wrestlingstats.com/" "Mozilla/4.0 (compatible; MSIE 6.0; Windows 98; Compaq)"
209.110.227.35 - - [23/Feb/2004:13:51:51 -0800] "GET /apPopupMenu.class HTTP/1.1" 200 19469 "-" "Mozilla/4.0 (compatible; MSIE 6.0; Win32)"
164.109.8.247 - - [23/Feb/2004:13:51:55 -0800] "GET /favicon.ico HTTP/1.1" 404 363 "-" "Mozilla/4.0 (compatible; MSIE 6.0; Windows NT 5.1; .NET CLR 1.1.4322)"
128.147.177.150 - - [23/Feb/2004:13:52:04 -0800] "GET /lehigh/show_leaders_pct.php?type=1 HTTP/1.1" 200 2635 "-" "Mozilla/4.0 (compatible; MSIE 5.01; Windows NT)"
209.110.227.35 - - [23/Feb/2004:13:52:27 -0800] "GET /images/home32.gif HTTP/1.1" 200 287 "-" "Mozilla/4.0 (compatible; MSIE 6.0; Win32)"
209.110.227.35 - - [23/Feb/2004:13:52:28 -0800] "GET /images/mail32.gif HTTP/1.1" 200 317 "-" "Mozilla/4.0 (compatible; MSIE 6.0; Win32)"
128.147.177.150 - - [23/Feb/2004:13:52:29 -0800] "GET /lehigh/view_wrestlers.php?wrestler=733 HTTP/1.1" 200 2593 "http://www.wrestlingstats.com/lehigh/show_leaders_pct.php?type=1" "Mozilla/4.0 (compatible; MSIE 5.01; Windows NT)"
128.147.177.150 - - [23/Feb/2004:13:52:54 -0800] "GET /lehigh/view_wrestler_bouts.php?wrestler=733&season=2004 HTTP/1.1" 200 3344 "http://www.wrestlingstats.com/lehigh/view_wrestlers.php?wrestler=733" "Mozilla/4.0 (compatible; MSIE 5.01; Windows NT)"
68.80.208.192 - - [23/Feb/2004:13:53:13 -0800] "GET /ncaa/brackets.htm HTTP/1.1" 200 2797 "http://www.wrestlinghalloffame.org/champions/?teams&team=184" "Mozilla/4.0 (compatible; MSIE 6.0; Windows NT 5.1; .NET CLR 1.1.4322)"
128.147.177.150 - - [23/Feb/2004:13:54:04 -0800] "GET /lehigh/view_coach_duals.php?season=2004 HTTP/1.1" 200 3064 "-" "Mozilla/4.0 (compatible; MSIE 5.01; Windows NT)"
128.147.177.150 - - [23/Feb/2004:13:54:12 -0800] "GET /lehigh/show_opponent.php?teamno=167&team=Oklahoma%20State HTTP/1.1" 200 2193 "http://www.wrestlingstats.com/lehigh/view_coach_duals.php?season=2004" "Mozilla/4.0 (compatible; MSIE 5.01; Windows NT)"
128.147.177.150 - - [23/Feb/2004:13:54:16 -0800] "GET /lehigh/show_dual.php?meet=1091 HTTP/1.1" 200 2504 "http://www.wrestlingstats.com/lehigh/show_opponent.php?teamno=167&team=Oklahoma State" "Mozilla/4.0 (compatible; MSIE 5.01; Windows NT)"
216.226.25.169 - - [23/Feb/2004:13:54:37 -0800] "GET / HTTP/1.1" 200 1754 "http://www.thematforums.com/topic.asp?TOPIC_ID=26551" "Mozilla/4.0 (compatible; MSIE 6.0; Windows 98)"
216.226.25.169 - - [23/Feb/2004:13:54:38 -0800] "GET /NCAA2003.jpg HTTP/1.1" 200 84807 "http://www.wrestlingstats.com/" "Mozilla/4.0 (compatible; MSIE 6.0; Windows 98)"
128.147.177.150 - - [23/Feb/2004:13:54:48 -0800] "GET /lehigh/view_coach_duals.php?season=2004 HTTP/1.1" 200 3064 "-" "Mozilla/4.0 (compatible; MSIE 5.01; Windows NT)"
216.226.25.169 - - [23/Feb/2004:13:54:49 -0800] "GET /apPopupMenu.class HTTP/1.1" 200 19469 "-" "Mozilla/4.0 (compatible; MSIE 6.0; Win32)"
128.147.177.150 - - [23/Feb/2004:13:54:52 -0800] "GET /lehigh/show_leaders_pct.php?type=1 HTTP/1.1" 200 2635 "-" "Mozilla/4.0 (compatible; MSIE 5.01; Windows NT)"
216.226.25.169 - - [23/Feb/2004:13:55:00 -0800] "GET /images/home32.gif HTTP/1.1" 200 287 "-" "Mozilla/4.0 (compatible; MSIE 6.0; Win32)"
216.226.25.169 - - [23/Feb/2004:13:55:01 -0800] "GET /images/mail32.gif HTTP/1.1" 200 317 "-" "Mozilla/4.0 (compatible; MSIE 6.0; Win32)"
216.226.25.169 - - [23/Feb/2004:13:55:04 -0800] "GET /favicon.ico HTTP/1.1" 404 350 "-" "Mozilla/4.0 (compatible; MSIE 6.0; Windows 98)"
128.147.177.150 - - [23/Feb/2004:13:55:34 -0800] "GET /eiwa/brackets.htm HTTP/1.1" 200 2415 "-" "Mozilla/4.0 (compatible; MSIE 5.01; Windows NT)"
128.147.177.150 - - [23/Feb/2004:13:55:50 -0800] "GET /eiwa/pdf/brackets/EIWA%201978.pdf HTTP/1.1" 200 70304 "http://www.wrestlingstats.com/eiwa/brackets.htm" "Mozilla/4.0 (compatible; MSIE 5.01; Windows NT)"
128.147.177.150 - - [23/Feb/2004:13:55:51 -0800] "GET /eiwa/pdf/brackets/EIWA%201978.pdf HTTP/1.1" 206 66152 "-" "contype"
128.147.177.150 - - [23/Feb/2004:13:55:51 -0800] "GET /eiwa/pdf/brackets/EIWA%201978.pdf HTTP/1.1" 206 66152 "-" "Mozilla/4.0 (compatible; MSIE 5.01; Windows NT)"
128.147.177.150 - - [23/Feb/2004:13:56:41 -0800] "GET /ncaa/brackets.htm HTTP/1.1" 200 2797 "-" "Mozilla/4.0 (compatible; MSIE 5.01; Windows NT)"
128.147.177.150 - - [23/Feb/2004:13:56:49 -0800] "GET /ncaa/pdf/brackets/NCAA%201978.pdf HTTP/1.1" 200 135019 "http://www.wrestlingstats.com/ncaa/brackets.htm" "Mozilla/4.0 (compatible; MSIE 5.01; Windows NT)"
128.147.177.150 - - [23/Feb/2004:13:56:49 -0800] "GET /ncaa/pdf/brackets/NCAA%201978.pdf HTTP/1.1" 206 130868 "-" "contype"
128.147.177.150 - - [23/Feb/2004:13:56:50 -0800] "GET /ncaa/pdf/brackets/NCAA%201978.pdf HTTP/1.1" 206 130868 "-" "Mozilla/4.0 (compatible; MSIE 5.01; Windows NT)"
128.147.177.150 - - [23/Feb/2004:13:56:50 -0800] "GET /ncaa/pdf/brackets/NCAA%201978.pdf HTTP/1.1" 206 127449 "-" "Mozilla/4.0 (compatible; MSIE 5.01; Windows NT)"
128.147.177.150 - - [23/Feb/2004:13:58:34 -0800] "GET /ncaa/pdf/brackets/NCAA%201979.pdf HTTP/1.1" 200 221713 "http://www.wrestlingstats.com/ncaa/brackets.htm" "Mozilla/4.0 (compatible; MSIE 5.01; Windows NT)"
128.147.177.150 - - [23/Feb/2004:13:58:34 -0800] "GET /ncaa/pdf/brackets/NCAA%201979.pdf HTTP/1.1" 206 217562 "-" "contype"
128.147.177.150 - - [23/Feb/2004:13:58:34 -0800] "GET /ncaa/pdf/brackets/NCAA%201979.pdf HTTP/1.1" 206 217562 "-" "Mozilla/4.0 (compatible; MSIE 5.01; Windows NT)"
128.147.177.150 - - [23/Feb/2004:13:58:34 -0800] "GET /ncaa/pdf/brackets/NCAA%201979.pdf HTTP/1.1" 206 214428 "-" "Mozilla/4.0 (compatible; MSIE 5.01; Windows NT)"
216.226.25.169 - - [23/Feb/2004:13:58:55 -0800] "GET /index.html HTTP/1.1" 200 1754 "-" "Mozilla/4.0 (compatible; MSIE 6.0; Windows 98)"
216.226.25.169 - - [23/Feb/2004:13:59:19 -0800] "GET /ncaa/brackets.htm HTTP/1.1" 200 2797 "-" "Mozilla/4.0 (compatible; MSIE 6.0; Windows 98)"
65.71.217.129 - - [23/Feb/2004:13:59:46 -0800] "GET /lehigh/view_coach_duals.php?season=2004 HTTP/1.0" 200 3042 "-" "Mozilla/4.0 (compatible; MSIE 5.5; Windows NT 5.0)"
65.71.217.129 - - [23/Feb/2004:13:59:49 -0800] "GET /lehigh/show_opponent.php?teamno=101&team=Iowa%20State HTTP/1.0" 200 2875 "http://www.wrestlingstats.com/lehigh/view_coach_duals.php?season=2004" "Mozilla/4.0 (compatible; MSIE 5.5; Windows NT 5.0)"
216.226.25.169 - - [23/Feb/2004:14:00:03 -0800] "GET /favicon.ico HTTP/1.1" 404 350 "-" "Mozilla/4.0 (compatible; MSIE 6.0; Windows 98)"
65.71.217.129 - - [23/Feb/2004:14:00:09 -0800] "GET /lehigh/view_coach_duals.php?season=2004 HTTP/1.0" 200 3042 "-" "Mozilla/4.0 (compatible; MSIE 5.5; Windows NT 5.0)"
65.71.217.129 - - [23/Feb/2004:14:00:28 -0800] "GET /lehigh/show_dual.php?meet=1085 HTTP/1.0" 200 2465 "http://www.wrestlingstats.com/lehigh/view_coach_duals.php?season=2004" "Mozilla/4.0 (compatible; MSIE 5.5; Windows NT 5.0)"
216.226.25.169 - - [23/Feb/2004:14:00:32 -0800] "GET /ncaa/pdf/brackets/NCAA%201988.pdf HTTP/1.1" 200 229279 "http://www.wrestlingstats.com/ncaa/brackets.htm" "Mozilla/4.0 (compatible; MSIE 6.0; Windows 98)"
216.226.25.169 - - [23/Feb/2004:14:00:37 -0800] "GET /ncaa/pdf/brackets/NCAA%201988.pdf HTTP/1.1" 206 224684 "-" "Mozilla/4.0 (compatible; MSIE 6.0; Windows 98)"
65.71.217.129 - - [23/Feb/2004:14:00:47 -0800] "GET /lehigh/view_wrestlers.php?wrestler=735 HTTP/1.0" 200 8681 "http://www.wrestlingstats.com/lehigh/show_dual.php?meet=1085" "Mozilla/4.0 (compatible; MSIE 5.5; Windows NT 5.0)"
65.71.217.129 - - [23/Feb/2004:14:00:51 -0800] "GET /lehigh/view_wrestler_bouts.php?wrestler=735&season=2004 HTTP/1.0" 200 3121 "http://www.wrestlingstats.com/lehigh/view_wrestlers.php?wrestler=735" "Mozilla/4.0 (compatible; MSIE 5.5; Windows NT 5.0)"
216.226.25.169 - - [23/Feb/2004:14:00:58 -0800] "GET /ncaa/pdf/brackets/NCAA%201988.pdf HTTP/1.1" 206 203408 "-" "Mozilla/4.0 (compatible; MSIE 6.0; Windows 98)"
128.147.177.150 - - [23/Feb/2004:14:01:12 -0800] "GET /ncaa/pdf/brackets/NCAA%201980.pdf HTTP/1.1" 200 222124 "http://www.wrestlingstats.com/ncaa/brackets.htm" "Mozilla/4.0 (compatible; MSIE 5.01; Windows NT)"
128.147.177.150 - - [23/Feb/2004:14:01:12 -0800] "GET /ncaa/pdf/brackets/NCAA%201980.pdf HTTP/1.1" 206 217973 "-" "contype"
128.147.177.150 - - [23/Feb/2004:14:01:12 -0800] "GET /ncaa/pdf/brackets/NCAA%201980.pdf HTTP/1.1" 206 217973 "-" "Mozilla/4.0 (compatible; MSIE 5.01; Windows NT)"
65.71.217.129 - - [23/Feb/2004:14:01:26 -0800] "GET /lehigh/view_wrestlers.php?wrestler=733 HTTP/1.0" 200 2571 "http://www.wrestlingstats.com/lehigh/show_dual.php?meet=1085" "Mozilla/4.0 (compatible; MSIE 5.5; Windows NT 5.0)"
65.71.217.129 - - [23/Feb/2004:14:01:31 -0800] "GET /lehigh/view_wrestler_bouts.php?wrestler=733&season=2004 HTTP/1.0" 200 3322 "http://www.wrestlingstats.com/lehigh/view_wrestlers.php?wrestler=733" "Mozilla/4.0 (compatible; MSIE 5.5; Windows NT 5.0)"
65.71.217.129 - - [23/Feb/2004:14:02:01 -0800] "GET /lehigh/view_wrestler_bouts.php?wrestler=733&season=2002 HTTP/1.0" 200 2867 "http://www.wrestlingstats.com/lehigh/view_wrestlers.php?wrestler=733" "Mozilla/4.0 (compatible; MSIE 5.5; Windows NT 5.0)"
65.71.217.129 - - [23/Feb/2004:14:02:38 -0800] "GET /lehigh/view_wrestlers.php?wrestler=739 HTTP/1.0" 200 2471 "http://www.wrestlingstats.com/lehigh/show_dual.php?meet=1085" "Mozilla/4.0 (compatible; MSIE 5.5; Windows NT 5.0)"
216.226.25.169 - - [23/Feb/2004:14:03:14 -0800] "GET /ncaa/pdf/brackets/NCAA%201993.pdf HTTP/1.1" 200 228307 "http://www.wrestlingstats.com/ncaa/brackets.htm" "Mozilla/4.0 (compatible; MSIE 6.0; Windows 98)"
65.71.217.129 - - [23/Feb/2004:14:03:19 -0800] "GET /lehigh/view_coach_duals.php?season=2004 HTTP/1.0" 200 - "-" "Mozilla/4.0 (compatible; MSIE 5.5; Windows NT 5.0)"
65.71.217.129 - - [23/Feb/2004:14:03:31 -0800] "GET /lehigh/view_coach_duals.php?season=2004 HTTP/1.0" 200 - "-" "Mozilla/4.0 (compatible; MSIE 5.5; Windows NT 5.0)"
65.71.217.129 - - [23/Feb/2004:14:03:33 -0800] "GET /lehigh/view_coach_duals.php?season=2004 HTTP/1.0" 200 11990 "-" "Mozilla/4.0 (compatible; MSIE 5.5; Windows NT 5.0)"
128.147.177.150 - - [23/Feb/2004:14:03:41 -0800] "GET /ncaa/pdf/brackets/NCAA%201981.pdf HTTP/1.1" 200 131072 "http://www.wrestlingstats.com/ncaa/brackets.htm" "Mozilla/4.0 (compatible; MSIE 5.01; Windows NT)"
128.147.177.150 - - [23/Feb/2004:14:03:41 -0800] "GET /ncaa/pdf/brackets/NCAA%201981.pdf HTTP/1.1" 206 224130 "-" "contype"
128.147.177.150 - - [23/Feb/2004:14:03:41 -0800] "GET /ncaa/pdf/brackets/NCAA%201981.pdf HTTP/1.1" 206 224130 "-" "Mozilla/4.0 (compatible; MSIE 5.01; Windows NT)"
65.71.217.129 - - [23/Feb/2004:14:03:41 -0800] "GET /lehigh/view_wrestlers.php?wrestler=716 HTTP/1.0" 200 0 "http://www.wrestlingstats.com/lehigh/show_dual.php?meet=1085" "Mozilla/4.0 (compatible; MSIE 5.5; Windows NT 5.0)"
65.71.217.129 - - [23/Feb/2004:14:03:56 -0800] "GET /lehigh/show_dual.php?meet=1093 HTTP/1.0" 200 - "http://www.wrestlingstats.com/lehigh/view_coach_duals.php?season=2004" "Mozilla/4.0 (compatible; MSIE 5.5; Windows NT 5.0)"
65.71.217.129 - - [23/Feb/2004:14:04:07 -0800] "GET /lehigh/show_dual.php?meet=1093 HTTP/1.0" 200 - "http://www.wrestlingstats.com/lehigh/view_coach_duals.php?season=2004" "Mozilla/4.0 (compatible; MSIE 5.5; Windows NT 5.0)"
216.226.25.169 - - [23/Feb/2004:14:04:10 -0800] "GET /ncaa/pdf/brackets/NCAA%201993.pdf HTTP/1.1" 206 223711 "-" "Mozilla/4.0 (compatible; MSIE 6.0; Windows 98)"
216.226.25.169 - - [23/Feb/2004:14:04:13 -0800] "GET /ncaa/pdf/brackets/NCAA%201993.pdf HTTP/1.1" 206 101871 "-" "Mozilla/4.0 (compatible; MSIE 6.0; Windows 98)"
65.71.217.129 - - [23/Feb/2004:14:05:14 -0800] "GET /lehigh/apPopupMenu$COMClassObject.class HTTP/1.0" 404 363 "-" "Mozilla/4.0 (compatible; MSIE 5.0; Win32)"
65.71.217.129 - - [23/Feb/2004:14:05:31 -0800] "POST /lehigh/view_all_wrestlers.php HTTP/1.0" 200 - "http://www.wrestlingstats.com/lehigh/wrestlers.php" "Mozilla/4.0 (compatible; MSIE 5.5; Windows NT 5.0)"
65.71.217.129 - - [23/Feb/2004:14:05:40 -0800] "POST /lehigh/view_all_wrestlers.php HTTP/1.0" 200 - "http://www.wrestlingstats.com/lehigh/wrestlers.php" "Mozilla/4.0 (compatible; MSIE 5.5; Windows NT 5.0)"
65.71.217.129 - - [23/Feb/2004:14:05:46 -0800] "POST /lehigh/view_all_wrestlers.php HTTP/1.0" 200 2016 "http://www.wrestlingstats.com/lehigh/wrestlers.php" "Mozilla/4.0 (compatible; MSIE 5.5; Windows NT 5.0)"
128.147.177.150 - - [23/Feb/2004:14:05:56 -0800] "GET /ncaa/pdf/brackets/NCAA%201982.pdf HTTP/1.1" 200 196608 "http://www.wrestlingstats.com/ncaa/brackets.htm" "Mozilla/4.0 (compatible; MSIE 5.01; Windows NT)"
128.147.177.150 - - [23/Feb/2004:14:05:56 -0800] "GET /ncaa/pdf/brackets/NCAA%201982.pdf HTTP/1.1" 206 196608 "-" "contype"
128.147.177.150 - - [23/Feb/2004:14:05:56 -0800] "GET /ncaa/pdf/brackets/NCAA%201982.pdf HTTP/1.1" 206 196608 "-" "Mozilla/4.0 (compatible; MSIE 5.01; Windows NT)"
128.147.177.150 - - [23/Feb/2004:14:05:57 -0800] "GET /ncaa/pdf/brackets/NCAA%201982.pdf HTTP/1.1" 206 236786 "-" "Mozilla/4.0 (compatible; MSIE 5.01; Windows NT)"
128.147.177.150 - - [23/Feb/2004:14:07:43 -0800] "GET /ncaa/pdf/brackets/NCAA%201983.pdf HTTP/1.1" 200 196608 "http://www.wrestlingstats.com/ncaa/brackets.htm" "Mozilla/4.0 (compatible; MSIE 5.01; Windows NT)"
128.147.177.150 - - [23/Feb/2004:14:07:43 -0800] "GET /ncaa/pdf/brackets/NCAA%201983.pdf HTTP/1.1" 206 226091 "-" "contype"
128.147.177.150 - - [23/Feb/2004:14:07:44 -0800] "GET /ncaa/pdf/brackets/NCAA%201983.pdf HTTP/1.1" 206 226091 "-" "Mozilla/4.0 (compatible; MSIE 5.01; Windows NT)"
128.147.177.150 - - [23/Feb/2004:14:09:16 -0800] "GET /ncaa/pdf/brackets/NCAA%201984.pdf HTTP/1.1" 200 222683 "http://www.wrestlingstats.com/ncaa/brackets.htm" "Mozilla/4.0 (compatible; MSIE 5.01; Windows NT)"
128.147.177.150 - - [23/Feb/2004:14:09:17 -0800] "GET /ncaa/pdf/brackets/NCAA%201984.pdf HTTP/1.1" 206 218532 "-" "contype"
128.147.177.150 - - [23/Feb/2004:14:09:17 -0800] "GET /ncaa/pdf/brackets/NCAA%201984.pdf HTTP/1.1" 206 218532 "-" "Mozilla/4.0 (compatible; MSIE 5.01; Windows NT)"
128.147.177.150 - - [23/Feb/2004:14:09:17 -0800] "GET /ncaa/pdf/brackets/NCAA%201984.pdf HTTP/1.1" 206 215398 "-" "Mozilla/4.0 (compatible; MSIE 5.01; Windows NT)"
128.147.177.150 - - [23/Feb/2004:14:10:56 -0800] "GET /ncaa/pdf/brackets/NCAA%201985.pdf HTTP/1.1" 200 223425 "http://www.wrestlingstats.com/ncaa/brackets.htm" "Mozilla/4.0 (compatible; MSIE 5.01; Windows NT)"
128.147.177.150 - - [23/Feb/2004:14:10:56 -0800] "GET /ncaa/pdf/brackets/NCAA%201985.pdf HTTP/1.1" 206 219274 "-" "contype"
128.147.177.150 - - [23/Feb/2004:14:10:56 -0800] "GET /ncaa/pdf/brackets/NCAA%201985.pdf HTTP/1.1" 206 219274 "-" "Mozilla/4.0 (compatible; MSIE 5.01; Windows NT)"
128.147.177.150 - - [23/Feb/2004:14:10:56 -0800] "GET /ncaa/pdf/brackets/NCAA%201985.pdf HTTP/1.1" 206 216140 "-" "Mozilla/4.0 (compatible; MSIE 5.01; Windows NT)"
128.147.177.150 - - [23/Feb/2004:14:12:51 -0800] "GET /ncaa/pdf/brackets/NCAA%201986.pdf HTTP/1.1" 200 131072 "http://www.wrestlingstats.com/ncaa/brackets.htm" "Mozilla/4.0 (compatible; MSIE 5.01; Windows NT)"
128.147.177.150 - - [23/Feb/2004:14:12:52 -0800] "GET /ncaa/pdf/brackets/NCAA%201986.pdf HTTP/1.1" 206 223599 "-" "contype"
128.147.177.150 - - [23/Feb/2004:14:12:52 -0800] "GET /ncaa/pdf/brackets/NCAA%201986.pdf HTTP/1.1" 206 223599 "-" "Mozilla/4.0 (compatible; MSIE 5.01; Windows NT)"
128.147.177.150 - - [23/Feb/2004:14:12:52 -0800] "GET /ncaa/pdf/brackets/NCAA%201986.pdf HTTP/1.1" 206 220465 "-" "Mozilla/4.0 (compatible; MSIE 5.01; Windows NT)"
128.147.177.150 - - [23/Feb/2004:14:14:51 -0800] "GET /ncaa/pdf/brackets/NCAA%201987.pdf HTTP/1.1" 200 131072 "http://www.wrestlingstats.com/ncaa/brackets.htm" "Mozilla/4.0 (compatible; MSIE 5.01; Windows NT)"
128.147.177.150 - - [23/Feb/2004:14:14:51 -0800] "GET /ncaa/pdf/brackets/NCAA%201987.pdf HTTP/1.1" 206 224026 "-" "contype"
128.147.177.150 - - [23/Feb/2004:14:14:51 -0800] "GET /ncaa/pdf/brackets/NCAA%201987.pdf HTTP/1.1" 206 224026 "-" "Mozilla/4.0 (compatible; MSIE 5.01; Windows NT)"
128.147.177.150 - - [23/Feb/2004:14:14:52 -0800] "GET /ncaa/pdf/brackets/NCAA%201987.pdf HTTP/1.1" 206 220892 "-" "Mozilla/4.0 (compatible; MSIE 5.01; Windows NT)"
128.147.177.150 - - [23/Feb/2004:14:16:41 -0800] "GET /ncaa/pdf/brackets/NCAA%201988.pdf HTTP/1.1" 200 229279 "http://www.wrestlingstats.com/ncaa/brackets.htm" "Mozilla/4.0 (compatible; MSIE 5.01; Windows NT)"
128.147.177.150 - - [23/Feb/2004:14:16:41 -0800] "GET /ncaa/pdf/brackets/NCAA%201988.pdf HTTP/1.1" 206 225128 "-" "contype"
128.147.177.150 - - [23/Feb/2004:14:16:41 -0800] "GET /ncaa/pdf/brackets/NCAA%201988.pdf HTTP/1.1" 206 225128 "-" "Mozilla/4.0 (compatible; MSIE 5.01; Windows NT)"
128.147.177.150 - - [23/Feb/2004:14:16:41 -0800] "GET /ncaa/pdf/brackets/NCAA%201988.pdf HTTP/1.1" 206 221994 "-" "Mozilla/4.0 (compatible; MSIE 5.01; Windows NT)"
128.147.177.150 - - [23/Feb/2004:14:18:05 -0800] "GET /ncaa/pdf/brackets/NCAA%201989.pdf HTTP/1.1" 200 196608 "http://www.wrestlingstats.com/ncaa/brackets.htm" "Mozilla/4.0 (compatible; MSIE 5.01; Windows NT)"
128.147.177.150 - - [23/Feb/2004:14:18:05 -0800] "GET /ncaa/pdf/brackets/NCAA%201989.pdf HTTP/1.1" 206 196608 "-" "contype"
128.147.177.150 - - [23/Feb/2004:14:18:06 -0800] "GET /ncaa/pdf/brackets/NCAA%201989.pdf HTTP/1.1" 206 196608 "-" "Mozilla/4.0 (compatible; MSIE 5.01; Windows NT)"
128.147.177.150 - - [23/Feb/2004:14:18:06 -0800] "GET /ncaa/pdf/brackets/NCAA%201989.pdf HTTP/1.1" 206 245852 "-" "Mozilla/4.0 (compatible; MSIE 5.01; Windows NT)"
128.147.177.150 - - [23/Feb/2004:14:19:23 -0800] "GET /ncaa/pdf/brackets/NCAA%201977.pdf HTTP/1.1" 200 225054 "http://www.wrestlingstats.com/ncaa/brackets.htm" "Mozilla/4.0 (compatible; MSIE 5.01; Windows NT)"
128.147.177.150 - - [23/Feb/2004:14:19:23 -0800] "GET /ncaa/pdf/brackets/NCAA%201977.pdf HTTP/1.1" 206 220903 "-" "contype"
128.147.177.150 - - [23/Feb/2004:14:19:24 -0800] "GET /ncaa/pdf/brackets/NCAA%201977.pdf HTTP/1.1" 206 220903 "-" "Mozilla/4.0 (compatible; MSIE 5.01; Windows NT)"
128.147.177.150 - - [23/Feb/2004:14:20:32 -0800] "GET /ncaa/pdf/brackets/NCAA%201976.pdf HTTP/1.1" 200 215763 "http://www.wrestlingstats.com/ncaa/brackets.htm" "Mozilla/4.0 (compatible; MSIE 5.01; Windows NT)"
128.147.177.150 - - [23/Feb/2004:14:20:32 -0800] "GET /ncaa/pdf/brackets/NCAA%201976.pdf HTTP/1.1" 206 211612 "-" "contype"
128.147.177.150 - - [23/Feb/2004:14:20:32 -0800] "GET /ncaa/pdf/brackets/NCAA%201976.pdf HTTP/1.1" 206 211612 "-" "Mozilla/4.0 (compatible; MSIE 5.01; Windows NT)"
128.147.177.150 - - [23/Feb/2004:14:20:32 -0800] "GET /ncaa/pdf/brackets/NCAA%201976.pdf HTTP/1.1" 206 208383 "-" "Mozilla/4.0 (compatible; MSIE 5.01; Windows NT)"
128.147.177.150 - - [23/Feb/2004:14:21:56 -0800] "GET /ncaa/pdf/brackets/NCAA%201999.pdf HTTP/1.1" 200 131072 "http://www.wrestlingstats.com/ncaa/brackets.htm" "Mozilla/4.0 (compatible; MSIE 5.01; Windows NT)"
128.147.177.150 - - [23/Feb/2004:14:21:56 -0800] "GET /ncaa/pdf/brackets/NCAA%201999.pdf HTTP/1.1" 206 227385 "-" "contype"
128.147.177.150 - - [23/Feb/2004:14:21:56 -0800] "GET /ncaa/pdf/brackets/NCAA%201999.pdf HTTP/1.1" 206 227385 "-" "Mozilla/4.0 (compatible; MSIE 5.01; Windows NT)"
65.71.217.129 - - [23/Feb/2004:14:23:07 -0800] "POST /lehigh/view_all_wrestlers.php HTTP/1.0" 200 2016 "http://www.wrestlingstats.com/lehigh/wrestlers.php" "Mozilla/4.0 (compatible; MSIE 5.5; Windows NT 5.0)"
128.147.177.150 - - [23/Feb/2004:14:23:25 -0800] "GET /ncaa/pdf/brackets/NCAA%202000.pdf HTTP/1.1" 200 231911 "http://www.wrestlingstats.com/ncaa/brackets.htm" "Mozilla/4.0 (compatible; MSIE 5.01; Windows NT)"
128.147.177.150 - - [23/Feb/2004:14:23:25 -0800] "GET /ncaa/pdf/brackets/NCAA%202000.pdf HTTP/1.1" 206 227761 "-" "contype"
128.147.177.150 - - [23/Feb/2004:14:23:25 -0800] "GET /ncaa/pdf/brackets/NCAA%202000.pdf HTTP/1.1" 206 227761 "-" "Mozilla/4.0 (compatible; MSIE 5.01; Windows NT)"
65.71.217.129 - - [23/Feb/2004:14:23:32 -0800] "GET /lehigh/view_wrestlers.php?wrestler=717 HTTP/1.0" 200 9702 "http://www.wrestlingstats.com/lehigh/view_all_wrestlers.php" "Mozilla/4.0 (compatible; MSIE 5.5; Windows NT 5.0)"
65.71.217.129 - - [23/Feb/2004:14:23:40 -0800] "GET /lehigh/view_wrestlers.php?wrestler=717 HTTP/1.0" 200 0 "http://www.wrestlingstats.com/lehigh/view_all_wrestlers.php" "Mozilla/4.0 (compatible; MSIE 5.5; Windows NT 5.0)"
128.147.177.150 - - [23/Feb/2004:14:24:27 -0800] "GET /ncaa/pdf/brackets/NCAA%202001.pdf HTTP/1.1" 200 144227 "http://www.wrestlingstats.com/ncaa/brackets.htm" "Mozilla/4.0 (compatible; MSIE 5.01; Windows NT)"
128.147.177.150 - - [23/Feb/2004:14:24:27 -0800] "GET /ncaa/pdf/brackets/NCAA%202001.pdf HTTP/1.1" 206 140076 "-" "contype"
128.147.177.150 - - [23/Feb/2004:14:24:27 -0800] "GET /ncaa/pdf/brackets/NCAA%202001.pdf HTTP/1.1" 206 140076 "-" "Mozilla/4.0 (compatible; MSIE 5.01; Windows NT)"
128.147.177.150 - - [23/Feb/2004:14:24:27 -0800] "GET /ncaa/pdf/brackets/NCAA%202001.pdf HTTP/1.1" 206 136657 "-" "Mozilla/4.0 (compatible; MSIE 5.01; Windows NT)"
128.147.177.150 - - [23/Feb/2004:14:26:08 -0800] "GET /ncaa/pdf/brackets/NCAA%202002.pdf HTTP/1.1" 200 230468 "http://www.wrestlingstats.com/ncaa/brackets.htm" "Mozilla/4.0 (compatible; MSIE 5.01; Windows NT)"
128.147.177.150 - - [23/Feb/2004:14:26:08 -0800] "GET /ncaa/pdf/brackets/NCAA%202002.pdf HTTP/1.1" 206 226317 "-" "contype"
128.147.177.150 - - [23/Feb/2004:14:26:09 -0800] "GET /ncaa/pdf/brackets/NCAA%202002.pdf HTTP/1.1" 206 226317 "-" "Mozilla/4.0 (compatible; MSIE 5.01; Windows NT)"
138.89.111.101 - - [23/Feb/2004:14:27:45 -0800] "GET /ncaa/pdf/brackets/NCAA%201990.pdf HTTP/1.1" 200 232154 "-" "Mozilla/4.0 (compatible; MSIE 5.01; Windows NT 5.0)"
138.89.111.101 - - [23/Feb/2004:14:27:46 -0800] "GET /ncaa/pdf/brackets/NCAA%201990.pdf HTTP/1.1" 206 229603 "-" "Mozilla/4.0 (compatible; MSIE 5.01; Windows NT 5.0)"
128.147.177.150 - - [23/Feb/2004:14:28:13 -0800] "GET /ncaa/pdf/brackets/NCAA%202003.pdf HTTP/1.1" 200 144218 "http://www.wrestlingstats.com/ncaa/brackets.htm" "Mozilla/4.0 (compatible; MSIE 5.01; Windows NT)"
128.147.177.150 - - [23/Feb/2004:14:28:13 -0800] "GET /ncaa/pdf/brackets/NCAA%202003.pdf HTTP/1.1" 206 140067 "-" "contype"
128.147.177.150 - - [23/Feb/2004:14:28:14 -0800] "GET /ncaa/pdf/brackets/NCAA%202003.pdf HTTP/1.1" 206 140067 "-" "Mozilla/4.0 (compatible; MSIE 5.01; Windows NT)"
128.147.177.150 - - [23/Feb/2004:14:28:14 -0800] "GET /ncaa/pdf/brackets/NCAA%202003.pdf HTTP/1.1" 206 136648 "-" "Mozilla/4.0 (compatible; MSIE 5.01; Windows NT)"
65.71.217.129 - - [23/Feb/2004:14:30:39 -0800] "GET /lehigh/apPopupMenu$COMClassObject.class HTTP/1.0" 404 363 "-" "Mozilla/4.0 (compatible; MSIE 5.0; Win32)"
65.71.217.129 - - [23/Feb/2004:14:30:47 -0800] "GET /lehigh/home.php HTTP/1.0" 200 1997 "-" "Mozilla/4.0 (compatible; MSIE 5.5; Windows NT 5.0)"
138.89.111.101 - - [23/Feb/2004:14:32:08 -0800] "GET /ncaa/pdf/brackets/NCAA%201989.pdf HTTP/1.1" 200 196608 "-" "Mozilla/4.0 (compatible; MSIE 5.01; Windows NT 5.0)"
138.89.111.101 - - [23/Feb/2004:14:32:08 -0800] "GET /ncaa/pdf/brackets/NCAA%201989.pdf HTTP/1.1" 206 196608 "-" "Mozilla/4.0 (compatible; MSIE 5.01; Windows NT 5.0)"
138.89.111.101 - - [23/Feb/2004:14:32:09 -0800] "GET /ncaa/pdf/brackets/NCAA%201989.pdf HTTP/1.1" 206 251832 "-" "Mozilla/4.0 (compatible; MSIE 5.01; Windows NT 5.0)"
65.212.240.66 - - [23/Feb/2004:14:38:17 -0800] "GET /ncaa/pdf/brackets/NCAA%201972.pdf HTTP/1.1" 200 217006 "http://search.netscape.com/ns/boomframe.jsp?query=pruzansky%2C+len&page=1&offset=0&result_url=redir%3Fsrc%3Dwebsearch%26amp%3BrequestId%3D1f0e85fecd598afc%26amp%3BclickedItemRank%3D1%26amp%3BuserQuery%3Dpruzansky%252C%2Blen%26amp%3BclickedItemURN%3Dhttp%253A%252F%252Fwww.wrestlingstats.com%252Fncaa%252Fpdf%252Fbrackets%252FNCAA%2525201972.pdf%26amp%3BinvocationType%3D-%26amp%3BfromPage%3DNSCPResults&remove_url=http%3A%2F%2Fwww.wrestlingstats.com%2Fncaa%2Fpdf%2Fbrackets%2FNCAA%2525201972.pdf" "Mozilla/4.0 (compatible; MSIE 6.0; Windows NT 5.1)"
65.212.240.66 - - [23/Feb/2004:14:38:17 -0800] "GET /ncaa/pdf/brackets/NCAA%201972.pdf HTTP/1.1" 206 214475 "-" "Mozilla/4.0 (compatible; MSIE 6.0; Windows NT 5.1)"
65.212.240.66 - - [23/Feb/2004:14:38:30 -0800] "GET /ncaa/pdf/brackets/NCAA%201969.pdf HTTP/1.1" 200 219821 "http://search.netscape.com/ns/boomframe.jsp?query=pruzansky%2C+len&page=1&offset=0&result_url=redir%3Fsrc%3Dwebsearch%26amp%3BrequestId%3D1f0e85fecd598e66%26amp%3BclickedItemRank%3D2%26amp%3BuserQuery%3Dpruzansky%252C%2Blen%26amp%3BclickedItemURN%3Dhttp%253A%252F%252Fwww.wrestlingstats.com%252Fncaa%252Fpdf%252Fbrackets%252FNCAA%2525201969.pdf%26amp%3BinvocationType%3D-%26amp%3BfromPage%3DNSCPResults&remove_url=http%3A%2F%2Fwww.wrestlingstats.com%2Fncaa%2Fpdf%2Fbrackets%2FNCAA%2525201969.pdf" "Mozilla/4.0 (compatible; MSIE 6.0; Windows NT 5.1)"
65.212.240.66 - - [23/Feb/2004:14:38:31 -0800] "GET /ncaa/pdf/brackets/NCAA%201969.pdf HTTP/1.1" 206 211629 "-" "Mozilla/4.0 (compatible; MSIE 6.0; Windows NT 5.1)"
65.212.240.66 - - [23/Feb/2004:14:38:31 -0800] "GET /ncaa/pdf/brackets/NCAA%201969.pdf HTTP/1.1" 206 208725 "-" "Mozilla/4.0 (compatible; MSIE 6.0; Windows NT 5.1)"
24.230.83.78 - - [23/Feb/2004:14:38:34 -0800] "GET /ncaa/brackets.htm HTTP/1.1" 200 2798 "http://www.google.com/search?hl=en&ie=UTF-8&oe=UTF-8&q=wrestling+bracket&btnG=Google+Search" "Mozilla/4.0 (compatible; MSIE 6.0; Windows NT 5.1; {909BB9AE-D979-474F-8F83-0240946ABE84}; .NET CLR 1.0.3705)"
24.230.83.78 - - [23/Feb/2004:14:38:37 -0800] "GET /apPopupMenu.class HTTP/1.1" 200 19469 "-" "Java 1.1"
24.230.83.78 - - [23/Feb/2004:14:38:38 -0800] "GET /apPopupMenuBeanInfo.class HTTP/1.1" 404 363 "-" "Java 1.1"
24.230.83.78 - - [23/Feb/2004:14:38:38 -0800] "GET /images/home32.gif HTTP/1.1" 200 287 "-" "Java 1.1"
24.230.83.78 - - [23/Feb/2004:14:38:39 -0800] "GET /images/mail32.gif HTTP/1.1" 200 317 "-" "Java 1.1"
128.147.177.150 - - [23/Feb/2004:14:38:59 -0800] "GET / HTTP/1.1" 200 1755 "http://wrestlingreport.com/" "Mozilla/4.0 (compatible; MSIE 5.01; Windows NT)"
128.147.177.150 - - [23/Feb/2004:14:38:59 -0800] "GET /NCAA2003.jpg HTTP/1.1" 200 84807 "http://www.wrestlingstats.com/" "Mozilla/4.0 (compatible; MSIE 5.01; Windows NT)"
128.147.177.150 - - [23/Feb/2004:14:39:04 -0800] "GET /ncaa/brackets.htm HTTP/1.1" 200 2798 "-" "Mozilla/4.0 (compatible; MSIE 5.01; Windows NT)"
128.147.177.150 - - [23/Feb/2004:14:39:08 -0800] "GET /ncaa/pdf/brackets/NCAA%201998.pdf HTTP/1.1" 200 231756 "http://www.wrestlingstats.com/ncaa/brackets.htm" "Mozilla/4.0 (compatible; MSIE 5.01; Windows NT)"
128.147.177.150 - - [23/Feb/2004:14:39:08 -0800] "GET /ncaa/pdf/brackets/NCAA%201998.pdf HTTP/1.1" 206 227606 "-" "contype"
128.147.177.150 - - [23/Feb/2004:14:39:09 -0800] "GET /ncaa/pdf/brackets/NCAA%201998.pdf HTTP/1.1" 206 227606 "-" "Mozilla/4.0 (compatible; MSIE 5.01; Windows NT)"
80.180.191.18 - - [23/Feb/2004:14:39:16 -0800] "GET /ncaa/pdf/brackets/NCAA%202002.pdf HTTP/1.1" 200 230468 "http://www.google.it/search?q=aaron+holker&hl=it&lr=&ie=UTF-8&oe=UTF-8&start=10&sa=N" "Mozilla/4.0 (compatible; MSIE 5.5; Windows 98; Win 9x 4.90)"
80.180.191.18 - - [23/Feb/2004:14:39:17 -0800] "GET /ncaa/pdf/brackets/NCAA%202002.pdf HTTP/1.1" 206 226317 "-" "Mozilla/4.0 (compatible; MSIE 5.5; Windows 98; Win 9x 4.90)"
65.212.240.66 - - [23/Feb/2004:14:39:21 -0800] "GET /ncaa/pdf/brackets/NCAA%201970.pdf HTTP/1.1" 200 215841 "http://search.netscape.com/ns/boomframe.jsp?query=ncaa+1970&page=1&offset=1&result_url=redir%3Fsrc%3Dwebsearch%26amp%3BrequestId%3D298db95abcf1f82%26amp%3BclickedItemRank%3D1%26amp%3BuserQuery%3Dncaa%2B1970%26amp%3BclickedItemURN%3Dhttp%253A%252F%252Fwww.wrestlingstats.com%252Fncaa%252Fpdf%252Fbrackets%252FNCAA%2525201970.pdf%26amp%3BinvocationType%3D-%26amp%3BfromPage%3DNSCPResults&remove_url=http%3A%2F%2Fwww.wrestlingstats.com%2Fncaa%2Fpdf%2Fbrackets%2FNCAA%2525201970.pdf" "Mozilla/4.0 (compatible; MSIE 6.0; Windows NT 5.1)"
65.212.240.66 - - [23/Feb/2004:14:39:21 -0800] "GET /ncaa/pdf/brackets/NCAA%201970.pdf HTTP/1.1" 206 213310 "-" "Mozilla/4.0 (compatible; MSIE 6.0; Windows NT 5.1)"
65.212.240.66 - - [23/Feb/2004:14:39:21 -0800] "GET /ncaa/pdf/brackets/NCAA%201970.pdf HTTP/1.1" 206 210311 "-" "Mozilla/4.0 (compatible; MSIE 6.0; Windows NT 5.1)"
80.180.191.18 - - [23/Feb/2004:14:39:21 -0800] "GET /ncaa/pdf/brackets/NCAA%202002.pdf HTTP/1.1" 206 25194 "-" "Mozilla/4.0 (compatible; MSIE 5.5; Windows 98; Win 9x 4.90)"
80.180.191.18 - - [23/Feb/2004:14:39:21 -0800] "GET /ncaa/pdf/brackets/NCAA%202002.pdf HTTP/1.1" 206 2154 "-" "Mozilla/4.0 (compatible; MSIE 5.5; Windows 98; Win 9x 4.90)"
24.230.83.78 - - [23/Feb/2004:14:39:25 -0800] "GET /ncaa/pdf/brackets/NCAA%202003.pdf HTTP/1.1" 200 144218 "http://www.wrestlingstats.com/ncaa/brackets.htm" "Mozilla/4.0 (compatible; MSIE 6.0; Windows NT 5.1; {909BB9AE-D979-474F-8F83-0240946ABE84}; .NET CLR 1.0.3705)"
24.230.83.78 - - [23/Feb/2004:14:39:29 -0800] "GET /ncaa/pdf/brackets/NCAA%202003.pdf HTTP/1.1" 206 140067 "-" "Mozilla/4.0 (compatible; MSIE 6.0; Windows NT 5.1; {909BB9AE-D979-474F-8F83-0240946ABE84}; .NET CLR 1.0.3705)"
24.230.83.78 - - [23/Feb/2004:14:39:29 -0800] "GET /ncaa/pdf/brackets/NCAA%202003.pdf HTTP/1.1" 206 136640 "-" "Mozilla/4.0 (compatible; MSIE 6.0; Windows NT 5.1; {909BB9AE-D979-474F-8F83-0240946ABE84}; .NET CLR 1.0.3705)"
65.212.240.66 - - [23/Feb/2004:14:39:57 -0800] "GET /ncaa/pdf/brackets/NCAA%201971.pdf HTTP/1.1" 200 193019 "http://search.netscape.com/ns/boomframe.jsp?query=ncaa+1971&page=1&offset=1&result_url=redir%3Fsrc%3Dwebsearch%26amp%3BrequestId%3D298db95abcf2206%26amp%3BclickedItemRank%3D1%26amp%3BuserQuery%3Dncaa%2B1971%26amp%3BclickedItemURN%3Dhttp%253A%252F%252Fwww.wrestlingstats.com%252Fncaa%252Fpdf%252Fbrackets%252FNCAA%2525201971.pdf%26amp%3BinvocationType%3D-%26amp%3BfromPage%3DNSBoom&remove_url=http%3A%2F%2Fwww.wrestlingstats.com%2Fncaa%2Fpdf%2Fbrackets%2FNCAA%2525201971.pdf" "Mozilla/4.0 (compatible; MSIE 6.0; Windows NT 5.1)"
65.212.240.66 - - [23/Feb/2004:14:39:57 -0800] "GET /ncaa/pdf/brackets/NCAA%201971.pdf HTTP/1.1" 206 190488 "-" "Mozilla/4.0 (compatible; MSIE 6.0; Windows NT 5.1)"
65.212.240.66 - - [23/Feb/2004:14:39:57 -0800] "GET /ncaa/pdf/brackets/NCAA%201971.pdf HTTP/1.1" 206 190249 "-" "Mozilla/4.0 (compatible; MSIE 6.0; Windows NT 5.1)"
128.147.177.150 - - [23/Feb/2004:14:41:00 -0800] "GET /ncaa/pdf/brackets/NCAA%201997.pdf HTTP/1.1" 200 196608 "http://www.wrestlingstats.com/ncaa/brackets.htm" "Mozilla/4.0 (compatible; MSIE 5.01; Windows NT)"
128.147.177.150 - - [23/Feb/2004:14:41:00 -0800] "GET /ncaa/pdf/brackets/NCAA%201997.pdf HTTP/1.1" 206 226087 "-" "contype"
128.147.177.150 - - [23/Feb/2004:14:41:01 -0800] "GET /ncaa/pdf/brackets/NCAA%201997.pdf HTTP/1.1" 206 226087 "-" "Mozilla/4.0 (compatible; MSIE 5.01; Windows NT)"
128.147.177.150 - - [23/Feb/2004:14:42:31 -0800] "GET /ncaa/pdf/brackets/NCAA%201996.pdf HTTP/1.1" 200 196608 "http://www.wrestlingstats.com/ncaa/brackets.htm" "Mozilla/4.0 (compatible; MSIE 5.01; Windows NT)"
128.147.177.150 - - [23/Feb/2004:14:42:31 -0800] "GET /ncaa/pdf/brackets/NCAA%201996.pdf HTTP/1.1" 206 226148 "-" "contype"
128.147.177.150 - - [23/Feb/2004:14:42:31 -0800] "GET /ncaa/pdf/brackets/NCAA%201996.pdf HTTP/1.1" 206 226148 "-" "Mozilla/4.0 (compatible; MSIE 5.01; Windows NT)"
128.147.177.150 - - [23/Feb/2004:14:43:56 -0800] "GET /ncaa/pdf/brackets/NCAA%201995.pdf HTTP/1.1" 200 227502 "http://www.wrestlingstats.com/ncaa/brackets.htm" "Mozilla/4.0 (compatible; MSIE 5.01; Windows NT)"
128.147.177.150 - - [23/Feb/2004:14:43:56 -0800] "GET /ncaa/pdf/brackets/NCAA%201995.pdf HTTP/1.1" 206 223351 "-" "contype"
128.147.177.150 - - [23/Feb/2004:14:43:56 -0800] "GET /ncaa/pdf/brackets/NCAA%201995.pdf HTTP/1.1" 206 223351 "-" "Mozilla/4.0 (compatible; MSIE 5.01; Windows NT)"
65.212.240.66 - - [23/Feb/2004:14:47:35 -0800] "GET /ncaa/pdf/brackets/NCAA%201970.pdf HTTP/1.1" 206 65536 "http://search.netscape.com/ns/boomframe.jsp?query=ncaa+1970&page=1&offset=1&result_url=redir%3Fsrc%3Dwebsearch%26amp%3BrequestId%3Df73f449dbd86e99a%26amp%3BclickedItemRank%3D1%26amp%3BuserQuery%3Dncaa%2B1970%26amp%3BclickedItemURN%3Dhttp%253A%252F%252Fwww.wrestlingstats.com%252Fncaa%252Fpdf%252Fbrackets%252FNCAA%2525201970.pdf%26amp%3BinvocationType%3D-%26amp%3BfromPage%3DNSCPTop&remove_url=http%3A%2F%2Fwww.wrestlingstats.com%2Fncaa%2Fpdf%2Fbrackets%2FNCAA%2525201970.pdf" "Mozilla/4.0 (compatible; MSIE 6.0; Windows NT 5.1)"
65.212.240.66 - - [23/Feb/2004:14:47:35 -0800] "GET /ncaa/pdf/brackets/NCAA%201970.pdf HTTP/1.1" 206 207649 "-" "Mozilla/4.0 (compatible; MSIE 6.0; Windows NT 5.1)"
65.212.240.66 - - [23/Feb/2004:14:47:36 -0800] "GET /ncaa/pdf/brackets/NCAA%201970.pdf HTTP/1.1" 206 204651 "-" "Mozilla/4.0 (compatible; MSIE 6.0; Windows NT 5.1)"
65.212.240.66 - - [23/Feb/2004:14:48:03 -0800] "GET /ncaa/pdf/brackets/NCAA%201971.pdf HTTP/1.1" 206 131072 "http://search.netscape.com/ns/boomframe.jsp?query=ncaa+1971&page=1&offset=1&result_url=redir%3Fsrc%3Dwebsearch%26amp%3BrequestId%3Df73f449dbd86eb77%26amp%3BclickedItemRank%3D1%26amp%3BuserQuery%3Dncaa%2B1971%26amp%3BclickedItemURN%3Dhttp%253A%252F%252Fwww.wrestlingstats.com%252Fncaa%252Fpdf%252Fbrackets%252FNCAA%2525201971.pdf%26amp%3BinvocationType%3D-%26amp%3BfromPage%3DNSBoom&remove_url=http%3A%2F%2Fwww.wrestlingstats.com%2Fncaa%2Fpdf%2Fbrackets%2FNCAA%2525201971.pdf" "Mozilla/4.0 (compatible; MSIE 6.0; Windows NT 5.1)"
65.212.240.66 - - [23/Feb/2004:14:48:03 -0800] "GET /ncaa/pdf/brackets/NCAA%201971.pdf HTTP/1.1" 206 186914 "-" "Mozilla/4.0 (compatible; MSIE 6.0; Windows NT 5.1)"
65.212.240.66 - - [23/Feb/2004:14:48:03 -0800] "GET /ncaa/pdf/brackets/NCAA%201971.pdf HTTP/1.1" 206 183915 "-" "Mozilla/4.0 (compatible; MSIE 6.0; Windows NT 5.1)"
65.212.240.66 - - [23/Feb/2004:14:50:47 -0800] "GET /ncaa/pdf/brackets/NCAA%201972.pdf HTTP/1.1" 206 205098 "http://search.netscape.com/ns/boomframe.jsp?query=ncaa+1972&page=1&offset=1&result_url=redir%3Fsrc%3Dwebsearch%26amp%3BrequestId%3D3c0beb455d87fdfd%26amp%3BclickedItemRank%3D1%26amp%3BuserQuery%3Dncaa%2B1972%26amp%3BclickedItemURN%3Dhttp%253A%252F%252Fwww.wrestlingstats.com%252Fncaa%252Fpdf%252Fbrackets%252FNCAA%2525201972.pdf%26amp%3BinvocationType%3D-%26amp%3BfromPage%3DNSBoom&remove_url=http%3A%2F%2Fwww.wrestlingstats.com%2Fncaa%2Fpdf%2Fbrackets%2FNCAA%2525201972.pdf" "Mozilla/4.0 (compatible; MSIE 6.0; Windows NT 5.1)"
65.212.240.66 - - [23/Feb/2004:14:50:47 -0800] "GET /ncaa/pdf/brackets/NCAA%201972.pdf HTTP/1.1" 206 205098 "-" "Mozilla/4.0 (compatible; MSIE 6.0; Windows NT 5.1)"
65.212.240.66 - - [23/Feb/2004:14:50:47 -0800] "GET /ncaa/pdf/brackets/NCAA%201972.pdf HTTP/1.1" 206 202101 "-" "Mozilla/4.0 (compatible; MSIE 6.0; Windows NT 5.1)"
192.193.210.32 - - [23/Feb/2004:14:52:31 -0800] "GET /ncaa/pdf/brackets/NCAA%201973.pdf HTTP/1.0" 200 212304 "http://www.google.com/search?hl=en&lr=&ie=UTF-8&oe=UTF-8&q=%22Gil+Damiani%22+%2B+%22wrestling%22" "Mozilla/4.0 (compatible; MSIE 5.5; Windows NT 4.0)"
192.193.210.32 - - [23/Feb/2004:14:52:32 -0800] "GET /ncaa/pdf/brackets/NCAA%201973.pdf HTTP/1.0" 206 209045 "-" "Mozilla/4.0 (compatible; MSIE 5.5; Windows NT 4.0)"
128.147.177.150 - - [23/Feb/2004:15:13:26 -0800] "GET /ncaa/pdf/brackets/NCAA%201994.pdf HTTP/1.1" 200 226551 "http://www.wrestlingstats.com/ncaa/brackets.htm" "Mozilla/4.0 (compatible; MSIE 5.01; Windows NT)"
128.147.177.150 - - [23/Feb/2004:15:13:26 -0800] "GET /ncaa/pdf/brackets/NCAA%201994.pdf HTTP/1.1" 206 222401 "-" "contype"
128.147.177.150 - - [23/Feb/2004:15:13:26 -0800] "GET /ncaa/pdf/brackets/NCAA%201994.pdf HTTP/1.1" 206 222401 "-" "Mozilla/4.0 (compatible; MSIE 5.01; Windows NT)"
128.147.177.150 - - [23/Feb/2004:15:15:31 -0800] "GET /ncaa/pdf/brackets/NCAA%201993.pdf HTTP/1.1" 200 228307 "http://www.wrestlingstats.com/ncaa/brackets.htm" "Mozilla/4.0 (compatible; MSIE 5.01; Windows NT)"
128.147.177.150 - - [23/Feb/2004:15:15:31 -0800] "GET /ncaa/pdf/brackets/NCAA%201993.pdf HTTP/1.1" 206 224155 "-" "contype"
128.147.177.150 - - [23/Feb/2004:15:15:32 -0800] "GET /ncaa/pdf/brackets/NCAA%201993.pdf HTTP/1.1" 206 224155 "-" "Mozilla/4.0 (compatible; MSIE 5.01; Windows NT)"
128.147.177.150 - - [23/Feb/2004:15:17:08 -0800] "GET /ncaa/pdf/brackets/NCAA%201992.pdf HTTP/1.1" 200 65536 "http://www.wrestlingstats.com/ncaa/brackets.htm" "Mozilla/4.0 (compatible; MSIE 5.01; Windows NT)"
128.147.177.150 - - [23/Feb/2004:15:17:09 -0800] "GET /ncaa/pdf/brackets/NCAA%201992.pdf HTTP/1.1" 206 65536 "-" "contype"
128.147.177.150 - - [23/Feb/2004:15:17:09 -0800] "GET /ncaa/pdf/brackets/NCAA%201992.pdf HTTP/1.1" 206 221789 "-" "Mozilla/4.0 (compatible; MSIE 5.01; Windows NT)"
128.147.177.150 - - [23/Feb/2004:15:18:16 -0800] "GET /ncaa/pdf/brackets/NCAA%201991.pdf HTTP/1.1" 200 131072 "http://www.wrestlingstats.com/ncaa/brackets.htm" "Mozilla/4.0 (compatible; MSIE 5.01; Windows NT)"
128.147.177.150 - - [23/Feb/2004:15:18:16 -0800] "GET /ncaa/pdf/brackets/NCAA%201991.pdf HTTP/1.1" 206 225280 "-" "contype"
128.147.177.150 - - [23/Feb/2004:15:18:17 -0800] "GET /ncaa/pdf/brackets/NCAA%201991.pdf HTTP/1.1" 206 225280 "-" "Mozilla/4.0 (compatible; MSIE 5.01; Windows NT)"
199.208.213.35 - - [23/Feb/2004:15:28:27 -0800] "GET /ncaa/brackets.htm HTTP/1.0" 200 12926 "http://www.wrestlinghalloffame.org/" "Mozilla/4.0 (compatible; MSIE 6.0; Windows NT 5.0)"
199.208.213.35 - - [23/Feb/2004:15:28:29 -0800] "GET /apPopupMenu.class HTTP/1.0" 200 19469 "-" "Mozilla/4.0 (compatible; MSIE 6.0; Win32)"
199.208.213.35 - - [23/Feb/2004:15:28:30 -0800] "GET /images/home32.gif HTTP/1.0" 200 287 "-" "Mozilla/4.0 (compatible; MSIE 6.0; Win32)"
199.208.213.35 - - [23/Feb/2004:15:28:31 -0800] "GET /images/mail32.gif HTTP/1.0" 200 317 "-" "Mozilla/4.0 (compatible; MSIE 6.0; Win32)"
199.208.213.35 - - [23/Feb/2004:15:28:54 -0800] "GET /ncaa/pdf/brackets/NCAA%201978.pdf HTTP/1.0" 200 135019 "http://www.wrestlingstats.com/ncaa/brackets.htm" "Mozilla/4.0 (compatible; MSIE 6.0; Windows NT 5.0)"
198.81.26.47 - - [23/Feb/2004:15:30:15 -0800] "GET /ncaa/brackets.htm HTTP/1.0" 200 2834 "http://www.wrestlinghalloffame.org/" "Mozilla/4.0 (compatible; MSIE 6.0; AOL 9.0; Windows NT 5.1; .NET CLR 1.1.4322)"
172.192.189.243 - - [23/Feb/2004:15:30:22 -0800] "GET /apPopupMenu.class HTTP/1.1" 200 19469 "-" "Mozilla/4.0 (Windows XP 5.1) Java/1.4.2"
172.192.189.243 - - [23/Feb/2004:15:30:24 -0800] "GET /images/home32.gif HTTP/1.1" 200 287 "-" "Mozilla/4.0 (Windows XP 5.1) Java/1.4.2"
172.192.189.243 - - [23/Feb/2004:15:30:25 -0800] "GET /images/mail32.gif HTTP/1.1" 200 317 "-" "Mozilla/4.0 (Windows XP 5.1) Java/1.4.2"
199.208.213.35 - - [23/Feb/2004:15:30:36 -0800] "GET /ncaa/pdf/brackets/NCAA%201979.pdf HTTP/1.0" 200 221713 "http://www.wrestlingstats.com/ncaa/brackets.htm" "Mozilla/4.0 (compatible; MSIE 6.0; Windows NT 5.0)"
198.81.26.12 - - [23/Feb/2004:15:30:41 -0800] "GET /ncaa/pdf/brackets/NCAA%201964.pdf HTTP/1.0" 200 117743 "http://www.wrestlingstats.com/ncaa/brackets.htm" "Mozilla/4.0 (compatible; MSIE 6.0; AOL 9.0; Windows NT 5.1; .NET CLR 1.1.4322)"
198.81.26.12 - - [23/Feb/2004:15:30:42 -0800] "GET /ncaa/pdf/brackets/NCAA%201964.pdf HTTP/1.0" 200 117743 "-" "Mozilla/4.0 (compatible; MSIE 6.0; AOL 9.0; Windows NT 5.1; .NET CLR 1.1.4322)"
199.208.213.35 - - [23/Feb/2004:15:31:44 -0800] "GET /ncaa/pdf/brackets/NCAA%201980.pdf HTTP/1.0" 200 222124 "http://www.wrestlingstats.com/ncaa/brackets.htm" "Mozilla/4.0 (compatible; MSIE 6.0; Windows NT 5.0)"
66.27.69.68 - - [23/Feb/2004:15:32:19 -0800] "GET /lehigh/show_leaders.php?term=C&leader=1 HTTP/1.1" 200 2649 "http://www.lehighwrestling.com/Lehigh/Stats/Lehigh%20Individual/individual.htm" "Mozilla/4.0 (compatible; MSIE 6.0; Windows NT 5.1; .NET CLR 1.1.4322)"
66.27.69.68 - - [23/Feb/2004:15:32:21 -0800] "GET /lehigh/apPopupMenu.class HTTP/1.1" 200 19469 "-" "Mozilla/4.0 (Windows XP 5.1) Java/1.4.2"
66.27.69.68 - - [23/Feb/2004:15:32:22 -0800] "GET /lehigh/pix/home.gif HTTP/1.1" 200 215 "-" "Mozilla/4.0 (Windows XP 5.1) Java/1.4.2"
66.27.69.68 - - [23/Feb/2004:15:32:22 -0800] "GET /lehigh/pix/apbfind.gif HTTP/1.1" 200 89 "-" "Mozilla/4.0 (Windows XP 5.1) Java/1.4.2"
66.27.69.68 - - [23/Feb/2004:15:32:38 -0800] "GET /lehigh/view_wrestlers.php?wrestler=216 HTTP/1.1" 200 2746 "http://www.wrestlingstats.com/lehigh/show_leaders.php?term=C&leader=1" "Mozilla/4.0 (compatible; MSIE 6.0; Windows NT 5.1; .NET CLR 1.1.4322)"
66.27.69.68 - - [23/Feb/2004:15:33:00 -0800] "GET /lehigh/wrestlers.php HTTP/1.1" 200 1934 "-" "Mozilla/4.0 (compatible; MSIE 6.0; Windows NT 5.1; .NET CLR 1.1.4322)"
66.27.69.68 - - [23/Feb/2004:15:33:04 -0800] "POST /lehigh/view_all_wrestlers.php HTTP/1.1" 200 1964 "http://www.wrestlingstats.com/lehigh/wrestlers.php" "Mozilla/4.0 (compatible; MSIE 6.0; Windows NT 5.1; .NET CLR 1.1.4322)"
66.27.69.68 - - [23/Feb/2004:15:33:13 -0800] "POST /lehigh/view_all_wrestlers.php HTTP/1.1" 200 2042 "http://www.wrestlingstats.com/lehigh/wrestlers.php" "Mozilla/4.0 (compatible; MSIE 6.0; Windows NT 5.1; .NET CLR 1.1.4322)"
