66.194.6.73 - - [26/Feb/2004:09:05:26 -0800] "GET /ncaa/brackets.htm HTTP/1.1" 200 12926 "-" "Mozilla/4.0 (compatible; MSIE 6.0; Windows NT 5.1; Q312468)"
68.67.104.61 - - [26/Feb/2004:09:19:37 -0800] "GET / HTTP/1.1" 200 1756 "-" "Mozilla/4.0 (compatible; MSIE 6.0; Windows NT 5.1; Q312461)"
68.67.104.61 - - [26/Feb/2004:09:19:38 -0800] "GET /NCAA2003.jpg HTTP/1.1" 200 84807 "http://www.wrestlingstats.com/" "Mozilla/4.0 (compatible; MSIE 6.0; Windows NT 5.1; Q312461)"
68.67.104.61 - - [26/Feb/2004:09:20:28 -0800] "GET /lehigh/index.html HTTP/1.1" 200 839 "-" "Mozilla/4.0 (compatible; MSIE 6.0; Windows NT 5.1; Q312461)"
68.67.104.61 - - [26/Feb/2004:09:20:34 -0800] "GET /lehigh/home.php HTTP/1.1" 200 2019 "-" "Mozilla/4.0 (compatible; MSIE 6.0; Windows NT 5.1; Q312461)"
68.67.104.61 - - [26/Feb/2004:09:20:35 -0800] "GET /lehigh/EIWAChamps.jpg HTTP/1.1" 200 42637 "http://www.wrestlingstats.com/lehigh/home.php" "Mozilla/4.0 (compatible; MSIE 6.0; Windows NT 5.1; Q312461)"
68.67.104.61 - - [26/Feb/2004:09:20:36 -0800] "GET /lehigh/apPopupMenu.class HTTP/1.1" 200 19469 "-" "Mozilla/4.0 (Windows XP 5.1) Java/1.4.1_01"
68.67.104.61 - - [26/Feb/2004:09:20:39 -0800] "GET /lehigh/pix/home.gif HTTP/1.1" 200 215 "-" "Mozilla/4.0 (Windows XP 5.1) Java/1.4.1_01"
68.67.104.61 - - [26/Feb/2004:09:20:40 -0800] "GET /lehigh/pix/apbfind.gif HTTP/1.1" 200 89 "-" "Mozilla/4.0 (Windows XP 5.1) Java/1.4.1_01"
68.67.104.61 - - [26/Feb/2004:09:21:14 -0800] "GET /lehigh/show_leaders.php?term=C&leader=1 HTTP/1.1" 200 2649 "-" "Mozilla/4.0 (compatible; MSIE 6.0; Windows NT 5.1; Q312461)"
68.67.104.61 - - [26/Feb/2004:09:21:42 -0800] "GET /lehigh/view_wrestlers.php?wrestler=668 HTTP/1.1" 200 2772 "http://www.wrestlingstats.com/lehigh/show_leaders.php?term=C&leader=1" "Mozilla/4.0 (compatible; MSIE 6.0; Windows NT 5.1; Q312461)"
68.67.104.61 - - [26/Feb/2004:09:22:04 -0800] "GET /lehigh/view_wrestlers.php?wrestler=282 HTTP/1.1" 200 2816 "http://www.wrestlingstats.com/lehigh/show_leaders.php?term=C&leader=1" "Mozilla/4.0 (compatible; MSIE 6.0; Windows NT 5.1; Q312461)"
68.67.104.61 - - [26/Feb/2004:09:22:40 -0800] "GET /lehigh/show_leaders.php?term=C&leader=2 HTTP/1.1" 200 2673 "-" "Mozilla/4.0 (compatible; MSIE 6.0; Windows NT 5.1; Q312461)"
68.67.104.61 - - [26/Feb/2004:09:23:22 -0800] "GET /lehigh/view_wrestlers.php?wrestler=382 HTTP/1.1" 200 2776 "http://www.wrestlingstats.com/lehigh/show_leaders.php?term=C&leader=2" "Mozilla/4.0 (compatible; MSIE 6.0; Windows NT 5.1; Q312461)"
68.67.104.61 - - [26/Feb/2004:09:23:52 -0800] "GET /lehigh/show_leaders.php?term=C&leader=5 HTTP/1.1" 200 2663 "-" "Mozilla/4.0 (compatible; MSIE 6.0; Windows NT 5.1; Q312461)"
68.67.104.61 - - [26/Feb/2004:09:24:29 -0800] "GET /lehigh/show_leaders_pct.php?type=1 HTTP/1.1" 200 2635 "-" "Mozilla/4.0 (compatible; MSIE 6.0; Windows NT 5.1; Q312461)"
68.67.104.61 - - [26/Feb/2004:09:25:03 -0800] "GET /lehigh/show_leaders.php?term=C&leader=6 HTTP/1.1" 200 2661 "-" "Mozilla/4.0 (compatible; MSIE 6.0; Windows NT 5.1; Q312461)"
68.67.104.61 - - [26/Feb/2004:09:25:22 -0800] "GET /lehigh/show_leaders_pct.php?type=2 HTTP/1.1" 200 2674 "-" "Mozilla/4.0 (compatible; MSIE 6.0; Windows NT 5.1; Q312461)"
68.67.104.61 - - [26/Feb/2004:09:25:48 -0800] "GET /lehigh/show_leaders.php?term=S&leader=5 HTTP/1.1" 200 2494 "-" "Mozilla/4.0 (compatible; MSIE 6.0; Windows NT 5.1; Q312461)"
216.99.185.50 - - [26/Feb/2004:09:25:55 -0800] "GET /eiwa/brackets.htm HTTP/1.0" 200 11529 "http://wrestlingreport.com/Forums/EIWA.mv?parm_func=showmsg+parm_msgnum=1000148" "Mozilla/4.0 (compatible; MSIE 6.0; Windows NT 5.1)"
216.99.185.50 - - [26/Feb/2004:09:26:14 -0800] "GET /eiwa/pdf/brackets/EIWA%201976.pdf HTTP/1.0" 200 69927 "http://www.wrestlingstats.com/eiwa/brackets.htm" "Mozilla/4.0 (compatible; MSIE 6.0; Windows NT 5.1)"
216.99.185.50 - - [26/Feb/2004:09:26:16 -0800] "GET /eiwa/pdf/brackets/EIWA%201976.pdf HTTP/1.0" 206 67395 "-" "Mozilla/4.0 (compatible; MSIE 6.0; Windows NT 5.1)"
68.67.104.61 - - [26/Feb/2004:09:26:19 -0800] "GET /lehigh/show_leaders.php?term=SD&leader=6 HTTP/1.1" 200 2480 "-" "Mozilla/4.0 (compatible; MSIE 6.0; Windows NT 5.1; Q312461)"
216.99.185.50 - - [26/Feb/2004:09:26:20 -0800] "GET /eiwa/pdf/brackets/EIWA%201976.pdf HTTP/1.0" 206 58490 "-" "Mozilla/4.0 (compatible; MSIE 6.0; Windows NT 5.1)"
68.67.104.61 - - [26/Feb/2004:09:26:32 -0800] "GET /lehigh/show_fastest_falls.php HTTP/1.1" 200 3199 "-" "Mozilla/4.0 (compatible; MSIE 6.0; Windows NT 5.1; Q312461)"
68.67.104.61 - - [26/Feb/2004:09:27:12 -0800] "GET /lehigh/show_aas.php HTTP/1.1" 200 4932 "-" "Mozilla/4.0 (compatible; MSIE 6.0; Windows NT 5.1; Q312461)"
68.67.104.61 - - [26/Feb/2004:09:28:00 -0800] "GET /lehigh/view_wrestlers.php?wrestler=552 HTTP/1.1" 200 2646 "http://www.wrestlingstats.com/lehigh/show_aas.php" "Mozilla/4.0 (compatible; MSIE 6.0; Windows NT 5.1; Q312461)"
68.67.104.61 - - [26/Feb/2004:09:28:26 -0800] "GET /lehigh/view_wrestlers.php?wrestler=154 HTTP/1.1" 200 2798 "http://www.wrestlingstats.com/lehigh/show_aas.php" "Mozilla/4.0 (compatible; MSIE 6.0; Windows NT 5.1; Q312461)"
68.67.104.61 - - [26/Feb/2004:09:29:06 -0800] "GET /lehigh/view_wrestlers.php?wrestler=106 HTTP/1.1" 200 2629 "http://www.wrestlingstats.com/lehigh/show_aas.php" "Mozilla/4.0 (compatible; MSIE 6.0; Windows NT 5.1; Q312461)"
216.99.185.50 - - [26/Feb/2004:09:30:22 -0800] "GET /favicon.ico HTTP/1.0" 404 363 "-" "Mozilla/4.0 (compatible; MSIE 6.0; Windows NT 5.1)"
66.194.6.73 - - [26/Feb/2004:09:33:34 -0800] "GET /big10/big10.htm HTTP/1.1" 200 8941 "-" "Mozilla/4.0 (compatible; MSIE 6.0; Windows NT 5.1; Q312462)"
216.203.103.154 - - [26/Feb/2004:09:46:42 -0800] "GET /ncaa/brackets.htm HTTP/1.0" 200 12926 "http://websearch.cnn.com/search/search?source=cnn&invocationType=search%2Ftop&sites=google&query=Iowa+State+wrestling+tournament" "Mozilla/4.0 (compatible; MSIE 6.0; Windows NT 5.1)"
216.203.103.154 - - [26/Feb/2004:09:46:52 -0800] "GET /apPopupMenu.class HTTP/1.0" 200 19469 "-" "Mozilla/4.0 (Windows XP 5.1) Java/1.4.2_03"
216.203.103.154 - - [26/Feb/2004:09:46:53 -0800] "GET /images/home32.gif HTTP/1.0" 200 287 "-" "Mozilla/4.0 (Windows XP 5.1) Java/1.4.2_03"
216.203.103.154 - - [26/Feb/2004:09:46:54 -0800] "GET /images/mail32.gif HTTP/1.0" 200 317 "-" "Mozilla/4.0 (Windows XP 5.1) Java/1.4.2_03"
69.44.153.209 - - [26/Feb/2004:09:52:12 -0800] "GET /ncaa/pdf/brackets/NCAA%201979.pdf HTTP/1.0" 200 221713 "-" "Mozilla/4.0 (compatible; MSIE 5.5; Windows NT 5.0)"
69.44.153.209 - - [26/Feb/2004:09:52:15 -0800] "GET /ncaa/pdf/brackets/NCAA%201977.pdf HTTP/1.0" 200 225054 "-" "Mozilla/4.0 (compatible; MSIE 5.5; Windows NT 5.0)"
208.22.177.251 - - [26/Feb/2004:09:56:14 -0800] "GET /ncaa/pdf/brackets/NCAA%201982.pdf HTTP/1.0" 200 244071 "http://www.google.com/search?hl=en&lr=&ie=UTF-8&oe=UTF-8&q=Colin+James+Kilrain&btnG=Google+Search" "Mozilla/4.0 (compatible; MSIE 6.0; Windows NT 5.0)"
208.22.177.251 - - [26/Feb/2004:09:56:14 -0800] "GET /ncaa/pdf/brackets/NCAA%201982.pdf HTTP/1.0" 206 241363 "-" "Mozilla/4.0 (compatible; MSIE 6.0; Windows NT 5.0)"
208.22.177.251 - - [26/Feb/2004:09:56:17 -0800] "GET /ncaa/pdf/brackets/NCAA%201982.pdf HTTP/1.0" 206 200056 "-" "Mozilla/4.0 (compatible; MSIE 6.0; Windows NT 5.0)"
216.56.4.101 - - [26/Feb/2004:10:00:14 -0800] "GET /ncaa/brackets.htm HTTP/1.0" 200 12926 "http://www.google.com/search?hl=en&ie=UTF-8&oe=UTF-8&q=wrestling+bracket+sheets" "Mozilla/4.0 (compatible; MSIE 5.5; Windows NT 5.0)"
216.56.4.101 - - [26/Feb/2004:10:00:17 -0800] "GET /apPopupMenu.class HTTP/1.0" 200 19469 "-" "Mozilla/4.0 (compatible; MSIE 5.0; Win32)"
216.56.4.101 - - [26/Feb/2004:10:00:18 -0800] "GET /images/home32.gif HTTP/1.0" 200 287 "-" "Mozilla/4.0 (compatible; MSIE 5.0; Win32)"
216.56.4.101 - - [26/Feb/2004:10:00:18 -0800] "GET /images/mail32.gif HTTP/1.0" 200 317 "-" "Mozilla/4.0 (compatible; MSIE 5.0; Win32)"
216.56.4.101 - - [26/Feb/2004:10:00:23 -0800] "GET /ncaa/pdf/brackets/NCAA%202003.pdf HTTP/1.0" 200 144218 "http://www.wrestlingstats.com/ncaa/brackets.htm" "Mozilla/4.0 (compatible; MSIE 5.5; Windows NT 5.0)"
216.56.4.101 - - [26/Feb/2004:10:00:23 -0800] "GET /ncaa/pdf/brackets/NCAA%202003.pdf HTTP/1.0" 206 140748 "-" "Mozilla/4.0 (compatible; MSIE 5.5; Windows NT 5.0)"
208.22.177.251 - - [26/Feb/2004:10:01:52 -0800] "GET /ncaa/pdf/brackets/NCAA%201981.pdf HTTP/1.0" 200 228281 "http://www.google.com/search?hl=en&lr=&ie=UTF-8&oe=UTF-8&q=Colin+James+Kilrain&btnG=Google+Search" "Mozilla/4.0 (compatible; MSIE 6.0; Windows NT 5.0)"
208.22.177.251 - - [26/Feb/2004:10:01:52 -0800] "GET /ncaa/pdf/brackets/NCAA%201981.pdf HTTP/1.0" 206 227033 "-" "Mozilla/4.0 (compatible; MSIE 6.0; Windows NT 5.0)"
167.206.82.154 - - [26/Feb/2004:10:06:56 -0800] "GET / HTTP/1.1" 200 1757 "http://www.lehighwrestling.com/Lehigh/uploads/links.htm" "Mozilla/4.0 (compatible; MSIE 6.0; Windows NT 5.1)"
167.206.82.154 - - [26/Feb/2004:10:06:56 -0800] "GET /NCAA2003.jpg HTTP/1.1" 304 - "http://www.wrestlingstats.com/" "Mozilla/4.0 (compatible; MSIE 6.0; Windows NT 5.1)"
167.206.82.154 - - [26/Feb/2004:10:06:56 -0800] "GET /apPopupMenu.class HTTP/1.1" 304 - "-" "Mozilla/4.0 (compatible; MSIE 6.0; Win32)"
167.206.82.154 - - [26/Feb/2004:10:06:57 -0800] "GET /images/home32.gif HTTP/1.1" 304 - "-" "Mozilla/4.0 (compatible; MSIE 6.0; Win32)"
167.206.82.154 - - [26/Feb/2004:10:06:57 -0800] "GET /images/mail32.gif HTTP/1.1" 304 - "-" "Mozilla/4.0 (compatible; MSIE 6.0; Win32)"
198.26.130.37 - - [26/Feb/2004:10:13:15 -0800] "GET /ncaa/brackets.htm HTTP/1.0" 200 2776 "http://www.google.com/search?hl=en&ie=UTF-8&oe=UTF-8&q=tournament+bracket+sheets&btnG=Google+Search" "Mozilla/4.0 (compatible; MSIE 6.0; Windows NT 5.1)"
198.26.130.37 - - [26/Feb/2004:10:13:17 -0800] "GET /apPopupMenu.class HTTP/1.0" 200 19469 "-" "Mozilla/4.0 (compatible; MSIE 6.0; Win32)"
198.26.130.37 - - [26/Feb/2004:10:13:23 -0800] "GET /images/home32.gif HTTP/1.0" 200 287 "-" "Mozilla/4.0 (compatible; MSIE 6.0; Win32)"
198.26.130.37 - - [26/Feb/2004:10:13:23 -0800] "GET /images/mail32.gif HTTP/1.0" 200 317 "-" "Mozilla/4.0 (compatible; MSIE 6.0; Win32)"
198.26.130.36 - - [26/Feb/2004:10:13:24 -0800] "GET /ncaa/pdf/brackets/NCAA%201967.pdf HTTP/1.0" 200 216170 "http://www.wrestlingstats.com/ncaa/brackets.htm" "Mozilla/4.0 (compatible; MSIE 6.0; Windows NT 5.1)"
198.26.130.37 - - [26/Feb/2004:10:13:57 -0800] "GET /ncaa/pdf/brackets/NCAA%202003.pdf HTTP/1.0" 200 144218 "http://www.wrestlingstats.com/ncaa/brackets.htm" "Mozilla/4.0 (compatible; MSIE 6.0; Windows NT 5.1)"
198.237.11.132 - - [26/Feb/2004:10:15:50 -0800] "GET /ncaa/brackets.htm HTTP/1.1" 200 2796 "http://www.google.com/search?hl=en&lr=&ie=UTF-8&oe=UTF-8&q=the+oregon+state+brackets" "Mozilla/4.0 (compatible; MSIE 5.5; Windows 98)"
198.237.11.132 - - [26/Feb/2004:10:15:50 -0800] "GET /apPopupMenu.class HTTP/1.1" 200 19469 "-" "Mozilla/4.0 (compatible; MSIE 5.0; Win32)"
198.237.11.132 - - [26/Feb/2004:10:15:51 -0800] "GET /images/home32.gif HTTP/1.1" 200 287 "-" "Mozilla/4.0 (compatible; MSIE 5.0; Win32)"
198.237.11.132 - - [26/Feb/2004:10:15:51 -0800] "GET /images/mail32.gif HTTP/1.1" 200 317 "-" "Mozilla/4.0 (compatible; MSIE 5.0; Win32)"
167.206.82.154 - - [26/Feb/2004:10:16:39 -0800] "GET /lehigh/index.html HTTP/1.1" 304 - "-" "Mozilla/4.0 (compatible; MSIE 6.0; Windows NT 5.1)"
167.206.82.154 - - [26/Feb/2004:10:16:40 -0800] "GET /lehigh/home.php HTTP/1.1" 200 2019 "-" "Mozilla/4.0 (compatible; MSIE 6.0; Windows NT 5.1)"
167.206.82.154 - - [26/Feb/2004:10:16:40 -0800] "GET /lehigh/EIWAChamps.jpg HTTP/1.1" 304 - "http://www.wrestlingstats.com/lehigh/home.php" "Mozilla/4.0 (compatible; MSIE 6.0; Windows NT 5.1)"
167.206.82.154 - - [26/Feb/2004:10:16:40 -0800] "GET /lehigh/apPopupMenu.class HTTP/1.1" 304 - "-" "Mozilla/4.0 (compatible; MSIE 6.0; Win32)"
167.206.82.154 - - [26/Feb/2004:10:16:40 -0800] "GET /lehigh/pix/home.gif HTTP/1.1" 304 - "-" "Mozilla/4.0 (compatible; MSIE 6.0; Win32)"
167.206.82.154 - - [26/Feb/2004:10:16:41 -0800] "GET /lehigh/pix/apbfind.gif HTTP/1.1" 304 - "-" "Mozilla/4.0 (compatible; MSIE 6.0; Win32)"
167.206.82.154 - - [26/Feb/2004:10:16:49 -0800] "GET /lehigh/seasons.php HTTP/1.1" 200 3348 "-" "Mozilla/4.0 (compatible; MSIE 6.0; Windows NT 5.1)"
167.206.82.154 - - [26/Feb/2004:10:17:00 -0800] "POST /lehigh/view_seasons.php HTTP/1.1" 200 2828 "http://www.wrestlingstats.com/lehigh/seasons.php" "Mozilla/4.0 (compatible; MSIE 6.0; Windows NT 5.1)"
167.206.82.154 - - [26/Feb/2004:10:17:07 -0800] "GET /lehigh/show_opponent.php?teamno=174&team=Penn%20State HTTP/1.1" 200 4598 "http://www.wrestlingstats.com/lehigh/view_seasons.php" "Mozilla/4.0 (compatible; MSIE 6.0; Windows NT 5.1)"
167.206.82.154 - - [26/Feb/2004:10:17:16 -0800] "GET /lehigh/show_dual.php?meet=1057 HTTP/1.1" 200 2510 "http://www.wrestlingstats.com/lehigh/show_opponent.php?teamno=174&team=Penn State" "Mozilla/4.0 (compatible; MSIE 6.0; Windows NT 5.1)"
167.206.82.154 - - [26/Feb/2004:10:18:41 -0800] "GET /lehigh/show_dual.php?meet=1054 HTTP/1.1" 200 2504 "http://www.wrestlingstats.com/lehigh/show_opponent.php?teamno=174&team=Penn State" "Mozilla/4.0 (compatible; MSIE 6.0; Windows NT 5.1)"
68.15.246.148 - - [26/Feb/2004:10:33:44 -0800] "GET / HTTP/1.1" 200 1756 "-" "Mozilla/4.0 (compatible; MSIE 6.0; Windows NT 5.0; .NET CLR 1.0.3705; .NET CLR 1.1.4322)"
68.15.246.148 - - [26/Feb/2004:10:33:44 -0800] "GET /NCAA2003.jpg HTTP/1.1" 200 84807 "http://www.wrestlingstats.com/" "Mozilla/4.0 (compatible; MSIE 6.0; Windows NT 5.0; .NET CLR 1.0.3705; .NET CLR 1.1.4322)"
68.15.246.148 - - [26/Feb/2004:10:34:03 -0800] "GET /apPopupMenu.class HTTP/1.1" 200 19469 "-" "Mozilla/4.0 (compatible; MSIE 6.0; Win32)"
68.15.246.148 - - [26/Feb/2004:10:34:10 -0800] "GET /images/home32.gif HTTP/1.1" 200 287 "-" "Mozilla/4.0 (compatible; MSIE 6.0; Win32)"
68.15.246.148 - - [26/Feb/2004:10:34:10 -0800] "GET /images/mail32.gif HTTP/1.1" 200 317 "-" "Mozilla/4.0 (compatible; MSIE 6.0; Win32)"
68.15.246.148 - - [26/Feb/2004:10:34:20 -0800] "GET /lehigh/index.html HTTP/1.1" 200 837 "-" "Mozilla/4.0 (compatible; MSIE 6.0; Windows NT 5.0; .NET CLR 1.0.3705; .NET CLR 1.1.4322)"
68.15.246.148 - - [26/Feb/2004:10:34:22 -0800] "GET /lehigh/home.php HTTP/1.1" 200 2019 "-" "Mozilla/4.0 (compatible; MSIE 6.0; Windows NT 5.0; .NET CLR 1.0.3705; .NET CLR 1.1.4322)"
68.15.246.148 - - [26/Feb/2004:10:34:23 -0800] "GET /lehigh/EIWAChamps.jpg HTTP/1.1" 200 42637 "http://www.wrestlingstats.com/lehigh/home.php" "Mozilla/4.0 (compatible; MSIE 6.0; Windows NT 5.0; .NET CLR 1.0.3705; .NET CLR 1.1.4322)"
68.15.246.148 - - [26/Feb/2004:10:34:23 -0800] "GET /lehigh/apPopupMenu.class HTTP/1.1" 200 19469 "-" "Mozilla/4.0 (compatible; MSIE 6.0; Win32)"
68.15.246.148 - - [26/Feb/2004:10:34:24 -0800] "GET /lehigh/pix/home.gif HTTP/1.1" 200 215 "-" "Mozilla/4.0 (compatible; MSIE 6.0; Win32)"
68.15.246.148 - - [26/Feb/2004:10:34:24 -0800] "GET /lehigh/pix/apbfind.gif HTTP/1.1" 200 89 "-" "Mozilla/4.0 (compatible; MSIE 6.0; Win32)"
68.15.246.148 - - [26/Feb/2004:10:34:41 -0800] "GET /lehigh/show_leaders.php?term=SD&leader=5 HTTP/1.1" 200 2518 "-" "Mozilla/4.0 (compatible; MSIE 6.0; Windows NT 5.0; .NET CLR 1.0.3705; .NET CLR 1.1.4322)"
68.15.246.148 - - [26/Feb/2004:10:35:03 -0800] "GET /lehigh/apPopupMenuBeanInfo.class HTTP/1.1" 404 363 "-" "Mozilla/4.0 (compatible; MSIE 6.0; Win32)"
68.15.246.148 - - [26/Feb/2004:10:35:03 -0800] "GET /lehigh/apPopupMenu$COMClassObject.class HTTP/1.1" 404 363 "-" "Mozilla/4.0 (compatible; MSIE 6.0; Win32)"
68.15.246.148 - - [26/Feb/2004:10:35:11 -0800] "GET /lehigh/show_leaders.php?term=C&leader=5 HTTP/1.1" 200 2663 "-" "Mozilla/4.0 (compatible; MSIE 6.0; Windows NT 5.0; .NET CLR 1.0.3705; .NET CLR 1.1.4322)"
68.15.246.148 - - [26/Feb/2004:10:35:47 -0800] "GET /lehigh/apPopupMenu$COMClassObject.class HTTP/1.1" 404 363 "-" "Mozilla/4.0 (compatible; MSIE 6.0; Win32)"
68.15.246.148 - - [26/Feb/2004:10:35:51 -0800] "GET /lehigh/show_leaders.php?term=CD&leader=5 HTTP/1.1" 200 2661 "-" "Mozilla/4.0 (compatible; MSIE 6.0; Windows NT 5.0; .NET CLR 1.0.3705; .NET CLR 1.1.4322)"
68.15.246.148 - - [26/Feb/2004:10:36:03 -0800] "GET /ncaa/ncaa.htm HTTP/1.1" 200 1797 "-" "Mozilla/4.0 (compatible; MSIE 6.0; Windows NT 5.0; .NET CLR 1.0.3705; .NET CLR 1.1.4322)"
68.15.246.148 - - [26/Feb/2004:10:36:08 -0800] "GET /ncaa/pdf/NCAA%20Fastest%20Falls.pdf HTTP/1.1" 200 57738 "http://www.wrestlingstats.com/ncaa/ncaa.htm" "Mozilla/4.0 (compatible; MSIE 6.0; Windows NT 5.0; .NET CLR 1.0.3705; .NET CLR 1.1.4322)"
68.15.246.148 - - [26/Feb/2004:10:36:15 -0800] "GET /ncaa/pdf/NCAA%20Fastest%20Falls.pdf HTTP/1.1" 206 49546 "-" "Mozilla/4.0 (compatible; MSIE 6.0; Windows NT 5.0; .NET CLR 1.0.3705; .NET CLR 1.1.4322)"
68.15.246.148 - - [26/Feb/2004:10:39:31 -0800] "GET /apPopupMenuBeanInfo.class HTTP/1.1" 404 363 "-" "Mozilla/4.0 (compatible; MSIE 6.0; Win32)"
68.15.246.148 - - [26/Feb/2004:10:39:31 -0800] "GET /apPopupMenu$COMClassObject.class HTTP/1.1" 404 363 "-" "Mozilla/4.0 (compatible; MSIE 6.0; Win32)"
68.15.246.148 - - [26/Feb/2004:10:39:35 -0800] "GET /lehigh/home.php HTTP/1.1" 200 2019 "-" "Mozilla/4.0 (compatible; MSIE 6.0; Windows NT 5.0; .NET CLR 1.0.3705; .NET CLR 1.1.4322)"
68.15.246.148 - - [26/Feb/2004:10:39:47 -0800] "GET /lehigh/apPopupMenu$COMClassObject.class HTTP/1.1" 404 363 "-" "Mozilla/4.0 (compatible; MSIE 6.0; Win32)"
68.15.246.148 - - [26/Feb/2004:10:39:48 -0800] "GET /lehigh/seasons.php HTTP/1.1" 200 3348 "-" "Mozilla/4.0 (compatible; MSIE 6.0; Windows NT 5.0; .NET CLR 1.0.3705; .NET CLR 1.1.4322)"
68.15.246.148 - - [26/Feb/2004:10:39:59 -0800] "POST /lehigh/view_seasons.php HTTP/1.1" 200 3445 "http://www.wrestlingstats.com/lehigh/seasons.php" "Mozilla/4.0 (compatible; MSIE 6.0; Windows NT 5.0; .NET CLR 1.0.3705; .NET CLR 1.1.4322)"
68.15.246.148 - - [26/Feb/2004:10:40:14 -0800] "GET /lehigh/view_wrestlers.php?wrestler=731 HTTP/1.1" 200 2403 "http://www.wrestlingstats.com/lehigh/view_seasons.php" "Mozilla/4.0 (compatible; MSIE 6.0; Windows NT 5.0; .NET CLR 1.0.3705; .NET CLR 1.1.4322)"
68.15.246.148 - - [26/Feb/2004:10:40:33 -0800] "POST /lehigh/view_seasons.php HTTP/1.1" 200 3457 "http://www.wrestlingstats.com/lehigh/seasons.php" "Mozilla/4.0 (compatible; MSIE 6.0; Windows NT 5.0; .NET CLR 1.0.3705; .NET CLR 1.1.4322)"
68.15.246.148 - - [26/Feb/2004:10:40:55 -0800] "POST /lehigh/view_seasons.php HTTP/1.1" 200 3224 "http://www.wrestlingstats.com/lehigh/seasons.php" "Mozilla/4.0 (compatible; MSIE 6.0; Windows NT 5.0; .NET CLR 1.0.3705; .NET CLR 1.1.4322)"
68.15.246.148 - - [26/Feb/2004:10:41:09 -0800] "GET /lehigh/view_wrestlers.php?wrestler=720 HTTP/1.1" 200 2569 "http://www.wrestlingstats.com/lehigh/view_seasons.php" "Mozilla/4.0 (compatible; MSIE 6.0; Windows NT 5.0; .NET CLR 1.0.3705; .NET CLR 1.1.4322)"
68.15.246.148 - - [26/Feb/2004:10:41:28 -0800] "GET /lehigh/view_wrestlers.php?wrestler=733 HTTP/1.1" 200 2593 "http://www.wrestlingstats.com/lehigh/view_seasons.php" "Mozilla/4.0 (compatible; MSIE 6.0; Windows NT 5.0; .NET CLR 1.0.3705; .NET CLR 1.1.4322)"
68.15.246.148 - - [26/Feb/2004:10:41:46 -0800] "GET /lehigh/view_wrestlers.php?wrestler=709 HTTP/1.1" 200 2578 "http://www.wrestlingstats.com/lehigh/view_seasons.php" "Mozilla/4.0 (compatible; MSIE 6.0; Windows NT 5.0; .NET CLR 1.0.3705; .NET CLR 1.1.4322)"
68.15.246.148 - - [26/Feb/2004:10:41:53 -0800] "GET /lehigh/view_wrestlers.php?wrestler=724 HTTP/1.1" 200 2764 "http://www.wrestlingstats.com/lehigh/view_seasons.php" "Mozilla/4.0 (compatible; MSIE 6.0; Windows NT 5.0; .NET CLR 1.0.3705; .NET CLR 1.1.4322)"
68.15.246.148 - - [26/Feb/2004:10:42:25 -0800] "GET /lehigh/view_wrestlers.php?wrestler=710 HTTP/1.1" 200 2693 "http://www.wrestlingstats.com/lehigh/view_seasons.php" "Mozilla/4.0 (compatible; MSIE 6.0; Windows NT 5.0; .NET CLR 1.0.3705; .NET CLR 1.1.4322)"
68.15.246.148 - - [26/Feb/2004:10:42:34 -0800] "GET /lehigh/view_wrestlers.php?wrestler=717 HTTP/1.1" 200 2694 "http://www.wrestlingstats.com/lehigh/view_seasons.php" "Mozilla/4.0 (compatible; MSIE 6.0; Windows NT 5.0; .NET CLR 1.0.3705; .NET CLR 1.1.4322)"
68.15.246.148 - - [26/Feb/2004:10:42:41 -0800] "GET /lehigh/view_wrestlers.php?wrestler=739 HTTP/1.1" 200 2493 "http://www.wrestlingstats.com/lehigh/view_seasons.php" "Mozilla/4.0 (compatible; MSIE 6.0; Windows NT 5.0; .NET CLR 1.0.3705; .NET CLR 1.1.4322)"
68.15.246.148 - - [26/Feb/2004:10:42:45 -0800] "GET /lehigh/view_wrestlers.php?wrestler=734 HTTP/1.1" 200 2590 "http://www.wrestlingstats.com/lehigh/view_seasons.php" "Mozilla/4.0 (compatible; MSIE 6.0; Windows NT 5.0; .NET CLR 1.0.3705; .NET CLR 1.1.4322)"
68.15.246.148 - - [26/Feb/2004:10:42:53 -0800] "GET /lehigh/view_wrestlers.php?wrestler=716 HTTP/1.1" 200 2754 "http://www.wrestlingstats.com/lehigh/view_seasons.php" "Mozilla/4.0 (compatible; MSIE 6.0; Windows NT 5.0; .NET CLR 1.0.3705; .NET CLR 1.1.4322)"
216.204.20.90 - - [26/Feb/2004:10:43:05 -0800] "GET / HTTP/1.1" 200 1757 "-" "Mozilla/4.0 (compatible; MSIE 6.0; Windows NT 5.1)"
216.204.20.90 - - [26/Feb/2004:10:43:05 -0800] "GET /NCAA2003.jpg HTTP/1.1" 200 84807 "http://www.wrestlingstats.com/" "Mozilla/4.0 (compatible; MSIE 6.0; Windows NT 5.1)"
216.204.20.90 - - [26/Feb/2004:10:43:05 -0800] "GET /apPopupMenu.class HTTP/1.1" 200 19469 "-" "Mozilla/4.0 (compatible; MSIE 6.0; Win32)"
216.204.20.90 - - [26/Feb/2004:10:43:06 -0800] "GET /images/home32.gif HTTP/1.1" 200 287 "-" "Mozilla/4.0 (compatible; MSIE 6.0; Win32)"
216.204.20.90 - - [26/Feb/2004:10:43:06 -0800] "GET /images/mail32.gif HTTP/1.1" 200 317 "-" "Mozilla/4.0 (compatible; MSIE 6.0; Win32)"
216.204.20.90 - - [26/Feb/2004:10:43:11 -0800] "GET /lehigh/index.html HTTP/1.1" 200 838 "-" "Mozilla/4.0 (compatible; MSIE 6.0; Windows NT 5.1)"
216.204.20.90 - - [26/Feb/2004:10:43:12 -0800] "GET /lehigh/home.php HTTP/1.1" 200 2019 "-" "Mozilla/4.0 (compatible; MSIE 6.0; Windows NT 5.1)"
216.204.20.90 - - [26/Feb/2004:10:43:12 -0800] "GET /lehigh/EIWAChamps.jpg HTTP/1.1" 200 42637 "http://www.wrestlingstats.com/lehigh/home.php" "Mozilla/4.0 (compatible; MSIE 6.0; Windows NT 5.1)"
216.204.20.90 - - [26/Feb/2004:10:43:12 -0800] "GET /lehigh/apPopupMenu.class HTTP/1.1" 200 19469 "-" "Mozilla/4.0 (compatible; MSIE 6.0; Win32)"
216.204.20.90 - - [26/Feb/2004:10:43:13 -0800] "GET /lehigh/pix/home.gif HTTP/1.1" 200 215 "-" "Mozilla/4.0 (compatible; MSIE 6.0; Win32)"
216.204.20.90 - - [26/Feb/2004:10:43:14 -0800] "GET /lehigh/pix/apbfind.gif HTTP/1.1" 200 89 "-" "Mozilla/4.0 (compatible; MSIE 6.0; Win32)"
216.204.20.90 - - [26/Feb/2004:10:43:54 -0800] "GET /lehigh/show_leaders.php?term=SD&leader=5 HTTP/1.1" 200 2518 "-" "Mozilla/4.0 (compatible; MSIE 6.0; Windows NT 5.1)"
216.204.20.90 - - [26/Feb/2004:10:44:30 -0800] "GET /lehigh/show_leaders.php?term=S&leader=2 HTTP/1.1" 200 2470 "-" "Mozilla/4.0 (compatible; MSIE 6.0; Windows NT 5.1)"
216.204.20.90 - - [26/Feb/2004:10:45:00 -0800] "GET /lehigh/show_leaders.php?term=S&leader=6 HTTP/1.1" 200 2481 "-" "Mozilla/4.0 (compatible; MSIE 6.0; Windows NT 5.1)"
216.204.20.90 - - [26/Feb/2004:10:45:30 -0800] "GET /lehigh/show_leaders.php?term=S&leader=1 HTTP/1.1" 200 2494 "-" "Mozilla/4.0 (compatible; MSIE 6.0; Windows NT 5.1)"
216.204.20.90 - - [26/Feb/2004:10:46:08 -0800] "GET /lehigh/show_leaders.php?term=SD&leader=5 HTTP/1.1" 200 2518 "-" "Mozilla/4.0 (compatible; MSIE 6.0; Windows NT 5.1)"
216.204.20.90 - - [26/Feb/2004:10:46:24 -0800] "GET /lehigh/show_leaders.php?term=CD&leader=5 HTTP/1.1" 200 2661 "-" "Mozilla/4.0 (compatible; MSIE 6.0; Windows NT 5.1)"
216.204.20.90 - - [26/Feb/2004:10:46:58 -0800] "GET /lehigh/show_leaders.php?term=C&leader=3 HTTP/1.1" 200 2653 "-" "Mozilla/4.0 (compatible; MSIE 6.0; Windows NT 5.1)"
216.204.20.90 - - [26/Feb/2004:10:47:11 -0800] "GET /lehigh/show_leaders_pct.php?type=1 HTTP/1.1" 200 2635 "-" "Mozilla/4.0 (compatible; MSIE 6.0; Windows NT 5.1)"
216.204.20.90 - - [26/Feb/2004:10:47:42 -0800] "GET /lehigh/show_eiwa_champs.php HTTP/1.1" 200 6143 "-" "Mozilla/4.0 (compatible; MSIE 6.0; Windows NT 5.1)"
216.204.20.90 - - [26/Feb/2004:10:48:00 -0800] "GET /lehigh/view_wrestlers.php?wrestler=45 HTTP/1.1" 200 2647 "http://www.wrestlingstats.com/lehigh/show_eiwa_champs.php" "Mozilla/4.0 (compatible; MSIE 6.0; Windows NT 5.1)"
216.204.20.90 - - [26/Feb/2004:10:48:20 -0800] "GET /lehigh/view_wrestler_bouts.php?wrestler=45&season=1969 HTTP/1.1" 200 2957 "http://www.wrestlingstats.com/lehigh/view_wrestlers.php?wrestler=45" "Mozilla/4.0 (compatible; MSIE 6.0; Windows NT 5.1)"
216.204.20.90 - - [26/Feb/2004:10:49:11 -0800] "GET /lehigh/view_wrestler_bouts.php?wrestler=45&season=1968 HTTP/1.1" 200 2808 "http://www.wrestlingstats.com/lehigh/view_wrestlers.php?wrestler=45" "Mozilla/4.0 (compatible; MSIE 6.0; Windows NT 5.1)"
66.137.201.133 - - [26/Feb/2004:10:49:31 -0800] "GET /ncaa/brackets.htm HTTP/1.1" 200 2797 "http://www.wrestlinghalloffame.org/" "Mozilla/4.0 (compatible; MSIE 6.0; Windows 98; Win 9x 4.90)"
66.137.201.133 - - [26/Feb/2004:10:49:39 -0800] "GET /apPopupMenu.class HTTP/1.1" 200 19469 "-" "Mozilla/4.0 (compatible; MSIE 6.0; Win32)"
216.204.20.90 - - [26/Feb/2004:10:49:41 -0800] "GET /lehigh/view_wrestler_bouts.php?wrestler=45&season=1970 HTTP/1.1" 200 3074 "http://www.wrestlingstats.com/lehigh/view_wrestlers.php?wrestler=45" "Mozilla/4.0 (compatible; MSIE 6.0; Windows NT 5.1)"
66.137.201.133 - - [26/Feb/2004:10:49:44 -0800] "GET /ncaa/pdf/brackets/NCAA%201999.pdf HTTP/1.1" 200 231535 "http://www.wrestlingstats.com/ncaa/brackets.htm" "Mozilla/4.0 (compatible; MSIE 6.0; Windows 98; Win 9x 4.90)"
66.137.201.133 - - [26/Feb/2004:10:49:44 -0800] "GET /ncaa/pdf/brackets/NCAA%201999.pdf HTTP/1.1" 206 227385 "-" "Mozilla/4.0 (compatible; MSIE 6.0; Windows 98; Win 9x 4.90)"
67.39.213.110 - - [26/Feb/2004:10:49:53 -0800] "GET /ncaa/brackets.htm HTTP/1.1" 200 2797 "http://www.wrestlinghalloffame.org/search.php" "Mozilla/4.0 (compatible; MSIE 6.0; Windows NT 5.0; T312461; .NET CLR 1.0.3705; .NET CLR 1.1.4322)"
67.39.213.110 - - [26/Feb/2004:10:49:53 -0800] "GET /apPopupMenu.class HTTP/1.1" 200 19469 "-" "Mozilla/4.0 (compatible; MSIE 6.0; Win32)"
67.39.213.110 - - [26/Feb/2004:10:49:54 -0800] "GET /images/home32.gif HTTP/1.1" 200 287 "-" "Mozilla/4.0 (compatible; MSIE 6.0; Win32)"
67.39.213.110 - - [26/Feb/2004:10:49:55 -0800] "GET /images/mail32.gif HTTP/1.1" 200 317 "-" "Mozilla/4.0 (compatible; MSIE 6.0; Win32)"
216.204.20.90 - - [26/Feb/2004:10:50:30 -0800] "GET /lehigh/view_wrestlers.php?wrestler=305 HTTP/1.1" 200 2611 "http://www.wrestlingstats.com/lehigh/show_eiwa_champs.php" "Mozilla/4.0 (compatible; MSIE 6.0; Windows NT 5.1)"
216.204.20.90 - - [26/Feb/2004:10:50:34 -0800] "GET /lehigh/view_wrestler_bouts.php?wrestler=305&season=1970 HTTP/1.1" 200 2102 "http://www.wrestlingstats.com/lehigh/view_wrestlers.php?wrestler=305" "Mozilla/4.0 (compatible; MSIE 6.0; Windows NT 5.1)"
216.204.20.90 - - [26/Feb/2004:10:50:38 -0800] "GET /lehigh/view_wrestler_bouts.php?wrestler=305&season=1971 HTTP/1.1" 200 2867 "http://www.wrestlingstats.com/lehigh/view_wrestlers.php?wrestler=305" "Mozilla/4.0 (compatible; MSIE 6.0; Windows NT 5.1)"
162.39.91.225 - - [26/Feb/2004:10:50:40 -0800] "GET /ncaa/brackets.htm HTTP/1.1" 200 2798 "http://www.wrestlinghalloffame.org/champions/?teams&team=412&event=412" "Mozilla/4.0 (compatible; MSIE 6.0; Windows 98)"
162.39.91.225 - - [26/Feb/2004:10:50:44 -0800] "GET /apPopupMenu.class HTTP/1.1" 200 19469 "-" "Java 1.1"
162.39.91.225 - - [26/Feb/2004:10:50:46 -0800] "GET /images/home32.gif HTTP/1.1" 200 287 "-" "Java 1.1"
162.39.91.225 - - [26/Feb/2004:10:50:46 -0800] "GET /images/mail32.gif HTTP/1.1" 200 317 "-" "Java 1.1"
162.39.91.225 - - [26/Feb/2004:10:50:59 -0800] "GET /ncaa/pdf/brackets/NCAA%201999.pdf HTTP/1.1" 200 231535 "http://www.wrestlingstats.com/ncaa/brackets.htm" "Mozilla/4.0 (compatible; MSIE 6.0; Windows 98)"
162.39.91.225 - - [26/Feb/2004:10:51:00 -0800] "GET /ncaa/pdf/brackets/NCAA%201999.pdf HTTP/1.1" 206 227385 "-" "Mozilla/4.0 (compatible; MSIE 6.0; Windows 98)"
66.194.6.78 - - [26/Feb/2004:10:51:01 -0800] "GET /index.html HTTP/1.1" 200 2887 "-" "Mozilla/4.0 (compatible; MSIE 6.0; Windows NT 5.1; Q312467)"
216.204.20.90 - - [26/Feb/2004:10:52:02 -0800] "GET /lehigh/view_wrestler_bouts.php?wrestler=305&season=1972 HTTP/1.1" 200 3163 "http://www.wrestlingstats.com/lehigh/view_wrestlers.php?wrestler=305" "Mozilla/4.0 (compatible; MSIE 6.0; Windows NT 5.1)"
216.204.20.90 - - [26/Feb/2004:10:52:46 -0800] "GET /lehigh/view_wrestlers.php?wrestler=115 HTTP/1.1" 200 2625 "http://www.wrestlingstats.com/lehigh/show_eiwa_champs.php" "Mozilla/4.0 (compatible; MSIE 6.0; Windows NT 5.1)"
216.204.20.90 - - [26/Feb/2004:10:52:56 -0800] "GET /lehigh/view_wrestler_bouts.php?wrestler=115&season=1969 HTTP/1.1" 200 2596 "http://www.wrestlingstats.com/lehigh/view_wrestlers.php?wrestler=115" "Mozilla/4.0 (compatible; MSIE 6.0; Windows NT 5.1)"
66.137.201.133 - - [26/Feb/2004:10:53:09 -0800] "GET /ncaa/brackets.htm HTTP/1.1" 304 - "http://www.wrestlinghalloffame.org/" "Mozilla/4.0 (compatible; MSIE 6.0; Windows 98; Win 9x 4.90)"
66.137.201.133 - - [26/Feb/2004:10:53:10 -0800] "GET /apPopupMenu.class HTTP/1.1" 304 - "-" "Mozilla/4.0 (compatible; MSIE 6.0; Win32)"
66.137.201.133 - - [26/Feb/2004:10:53:11 -0800] "GET /images/home32.gif HTTP/1.1" 200 287 "-" "Mozilla/4.0 (compatible; MSIE 6.0; Win32)"
66.137.201.133 - - [26/Feb/2004:10:53:12 -0800] "GET /images/mail32.gif HTTP/1.1" 200 317 "-" "Mozilla/4.0 (compatible; MSIE 6.0; Win32)"
66.137.201.133 - - [26/Feb/2004:10:53:17 -0800] "GET /ncaa/pdf/brackets/NCAA%201999.pdf HTTP/1.1" 206 223289 "http://www.wrestlingstats.com/ncaa/brackets.htm" "Mozilla/4.0 (compatible; MSIE 6.0; Windows 98; Win 9x 4.90)"
66.137.201.133 - - [26/Feb/2004:10:53:21 -0800] "GET /ncaa/pdf/brackets/NCAA%201999.pdf HTTP/1.1" 206 223289 "-" "Mozilla/4.0 (compatible; MSIE 6.0; Windows 98; Win 9x 4.90)"
66.137.201.133 - - [26/Feb/2004:10:53:22 -0800] "GET /ncaa/pdf/brackets/NCAA%201999.pdf HTTP/1.1" 206 99870 "-" "Mozilla/4.0 (compatible; MSIE 6.0; Windows 98; Win 9x 4.90)"
66.137.201.133 - - [26/Feb/2004:10:53:27 -0800] "GET /ncaa/pdf/brackets/NCAA%201999.pdf HTTP/1.1" 206 1024 "-" "Mozilla/4.0 (compatible; MSIE 6.0; Windows 98; Win 9x 4.90)"
66.137.201.133 - - [26/Feb/2004:10:53:27 -0800] "GET /ncaa/pdf/brackets/NCAA%201999.pdf HTTP/1.1" 206 382 "-" "Mozilla/4.0 (compatible; MSIE 6.0; Windows 98; Win 9x 4.90)"
162.39.91.225 - - [26/Feb/2004:10:53:29 -0800] "GET /ncaa/pdf/brackets/NCAA%202000.pdf HTTP/1.1" 200 231911 "http://www.wrestlingstats.com/ncaa/brackets.htm" "Mozilla/4.0 (compatible; MSIE 6.0; Windows 98)"
162.39.91.225 - - [26/Feb/2004:10:53:30 -0800] "GET /ncaa/pdf/brackets/NCAA%202000.pdf HTTP/1.1" 206 227761 "-" "Mozilla/4.0 (compatible; MSIE 6.0; Windows 98)"
216.204.20.90 - - [26/Feb/2004:10:53:41 -0800] "GET /lehigh/view_wrestler_bouts.php?wrestler=115&season=1970 HTTP/1.1" 200 2537 "http://www.wrestlingstats.com/lehigh/view_wrestlers.php?wrestler=115" "Mozilla/4.0 (compatible; MSIE 6.0; Windows NT 5.1)"
66.137.201.133 - - [26/Feb/2004:10:53:42 -0800] "GET /ncaa/pdf/brackets/NCAA%202000.pdf HTTP/1.1" 200 231911 "http://www.wrestlingstats.com/ncaa/brackets.htm" "Mozilla/4.0 (compatible; MSIE 6.0; Windows 98; Win 9x 4.90)"
66.137.201.133 - - [26/Feb/2004:10:53:46 -0800] "GET /ncaa/pdf/brackets/NCAA%202000.pdf HTTP/1.1" 206 227761 "-" "Mozilla/4.0 (compatible; MSIE 6.0; Windows 98; Win 9x 4.90)"
66.137.201.133 - - [26/Feb/2004:10:53:46 -0800] "GET /ncaa/pdf/brackets/NCAA%202000.pdf HTTP/1.1" 206 98535 "-" "Mozilla/4.0 (compatible; MSIE 6.0; Windows 98; Win 9x 4.90)"
66.137.201.133 - - [26/Feb/2004:10:53:49 -0800] "GET /ncaa/pdf/brackets/NCAA%202000.pdf HTTP/1.1" 206 839 "-" "Mozilla/4.0 (compatible; MSIE 6.0; Windows 98; Win 9x 4.90)"
66.137.201.133 - - [26/Feb/2004:10:54:11 -0800] "GET /ncaa/pdf/brackets/NCAA%202000.pdf HTTP/1.1" 206 1024 "-" "Mozilla/4.0 (compatible; MSIE 6.0; Windows 98; Win 9x 4.90)"
66.137.201.133 - - [26/Feb/2004:10:54:12 -0800] "GET /ncaa/pdf/brackets/NCAA%202000.pdf HTTP/1.1" 206 223665 "-" "contype"
66.137.201.133 - - [26/Feb/2004:10:54:12 -0800] "GET /ncaa/pdf/brackets/NCAA%202000.pdf HTTP/1.1" 206 223665 "-" "Mozilla/4.0 (compatible; MSIE 6.0; Windows 98; Win 9x 4.90)"
66.137.201.133 - - [26/Feb/2004:10:54:13 -0800] "GET /ncaa/pdf/brackets/NCAA%202000.pdf HTTP/1.1" 206 94440 "-" "Mozilla/4.0 (compatible; MSIE 6.0; Windows 98; Win 9x 4.90)"
216.204.20.90 - - [26/Feb/2004:10:54:17 -0800] "GET /lehigh/view_wrestler_bouts.php?wrestler=115&season=1971 HTTP/1.1" 200 3024 "http://www.wrestlingstats.com/lehigh/view_wrestlers.php?wrestler=115" "Mozilla/4.0 (compatible; MSIE 6.0; Windows NT 5.1)"
66.137.201.133 - - [26/Feb/2004:10:54:19 -0800] "GET /ncaa/pdf/brackets/NCAA%202000.pdf HTTP/1.1" 206 839 "-" "Mozilla/4.0 (compatible; MSIE 6.0; Windows 98; Win 9x 4.90)"
66.137.201.133 - - [26/Feb/2004:10:54:36 -0800] "GET /ncaa/pdf/brackets/NCAA%202000.pdf HTTP/1.1" 206 1024 "-" "Mozilla/4.0 (compatible; MSIE 6.0; Windows 98; Win 9x 4.90)"
66.137.201.133 - - [26/Feb/2004:10:54:41 -0800] "GET /ncaa/pdf/brackets/NCAA%202000.pdf HTTP/1.1" 206 382 "-" "Mozilla/4.0 (compatible; MSIE 6.0; Windows 98; Win 9x 4.90)"
216.204.20.90 - - [26/Feb/2004:10:55:13 -0800] "GET /lehigh/view_wrestlers.php?wrestler=373 HTTP/1.1" 200 2645 "http://www.wrestlingstats.com/lehigh/show_eiwa_champs.php" "Mozilla/4.0 (compatible; MSIE 6.0; Windows NT 5.1)"
216.204.20.90 - - [26/Feb/2004:10:55:20 -0800] "GET /lehigh/view_wrestler_bouts.php?wrestler=373&season=1975 HTTP/1.1" 200 3059 "http://www.wrestlingstats.com/lehigh/view_wrestlers.php?wrestler=373" "Mozilla/4.0 (compatible; MSIE 6.0; Windows NT 5.1)"
216.204.20.90 - - [26/Feb/2004:10:55:55 -0800] "GET /lehigh/view_wrestler_bouts.php?wrestler=373&season=1976 HTTP/1.1" 200 2865 "http://www.wrestlingstats.com/lehigh/view_wrestlers.php?wrestler=373" "Mozilla/4.0 (compatible; MSIE 6.0; Windows NT 5.1)"
216.204.20.90 - - [26/Feb/2004:10:56:20 -0800] "GET /lehigh/view_wrestler_bouts.php?wrestler=373&season=1977 HTTP/1.1" 200 3136 "http://www.wrestlingstats.com/lehigh/view_wrestlers.php?wrestler=373" "Mozilla/4.0 (compatible; MSIE 6.0; Windows NT 5.1)"
216.204.20.90 - - [26/Feb/2004:10:57:01 -0800] "GET /lehigh/view_wrestlers.php?wrestler=570 HTTP/1.1" 200 2760 "http://www.wrestlingstats.com/lehigh/show_eiwa_champs.php" "Mozilla/4.0 (compatible; MSIE 6.0; Windows NT 5.1)"
216.204.20.90 - - [26/Feb/2004:10:57:12 -0800] "GET /lehigh/view_wrestler_bouts.php?wrestler=570&season=1974 HTTP/1.1" 200 3293 "http://www.wrestlingstats.com/lehigh/view_wrestlers.php?wrestler=570" "Mozilla/4.0 (compatible; MSIE 6.0; Windows NT 5.1)"
216.204.20.90 - - [26/Feb/2004:10:58:25 -0800] "GET /lehigh/view_wrestler_bouts.php?wrestler=570&season=1975 HTTP/1.1" 200 2319 "http://www.wrestlingstats.com/lehigh/view_wrestlers.php?wrestler=570" "Mozilla/4.0 (compatible; MSIE 6.0; Windows NT 5.1)"
216.204.20.90 - - [26/Feb/2004:10:58:41 -0800] "GET /lehigh/view_wrestler_bouts.php?wrestler=570&season=1976 HTTP/1.1" 200 3435 "http://www.wrestlingstats.com/lehigh/view_wrestlers.php?wrestler=570" "Mozilla/4.0 (compatible; MSIE 6.0; Windows NT 5.1)"
216.204.20.90 - - [26/Feb/2004:10:59:34 -0800] "GET /lehigh/view_wrestler_bouts.php?wrestler=570&season=1977 HTTP/1.1" 200 3216 "http://www.wrestlingstats.com/lehigh/view_wrestlers.php?wrestler=570" "Mozilla/4.0 (compatible; MSIE 6.0; Windows NT 5.1)"
205.188.209.11 - - [26/Feb/2004:10:59:38 -0800] "GET / HTTP/1.0" 200 1795 "http://www.thematforums.com/topic.asp?TOPIC_ID=26647" "Mozilla/4.0 (compatible; MSIE 6.0; AOL 9.0; Windows NT 5.1)"
205.188.208.5 - - [26/Feb/2004:10:59:40 -0800] "GET /NCAA2003.jpg HTTP/1.0" 200 84807 "http://www.wrestlingstats.com/" "Mozilla/4.0 (compatible; MSIE 6.0; AOL 9.0; Windows NT 5.1)"
205.188.208.104 - - [26/Feb/2004:11:01:13 -0800] "GET /big10/big10.htm HTTP/1.0" 200 2339 "-" "Mozilla/4.0 (compatible; MSIE 6.0; AOL 9.0; Windows NT 5.1)"
205.188.209.73 - - [26/Feb/2004:11:01:26 -0800] "GET /big10/pdf/Big%2010-2000.pdf HTTP/1.0" 200 26748 "http://www.wrestlingstats.com/big10/big10.htm" "Mozilla/4.0 (compatible; MSIE 6.0; AOL 9.0; Windows NT 5.1)"
205.188.209.73 - - [26/Feb/2004:11:01:27 -0800] "GET /big10/pdf/Big%2010-2000.pdf HTTP/1.0" 200 26748 "-" "Mozilla/4.0 (compatible; MSIE 6.0; AOL 9.0; Windows NT 5.1)"
209.50.139.249 - - [26/Feb/2004:11:03:23 -0800] "GET / HTTP/1.1" 200 1756 "-" "Mozilla/4.0 (compatible; MSIE 6.0; Windows NT 5.0; .NET CLR 1.1.4322)"
209.50.139.249 - - [26/Feb/2004:11:03:23 -0800] "GET /NCAA2003.jpg HTTP/1.1" 200 84807 "http://www.wrestlingstats.com/" "Mozilla/4.0 (compatible; MSIE 6.0; Windows NT 5.0; .NET CLR 1.1.4322)"
209.50.139.249 - - [26/Feb/2004:11:03:24 -0800] "GET /apPopupMenu.class HTTP/1.1" 200 19469 "-" "Mozilla/4.0 (compatible; MSIE 6.0; Win32)"
209.50.139.249 - - [26/Feb/2004:11:03:25 -0800] "GET /images/home32.gif HTTP/1.1" 200 287 "-" "Mozilla/4.0 (compatible; MSIE 6.0; Win32)"
209.50.139.249 - - [26/Feb/2004:11:03:25 -0800] "GET /images/mail32.gif HTTP/1.1" 200 317 "-" "Mozilla/4.0 (compatible; MSIE 6.0; Win32)"
209.50.139.249 - - [26/Feb/2004:11:03:41 -0800] "GET /eiwa/eiwa.htm HTTP/1.1" 200 1729 "-" "Mozilla/4.0 (compatible; MSIE 6.0; Windows NT 5.0; .NET CLR 1.1.4322)"
209.50.139.249 - - [26/Feb/2004:11:03:45 -0800] "GET /eiwa/pdf/EIWA%20Team%20Summary.pdf HTTP/1.1" 200 15188 "http://www.wrestlingstats.com/eiwa/eiwa.htm" "Mozilla/4.0 (compatible; MSIE 6.0; Windows NT 5.0; .NET CLR 1.1.4322)"
209.50.139.249 - - [26/Feb/2004:11:03:45 -0800] "GET /eiwa/pdf/EIWA%20Team%20Summary.pdf HTTP/1.1" 206 12656 "-" "Mozilla/4.0 (compatible; MSIE 6.0; Windows NT 5.0; .NET CLR 1.1.4322)"
209.50.139.249 - - [26/Feb/2004:11:04:08 -0800] "GET /eiwa/pdf/EIWA%20School%20Performance.pdf HTTP/1.1" 200 14908 "http://www.wrestlingstats.com/eiwa/eiwa.htm" "Mozilla/4.0 (compatible; MSIE 6.0; Windows NT 5.0; .NET CLR 1.1.4322)"
209.50.139.249 - - [26/Feb/2004:11:04:08 -0800] "GET /eiwa/pdf/EIWA%20School%20Performance.pdf HTTP/1.1" 206 12376 "-" "Mozilla/4.0 (compatible; MSIE 6.0; Windows NT 5.0; .NET CLR 1.1.4322)"
156.3.163.65 - - [26/Feb/2004:11:04:11 -0800] "GET /ncaa/pdf/brackets/NCAA%201940.pdf HTTP/1.0" 200 72495 "http://www.google.com/search?q=oklahoma+1940&hl=en&lr=&ie=UTF-8&start=10&sa=N" "Mozilla/4.0 (compatible; MSIE 5.01; Windows NT 5.0)"
156.3.163.65 - - [26/Feb/2004:11:04:11 -0800] "GET /ncaa/pdf/brackets/NCAA%201940.pdf HTTP/1.0" 200 72495 "-" "contype"
156.3.163.65 - - [26/Feb/2004:11:04:12 -0800] "GET /ncaa/pdf/brackets/NCAA%201940.pdf HTTP/1.0" 200 72495 "-" "Mozilla/4.0 (compatible; MSIE 5.01; Windows NT 5.0)"
209.50.139.249 - - [26/Feb/2004:11:04:23 -0800] "GET /eiwa/pdf/EIWA%20Place%20Winners.pdf HTTP/1.1" 200 14858 "http://www.wrestlingstats.com/eiwa/eiwa.htm" "Mozilla/4.0 (compatible; MSIE 6.0; Windows NT 5.0; .NET CLR 1.1.4322)"
209.50.139.249 - - [26/Feb/2004:11:04:23 -0800] "GET /eiwa/pdf/EIWA%20Place%20Winners.pdf HTTP/1.1" 206 12326 "-" "Mozilla/4.0 (compatible; MSIE 6.0; Windows NT 5.0; .NET CLR 1.1.4322)"
205.188.209.11 - - [26/Feb/2004:11:04:34 -0800] "GET / HTTP/1.0" 200 1795 "http://www.thematforums.com/topic.asp?TOPIC_ID=26647" "Mozilla/4.0 (compatible; MSIE 6.0; AOL 9.0; Windows NT 5.1)"
205.188.208.5 - - [26/Feb/2004:11:04:36 -0800] "GET /NCAA2003.jpg HTTP/1.0" 200 84807 "http://www.wrestlingstats.com/" "Mozilla/4.0 (compatible; MSIE 6.0; AOL 9.0; Windows NT 5.1)"
209.50.139.249 - - [26/Feb/2004:11:04:42 -0800] "GET /eiwa/brackets.htm HTTP/1.1" 200 2414 "http://www.wrestlingstats.com/eiwa/eiwa.htm" "Mozilla/4.0 (compatible; MSIE 6.0; Windows NT 5.0; .NET CLR 1.1.4322)"
205.188.208.135 - - [26/Feb/2004:11:04:48 -0800] "GET /apPopupMenuBeanInfo.class HTTP/1.0" 404 363 "-" "Java 1.1"
205.188.208.170 - - [26/Feb/2004:11:04:49 -0800] "GET /apPopupMenu$COMClassObject.class HTTP/1.0" 404 363 "-" "Java 1.1"
209.50.139.249 - - [26/Feb/2004:11:04:49 -0800] "GET /eiwa/pdf/brackets/EIWA%201994.pdf HTTP/1.1" 200 71165 "http://www.wrestlingstats.com/eiwa/brackets.htm" "Mozilla/4.0 (compatible; MSIE 6.0; Windows NT 5.0; .NET CLR 1.1.4322)"
209.50.139.249 - - [26/Feb/2004:11:04:49 -0800] "GET /eiwa/pdf/brackets/EIWA%201994.pdf HTTP/1.1" 206 67253 "-" "Mozilla/4.0 (compatible; MSIE 6.0; Windows NT 5.0; .NET CLR 1.1.4322)"
205.188.208.104 - - [26/Feb/2004:11:04:52 -0800] "GET /big10/big10.htm HTTP/1.0" 200 2340 "-" "Mozilla/4.0 (compatible; MSIE 6.0; AOL 9.0; Windows NT 5.1)"
205.188.209.73 - - [26/Feb/2004:11:04:56 -0800] "GET /big10/pdf/Big%2010-2000.pdf HTTP/1.0" 200 26748 "http://www.wrestlingstats.com/big10/big10.htm" "Mozilla/4.0 (compatible; MSIE 6.0; AOL 9.0; Windows NT 5.1)"
205.188.209.73 - - [26/Feb/2004:11:04:57 -0800] "GET /big10/pdf/Big%2010-2000.pdf HTTP/1.1" 200 26748 "-" "Mozilla/4.0 (compatible; MSIE 6.0; AOL 9.0; Windows NT 5.1)"
205.188.209.73 - - [26/Feb/2004:11:04:58 -0800] "GET /big10/pdf/Big%2010-2000.pdf HTTP/1.0" 206 24608 "-" "Mozilla/4.0 (compatible; MSIE 6.0; AOL 9.0; Windows NT 5.1)"
162.39.91.225 - - [26/Feb/2004:11:05:05 -0800] "GET /ncaa/pdf/brackets/NCAA%202003.pdf HTTP/1.1" 200 144218 "http://www.wrestlingstats.com/ncaa/brackets.htm" "Mozilla/4.0 (compatible; MSIE 6.0; Windows 98)"
162.39.91.225 - - [26/Feb/2004:11:05:06 -0800] "GET /ncaa/pdf/brackets/NCAA%202003.pdf HTTP/1.1" 206 140067 "-" "Mozilla/4.0 (compatible; MSIE 6.0; Windows 98)"
162.39.91.225 - - [26/Feb/2004:11:05:06 -0800] "GET /ncaa/pdf/brackets/NCAA%202003.pdf HTTP/1.1" 206 136640 "-" "Mozilla/4.0 (compatible; MSIE 6.0; Windows 98)"
209.50.139.249 - - [26/Feb/2004:11:05:24 -0800] "GET /lehigh/index.html HTTP/1.1" 200 840 "-" "Mozilla/4.0 (compatible; MSIE 6.0; Windows NT 5.0; .NET CLR 1.1.4322)"
209.50.139.249 - - [26/Feb/2004:11:05:25 -0800] "GET /lehigh/home.php HTTP/1.1" 200 2019 "-" "Mozilla/4.0 (compatible; MSIE 6.0; Windows NT 5.0; .NET CLR 1.1.4322)"
209.50.139.249 - - [26/Feb/2004:11:05:25 -0800] "GET /lehigh/EIWAChamps.jpg HTTP/1.1" 200 42637 "http://www.wrestlingstats.com/lehigh/home.php" "Mozilla/4.0 (compatible; MSIE 6.0; Windows NT 5.0; .NET CLR 1.1.4322)"
209.50.139.249 - - [26/Feb/2004:11:05:25 -0800] "GET /lehigh/apPopupMenu.class HTTP/1.1" 200 19469 "-" "Mozilla/4.0 (compatible; MSIE 6.0; Win32)"
209.50.139.249 - - [26/Feb/2004:11:05:26 -0800] "GET /lehigh/pix/home.gif HTTP/1.1" 200 215 "-" "Mozilla/4.0 (compatible; MSIE 6.0; Win32)"
209.50.139.249 - - [26/Feb/2004:11:05:27 -0800] "GET /lehigh/pix/apbfind.gif HTTP/1.1" 200 89 "-" "Mozilla/4.0 (compatible; MSIE 6.0; Win32)"
209.50.139.249 - - [26/Feb/2004:11:05:43 -0800] "GET /lehigh/show_leaders.php?term=C&leader=5 HTTP/1.1" 200 2663 "-" "Mozilla/4.0 (compatible; MSIE 6.0; Windows NT 5.0; .NET CLR 1.1.4322)"
209.50.139.249 - - [26/Feb/2004:11:05:54 -0800] "GET /lehigh/view_wrestlers.php?wrestler=716 HTTP/1.1" 200 2754 "http://www.wrestlingstats.com/lehigh/show_leaders.php?term=C&leader=5" "Mozilla/4.0 (compatible; MSIE 6.0; Windows NT 5.0; .NET CLR 1.1.4322)"
209.50.139.249 - - [26/Feb/2004:11:06:06 -0800] "GET /lehigh/view_wrestler_bouts.php?wrestler=716&season=2004 HTTP/1.1" 200 3176 "http://www.wrestlingstats.com/lehigh/view_wrestlers.php?wrestler=716" "Mozilla/4.0 (compatible; MSIE 6.0; Windows NT 5.0; .NET CLR 1.1.4322)"
162.39.91.225 - - [26/Feb/2004:11:06:34 -0800] "GET /ncaa/pdf/brackets/NCAA%202002.pdf HTTP/1.1" 200 230468 "http://www.wrestlingstats.com/ncaa/brackets.htm" "Mozilla/4.0 (compatible; MSIE 6.0; Windows 98)"
162.39.91.225 - - [26/Feb/2004:11:06:35 -0800] "GET /ncaa/pdf/brackets/NCAA%202002.pdf HTTP/1.1" 206 226317 "-" "Mozilla/4.0 (compatible; MSIE 6.0; Windows 98)"
209.50.139.249 - - [26/Feb/2004:11:06:51 -0800] "GET /lehigh/home.php HTTP/1.1" 200 2019 "-" "Mozilla/4.0 (compatible; MSIE 6.0; Windows NT 5.0; .NET CLR 1.1.4322)"
209.50.139.249 - - [26/Feb/2004:11:06:54 -0800] "GET /lehigh/home.php HTTP/1.1" 200 2019 "-" "Mozilla/4.0 (compatible; MSIE 6.0; Windows NT 5.0; .NET CLR 1.1.4322)"
209.50.139.249 - - [26/Feb/2004:11:07:17 -0800] "GET /lehigh/home.php HTTP/1.1" 200 2019 "-" "Mozilla/4.0 (compatible; MSIE 6.0; Windows NT 5.0; .NET CLR 1.1.4322)"
209.50.139.249 - - [26/Feb/2004:11:07:19 -0800] "GET /favicon.ico HTTP/1.1" 404 363 "-" "Mozilla/4.0 (compatible; MSIE 6.0; Windows NT 5.0; .NET CLR 1.1.4322)"
209.50.139.249 - - [26/Feb/2004:11:07:35 -0800] "GET /eiwa/pdf/brackets/EIWA%201993.pdf HTTP/1.1" 200 70712 "http://www.wrestlingstats.com/eiwa/brackets.htm" "Mozilla/4.0 (compatible; MSIE 6.0; Windows NT 5.0; .NET CLR 1.1.4322)"
209.50.139.249 - - [26/Feb/2004:11:07:36 -0800] "GET /eiwa/pdf/brackets/EIWA%201993.pdf HTTP/1.1" 206 69560 "-" "Mozilla/4.0 (compatible; MSIE 6.0; Windows NT 5.0; .NET CLR 1.1.4322)"
205.188.209.73 - - [26/Feb/2004:11:07:55 -0800] "GET /big10/pdf/Big%2010-2001.pdf HTTP/1.0" 200 26826 "http://www.wrestlingstats.com/big10/big10.htm" "Mozilla/4.0 (compatible; MSIE 6.0; AOL 9.0; Windows NT 5.1)"
205.188.209.73 - - [26/Feb/2004:11:07:56 -0800] "GET /big10/pdf/Big%2010-2001.pdf HTTP/1.1" 200 26826 "-" "Mozilla/4.0 (compatible; MSIE 6.0; AOL 9.0; Windows NT 5.1)"
205.188.209.73 - - [26/Feb/2004:11:07:57 -0800] "GET /big10/pdf/Big%2010-2001.pdf HTTP/1.0" 206 26017 "-" "Mozilla/4.0 (compatible; MSIE 6.0; AOL 9.0; Windows NT 5.1)"
68.32.161.147 - - [26/Feb/2004:11:08:50 -0800] "GET /ncaa/pdf/NCAA%20Bout%20Scoring.pdf HTTP/1.1" 200 46083 "-" "Mozilla/4.0 (compatible; MSIE 6.0; Windows NT 5.1; FunWebProducts; .NET CLR 1.1.4322)"
68.32.161.147 - - [26/Feb/2004:11:08:50 -0800] "GET /ncaa/pdf/NCAA%20Bout%20Scoring.pdf HTTP/1.1" 200 46083 "-" "Mozilla/4.0 (compatible; MSIE 6.0; Windows NT 5.1; FunWebProducts; .NET CLR 1.1.4322)"
68.32.161.147 - - [26/Feb/2004:11:09:10 -0800] "GET /ncaa/pdf/NCAA%20Bout%20Scoring.pdf HTTP/1.1" 200 46083 "-" "Mozilla/4.0 (compatible; MSIE 6.0; Windows NT 5.1; FunWebProducts; .NET CLR 1.1.4322)"
68.32.161.147 - - [26/Feb/2004:11:09:10 -0800] "GET /ncaa/pdf/NCAA%20Bout%20Scoring.pdf HTTP/1.1" 200 46083 "-" "Mozilla/4.0 (compatible; MSIE 6.0; Windows NT 5.1; FunWebProducts; .NET CLR 1.1.4322)"
68.32.161.147 - - [26/Feb/2004:11:09:12 -0800] "GET /ncaa/pdf/NCAA%20Bout%20Scoring.pdf HTTP/1.1" 200 46083 "-" "Mozilla/4.0 (compatible; MSIE 6.0; Windows NT 5.1; FunWebProducts; .NET CLR 1.1.4322)"
68.32.161.147 - - [26/Feb/2004:11:09:12 -0800] "GET /ncaa/pdf/NCAA%20Bout%20Scoring.pdf HTTP/1.1" 200 46083 "-" "Mozilla/4.0 (compatible; MSIE 6.0; Windows NT 5.1; FunWebProducts; .NET CLR 1.1.4322)"
205.188.209.73 - - [26/Feb/2004:11:09:52 -0800] "GET /big10/pdf/Big%2010-2002.pdf HTTP/1.0" 200 26353 "http://www.wrestlingstats.com/big10/big10.htm" "Mozilla/4.0 (compatible; MSIE 6.0; AOL 9.0; Windows NT 5.1)"
205.188.209.73 - - [26/Feb/2004:11:09:53 -0800] "GET /big10/pdf/Big%2010-2002.pdf HTTP/1.1" 200 26353 "-" "Mozilla/4.0 (compatible; MSIE 6.0; AOL 9.0; Windows NT 5.1)"
205.188.209.73 - - [26/Feb/2004:11:09:54 -0800] "GET /big10/pdf/Big%2010-2002.pdf HTTP/1.0" 206 24320 "-" "Mozilla/4.0 (compatible; MSIE 6.0; AOL 9.0; Windows NT 5.1)"
205.188.209.73 - - [26/Feb/2004:11:10:21 -0800] "GET /big10/pdf/Big%2010-2003.pdf HTTP/1.0" 200 26922 "http://www.wrestlingstats.com/big10/big10.htm" "Mozilla/4.0 (compatible; MSIE 6.0; AOL 9.0; Windows NT 5.1)"
205.188.209.73 - - [26/Feb/2004:11:10:22 -0800] "GET /big10/pdf/Big%2010-2003.pdf HTTP/1.0" 200 26922 "-" "Mozilla/4.0 (compatible; MSIE 6.0; AOL 9.0; Windows NT 5.1)"
205.188.209.73 - - [26/Feb/2004:11:10:23 -0800] "GET /big10/pdf/Big%2010-2003.pdf HTTP/1.0" 206 26113 "-" "Mozilla/4.0 (compatible; MSIE 6.0; AOL 9.0; Windows NT 5.1)"
209.50.139.249 - - [26/Feb/2004:11:10:39 -0800] "GET /eiwa/pdf/brackets/EIWA%201992.pdf HTTP/1.1" 200 70726 "http://www.wrestlingstats.com/eiwa/brackets.htm" "Mozilla/4.0 (compatible; MSIE 6.0; Windows NT 5.0; .NET CLR 1.1.4322)"
209.50.139.249 - - [26/Feb/2004:11:10:39 -0800] "GET /eiwa/pdf/brackets/EIWA%201992.pdf HTTP/1.1" 206 68194 "-" "Mozilla/4.0 (compatible; MSIE 6.0; Windows NT 5.0; .NET CLR 1.1.4322)"
205.188.209.37 - - [26/Feb/2004:11:10:52 -0800] "GET /lehigh/index.html HTTP/1.0" 200 877 "-" "Mozilla/4.0 (compatible; MSIE 6.0; AOL 9.0; Windows NT 5.1)"
205.188.208.169 - - [26/Feb/2004:11:10:54 -0800] "GET /lehigh/home.php HTTP/1.0" 200 2101 "-" "Mozilla/4.0 (compatible; MSIE 6.0; AOL 9.0; Windows NT 5.1)"
205.188.209.75 - - [26/Feb/2004:11:10:55 -0800] "GET /lehigh/EIWAChamps.jpg HTTP/1.0" 200 42637 "http://www.wrestlingstats.com/lehigh/home.php" "Mozilla/4.0 (compatible; MSIE 6.0; AOL 9.0; Windows NT 5.1)"
205.188.208.169 - - [26/Feb/2004:11:11:18 -0800] "GET /lehigh/home.php HTTP/1.0" 200 2101 "-" "Mozilla/4.0 (compatible; MSIE 6.0; AOL 9.0; Windows NT 5.1)"
205.188.209.75 - - [26/Feb/2004:11:11:19 -0800] "GET /lehigh/EIWAChamps.jpg HTTP/1.0" 200 42637 "http://www.wrestlingstats.com/lehigh/home.php" "Mozilla/4.0 (compatible; MSIE 6.0; AOL 9.0; Windows NT 5.1)"
209.50.139.249 - - [26/Feb/2004:11:11:23 -0800] "GET /eiwa/pdf/brackets/EIWA%201991.pdf HTTP/1.1" 200 71310 "http://www.wrestlingstats.com/eiwa/brackets.htm" "Mozilla/4.0 (compatible; MSIE 6.0; Windows NT 5.0; .NET CLR 1.1.4322)"
209.50.139.249 - - [26/Feb/2004:11:11:24 -0800] "GET /eiwa/pdf/brackets/EIWA%201991.pdf HTTP/1.1" 206 67398 "-" "Mozilla/4.0 (compatible; MSIE 6.0; Windows NT 5.0; .NET CLR 1.1.4322)"
205.188.209.72 - - [26/Feb/2004:11:11:52 -0800] "GET /lehigh/show_aas.php HTTP/1.0" 200 3609 "-" "Mozilla/4.0 (compatible; MSIE 6.0; AOL 9.0; Windows NT 5.1)"
66.93.61.141 - - [26/Feb/2004:11:11:54 -0800] "GET / HTTP/1.1" 200 1757 "http://wrestlingreport.com/" "Mozilla/4.0 (compatible; MSIE 6.0; Windows NT 5.1; FunWebProducts; .NET CLR 1.1.4322)"
66.93.61.141 - - [26/Feb/2004:11:11:54 -0800] "GET /NCAA2003.jpg HTTP/1.1" 200 84807 "http://www.wrestlingstats.com/" "Mozilla/4.0 (compatible; MSIE 6.0; Windows NT 5.1; FunWebProducts; .NET CLR 1.1.4322)"
66.93.61.141 - - [26/Feb/2004:11:11:54 -0800] "GET /apPopupMenu.class HTTP/1.1" 200 19469 "-" "Mozilla/4.0 (compatible; MSIE 6.0; Win32)"
66.93.61.141 - - [26/Feb/2004:11:11:55 -0800] "GET /images/home32.gif HTTP/1.1" 200 287 "-" "Mozilla/4.0 (compatible; MSIE 6.0; Win32)"
66.93.61.141 - - [26/Feb/2004:11:11:55 -0800] "GET /images/mail32.gif HTTP/1.1" 200 317 "-" "Mozilla/4.0 (compatible; MSIE 6.0; Win32)"
