68.193.69.82 - - [23/Feb/2004:18:06:50 -0800] "GET /eiwa/pdf/EIWA%20School%20Performance.pdf HTTP/1.1" 200 14908 "-" "Mozilla/4.0 (compatible; MSIE 6.0; Windows NT 5.0; .NET CLR 1.1.4322)"
68.193.69.82 - - [23/Feb/2004:18:06:50 -0800] "GET /eiwa/pdf/EIWA%20School%20Performance.pdf HTTP/1.1" 206 10756 "-" "Mozilla/4.0 (compatible; MSIE 6.0; Windows NT 5.0; .NET CLR 1.1.4322)"
205.188.209.112 - - [23/Feb/2004:18:06:54 -0800] "GET /lehigh/apPopupMenu$COMClassObject.class HTTP/1.0" 404 363 "-" "Java 1.1"
205.188.209.103 - - [23/Feb/2004:18:06:55 -0800] "GET /lehigh/wrestlers.php HTTP/1.0" 200 2016 "-" "Mozilla/4.0 (compatible; MSIE 6.0; AOL 9.0; Windows 98; Win 9x 4.90)"
209.122.226.187 - - [23/Feb/2004:18:06:55 -0800] "GET /eiwa/brackets.htm HTTP/1.1" 200 11529 "http://wrestlingreport.com/Forums/EIWA.mv?parm_func=showmsg+parm_msgnum=1000148" "Mozilla/4.0 (compatible; MSIE 5.21; Mac_PowerPC)"
209.122.226.187 - - [23/Feb/2004:18:07:01 -0800] "GET /apPopupMenu.class HTTP/1.1" 200 19469 "-" "Java1.3.1"
209.122.226.187 - - [23/Feb/2004:18:07:04 -0800] "GET /images/home32.gif HTTP/1.1" 200 287 "-" "Java1.3.1"
209.122.226.187 - - [23/Feb/2004:18:07:05 -0800] "GET /images/mail32.gif HTTP/1.1" 200 317 "-" "Java1.3.1"
205.188.193.31 - - [23/Feb/2004:18:07:07 -0800] "POST /lehigh/view_all_wrestlers.php HTTP/1.0" 200 2119 "http://www.wrestlingstats.com/lehigh/wrestlers.php" "Mozilla/4.0 (compatible; MSIE 6.0; AOL 9.0; Windows 98; Win 9x 4.90)"
68.193.69.82 - - [23/Feb/2004:18:07:17 -0800] "GET /eiwa/pdf/EIWA%20Place%20Winners.pdf HTTP/1.1" 200 14858 "-" "Mozilla/4.0 (compatible; MSIE 6.0; Windows NT 5.0; .NET CLR 1.1.4322)"
68.193.69.82 - - [23/Feb/2004:18:07:18 -0800] "GET /eiwa/pdf/EIWA%20Place%20Winners.pdf HTTP/1.1" 206 10706 "-" "Mozilla/4.0 (compatible; MSIE 6.0; Windows NT 5.0; .NET CLR 1.1.4322)"
205.188.209.112 - - [23/Feb/2004:18:07:26 -0800] "GET /lehigh/view_wrestlers.php?wrestler=281 HTTP/1.0" 200 2682 "http://www.wrestlingstats.com/lehigh/view_all_wrestlers.php" "Mozilla/4.0 (compatible; MSIE 6.0; AOL 9.0; Windows 98; Win 9x 4.90)"
204.254.175.104 - - [23/Feb/2004:18:07:28 -0800] "GET /eiwa/pdf/brackets/EIWA%201970.pdf HTTP/1.0" 200 64644 "http://www.wrestlingstats.com/eiwa/brackets.htm" "Mozilla/4.0 (compatible; MSIE 6.0; Windows NT 5.0; T312461; .NET CLR 1.0.3705)"
204.254.175.104 - - [23/Feb/2004:18:07:28 -0800] "GET /eiwa/pdf/brackets/EIWA%201970.pdf HTTP/1.0" 206 60490 "-" "Mozilla/4.0 (compatible; MSIE 6.0; Windows NT 5.0; T312461; .NET CLR 1.0.3705)"
204.254.175.104 - - [23/Feb/2004:18:07:29 -0800] "GET /eiwa/pdf/brackets/EIWA%201970.pdf HTTP/1.0" 206 60873 "-" "Mozilla/4.0 (compatible; MSIE 6.0; Windows NT 5.0; T312461; .NET CLR 1.0.3705)"
199.224.107.161 - - [23/Feb/2004:18:07:30 -0800] "GET /ncaa/brackets.htm HTTP/1.1" 200 2798 "http://www.wrestlinghalloffame.com/champions?names&wrestler=1989" "Mozilla/4.0 (compatible; MSIE 5.0; Windows 98; DigExt)"
68.193.69.82 - - [23/Feb/2004:18:07:34 -0800] "GET /lehigh/apPopupMenu.class HTTP/1.1" 304 - "-" "Mozilla/4.0 (Windows 2000 5.0) Java/1.4.2_03"
68.193.69.82 - - [23/Feb/2004:18:07:34 -0800] "GET /lehigh/pix/home.gif HTTP/1.1" 304 - "-" "Mozilla/4.0 (Windows 2000 5.0) Java/1.4.2_03"
68.193.69.82 - - [23/Feb/2004:18:07:34 -0800] "GET /lehigh/pix/apbfind.gif HTTP/1.1" 304 - "-" "Mozilla/4.0 (Windows 2000 5.0) Java/1.4.2_03"
68.193.69.82 - - [23/Feb/2004:18:07:39 -0800] "GET /ncaa/ncaa.htm HTTP/1.1" 200 3575 "-" "Mozilla/4.0 (compatible; MSIE 6.0; Windows NT 5.0; .NET CLR 1.1.4322)"
68.193.69.82 - - [23/Feb/2004:18:07:39 -0800] "GET /images/home32.gif HTTP/1.1" 304 - "-" "Mozilla/4.0 (Windows 2000 5.0) Java/1.4.2_03"
68.193.69.82 - - [23/Feb/2004:18:07:39 -0800] "GET /images/mail32.gif HTTP/1.1" 304 - "-" "Mozilla/4.0 (Windows 2000 5.0) Java/1.4.2_03"
64.12.116.205 - - [23/Feb/2004:18:07:47 -0800] "GET / HTTP/1.0" 200 1792 "http://www.wrestlingreport.com/" "Mozilla/4.0 (compatible; MSIE 6.0; AOL 8.0; Windows NT 5.1; YComp 5.0.2.6)"
68.193.69.82 - - [23/Feb/2004:18:07:48 -0800] "GET /ncaa/brackets.htm HTTP/1.1" 200 12926 "-" "Mozilla/4.0 (compatible; MSIE 6.0; Windows NT 5.0; .NET CLR 1.1.4322)"
64.12.96.6 - - [23/Feb/2004:18:07:50 -0800] "GET /NCAA2003.jpg HTTP/1.0" 200 84807 "http://www.wrestlingstats.com/" "Mozilla/4.0 (compatible; MSIE 6.0; AOL 8.0; Windows NT 5.1; YComp 5.0.2.6)"
68.193.69.82 - - [23/Feb/2004:18:07:58 -0800] "GET /ncaa/pdf/brackets/NCAA%201955.pdf HTTP/1.1" 200 93633 "-" "Mozilla/4.0 (compatible; MSIE 6.0; Windows NT 5.0; .NET CLR 1.1.4322)"
68.193.69.82 - - [23/Feb/2004:18:07:58 -0800] "GET /ncaa/pdf/brackets/NCAA%201955.pdf HTTP/1.1" 206 89481 "-" "Mozilla/4.0 (compatible; MSIE 6.0; Windows NT 5.0; .NET CLR 1.1.4322)"
199.224.107.161 - - [23/Feb/2004:18:07:58 -0800] "GET /ncaa/pdf/brackets/NCAA%201967.pdf HTTP/1.1" 200 216170 "http://www.wrestlingstats.com/ncaa/brackets.htm" "Mozilla/4.0 (compatible; MSIE 5.0; Windows 98; DigExt)"
12.76.26.137 - - [23/Feb/2004:18:08:01 -0800] "GET /eiwa/pdf/brackets/EIWA%201983.pdf HTTP/1.1" 206 4108 "-" "Mozilla/4.0 (compatible; MSIE 6.0; Windows 98)"
199.224.107.161 - - [23/Feb/2004:18:08:01 -0800] "GET /ncaa/pdf/brackets/NCAA%201967.pdf HTTP/1.1" 206 211575 "-" "contype"
199.224.107.161 - - [23/Feb/2004:18:08:03 -0800] "GET /ncaa/pdf/brackets/NCAA%201967.pdf HTTP/1.1" 206 211575 "-" "Mozilla/4.0 (compatible; MSIE 5.0; Windows 98; DigExt)"
199.224.107.161 - - [23/Feb/2004:18:08:06 -0800] "GET /ncaa/pdf/brackets/NCAA%201967.pdf HTTP/1.1" 206 207902 "-" "Mozilla/4.0 (compatible; MSIE 5.0; Windows 98; DigExt)"
205.188.208.9 - - [23/Feb/2004:18:08:32 -0800] "GET /lehigh/view_wrestler_bouts.php?wrestler=281&season=1979 HTTP/1.0" 200 2734 "http://www.wrestlingstats.com/lehigh/view_wrestlers.php?wrestler=281" "Mozilla/4.0 (compatible; MSIE 6.0; AOL 9.0; Windows 98; Win 9x 4.90)"
12.76.26.137 - - [23/Feb/2004:18:08:35 -0800] "GET /eiwa/pdf/brackets/EIWA%201983.pdf HTTP/1.1" 206 2267 "-" "Mozilla/4.0 (compatible; MSIE 6.0; Windows 98)"
12.76.26.137 - - [23/Feb/2004:18:08:51 -0800] "GET /eiwa/pdf/brackets/EIWA%201983.pdf HTTP/1.1" 206 2282 "-" "Mozilla/4.0 (compatible; MSIE 6.0; Windows 98)"
205.188.209.76 - - [23/Feb/2004:18:08:57 -0800] "GET /lehigh/view_wrestler_bouts.php?wrestler=3&season=1977 HTTP/1.0" 200 2836 "http://www.wrestlingstats.com/lehigh/view_wrestlers.php?wrestler=3" "Mozilla/4.0 (compatible; MSIE 6.0; AOL 9.0; Windows 98; Win 9x 4.90)"
12.76.26.137 - - [23/Feb/2004:18:09:01 -0800] "GET /eiwa/pdf/brackets/EIWA%201983.pdf HTTP/1.1" 206 2279 "-" "Mozilla/4.0 (compatible; MSIE 6.0; Windows 98)"
12.76.26.137 - - [23/Feb/2004:18:10:15 -0800] "GET /eiwa/pdf/brackets/EIWA%201983.pdf HTTP/1.1" 206 2286 "-" "Mozilla/4.0 (compatible; MSIE 6.0; Windows 98)"
12.76.26.137 - - [23/Feb/2004:18:10:16 -0800] "GET /eiwa/pdf/brackets/EIWA%201983.pdf HTTP/1.1" 206 3472 "-" "Mozilla/4.0 (compatible; MSIE 6.0; Windows 98)"
199.224.107.161 - - [23/Feb/2004:18:10:35 -0800] "GET /ncaa/brackets.htm HTTP/1.1" 200 2797 "http://www.wrestlinghalloffame.com/champions?names&wrestler=1989" "Mozilla/4.0 (compatible; MSIE 5.0; Windows 98; DigExt)"
199.224.107.161 - - [23/Feb/2004:18:10:43 -0800] "GET /ncaa/pdf/brackets/NCAA%201960.pdf HTTP/1.1" 200 98238 "http://www.wrestlingstats.com/ncaa/brackets.htm" "Mozilla/4.0 (compatible; MSIE 5.0; Windows 98; DigExt)"
12.76.26.137 - - [23/Feb/2004:18:10:45 -0800] "GET /eiwa/pdf/brackets/EIWA%201983.pdf HTTP/1.1" 206 2288 "-" "Mozilla/4.0 (compatible; MSIE 6.0; Windows 98)"
199.224.107.161 - - [23/Feb/2004:18:10:45 -0800] "GET /ncaa/pdf/brackets/NCAA%201960.pdf HTTP/1.1" 206 93642 "-" "contype"
199.224.107.161 - - [23/Feb/2004:18:10:47 -0800] "GET /ncaa/pdf/brackets/NCAA%201960.pdf HTTP/1.1" 206 93642 "-" "Mozilla/4.0 (compatible; MSIE 5.0; Windows 98; DigExt)"
199.224.107.161 - - [23/Feb/2004:18:10:50 -0800] "GET /ncaa/pdf/brackets/NCAA%201960.pdf HTTP/1.1" 206 89578 "-" "Mozilla/4.0 (compatible; MSIE 5.0; Windows 98; DigExt)"
209.173.13.97 - - [23/Feb/2004:18:10:53 -0800] "GET /lehigh/coach.php HTTP/1.0" 200 2236 "http://lehighwrestling.com/Lehigh/Stats/Lehigh%20Team/Coaching%20Performance.html" "Mozilla/4.0 (compatible; MSIE 6.0; Windows NT 5.0)"
209.173.13.97 - - [23/Feb/2004:18:10:54 -0800] "GET /lehigh/apPopupMenu.class HTTP/1.0" 200 19469 "-" "Mozilla/4.0 (compatible; MSIE 6.0; Win32)"
209.173.13.97 - - [23/Feb/2004:18:10:54 -0800] "GET /lehigh/pix/home.gif HTTP/1.0" 200 215 "-" "Mozilla/4.0 (compatible; MSIE 6.0; Win32)"
209.173.13.97 - - [23/Feb/2004:18:10:55 -0800] "GET /lehigh/pix/apbfind.gif HTTP/1.0" 200 89 "-" "Mozilla/4.0 (compatible; MSIE 6.0; Win32)"
199.224.107.161 - - [23/Feb/2004:18:11:14 -0800] "GET /ncaa/brackets.htm HTTP/1.1" 200 2798 "http://www.wrestlinghalloffame.com/champions?names&wrestler=1989" "Mozilla/4.0 (compatible; MSIE 5.0; Windows 98; DigExt)"
12.76.26.137 - - [23/Feb/2004:18:11:16 -0800] "GET /eiwa/pdf/brackets/EIWA%201982.pdf HTTP/1.1" 200 132086 "http://www.wrestlingstats.com/eiwa/brackets.htm" "Mozilla/4.0 (compatible; MSIE 6.0; Windows 98)"
199.224.107.161 - - [23/Feb/2004:18:11:17 -0800] "GET /ncaa/pdf/brackets/NCAA%201961.pdf HTTP/1.1" 200 94434 "http://www.wrestlingstats.com/ncaa/brackets.htm" "Mozilla/4.0 (compatible; MSIE 5.0; Windows 98; DigExt)"
12.76.26.137 - - [23/Feb/2004:18:11:19 -0800] "GET /eiwa/pdf/brackets/EIWA%201982.pdf HTTP/1.1" 206 127490 "-" "Mozilla/4.0 (compatible; MSIE 6.0; Windows 98)"
199.224.107.161 - - [23/Feb/2004:18:11:19 -0800] "GET /ncaa/pdf/brackets/NCAA%201961.pdf HTTP/1.1" 200 94434 "-" "contype"
199.224.107.161 - - [23/Feb/2004:18:11:22 -0800] "GET /ncaa/pdf/brackets/NCAA%201961.pdf HTTP/1.1" 200 94434 "-" "Mozilla/4.0 (compatible; MSIE 5.0; Windows 98; DigExt)"
12.76.26.137 - - [23/Feb/2004:18:11:23 -0800] "GET /eiwa/pdf/brackets/EIWA%201982.pdf HTTP/1.1" 206 99025 "-" "Mozilla/4.0 (compatible; MSIE 6.0; Windows 98)"
12.76.26.137 - - [23/Feb/2004:18:11:23 -0800] "GET /eiwa/pdf/brackets/EIWA%201982.pdf HTTP/1.1" 206 978 "-" "Mozilla/4.0 (compatible; MSIE 6.0; Windows 98)"
199.224.107.161 - - [23/Feb/2004:18:11:24 -0800] "GET /ncaa/pdf/brackets/NCAA%201961.pdf HTTP/1.1" 206 90318 "-" "Mozilla/4.0 (compatible; MSIE 5.0; Windows 98; DigExt)"
12.76.26.137 - - [23/Feb/2004:18:11:25 -0800] "GET /eiwa/pdf/brackets/EIWA%201982.pdf HTTP/1.1" 206 1024 "-" "Mozilla/4.0 (compatible; MSIE 6.0; Windows 98)"
12.76.26.137 - - [23/Feb/2004:18:11:29 -0800] "GET /eiwa/pdf/brackets/EIWA%201982.pdf HTTP/1.1" 206 379 "-" "Mozilla/4.0 (compatible; MSIE 6.0; Windows 98)"
209.173.13.97 - - [23/Feb/2004:18:11:36 -0800] "GET /lehigh/show_coach.php?coachid=7&coach=Greg%20Strobel HTTP/1.0" 200 2440 "http://www.wrestlingstats.com/lehigh/coach.php" "Mozilla/4.0 (compatible; MSIE 6.0; Windows NT 5.0)"
199.224.107.161 - - [23/Feb/2004:18:11:58 -0800] "GET /ncaa/brackets.htm HTTP/1.1" 200 2798 "http://www.wrestlinghalloffame.com/champions?names&wrestler=1989" "Mozilla/4.0 (compatible; MSIE 5.0; Windows 98; DigExt)"
199.224.107.161 - - [23/Feb/2004:18:12:02 -0800] "GET /ncaa/pdf/brackets/NCAA%201962.pdf HTTP/1.1" 200 96564 "http://www.wrestlingstats.com/ncaa/brackets.htm" "Mozilla/4.0 (compatible; MSIE 5.0; Windows 98; DigExt)"
199.224.107.161 - - [23/Feb/2004:18:12:04 -0800] "GET /ncaa/pdf/brackets/NCAA%201962.pdf HTTP/1.1" 206 91968 "-" "contype"
199.224.107.161 - - [23/Feb/2004:18:12:07 -0800] "GET /ncaa/pdf/brackets/NCAA%201962.pdf HTTP/1.1" 206 91968 "-" "Mozilla/4.0 (compatible; MSIE 5.0; Windows 98; DigExt)"
24.185.190.115 - - [23/Feb/2004:18:12:07 -0800] "GET /ncaa/pdf/brackets/NCAA%201970.pdf HTTP/1.1" 200 215841 "http://www.google.com/search?hl=en&lr=&ie=UTF-8&oe=UTF-8&q=%22bruce+hosta%22" "Mozilla/4.0 (compatible; MSIE 6.0; Windows NT 5.1; .NET CLR 1.1.4322)"
24.185.190.115 - - [23/Feb/2004:18:12:08 -0800] "GET /ncaa/pdf/brackets/NCAA%201970.pdf HTTP/1.1" 206 213150 "-" "Mozilla/4.0 (compatible; MSIE 6.0; Windows NT 5.1; .NET CLR 1.1.4322)"
199.224.107.161 - - [23/Feb/2004:18:12:09 -0800] "GET /ncaa/pdf/brackets/NCAA%201962.pdf HTTP/1.1" 206 87904 "-" "Mozilla/4.0 (compatible; MSIE 5.0; Windows 98; DigExt)"
205.188.209.76 - - [23/Feb/2004:18:12:13 -0800] "GET /lehigh/view_wrestler_bouts.php?wrestler=3&season=1978 HTTP/1.0" 200 2758 "http://www.wrestlingstats.com/lehigh/view_wrestlers.php?wrestler=3" "Mozilla/4.0 (compatible; MSIE 6.0; AOL 9.0; Windows 98; Win 9x 4.90)"
199.224.107.161 - - [23/Feb/2004:18:12:38 -0800] "GET /ncaa/brackets.htm HTTP/1.1" 200 2797 "http://www.wrestlinghalloffame.com/champions?names&wrestler=1989" "Mozilla/4.0 (compatible; MSIE 5.0; Windows 98; DigExt)"
199.224.107.161 - - [23/Feb/2004:18:12:42 -0800] "GET /ncaa/pdf/brackets/NCAA%201963.pdf HTTP/1.1" 200 101917 "http://www.wrestlingstats.com/ncaa/brackets.htm" "Mozilla/4.0 (compatible; MSIE 5.0; Windows 98; DigExt)"
199.224.107.161 - - [23/Feb/2004:18:12:44 -0800] "GET /ncaa/pdf/brackets/NCAA%201963.pdf HTTP/1.1" 206 97322 "-" "contype"
199.224.107.161 - - [23/Feb/2004:18:12:46 -0800] "GET /ncaa/pdf/brackets/NCAA%201963.pdf HTTP/1.1" 206 97322 "-" "Mozilla/4.0 (compatible; MSIE 5.0; Windows 98; DigExt)"
199.224.107.161 - - [23/Feb/2004:18:12:49 -0800] "GET /ncaa/pdf/brackets/NCAA%201963.pdf HTTP/1.1" 206 93361 "-" "Mozilla/4.0 (compatible; MSIE 5.0; Windows 98; DigExt)"
199.224.107.161 - - [23/Feb/2004:18:13:24 -0800] "GET /ncaa/brackets.htm HTTP/1.1" 200 2798 "http://www.wrestlinghalloffame.com/champions?names&wrestler=1989" "Mozilla/4.0 (compatible; MSIE 5.0; Windows 98; DigExt)"
199.224.107.161 - - [23/Feb/2004:18:13:28 -0800] "GET /ncaa/pdf/brackets/NCAA%201962.pdf HTTP/1.1" 206 87424 "http://www.wrestlingstats.com/ncaa/brackets.htm" "Mozilla/4.0 (compatible; MSIE 5.0; Windows 98; DigExt)"
199.224.107.161 - - [23/Feb/2004:18:13:31 -0800] "GET /ncaa/pdf/brackets/NCAA%201962.pdf HTTP/1.1" 206 87424 "-" "contype"
199.224.107.161 - - [23/Feb/2004:18:13:34 -0800] "GET /ncaa/pdf/brackets/NCAA%201962.pdf HTTP/1.1" 206 87424 "-" "Mozilla/4.0 (compatible; MSIE 5.0; Windows 98; DigExt)"
199.224.107.161 - - [23/Feb/2004:18:13:36 -0800] "GET /ncaa/pdf/brackets/NCAA%201962.pdf HTTP/1.1" 206 83361 "-" "Mozilla/4.0 (compatible; MSIE 5.0; Windows 98; DigExt)"
205.188.209.16 - - [23/Feb/2004:18:13:54 -0800] "GET /lehigh/view_wrestler_bouts.php?wrestler=3&season=1979 HTTP/1.0" 200 2202 "http://www.wrestlingstats.com/lehigh/view_wrestlers.php?wrestler=3" "Mozilla/4.0 (compatible; MSIE 6.0; AOL 9.0; Windows 98; Win 9x 4.90)"
205.188.209.51 - - [23/Feb/2004:18:14:10 -0800] "GET /lehigh/view_wrestler_bouts.php?wrestler=3&season=1980 HTTP/1.0" 200 2197 "http://www.wrestlingstats.com/lehigh/view_wrestlers.php?wrestler=3" "Mozilla/4.0 (compatible; MSIE 6.0; AOL 9.0; Windows 98; Win 9x 4.90)"
199.224.107.161 - - [23/Feb/2004:18:14:12 -0800] "GET /ncaa/brackets.htm HTTP/1.1" 200 2796 "http://www.wrestlinghalloffame.com/champions?names&wrestler=1989" "Mozilla/4.0 (compatible; MSIE 5.0; Windows 98; DigExt)"
199.224.107.161 - - [23/Feb/2004:18:14:17 -0800] "GET /ncaa/pdf/brackets/NCAA%201964.pdf HTTP/1.1" 200 117743 "http://www.wrestlingstats.com/ncaa/brackets.htm" "Mozilla/4.0 (compatible; MSIE 5.0; Windows 98; DigExt)"
199.224.107.161 - - [23/Feb/2004:18:14:19 -0800] "GET /ncaa/pdf/brackets/NCAA%201964.pdf HTTP/1.1" 200 117743 "-" "contype"
199.224.107.161 - - [23/Feb/2004:18:14:21 -0800] "GET /ncaa/pdf/brackets/NCAA%201964.pdf HTTP/1.1" 200 117743 "-" "Mozilla/4.0 (compatible; MSIE 5.0; Windows 98; DigExt)"
12.76.26.137 - - [23/Feb/2004:18:14:22 -0800] "GET /eiwa/pdf/brackets/EIWA%201981.pdf HTTP/1.1" 200 131236 "http://www.wrestlingstats.com/eiwa/brackets.htm" "Mozilla/4.0 (compatible; MSIE 6.0; Windows 98)"
199.224.107.161 - - [23/Feb/2004:18:14:23 -0800] "GET /ncaa/pdf/brackets/NCAA%201964.pdf HTTP/1.1" 206 113731 "-" "Mozilla/4.0 (compatible; MSIE 5.0; Windows 98; DigExt)"
12.76.26.137 - - [23/Feb/2004:18:14:25 -0800] "GET /eiwa/pdf/brackets/EIWA%201981.pdf HTTP/1.1" 206 126641 "-" "Mozilla/4.0 (compatible; MSIE 6.0; Windows 98)"
12.76.26.137 - - [23/Feb/2004:18:14:28 -0800] "GET /eiwa/pdf/brackets/EIWA%201981.pdf HTTP/1.1" 206 98054 "-" "Mozilla/4.0 (compatible; MSIE 6.0; Windows 98)"
12.76.26.137 - - [23/Feb/2004:18:14:28 -0800] "GET /eiwa/pdf/brackets/EIWA%201981.pdf HTTP/1.1" 206 978 "-" "Mozilla/4.0 (compatible; MSIE 6.0; Windows 98)"
12.76.26.137 - - [23/Feb/2004:18:14:31 -0800] "GET /eiwa/pdf/brackets/EIWA%201981.pdf HTTP/1.1" 206 1024 "-" "Mozilla/4.0 (compatible; MSIE 6.0; Windows 98)"
12.76.26.137 - - [23/Feb/2004:18:14:35 -0800] "GET /eiwa/pdf/brackets/EIWA%201981.pdf HTTP/1.1" 206 379 "-" "Mozilla/4.0 (compatible; MSIE 6.0; Windows 98)"
205.188.193.31 - - [23/Feb/2004:18:14:52 -0800] "POST /lehigh/view_all_wrestlers.php HTTP/1.0" 200 2046 "http://www.wrestlingstats.com/lehigh/wrestlers.php" "Mozilla/4.0 (compatible; MSIE 6.0; AOL 9.0; Windows 98; Win 9x 4.90)"
199.224.107.161 - - [23/Feb/2004:18:14:57 -0800] "GET /ncaa/brackets.htm HTTP/1.1" 200 2798 "http://www.wrestlinghalloffame.com/champions?names&wrestler=1989" "Mozilla/4.0 (compatible; MSIE 5.0; Windows 98; DigExt)"
12.76.26.137 - - [23/Feb/2004:18:15:15 -0800] "GET /eiwa/pdf/brackets/EIWA%201980.pdf HTTP/1.1" 200 131505 "http://www.wrestlingstats.com/eiwa/brackets.htm" "Mozilla/4.0 (compatible; MSIE 6.0; Windows 98)"
12.76.26.137 - - [23/Feb/2004:18:15:18 -0800] "GET /eiwa/pdf/brackets/EIWA%201980.pdf HTTP/1.1" 206 126909 "-" "Mozilla/4.0 (compatible; MSIE 6.0; Windows 98)"
205.188.193.31 - - [23/Feb/2004:18:15:22 -0800] "POST /lehigh/view_all_wrestlers.php HTTP/1.0" 200 2124 "http://www.wrestlingstats.com/lehigh/wrestlers.php" "Mozilla/4.0 (compatible; MSIE 6.0; AOL 9.0; Windows 98; Win 9x 4.90)"
12.76.26.137 - - [23/Feb/2004:18:15:24 -0800] "GET /eiwa/pdf/brackets/EIWA%201980.pdf HTTP/1.1" 206 99446 "-" "Mozilla/4.0 (compatible; MSIE 6.0; Windows 98)"
12.76.26.137 - - [23/Feb/2004:18:15:24 -0800] "GET /eiwa/pdf/brackets/EIWA%201980.pdf HTTP/1.1" 206 978 "-" "Mozilla/4.0 (compatible; MSIE 6.0; Windows 98)"
12.76.26.137 - - [23/Feb/2004:18:15:26 -0800] "GET /eiwa/pdf/brackets/EIWA%201980.pdf HTTP/1.1" 206 1024 "-" "Mozilla/4.0 (compatible; MSIE 6.0; Windows 98)"
205.188.209.133 - - [23/Feb/2004:18:15:30 -0800] "GET /lehigh/view_wrestlers.php?wrestler=638 HTTP/1.0" 200 2833 "http://www.wrestlingstats.com/lehigh/view_all_wrestlers.php" "Mozilla/4.0 (compatible; MSIE 6.0; AOL 9.0; Windows 98; Win 9x 4.90)"
12.76.26.137 - - [23/Feb/2004:18:15:31 -0800] "GET /eiwa/pdf/brackets/EIWA%201980.pdf HTTP/1.1" 206 379 "-" "Mozilla/4.0 (compatible; MSIE 6.0; Windows 98)"
205.188.209.76 - - [23/Feb/2004:18:15:57 -0800] "GET /lehigh/view_wrestler_bouts.php?wrestler=638&season=1979 HTTP/1.0" 200 2364 "http://www.wrestlingstats.com/lehigh/view_wrestlers.php?wrestler=638" "Mozilla/4.0 (compatible; MSIE 6.0; AOL 9.0; Windows 98; Win 9x 4.90)"
140.180.136.5 - - [23/Feb/2004:18:16:03 -0800] "GET /eiwa/brackets.htm HTTP/1.1" 200 2414 "http://wrestlingreport.com/Forums/EIWA.mv?parm_func=showmsg+parm_msgnum=1000148" "Mozilla/4.0 (compatible; MSIE 5.5; Windows 98)"
140.180.136.5 - - [23/Feb/2004:18:16:09 -0800] "GET /apPopupMenu.class HTTP/1.1" 200 19469 "-" "Java 1.1"
140.180.136.5 - - [23/Feb/2004:18:16:11 -0800] "GET /images/home32.gif HTTP/1.1" 200 287 "-" "Java 1.1"
140.180.136.5 - - [23/Feb/2004:18:16:12 -0800] "GET /images/mail32.gif HTTP/1.1" 200 317 "-" "Java 1.1"
165.123.131.63 - - [23/Feb/2004:18:16:15 -0800] "GET /lehigh/index.html HTTP/1.1" 200 839 "-" "Mozilla/4.0 (compatible; MSIE 6.0; Windows NT 5.1)"
165.123.131.63 - - [23/Feb/2004:18:16:16 -0800] "GET /lehigh/home.php HTTP/1.1" 200 2019 "-" "Mozilla/4.0 (compatible; MSIE 6.0; Windows NT 5.1)"
165.123.131.63 - - [23/Feb/2004:18:16:16 -0800] "GET /lehigh/EIWAChamps.jpg HTTP/1.1" 200 42637 "http://www.wrestlingstats.com/lehigh/home.php" "Mozilla/4.0 (compatible; MSIE 6.0; Windows NT 5.1)"
165.123.131.63 - - [23/Feb/2004:18:16:16 -0800] "GET /lehigh/apPopupMenu.class HTTP/1.1" 200 19469 "-" "Mozilla/4.0 (Windows XP 5.1)"
165.123.131.63 - - [23/Feb/2004:18:16:17 -0800] "GET /lehigh/pix/home.gif HTTP/1.1" 200 215 "-" "Mozilla/4.0 (Windows XP 5.1)"
165.123.131.63 - - [23/Feb/2004:18:16:18 -0800] "GET /lehigh/pix/apbfind.gif HTTP/1.1" 200 89 "-" "Mozilla/4.0 (Windows XP 5.1)"
140.180.136.5 - - [23/Feb/2004:18:16:18 -0800] "GET /eiwa/pdf/brackets/EIWA%201994.pdf HTTP/1.1" 200 71165 "http://www.wrestlingstats.com/eiwa/brackets.htm" "Mozilla/4.0 (compatible; MSIE 5.5; Windows 98)"
140.180.136.5 - - [23/Feb/2004:18:16:19 -0800] "GET /eiwa/pdf/brackets/EIWA%201994.pdf HTTP/1.1" 206 67013 "-" "contype"
140.180.136.5 - - [23/Feb/2004:18:16:19 -0800] "GET /eiwa/pdf/brackets/EIWA%201994.pdf HTTP/1.1" 206 67013 "-" "Mozilla/4.0 (compatible; MSIE 5.5; Windows 98)"
165.123.131.63 - - [23/Feb/2004:18:16:20 -0800] "GET /lehigh/index.html HTTP/1.1" 200 837 "-" "Mozilla/4.0 (compatible; MSIE 6.0; Windows NT 5.1)"
165.123.131.63 - - [23/Feb/2004:18:16:21 -0800] "GET /lehigh/home.php HTTP/1.1" 200 2019 "-" "Mozilla/4.0 (compatible; MSIE 6.0; Windows NT 5.1)"
165.123.131.63 - - [23/Feb/2004:18:16:21 -0800] "GET /lehigh/EIWAChamps.jpg HTTP/1.1" 200 42637 "http://www.wrestlingstats.com/lehigh/home.php" "Mozilla/4.0 (compatible; MSIE 6.0; Windows NT 5.1)"
165.123.131.63 - - [23/Feb/2004:18:16:24 -0800] "GET /lehigh/index.html HTTP/1.1" 200 839 "-" "Mozilla/4.0 (compatible; MSIE 6.0; Windows NT 5.1)"
165.123.131.63 - - [23/Feb/2004:18:16:25 -0800] "GET /lehigh/home.php HTTP/1.1" 200 2019 "-" "Mozilla/4.0 (compatible; MSIE 6.0; Windows NT 5.1)"
165.123.131.63 - - [23/Feb/2004:18:16:25 -0800] "GET /lehigh/EIWAChamps.jpg HTTP/1.1" 200 42637 "http://www.wrestlingstats.com/lehigh/home.php" "Mozilla/4.0 (compatible; MSIE 6.0; Windows NT 5.1)"
205.188.209.103 - - [23/Feb/2004:18:16:26 -0800] "GET /lehigh/view_wrestler_bouts.php?wrestler=638&season=1981 HTTP/1.0" 200 3244 "http://www.wrestlingstats.com/lehigh/view_wrestlers.php?wrestler=638" "Mozilla/4.0 (compatible; MSIE 6.0; AOL 9.0; Windows 98; Win 9x 4.90)"
165.123.131.63 - - [23/Feb/2004:18:16:31 -0800] "GET / HTTP/1.1" 200 1754 "-" "Mozilla/4.0 (compatible; MSIE 6.0; Windows NT 5.1)"
165.123.131.63 - - [23/Feb/2004:18:16:31 -0800] "GET /NCAA2003.jpg HTTP/1.1" 200 84807 "http://www.wrestlingstats.com" "Mozilla/4.0 (compatible; MSIE 6.0; Windows NT 5.1)"
165.123.131.63 - - [23/Feb/2004:18:16:31 -0800] "GET /apPopupMenu.class HTTP/1.1" 304 - "-" "Mozilla/4.0 (Windows XP 5.1)"
165.123.131.63 - - [23/Feb/2004:18:16:31 -0800] "GET /images/home32.gif HTTP/1.1" 304 - "-" "Mozilla/4.0 (Windows XP 5.1)"
165.123.131.63 - - [23/Feb/2004:18:16:32 -0800] "GET /images/mail32.gif HTTP/1.1" 304 - "-" "Mozilla/4.0 (Windows XP 5.1)"
165.123.131.63 - - [23/Feb/2004:18:16:52 -0800] "GET /ncaa/brackets.htm HTTP/1.1" 200 2796 "-" "Mozilla/4.0 (compatible; MSIE 6.0; Windows NT 5.1)"
165.123.131.63 - - [23/Feb/2004:18:17:03 -0800] "GET /ncaa/pdf/brackets/NCAA%201997.pdf HTTP/1.1" 200 230238 "http://www.wrestlingstats.com/ncaa/brackets.htm" "Mozilla/4.0 (compatible; MSIE 6.0; Windows NT 5.1)"
205.188.208.9 - - [23/Feb/2004:18:18:08 -0800] "GET /lehigh/view_wrestler_bouts.php?wrestler=638&season=1982 HTTP/1.0" 200 3340 "http://www.wrestlingstats.com/lehigh/view_wrestlers.php?wrestler=638" "Mozilla/4.0 (compatible; MSIE 6.0; AOL 9.0; Windows 98; Win 9x 4.90)"
68.32.129.86 - - [23/Feb/2004:18:25:33 -0800] "GET /ncaa/pdf/brackets/NCAA%201939.pdf HTTP/1.1" 200 55486 "-" "Mozilla/4.0 (compatible; MSIE 6.0; Windows NT 5.0)"
68.32.129.86 - - [23/Feb/2004:18:25:33 -0800] "GET /ncaa/pdf/brackets/NCAA%201939.pdf HTTP/1.1" 200 55486 "-" "Mozilla/4.0 (compatible; MSIE 6.0; Windows NT 5.0)"
68.32.129.86 - - [23/Feb/2004:18:25:33 -0800] "GET /ncaa/pdf/brackets/NCAA%201939.pdf HTTP/1.1" 206 54253 "-" "Mozilla/4.0 (compatible; MSIE 6.0; Windows NT 5.0)"
209.173.13.97 - - [23/Feb/2004:18:25:42 -0800] "GET /lehigh/show_coach.php?coachid=3&coach=Gerry%20Leeman HTTP/1.0" 200 2768 "http://www.wrestlingstats.com/lehigh/coach.php" "Mozilla/4.0 (compatible; MSIE 6.0; Windows NT 5.0)"
68.44.137.87 - - [23/Feb/2004:18:31:28 -0800] "GET /eiwa/brackets.htm HTTP/1.1" 200 11529 "http://wrestlingreport.com/Forums/EIWA.mv?parm_func=showmsg+parm_msgnum=1000148" "Mozilla/4.0 (compatible; MSIE 5.22; Mac_PowerPC)"
68.44.137.87 - - [23/Feb/2004:18:31:28 -0800] "GET /apPopupMenu.class HTTP/1.1" 200 19469 "-" "Java1.3.1"
68.44.137.87 - - [23/Feb/2004:18:31:33 -0800] "GET /images/home32.gif HTTP/1.1" 200 287 "-" "Java1.3.1"
68.44.137.87 - - [23/Feb/2004:18:31:34 -0800] "GET /images/mail32.gif HTTP/1.1" 200 317 "-" "Java1.3.1"
68.44.137.87 - - [23/Feb/2004:18:31:38 -0800] "GET /eiwa/pdf/brackets/EIWA%202003.pdf HTTP/1.1" 200 70502 "http://www.wrestlingstats.com/eiwa/brackets.htm" "Mozilla/4.0 (compatible; MSIE 5.22; Mac_PowerPC)"
68.44.137.87 - - [23/Feb/2004:18:32:36 -0800] "GET /lehigh/index.html HTTP/1.1" 200 567 "http://www.wrestlingstats.com/eiwa/brackets.htm" "Mozilla/4.0 (compatible; MSIE 5.22; Mac_PowerPC)"
68.44.137.87 - - [23/Feb/2004:18:32:38 -0800] "GET /lehigh/home.php HTTP/1.1" 200 5094 "http://www.wrestlingstats.com/lehigh/index.html" "Mozilla/4.0 (compatible; MSIE 5.22; Mac_PowerPC)"
68.44.137.87 - - [23/Feb/2004:18:32:38 -0800] "GET /lehigh/apPopupMenu.class HTTP/1.1" 200 19469 "-" "Java1.3.1"
68.44.137.87 - - [23/Feb/2004:18:32:38 -0800] "GET /lehigh/EIWAChamps.jpg HTTP/1.1" 200 42637 "http://www.wrestlingstats.com/lehigh/home.php" "Mozilla/4.0 (compatible; MSIE 5.22; Mac_PowerPC)"
68.44.137.87 - - [23/Feb/2004:18:32:39 -0800] "GET /lehigh/pix/home.gif HTTP/1.1" 200 215 "-" "Java1.3.1"
68.44.137.87 - - [23/Feb/2004:18:32:39 -0800] "GET /lehigh/pix/apbfind.gif HTTP/1.1" 200 89 "-" "Java1.3.1"
68.44.137.87 - - [23/Feb/2004:18:32:53 -0800] "GET /lehigh/home.php HTTP/1.1" 200 5094 "http://www.wrestlingstats.com/lehigh/index.html" "Mozilla/4.0 (compatible; MSIE 5.22; Mac_PowerPC)"
68.44.137.87 - - [23/Feb/2004:18:32:56 -0800] "GET /lehigh/home.php HTTP/1.1" 200 5094 "http://www.wrestlingstats.com/lehigh/index.html" "Mozilla/4.0 (compatible; MSIE 5.22; Mac_PowerPC)"
165.123.131.63 - - [23/Feb/2004:18:33:29 -0800] "GET /ncaa/pdf/brackets/NCAA%202000.pdf HTTP/1.1" 304 - "http://www.wrestlingstats.com/ncaa/brackets.htm" "Mozilla/4.0 (compatible; MSIE 6.0; Windows NT 5.1)"
68.80.208.192 - - [23/Feb/2004:18:35:26 -0800] "GET /ncaa/brackets.htm HTTP/1.1" 200 2797 "http://www.wrestlinghalloffame.org/champions/?teams&team=184" "Mozilla/4.0 (compatible; MSIE 6.0; Windows NT 5.1; .NET CLR 1.1.4322)"
68.80.208.192 - - [23/Feb/2004:18:35:29 -0800] "GET /apPopupMenu.class HTTP/1.1" 200 19469 "-" "Mozilla/4.0 (compatible; MSIE 6.0; Win32)"
68.80.208.192 - - [23/Feb/2004:18:35:36 -0800] "GET /ncaa/pdf/brackets/NCAA%201987.pdf HTTP/1.1" 200 228177 "http://www.wrestlingstats.com/ncaa/brackets.htm" "Mozilla/4.0 (compatible; MSIE 6.0; Windows NT 5.1; .NET CLR 1.1.4322)"
68.80.208.192 - - [23/Feb/2004:18:35:37 -0800] "GET /ncaa/pdf/brackets/NCAA%201987.pdf HTTP/1.1" 200 228177 "-" "Mozilla/4.0 (compatible; MSIE 6.0; Windows NT 5.1; .NET CLR 1.1.4322)"
68.217.176.134 - - [23/Feb/2004:18:38:04 -0800] "GET /eiwa/brackets.htm HTTP/1.1" 200 2415 "http://wrestlingreport.com/Forums/EIWA.mv?parm_func=showmsg+parm_msgnum=1000148" "Mozilla/5.0 (Windows; U; Windows NT 5.1; en-US; rv:1.4) Gecko/20030624 Netscape/7.1 (ax)"
68.217.176.134 - - [23/Feb/2004:18:38:14 -0800] "GET /apPopupMenu.class HTTP/1.1" 200 19469 "-" "Mozilla/4.0 (Windows XP 5.1) Java/1.4.1_02"
198.81.26.47 - - [23/Feb/2004:18:41:24 -0800] "GET /ncaa/brackets.htm HTTP/1.0" 200 2836 "http://wrestlinghalloffame.org/" "Mozilla/4.0 (compatible; MSIE 6.0; AOL 9.0; Windows NT 5.1; .NET CLR 1.1.4322)"
172.192.134.154 - - [23/Feb/2004:18:41:31 -0800] "GET /apPopupMenu.class HTTP/1.1" 200 19469 "-" "Mozilla/4.0 (Windows XP 5.1) Java/1.4.2"
172.192.134.154 - - [23/Feb/2004:18:41:34 -0800] "GET /images/home32.gif HTTP/1.1" 200 287 "-" "Mozilla/4.0 (Windows XP 5.1) Java/1.4.2"
172.192.134.154 - - [23/Feb/2004:18:41:35 -0800] "GET /images/mail32.gif HTTP/1.1" 200 317 "-" "Mozilla/4.0 (Windows XP 5.1) Java/1.4.2"
198.81.26.12 - - [23/Feb/2004:18:41:38 -0800] "GET /ncaa/pdf/brackets/NCAA%201965.pdf HTTP/1.0" 200 181764 "http://www.wrestlingstats.com/ncaa/brackets.htm" "Mozilla/4.0 (compatible; MSIE 6.0; AOL 9.0; Windows NT 5.1; .NET CLR 1.1.4322)"
198.81.26.12 - - [23/Feb/2004:18:41:38 -0800] "GET /ncaa/pdf/brackets/NCAA%201965.pdf HTTP/1.0" 200 181764 "-" "Mozilla/4.0 (compatible; MSIE 6.0; AOL 9.0; Windows NT 5.1; .NET CLR 1.1.4322)"
198.81.26.12 - - [23/Feb/2004:18:41:59 -0800] "GET /ncaa/pdf/brackets/NCAA%201965.pdf HTTP/1.0" 206 64205 "-" "Mozilla/4.0 (compatible; MSIE 6.0; AOL 9.0; Windows NT 5.1; .NET CLR 1.1.4322)"
198.81.26.12 - - [23/Feb/2004:18:42:00 -0800] "GET /ncaa/pdf/brackets/NCAA%201965.pdf HTTP/1.0" 206 2123 "-" "Mozilla/4.0 (compatible; MSIE 6.0; AOL 9.0; Windows NT 5.1; .NET CLR 1.1.4322)"
198.81.26.12 - - [23/Feb/2004:18:42:17 -0800] "GET /ncaa/pdf/brackets/NCAA%201965.pdf HTTP/1.0" 206 79380 "-" "Mozilla/4.0 (compatible; MSIE 6.0; AOL 9.0; Windows NT 5.1; .NET CLR 1.1.4322)"
207.69.137.37 - - [23/Feb/2004:18:46:16 -0800] "GET /eiwa/brackets.htm HTTP/1.0" 200 11529 "http://wrestlingreport.com/Forums/EIWA.mv?parm_func=showmsg+parm_msgnum=1000148" "Mozilla/4.0 (compatible; MSIE 6.0; Windows 98; Win 9x 4.90)"
199.183.76.229 - - [23/Feb/2004:18:46:26 -0800] "GET /apPopupMenu.class HTTP/1.1" 200 19469 "-" "Java 1.1"
199.183.76.229 - - [23/Feb/2004:18:46:26 -0800] "GET /eiwa/pdf/brackets/EIWA%202003.pdf HTTP/1.1" 200 70502 "http://www.wrestlingstats.com/eiwa/brackets.htm" "Mozilla/4.0 (compatible; MSIE 6.0; Windows 98; Win 9x 4.90)"
199.183.76.229 - - [23/Feb/2004:18:46:30 -0800] "GET /eiwa/pdf/brackets/EIWA%202003.pdf HTTP/1.1" 200 70502 "-" "Mozilla/4.0 (compatible; MSIE 6.0; Windows 98; Win 9x 4.90)"
199.183.76.229 - - [23/Feb/2004:18:46:34 -0800] "GET /images/home32.gif HTTP/1.1" 200 287 "-" "Java 1.1"
199.183.76.229 - - [23/Feb/2004:18:46:37 -0800] "GET /images/mail32.gif HTTP/1.1" 200 317 "-" "Java 1.1"
68.80.208.192 - - [23/Feb/2004:18:46:38 -0800] "GET /ncaa/brackets.htm HTTP/1.1" 200 2797 "http://www.wrestlinghalloffame.org/tour/02.htm" "Mozilla/4.0 (compatible; MSIE 6.0; Windows NT 5.1; .NET CLR 1.1.4322)"
68.80.208.192 - - [23/Feb/2004:18:46:39 -0800] "GET /images/mail32.gif HTTP/1.1" 200 317 "-" "Mozilla/4.0 (compatible; MSIE 6.0; Win32)"
68.80.208.192 - - [23/Feb/2004:18:46:52 -0800] "GET /ncaa/pdf/brackets/NCAA%201970.pdf HTTP/1.1" 200 215841 "http://www.wrestlingstats.com/ncaa/brackets.htm" "Mozilla/4.0 (compatible; MSIE 6.0; Windows NT 5.1; .NET CLR 1.1.4322)"
68.80.208.192 - - [23/Feb/2004:18:46:52 -0800] "GET /ncaa/pdf/brackets/NCAA%201970.pdf HTTP/1.1" 200 215841 "-" "Mozilla/4.0 (compatible; MSIE 6.0; Windows NT 5.1; .NET CLR 1.1.4322)"
68.80.208.192 - - [23/Feb/2004:18:46:53 -0800] "GET /ncaa/pdf/brackets/NCAA%201970.pdf HTTP/1.1" 206 212558 "-" "Mozilla/4.0 (compatible; MSIE 6.0; Windows NT 5.1; .NET CLR 1.1.4322)"
68.80.208.192 - - [23/Feb/2004:18:47:31 -0800] "GET /ncaa/brackets.htm HTTP/1.1" 200 2796 "http://www.wrestlinghalloffame.org/tour/02.htm" "Mozilla/4.0 (compatible; MSIE 6.0; Windows NT 5.1; .NET CLR 1.1.4322)"
68.80.208.192 - - [23/Feb/2004:18:47:36 -0800] "GET /ncaa/pdf/brackets/NCAA%201971.pdf HTTP/1.1" 200 193019 "http://www.wrestlingstats.com/ncaa/brackets.htm" "Mozilla/4.0 (compatible; MSIE 6.0; Windows NT 5.1; .NET CLR 1.1.4322)"
68.80.208.192 - - [23/Feb/2004:18:47:36 -0800] "GET /ncaa/pdf/brackets/NCAA%201971.pdf HTTP/1.1" 200 193019 "-" "Mozilla/4.0 (compatible; MSIE 6.0; Windows NT 5.1; .NET CLR 1.1.4322)"
68.80.208.192 - - [23/Feb/2004:18:47:36 -0800] "GET /ncaa/pdf/brackets/NCAA%201971.pdf HTTP/1.1" 206 189736 "-" "Mozilla/4.0 (compatible; MSIE 6.0; Windows NT 5.1; .NET CLR 1.1.4322)"
68.80.208.192 - - [23/Feb/2004:18:48:22 -0800] "GET /ncaa/brackets.htm HTTP/1.1" 200 2796 "http://www.wrestlinghalloffame.org/tour/02.htm" "Mozilla/4.0 (compatible; MSIE 6.0; Windows NT 5.1; .NET CLR 1.1.4322)"
68.80.208.192 - - [23/Feb/2004:18:48:26 -0800] "GET /ncaa/pdf/brackets/NCAA%201972.pdf HTTP/1.1" 200 217006 "http://www.wrestlingstats.com/ncaa/brackets.htm" "Mozilla/4.0 (compatible; MSIE 6.0; Windows NT 5.1; .NET CLR 1.1.4322)"
68.80.208.192 - - [23/Feb/2004:18:48:26 -0800] "GET /ncaa/pdf/brackets/NCAA%201972.pdf HTTP/1.1" 200 217006 "-" "Mozilla/4.0 (compatible; MSIE 6.0; Windows NT 5.1; .NET CLR 1.1.4322)"
68.80.208.192 - - [23/Feb/2004:18:48:27 -0800] "GET /ncaa/pdf/brackets/NCAA%201972.pdf HTTP/1.1" 206 213723 "-" "Mozilla/4.0 (compatible; MSIE 6.0; Windows NT 5.1; .NET CLR 1.1.4322)"
63.193.76.91 - - [23/Feb/2004:18:48:37 -0800] "GET /ncaa/pdf/brackets/NCAA%201974.pdf HTTP/1.0" 200 221153 "http://www.google.com/search?q=rob+huizenga&hl=en&lr=&ie=UTF-8&oe=UTF-8&start=30&sa=N" "Mozilla/4.0 (compatible; MSIE 6.0; Windows NT 5.0)"
63.193.76.91 - - [23/Feb/2004:18:48:37 -0800] "GET /ncaa/pdf/brackets/NCAA%201974.pdf HTTP/1.0" 206 214082 "-" "Mozilla/4.0 (compatible; MSIE 6.0; Windows NT 5.0)"
68.80.208.192 - - [23/Feb/2004:18:49:14 -0800] "GET /ncaa/brackets.htm HTTP/1.1" 200 2797 "http://www.wrestlinghalloffame.org/tour/02.htm" "Mozilla/4.0 (compatible; MSIE 6.0; Windows NT 5.1; .NET CLR 1.1.4322)"
205.188.208.70 - - [23/Feb/2004:18:49:17 -0800] "GET /ncaa/pdf/brackets/NCAA%201972.pdf HTTP/1.0" 200 217006 "http://aolsearch.aol.com/aol/search?query=%22Rich+Komar%22&page=3&Stage=0&invocationType=keyword_rollover" "Mozilla/4.0 (compatible; MSIE 6.0; AOL 9.0; Windows NT 5.1; .NET CLR 1.1.4322)"
68.80.208.192 - - [23/Feb/2004:18:49:17 -0800] "GET /ncaa/pdf/brackets/NCAA%201973.pdf HTTP/1.1" 200 212304 "http://www.wrestlingstats.com/ncaa/brackets.htm" "Mozilla/4.0 (compatible; MSIE 6.0; Windows NT 5.1; .NET CLR 1.1.4322)"
68.80.208.192 - - [23/Feb/2004:18:49:17 -0800] "GET /ncaa/pdf/brackets/NCAA%201973.pdf HTTP/1.1" 200 212304 "-" "Mozilla/4.0 (compatible; MSIE 6.0; Windows NT 5.1; .NET CLR 1.1.4322)"
68.80.208.192 - - [23/Feb/2004:18:49:18 -0800] "GET /ncaa/pdf/brackets/NCAA%201973.pdf HTTP/1.1" 206 209021 "-" "Mozilla/4.0 (compatible; MSIE 6.0; Windows NT 5.1; .NET CLR 1.1.4322)"
199.183.76.229 - - [23/Feb/2004:18:49:19 -0800] "GET /apPopupMenuBeanInfo.class HTTP/1.1" 404 363 "-" "Java 1.1"
199.183.76.229 - - [23/Feb/2004:18:49:21 -0800] "GET /apPopupMenu$COMClassObject.class HTTP/1.1" 404 363 "-" "Java 1.1"
207.69.137.8 - - [23/Feb/2004:18:49:22 -0800] "GET /index.html HTTP/1.0" 200 2887 "-" "Mozilla/4.0 (compatible; MSIE 6.0; Windows 98; Win 9x 4.90)"
207.69.137.23 - - [23/Feb/2004:18:49:24 -0800] "GET /NCAA2003.jpg HTTP/1.0" 200 84807 "http://www.wrestlingstats.com/index.html" "Mozilla/4.0 (compatible; MSIE 6.0; Windows 98; Win 9x 4.90)"
24.185.190.115 - - [23/Feb/2004:18:49:29 -0800] "GET /ncaa/pdf/brackets/NCAA%201987.pdf HTTP/1.1" 200 131072 "http://www.google.com/search?q=%22+wincheski%22&hl=en&lr=&ie=UTF-8&oe=UTF-8&start=20&sa=N" "Mozilla/4.0 (compatible; MSIE 6.0; Windows NT 5.1; .NET CLR 1.1.4322)"
24.185.190.115 - - [23/Feb/2004:18:49:29 -0800] "GET /ncaa/pdf/brackets/NCAA%201987.pdf HTTP/1.1" 206 224026 "-" "Mozilla/4.0 (compatible; MSIE 6.0; Windows NT 5.1; .NET CLR 1.1.4322)"
68.80.208.192 - - [23/Feb/2004:18:50:50 -0800] "GET /ncaa/brackets.htm HTTP/1.1" 200 2797 "http://www.wrestlinghalloffame.org/tour/02.htm" "Mozilla/4.0 (compatible; MSIE 6.0; Windows NT 5.1; .NET CLR 1.1.4322)"
68.80.208.192 - - [23/Feb/2004:18:50:54 -0800] "GET /ncaa/pdf/brackets/NCAA%201974.pdf HTTP/1.1" 200 221153 "http://www.wrestlingstats.com/ncaa/brackets.htm" "Mozilla/4.0 (compatible; MSIE 6.0; Windows NT 5.1; .NET CLR 1.1.4322)"
68.80.208.192 - - [23/Feb/2004:18:50:54 -0800] "GET /ncaa/pdf/brackets/NCAA%201974.pdf HTTP/1.1" 200 221153 "-" "Mozilla/4.0 (compatible; MSIE 6.0; Windows NT 5.1; .NET CLR 1.1.4322)"
68.80.208.192 - - [23/Feb/2004:18:50:54 -0800] "GET /ncaa/pdf/brackets/NCAA%201974.pdf HTTP/1.1" 206 217943 "-" "Mozilla/4.0 (compatible; MSIE 6.0; Windows NT 5.1; .NET CLR 1.1.4322)"
24.185.190.115 - - [23/Feb/2004:18:51:37 -0800] "GET /ncaa/pdf/brackets/NCAA%201989.pdf HTTP/1.1" 200 196608 "http://www.google.com/search?q=%22+wincheski%22&hl=en&lr=&ie=UTF-8&oe=UTF-8&start=20&sa=N" "Mozilla/4.0 (compatible; MSIE 6.0; Windows NT 5.1; .NET CLR 1.1.4322)"
24.185.190.115 - - [23/Feb/2004:18:51:38 -0800] "GET /ncaa/pdf/brackets/NCAA%201989.pdf HTTP/1.1" 206 196608 "-" "Mozilla/4.0 (compatible; MSIE 6.0; Windows NT 5.1; .NET CLR 1.1.4322)"
24.185.190.115 - - [23/Feb/2004:18:51:38 -0800] "GET /ncaa/pdf/brackets/NCAA%201989.pdf HTTP/1.1" 206 101723 "-" "Mozilla/4.0 (compatible; MSIE 6.0; Windows NT 5.1; .NET CLR 1.1.4322)"
24.185.190.115 - - [23/Feb/2004:18:51:40 -0800] "GET /ncaa/pdf/brackets/NCAA%201989.pdf HTTP/1.1" 206 34173 "-" "Mozilla/4.0 (compatible; MSIE 6.0; Windows NT 5.1; .NET CLR 1.1.4322)"
24.185.190.115 - - [23/Feb/2004:18:51:42 -0800] "GET /ncaa/pdf/brackets/NCAA%201989.pdf HTTP/1.1" 206 28146 "-" "Mozilla/4.0 (compatible; MSIE 6.0; Windows NT 5.1; .NET CLR 1.1.4322)"
24.185.190.115 - - [23/Feb/2004:18:51:44 -0800] "GET /ncaa/pdf/brackets/NCAA%201989.pdf HTTP/1.1" 206 13240 "-" "Mozilla/4.0 (compatible; MSIE 6.0; Windows NT 5.1; .NET CLR 1.1.4322)"
24.185.190.115 - - [23/Feb/2004:18:51:46 -0800] "GET /ncaa/pdf/brackets/NCAA%201989.pdf HTTP/1.1" 206 13528 "-" "Mozilla/4.0 (compatible; MSIE 6.0; Windows NT 5.1; .NET CLR 1.1.4322)"
24.185.190.115 - - [23/Feb/2004:18:51:48 -0800] "GET /ncaa/pdf/brackets/NCAA%201989.pdf HTTP/1.1" 206 14464 "-" "Mozilla/4.0 (compatible; MSIE 6.0; Windows NT 5.1; .NET CLR 1.1.4322)"
24.185.190.115 - - [23/Feb/2004:18:51:50 -0800] "GET /ncaa/pdf/brackets/NCAA%201989.pdf HTTP/1.1" 206 13923 "-" "Mozilla/4.0 (compatible; MSIE 6.0; Windows NT 5.1; .NET CLR 1.1.4322)"
24.185.190.115 - - [23/Feb/2004:18:51:52 -0800] "GET /ncaa/pdf/brackets/NCAA%201989.pdf HTTP/1.1" 206 12862 "-" "Mozilla/4.0 (compatible; MSIE 6.0; Windows NT 5.1; .NET CLR 1.1.4322)"
24.185.190.115 - - [23/Feb/2004:18:51:54 -0800] "GET /ncaa/pdf/brackets/NCAA%201989.pdf HTTP/1.1" 206 13962 "-" "Mozilla/4.0 (compatible; MSIE 6.0; Windows NT 5.1; .NET CLR 1.1.4322)"
24.185.190.115 - - [23/Feb/2004:18:51:56 -0800] "GET /ncaa/pdf/brackets/NCAA%201989.pdf HTTP/1.1" 206 3828 "-" "Mozilla/4.0 (compatible; MSIE 6.0; Windows NT 5.1; .NET CLR 1.1.4322)"
24.185.190.115 - - [23/Feb/2004:18:51:58 -0800] "GET /ncaa/pdf/brackets/NCAA%201989.pdf HTTP/1.1" 206 3323 "-" "Mozilla/4.0 (compatible; MSIE 6.0; Windows NT 5.1; .NET CLR 1.1.4322)"
68.80.208.192 - - [23/Feb/2004:18:52:15 -0800] "GET /ncaa/brackets.htm HTTP/1.1" 200 2797 "http://www.wrestlinghalloffame.org/tour/02.htm" "Mozilla/4.0 (compatible; MSIE 6.0; Windows NT 5.1; .NET CLR 1.1.4322)"
198.81.26.47 - - [23/Feb/2004:18:52:18 -0800] "GET /ncaa/brackets.htm HTTP/1.0" 200 2836 "http://wrestlinghalloffame.org/" "Mozilla/4.0 (compatible; MSIE 6.0; AOL 9.0; Windows NT 5.1; .NET CLR 1.1.4322)"
68.80.208.192 - - [23/Feb/2004:18:52:18 -0800] "GET /ncaa/pdf/brackets/NCAA%201975.pdf HTTP/1.1" 200 219309 "http://www.wrestlingstats.com/ncaa/brackets.htm" "Mozilla/4.0 (compatible; MSIE 6.0; Windows NT 5.1; .NET CLR 1.1.4322)"
68.80.208.192 - - [23/Feb/2004:18:52:18 -0800] "GET /ncaa/pdf/brackets/NCAA%201975.pdf HTTP/1.1" 200 219309 "-" "Mozilla/4.0 (compatible; MSIE 6.0; Windows NT 5.1; .NET CLR 1.1.4322)"
68.80.208.192 - - [23/Feb/2004:18:52:18 -0800] "GET /ncaa/pdf/brackets/NCAA%201975.pdf HTTP/1.1" 206 216099 "-" "Mozilla/4.0 (compatible; MSIE 6.0; Windows NT 5.1; .NET CLR 1.1.4322)"
198.81.26.12 - - [23/Feb/2004:18:52:22 -0800] "GET /ncaa/pdf/brackets/NCAA%201966.pdf HTTP/1.0" 200 184930 "http://www.wrestlingstats.com/ncaa/brackets.htm" "Mozilla/4.0 (compatible; MSIE 6.0; AOL 9.0; Windows NT 5.1; .NET CLR 1.1.4322)"
198.81.26.12 - - [23/Feb/2004:18:52:22 -0800] "GET /ncaa/pdf/brackets/NCAA%201966.pdf HTTP/1.0" 200 184930 "-" "Mozilla/4.0 (compatible; MSIE 6.0; AOL 9.0; Windows NT 5.1; .NET CLR 1.1.4322)"
198.81.26.12 - - [23/Feb/2004:18:52:25 -0800] "GET /ncaa/pdf/brackets/NCAA%201966.pdf HTTP/1.0" 206 100495 "-" "Mozilla/4.0 (compatible; MSIE 6.0; AOL 9.0; Windows NT 5.1; .NET CLR 1.1.4322)"
198.81.26.12 - - [23/Feb/2004:18:52:55 -0800] "GET /ncaa/pdf/brackets/NCAA%201966.pdf HTTP/1.0" 206 82468 "-" "Mozilla/4.0 (compatible; MSIE 6.0; AOL 9.0; Windows NT 5.1; .NET CLR 1.1.4322)"
68.80.208.192 - - [23/Feb/2004:18:53:19 -0800] "GET /ncaa/brackets.htm HTTP/1.1" 200 2797 "http://www.wrestlinghalloffame.org/tour/02.htm" "Mozilla/4.0 (compatible; MSIE 6.0; Windows NT 5.1; .NET CLR 1.1.4322)"
68.80.208.192 - - [23/Feb/2004:18:53:25 -0800] "GET /ncaa/pdf/brackets/NCAA%201972.pdf HTTP/1.1" 200 217006 "http://www.wrestlingstats.com/ncaa/brackets.htm" "Mozilla/4.0 (compatible; MSIE 6.0; Windows NT 5.1; .NET CLR 1.1.4322)"
68.80.208.192 - - [23/Feb/2004:18:53:25 -0800] "GET /ncaa/pdf/brackets/NCAA%201972.pdf HTTP/1.1" 200 217006 "-" "Mozilla/4.0 (compatible; MSIE 6.0; Windows NT 5.1; .NET CLR 1.1.4322)"
68.80.208.192 - - [23/Feb/2004:18:53:25 -0800] "GET /ncaa/pdf/brackets/NCAA%201972.pdf HTTP/1.1" 206 213703 "-" "Mozilla/4.0 (compatible; MSIE 6.0; Windows NT 5.1; .NET CLR 1.1.4322)"
63.164.244.181 - - [23/Feb/2004:18:54:06 -0800] "GET /ncaa/pdf/brackets/NCAA%201986.pdf HTTP/1.1" 200 227750 "-" "Mozilla/4.0 (compatible; MSIE 6.0; Windows NT 5.0)"
63.164.244.181 - - [23/Feb/2004:18:54:06 -0800] "GET /ncaa/pdf/brackets/NCAA%201986.pdf HTTP/1.1" 206 223599 "-" "Mozilla/4.0 (compatible; MSIE 6.0; Windows NT 5.0)"
68.80.208.192 - - [23/Feb/2004:18:54:24 -0800] "GET /ncaa/brackets.htm HTTP/1.1" 200 2797 "http://www.wrestlinghalloffame.org/tour/02.htm" "Mozilla/4.0 (compatible; MSIE 6.0; Windows NT 5.1; .NET CLR 1.1.4322)"
68.80.208.192 - - [23/Feb/2004:18:54:28 -0800] "GET /ncaa/pdf/brackets/NCAA%201971.pdf HTTP/1.1" 200 193019 "http://www.wrestlingstats.com/ncaa/brackets.htm" "Mozilla/4.0 (compatible; MSIE 6.0; Windows NT 5.1; .NET CLR 1.1.4322)"
68.80.208.192 - - [23/Feb/2004:18:54:28 -0800] "GET /ncaa/pdf/brackets/NCAA%201971.pdf HTTP/1.1" 200 193019 "-" "Mozilla/4.0 (compatible; MSIE 6.0; Windows NT 5.1; .NET CLR 1.1.4322)"
68.80.208.192 - - [23/Feb/2004:18:54:29 -0800] "GET /ncaa/pdf/brackets/NCAA%201971.pdf HTTP/1.1" 206 189716 "-" "Mozilla/4.0 (compatible; MSIE 6.0; Windows NT 5.1; .NET CLR 1.1.4322)"
68.84.50.251 - - [23/Feb/2004:18:54:30 -0800] "GET /eiwa/brackets.htm HTTP/1.1" 200 2415 "http://wrestlingreport.com/Forums/EIWA.mv?parm_func=showmsg+parm_msgnum=1000148" "Mozilla/4.0 (compatible; MSIE 6.0; Windows 98)"
68.84.50.251 - - [23/Feb/2004:18:54:36 -0800] "GET /apPopupMenu.class HTTP/1.1" 200 19469 "-" "Java 1.1"
68.84.50.251 - - [23/Feb/2004:18:54:37 -0800] "GET /images/home32.gif HTTP/1.1" 200 287 "-" "Java 1.1"
68.84.50.251 - - [23/Feb/2004:18:54:37 -0800] "GET /images/mail32.gif HTTP/1.1" 200 317 "-" "Java 1.1"
68.84.50.251 - - [23/Feb/2004:18:54:39 -0800] "GET /eiwa/pdf/brackets/EIWA%202003.pdf HTTP/1.1" 200 70502 "http://www.wrestlingstats.com/eiwa/brackets.htm" "Mozilla/4.0 (compatible; MSIE 6.0; Windows 98)"
68.84.50.251 - - [23/Feb/2004:18:54:40 -0800] "GET /eiwa/pdf/brackets/EIWA%202003.pdf HTTP/1.1" 206 66349 "-" "Mozilla/4.0 (compatible; MSIE 6.0; Windows 98)"
68.84.50.251 - - [23/Feb/2004:18:54:50 -0800] "GET /eiwa/pdf/brackets/EIWA%202003.pdf HTTP/1.1" 206 45209 "-" "Mozilla/4.0 (compatible; MSIE 6.0; Windows 98)"
68.80.208.192 - - [23/Feb/2004:18:55:28 -0800] "GET /ncaa/brackets.htm HTTP/1.1" 200 2797 "http://www.wrestlinghalloffame.org/tour/02.htm" "Mozilla/4.0 (compatible; MSIE 6.0; Windows NT 5.1; .NET CLR 1.1.4322)"
68.80.208.192 - - [23/Feb/2004:18:55:36 -0800] "GET /ncaa/pdf/brackets/NCAA%202003.pdf HTTP/1.1" 200 144218 "http://www.wrestlingstats.com/ncaa/brackets.htm" "Mozilla/4.0 (compatible; MSIE 6.0; Windows NT 5.1; .NET CLR 1.1.4322)"
68.80.208.192 - - [23/Feb/2004:18:55:37 -0800] "GET /ncaa/pdf/brackets/NCAA%202003.pdf HTTP/1.1" 200 144218 "-" "Mozilla/4.0 (compatible; MSIE 6.0; Windows NT 5.1; .NET CLR 1.1.4322)"
68.80.208.192 - - [23/Feb/2004:18:55:37 -0800] "GET /ncaa/pdf/brackets/NCAA%202003.pdf HTTP/1.1" 206 140729 "-" "Mozilla/4.0 (compatible; MSIE 6.0; Windows NT 5.1; .NET CLR 1.1.4322)"
24.185.190.115 - - [23/Feb/2004:18:56:06 -0800] "GET /ncaa/pdf/brackets/NCAA%201990.pdf HTTP/1.1" 200 232154 "http://www.google.com/search?hl=en&lr=&ie=UTF-8&oe=UTF-8&q=%22+rob+larmore%22" "Mozilla/4.0 (compatible; MSIE 6.0; Windows NT 5.1; .NET CLR 1.1.4322)"
24.185.190.115 - - [23/Feb/2004:18:56:06 -0800] "GET /ncaa/pdf/brackets/NCAA%201990.pdf HTTP/1.1" 206 228003 "-" "Mozilla/4.0 (compatible; MSIE 6.0; Windows NT 5.1; .NET CLR 1.1.4322)"
160.39.188.113 - - [23/Feb/2004:18:57:19 -0800] "GET /eiwa/brackets.htm HTTP/1.1" 200 2414 "http://wrestlingreport.com/Forums/EIWA.mv?parm_func=showmsg+parm_msgnum=1000148" "Mozilla/4.0 (compatible; MSIE 6.0; Windows NT 5.1; .NET CLR 1.1.4322)"
24.34.115.53 - - [23/Feb/2004:18:57:24 -0800] "GET /eiwa/brackets.htm HTTP/1.1" 200 2415 "http://wrestlingreport.com/Forums/EIWA.mv?parm_func=showmsg+parm_msgnum=1000148" "Mozilla/4.0 (compatible; MSIE 6.0; Windows NT 5.1; .NET CLR 1.0.3705; .NET CLR 1.1.4322)"
24.34.115.53 - - [23/Feb/2004:18:57:26 -0800] "GET /apPopupMenu.class HTTP/1.1" 200 19469 "-" "Mozilla/4.0 (compatible; MSIE 6.0; Win32)"
24.34.115.53 - - [23/Feb/2004:18:57:26 -0800] "GET /images/home32.gif HTTP/1.1" 200 287 "-" "Mozilla/4.0 (compatible; MSIE 6.0; Win32)"
24.34.115.53 - - [23/Feb/2004:18:57:27 -0800] "GET /images/mail32.gif HTTP/1.1" 200 317 "-" "Mozilla/4.0 (compatible; MSIE 6.0; Win32)"
160.39.188.113 - - [23/Feb/2004:18:57:28 -0800] "GET /apPopupMenu.class HTTP/1.1" 200 19469 "-" "Mozilla/4.0 (Windows XP 5.1) Java/1.4.2"
160.39.188.113 - - [23/Feb/2004:18:57:29 -0800] "GET /images/home32.gif HTTP/1.1" 200 287 "-" "Mozilla/4.0 (Windows XP 5.1) Java/1.4.2"
160.39.188.113 - - [23/Feb/2004:18:57:29 -0800] "GET /images/mail32.gif HTTP/1.1" 200 317 "-" "Mozilla/4.0 (Windows XP 5.1) Java/1.4.2"
24.34.115.53 - - [23/Feb/2004:18:57:34 -0800] "GET /eiwa/pdf/brackets/EIWA%201963.pdf HTTP/1.1" 200 122047 "http://www.wrestlingstats.com/eiwa/brackets.htm" "Mozilla/4.0 (compatible; MSIE 6.0; Windows NT 5.1; .NET CLR 1.0.3705; .NET CLR 1.1.4322)"
24.34.115.53 - - [23/Feb/2004:18:57:34 -0800] "GET /eiwa/pdf/brackets/EIWA%201963.pdf HTTP/1.1" 200 122047 "-" "Mozilla/4.0 (compatible; MSIE 6.0; Windows NT 5.1; .NET CLR 1.0.3705; .NET CLR 1.1.4322)"
160.39.188.113 - - [23/Feb/2004:18:57:38 -0800] "GET /eiwa/pdf/brackets/EIWA%202000.pdf HTTP/1.1" 200 70894 "http://www.wrestlingstats.com/eiwa/brackets.htm" "Mozilla/4.0 (compatible; MSIE 6.0; Windows NT 5.1; .NET CLR 1.1.4322)"
160.39.188.113 - - [23/Feb/2004:18:57:38 -0800] "GET /eiwa/pdf/brackets/EIWA%202000.pdf HTTP/1.1" 206 69662 "-" "Mozilla/4.0 (compatible; MSIE 6.0; Windows NT 5.1; .NET CLR 1.1.4322)"
68.80.208.192 - - [23/Feb/2004:18:58:03 -0800] "GET /ncaa/brackets.htm HTTP/1.1" 200 2797 "http://www.wrestlinghalloffame.org/tour/02.htm" "Mozilla/4.0 (compatible; MSIE 6.0; Windows NT 5.1; .NET CLR 1.1.4322)"
24.34.115.53 - - [23/Feb/2004:18:58:03 -0800] "GET /eiwa/brackets.htm HTTP/1.1" 200 2415 "http://wrestlingreport.com/Forums/EIWA.mv?parm_func=showmsg+parm_msgnum=1000148" "Mozilla/4.0 (compatible; MSIE 6.0; Windows NT 5.1; .NET CLR 1.0.3705; .NET CLR 1.1.4322)"
68.80.208.192 - - [23/Feb/2004:18:58:05 -0800] "GET /ncaa/pdf/brackets/NCAA%202002.pdf HTTP/1.1" 200 230468 "http://www.wrestlingstats.com/ncaa/brackets.htm" "Mozilla/4.0 (compatible; MSIE 6.0; Windows NT 5.1; .NET CLR 1.1.4322)"
68.80.208.192 - - [23/Feb/2004:18:58:06 -0800] "GET /ncaa/pdf/brackets/NCAA%202002.pdf HTTP/1.1" 200 230468 "-" "Mozilla/4.0 (compatible; MSIE 6.0; Windows NT 5.1; .NET CLR 1.1.4322)"
24.34.115.53 - - [23/Feb/2004:18:58:06 -0800] "GET /eiwa/pdf/brackets/EIWA%201965.pdf HTTP/1.1" 200 120079 "http://www.wrestlingstats.com/eiwa/brackets.htm" "Mozilla/4.0 (compatible; MSIE 6.0; Windows NT 5.1; .NET CLR 1.0.3705; .NET CLR 1.1.4322)"
24.34.115.53 - - [23/Feb/2004:18:58:06 -0800] "GET /eiwa/pdf/brackets/EIWA%201965.pdf HTTP/1.1" 200 120079 "-" "Mozilla/4.0 (compatible; MSIE 6.0; Windows NT 5.1; .NET CLR 1.0.3705; .NET CLR 1.1.4322)"
160.39.188.113 - - [23/Feb/2004:18:58:40 -0800] "GET /eiwa/pdf/brackets/EIWA%202001.pdf HTTP/1.1" 200 71223 "http://www.wrestlingstats.com/eiwa/brackets.htm" "Mozilla/4.0 (compatible; MSIE 6.0; Windows NT 5.1; .NET CLR 1.1.4322)"
160.39.188.113 - - [23/Feb/2004:18:58:40 -0800] "GET /eiwa/pdf/brackets/EIWA%202001.pdf HTTP/1.1" 206 69991 "-" "Mozilla/4.0 (compatible; MSIE 6.0; Windows NT 5.1; .NET CLR 1.1.4322)"
160.39.188.113 - - [23/Feb/2004:18:59:10 -0800] "GET /eiwa/pdf/brackets/EIWA%202002.pdf HTTP/1.1" 200 70105 "http://www.wrestlingstats.com/eiwa/brackets.htm" "Mozilla/4.0 (compatible; MSIE 6.0; Windows NT 5.1; .NET CLR 1.1.4322)"
160.39.188.113 - - [23/Feb/2004:18:59:11 -0800] "GET /eiwa/pdf/brackets/EIWA%202002.pdf HTTP/1.1" 206 67413 "-" "Mozilla/4.0 (compatible; MSIE 6.0; Windows NT 5.1; .NET CLR 1.1.4322)"
68.80.208.192 - - [23/Feb/2004:18:59:29 -0800] "GET /ncaa/brackets.htm HTTP/1.1" 200 2797 "http://www.wrestlinghalloffame.org/tour/02.htm" "Mozilla/4.0 (compatible; MSIE 6.0; Windows NT 5.1; .NET CLR 1.1.4322)"
68.80.208.192 - - [23/Feb/2004:18:59:31 -0800] "GET /ncaa/pdf/brackets/NCAA%202001.pdf HTTP/1.1" 200 144227 "http://www.wrestlingstats.com/ncaa/brackets.htm" "Mozilla/4.0 (compatible; MSIE 6.0; Windows NT 5.1; .NET CLR 1.1.4322)"
68.80.208.192 - - [23/Feb/2004:18:59:31 -0800] "GET /ncaa/pdf/brackets/NCAA%202001.pdf HTTP/1.1" 200 144227 "-" "Mozilla/4.0 (compatible; MSIE 6.0; Windows NT 5.1; .NET CLR 1.1.4322)"
68.80.208.192 - - [23/Feb/2004:18:59:31 -0800] "GET /ncaa/pdf/brackets/NCAA%202001.pdf HTTP/1.1" 206 140738 "-" "Mozilla/4.0 (compatible; MSIE 6.0; Windows NT 5.1; .NET CLR 1.1.4322)"
63.164.244.181 - - [23/Feb/2004:18:59:38 -0800] "GET /ncaa/pdf/brackets/NCAA%201986.pdf HTTP/1.1" 304 - "-" "Mozilla/4.0 (compatible; MSIE 6.0; Windows NT 5.0)"
24.34.115.53 - - [23/Feb/2004:18:59:38 -0800] "GET /eiwa/brackets.htm HTTP/1.1" 200 2415 "http://wrestlingreport.com/Forums/EIWA.mv?parm_func=showmsg+parm_msgnum=1000148" "Mozilla/4.0 (compatible; MSIE 6.0; Windows NT 5.1; .NET CLR 1.0.3705; .NET CLR 1.1.4322)"
