209.146.25.16 - - [24/Feb/2004:06:38:12 -0800] "GET /eiwa/brackets.htm HTTP/1.1" 200 2414 "http://wrestlingreport.com/Forums/EIWA.mv?parm_func=showmsg+parm_msgnum=1000148" "Mozilla/4.0 (compatible; MSIE 5.01; Windows NT 5.0)"
209.146.25.16 - - [24/Feb/2004:06:38:16 -0800] "GET /apPopupMenu.class HTTP/1.1" 200 19469 "-" "Mozilla/4.0 (compatible; MSIE 5.0; Win32)"
209.146.25.16 - - [24/Feb/2004:06:38:17 -0800] "GET /images/home32.gif HTTP/1.1" 200 287 "-" "Mozilla/4.0 (compatible; MSIE 5.0; Win32)"
209.146.25.16 - - [24/Feb/2004:06:38:18 -0800] "GET /images/mail32.gif HTTP/1.1" 200 317 "-" "Mozilla/4.0 (compatible; MSIE 5.0; Win32)"
209.146.25.16 - - [24/Feb/2004:06:38:20 -0800] "GET /eiwa/pdf/brackets/EIWA%202003.pdf HTTP/1.1" 200 70502 "http://www.wrestlingstats.com/eiwa/brackets.htm" "Mozilla/4.0 (compatible; MSIE 5.01; Windows NT 5.0)"
209.146.25.16 - - [24/Feb/2004:06:38:21 -0800] "GET /eiwa/pdf/brackets/EIWA%202003.pdf HTTP/1.1" 206 69269 "-" "contype"
209.146.25.16 - - [24/Feb/2004:06:38:21 -0800] "GET /eiwa/pdf/brackets/EIWA%202003.pdf HTTP/1.1" 206 69269 "-" "Mozilla/4.0 (compatible; MSIE 5.01; Windows NT 5.0)"
128.147.177.150 - - [24/Feb/2004:06:42:47 -0800] "GET /eiwa/pdf/brackets/EIWA%202002.pdf HTTP/1.1" 200 70105 "http://www.wrestlingstats.com/eiwa/brackets.htm" "Mozilla/4.0 (compatible; MSIE 5.01; Windows NT)"
128.147.177.150 - - [24/Feb/2004:06:42:48 -0800] "GET /eiwa/pdf/brackets/EIWA%202002.pdf HTTP/1.1" 206 65953 "-" "contype"
128.147.177.150 - - [24/Feb/2004:06:42:48 -0800] "GET /eiwa/pdf/brackets/EIWA%202002.pdf HTTP/1.1" 206 65953 "-" "Mozilla/4.0 (compatible; MSIE 5.01; Windows NT)"
128.147.177.150 - - [24/Feb/2004:06:42:48 -0800] "GET /eiwa/pdf/brackets/EIWA%202002.pdf HTTP/1.1" 206 62327 "-" "Mozilla/4.0 (compatible; MSIE 5.01; Windows NT)"
129.252.58.109 - - [24/Feb/2004:06:45:18 -0800] "GET /ncaa/pdf/brackets/NCAA%201932.pdf HTTP/1.1" 200 54990 "http://www.google.com/search?hl=en&ie=UTF-8&oe=UTF-8&q=%22Max+Silverstein%22&btnG=Google+Search" "Mozilla/5.0 (Windows; U; Windows NT 5.0; en-US; rv:1.4) Gecko/20030624 Netscape/7.1 (ax)"
12.25.67.10 - - [24/Feb/2004:06:45:21 -0800] "GET /eiwa/brackets.htm HTTP/1.1" 200 2413 "http://wrestlingreport.com/Forums/EIWA.mv?parm_func=showmsg+parm_msgnum=1000148" "Mozilla/4.0 (compatible; MSIE 6.0; Windows 98)"
12.25.67.10 - - [24/Feb/2004:06:45:26 -0800] "GET /favicon.ico HTTP/1.1" 404 363 "-" "Mozilla/4.0 (compatible; MSIE 6.0; Windows 98)"
12.25.67.10 - - [24/Feb/2004:06:45:33 -0800] "GET /eiwa/pdf/brackets/EIWA%201995.pdf HTTP/1.1" 200 70895 "http://www.wrestlingstats.com/eiwa/brackets.htm" "Mozilla/4.0 (compatible; MSIE 6.0; Windows 98)"
12.25.67.10 - - [24/Feb/2004:06:45:33 -0800] "GET /eiwa/pdf/brackets/EIWA%201995.pdf HTTP/1.1" 206 65602 "-" "Mozilla/4.0 (compatible; MSIE 6.0; Windows 98)"
12.25.67.10 - - [24/Feb/2004:06:45:34 -0800] "GET /eiwa/pdf/brackets/EIWA%201995.pdf HTTP/1.1" 206 60836 "-" "Mozilla/4.0 (compatible; MSIE 6.0; Windows 98)"
129.252.58.109 - - [24/Feb/2004:06:45:54 -0800] "GET /ncaa/pdf/brackets/NCAA%201931.pdf HTTP/1.1" 200 56686 "http://www.google.com/search?hl=en&ie=UTF-8&oe=UTF-8&q=%22Max+Silverstein%22&btnG=Google+Search" "Mozilla/5.0 (Windows; U; Windows NT 5.0; en-US; rv:1.4) Gecko/20030624 Netscape/7.1 (ax)"
12.25.67.10 - - [24/Feb/2004:06:46:19 -0800] "GET /eiwa/pdf/brackets/EIWA%201995.pdf HTTP/1.1" 206 60361 "http://www.wrestlingstats.com/eiwa/brackets.htm" "Mozilla/4.0 (compatible; MSIE 6.0; Windows 98)"
12.25.67.10 - - [24/Feb/2004:06:46:20 -0800] "GET /eiwa/pdf/brackets/EIWA%201995.pdf HTTP/1.1" 206 60361 "-" "Mozilla/4.0 (compatible; MSIE 6.0; Windows 98)"
12.25.67.10 - - [24/Feb/2004:06:46:20 -0800] "GET /eiwa/pdf/brackets/EIWA%201995.pdf HTTP/1.1" 206 55596 "-" "Mozilla/4.0 (compatible; MSIE 6.0; Windows 98)"
12.25.67.10 - - [24/Feb/2004:06:46:52 -0800] "GET /eiwa/pdf/brackets/EIWA%201994.pdf HTTP/1.1" 200 71165 "http://www.wrestlingstats.com/eiwa/brackets.htm" "Mozilla/4.0 (compatible; MSIE 6.0; Windows 98)"
12.25.67.10 - - [24/Feb/2004:06:46:52 -0800] "GET /eiwa/pdf/brackets/EIWA%201994.pdf HTTP/1.1" 206 65873 "-" "Mozilla/4.0 (compatible; MSIE 6.0; Windows 98)"
12.25.67.10 - - [24/Feb/2004:06:46:53 -0800] "GET /eiwa/pdf/brackets/EIWA%201994.pdf HTTP/1.1" 206 61108 "-" "Mozilla/4.0 (compatible; MSIE 6.0; Windows 98)"
12.25.67.10 - - [24/Feb/2004:06:47:22 -0800] "GET /eiwa/pdf/brackets/EIWA%201993.pdf HTTP/1.1" 200 70712 "http://www.wrestlingstats.com/eiwa/brackets.htm" "Mozilla/4.0 (compatible; MSIE 6.0; Windows 98)"
12.25.67.10 - - [24/Feb/2004:06:47:22 -0800] "GET /eiwa/pdf/brackets/EIWA%201993.pdf HTTP/1.1" 206 65420 "-" "Mozilla/4.0 (compatible; MSIE 6.0; Windows 98)"
12.25.67.10 - - [24/Feb/2004:06:47:22 -0800] "GET /eiwa/pdf/brackets/EIWA%201993.pdf HTTP/1.1" 206 62993 "-" "Mozilla/4.0 (compatible; MSIE 6.0; Windows 98)"
12.25.67.10 - - [24/Feb/2004:06:48:57 -0800] "GET /eiwa/pdf/brackets/EIWA%201992.pdf HTTP/1.1" 200 70726 "http://www.wrestlingstats.com/eiwa/brackets.htm" "Mozilla/4.0 (compatible; MSIE 6.0; Windows 98)"
12.25.67.10 - - [24/Feb/2004:06:48:57 -0800] "GET /eiwa/pdf/brackets/EIWA%201992.pdf HTTP/1.1" 206 65434 "-" "Mozilla/4.0 (compatible; MSIE 6.0; Windows 98)"
12.25.67.10 - - [24/Feb/2004:06:48:58 -0800] "GET /eiwa/pdf/brackets/EIWA%201992.pdf HTTP/1.1" 206 60669 "-" "Mozilla/4.0 (compatible; MSIE 6.0; Windows 98)"
12.25.67.10 - - [24/Feb/2004:06:49:55 -0800] "GET /eiwa/pdf/brackets/EIWA%201991.pdf HTTP/1.1" 200 71310 "http://www.wrestlingstats.com/eiwa/brackets.htm" "Mozilla/4.0 (compatible; MSIE 6.0; Windows 98)"
12.25.67.10 - - [24/Feb/2004:06:49:55 -0800] "GET /eiwa/pdf/brackets/EIWA%201991.pdf HTTP/1.1" 206 66018 "-" "Mozilla/4.0 (compatible; MSIE 6.0; Windows 98)"
12.25.67.10 - - [24/Feb/2004:06:49:56 -0800] "GET /eiwa/pdf/brackets/EIWA%201991.pdf HTTP/1.1" 206 55733 "-" "Mozilla/4.0 (compatible; MSIE 6.0; Windows 98)"
68.98.50.241 - - [24/Feb/2004:07:01:12 -0800] "GET /ncaa/brackets.htm HTTP/1.1" 304 - "-" "Mozilla/4.0 (compatible; MSIE 6.0; Windows 98; Win 9x 4.90; AtHome0200)"
68.98.50.241 - - [24/Feb/2004:07:01:12 -0800] "GET / HTTP/1.1" 200 1753 "-" "Mozilla/4.0 (compatible; MSIE 6.0; Windows 98; Win 9x 4.90; AtHome0200)"
68.98.50.241 - - [24/Feb/2004:07:01:16 -0800] "GET /apPopupMenu.class HTTP/1.1" 304 - "-" "Mozilla/4.0 (compatible; MSIE 6.0; Win32)"
68.98.50.241 - - [24/Feb/2004:07:01:26 -0800] "GET /images/home32.gif HTTP/1.1" 304 - "-" "Mozilla/4.0 (compatible; MSIE 6.0; Win32)"
68.98.50.241 - - [24/Feb/2004:07:01:27 -0800] "GET /images/mail32.gif HTTP/1.1" 304 - "-" "Mozilla/4.0 (compatible; MSIE 6.0; Win32)"
68.98.50.241 - - [24/Feb/2004:07:01:36 -0800] "GET / HTTP/1.1" 200 1754 "-" "Mozilla/4.0 (compatible; MSIE 6.0; Windows 98; Win 9x 4.90; AtHome0200)"
68.98.50.241 - - [24/Feb/2004:07:01:36 -0800] "GET /ncaa/pdf/brackets/NCAA%201990.pdf HTTP/1.1" 200 232154 "http://www.wrestlingstats.com/ncaa/brackets.htm" "Mozilla/4.0 (compatible; MSIE 6.0; Windows 98; Win 9x 4.90; AtHome0200)"
68.98.50.241 - - [24/Feb/2004:07:01:37 -0800] "GET / HTTP/1.1" 200 1754 "-" "Mozilla/4.0 (compatible; MSIE 6.0; Windows 98; Win 9x 4.90; AtHome0200)"
68.98.50.241 - - [24/Feb/2004:07:01:40 -0800] "GET /ncaa/pdf/brackets/NCAA%201990.pdf HTTP/1.1" 206 228003 "-" "Mozilla/4.0 (compatible; MSIE 6.0; Windows 98; Win 9x 4.90; AtHome0200)"
68.98.50.241 - - [24/Feb/2004:07:01:40 -0800] "GET /ncaa/pdf/brackets/NCAA%201990.pdf HTTP/1.1" 206 101341 "-" "Mozilla/4.0 (compatible; MSIE 6.0; Windows 98; Win 9x 4.90; AtHome0200)"
68.98.50.241 - - [24/Feb/2004:07:01:41 -0800] "GET /ncaa/pdf/brackets/NCAA%201990.pdf HTTP/1.1" 206 1024 "-" "Mozilla/4.0 (compatible; MSIE 6.0; Windows 98; Win 9x 4.90; AtHome0200)"
68.98.50.241 - - [24/Feb/2004:07:01:41 -0800] "GET /ncaa/pdf/brackets/NCAA%201990.pdf HTTP/1.1" 206 382 "-" "Mozilla/4.0 (compatible; MSIE 6.0; Windows 98; Win 9x 4.90; AtHome0200)"
68.98.50.241 - - [24/Feb/2004:07:02:10 -0800] "GET /ncaa/pdf/brackets/NCAA%201991.pdf HTTP/1.1" 200 229431 "http://www.wrestlingstats.com/ncaa/brackets.htm" "Mozilla/4.0 (compatible; MSIE 6.0; Windows 98; Win 9x 4.90; AtHome0200)"
68.98.50.241 - - [24/Feb/2004:07:02:11 -0800] "GET / HTTP/1.1" 200 1754 "-" "Mozilla/4.0 (compatible; MSIE 6.0; Windows 98; Win 9x 4.90; AtHome0200)"
68.98.50.241 - - [24/Feb/2004:07:02:11 -0800] "GET / HTTP/1.1" 200 1754 "-" "Mozilla/4.0 (compatible; MSIE 6.0; Windows 98; Win 9x 4.90; AtHome0200)"
68.98.50.241 - - [24/Feb/2004:07:02:11 -0800] "GET /ncaa/pdf/brackets/NCAA%201991.pdf HTTP/1.1" 206 221239 "-" "Mozilla/4.0 (compatible; MSIE 6.0; Windows 98; Win 9x 4.90; AtHome0200)"
68.98.50.241 - - [24/Feb/2004:07:02:11 -0800] "GET /ncaa/pdf/brackets/NCAA%201991.pdf HTTP/1.1" 206 94509 "-" "Mozilla/4.0 (compatible; MSIE 6.0; Windows 98; Win 9x 4.90; AtHome0200)"
68.98.50.241 - - [24/Feb/2004:07:02:11 -0800] "GET /ncaa/pdf/brackets/NCAA%201991.pdf HTTP/1.1" 206 899 "-" "Mozilla/4.0 (compatible; MSIE 6.0; Windows 98; Win 9x 4.90; AtHome0200)"
68.98.50.241 - - [24/Feb/2004:07:02:12 -0800] "GET /ncaa/pdf/brackets/NCAA%201991.pdf HTTP/1.1" 206 1024 "-" "Mozilla/4.0 (compatible; MSIE 6.0; Windows 98; Win 9x 4.90; AtHome0200)"
68.98.50.241 - - [24/Feb/2004:07:02:12 -0800] "GET /ncaa/pdf/brackets/NCAA%201991.pdf HTTP/1.1" 206 382 "-" "Mozilla/4.0 (compatible; MSIE 6.0; Windows 98; Win 9x 4.90; AtHome0200)"
68.98.50.241 - - [24/Feb/2004:07:02:22 -0800] "GET /ncaa/pdf/brackets/NCAA%201991.pdf HTTP/1.1" 206 9507 "-" "Mozilla/4.0 (compatible; MSIE 6.0; Windows 98; Win 9x 4.90; AtHome0200)"
68.98.50.241 - - [24/Feb/2004:07:02:49 -0800] "GET /ncaa/pdf/brackets/NCAA%201992.pdf HTTP/1.1" 200 225940 "http://www.wrestlingstats.com/ncaa/brackets.htm" "Mozilla/4.0 (compatible; MSIE 6.0; Windows 98; Win 9x 4.90; AtHome0200)"
68.98.50.241 - - [24/Feb/2004:07:02:49 -0800] "GET / HTTP/1.1" 200 1754 "-" "Mozilla/4.0 (compatible; MSIE 6.0; Windows 98; Win 9x 4.90; AtHome0200)"
68.98.50.241 - - [24/Feb/2004:07:02:49 -0800] "GET / HTTP/1.1" 200 1754 "-" "Mozilla/4.0 (compatible; MSIE 6.0; Windows 98; Win 9x 4.90; AtHome0200)"
68.98.50.241 - - [24/Feb/2004:07:02:49 -0800] "GET /ncaa/pdf/brackets/NCAA%201992.pdf HTTP/1.1" 206 221789 "-" "Mozilla/4.0 (compatible; MSIE 6.0; Windows 98; Win 9x 4.90; AtHome0200)"
68.98.50.241 - - [24/Feb/2004:07:02:49 -0800] "GET /ncaa/pdf/brackets/NCAA%201992.pdf HTTP/1.1" 206 99431 "-" "Mozilla/4.0 (compatible; MSIE 6.0; Windows 98; Win 9x 4.90; AtHome0200)"
68.98.50.241 - - [24/Feb/2004:07:02:49 -0800] "GET /ncaa/pdf/brackets/NCAA%201992.pdf HTTP/1.1" 206 839 "-" "Mozilla/4.0 (compatible; MSIE 6.0; Windows 98; Win 9x 4.90; AtHome0200)"
68.98.50.241 - - [24/Feb/2004:07:02:50 -0800] "GET /ncaa/pdf/brackets/NCAA%201992.pdf HTTP/1.1" 206 1024 "-" "Mozilla/4.0 (compatible; MSIE 6.0; Windows 98; Win 9x 4.90; AtHome0200)"
68.98.50.241 - - [24/Feb/2004:07:02:50 -0800] "GET /ncaa/pdf/brackets/NCAA%201992.pdf HTTP/1.1" 206 382 "-" "Mozilla/4.0 (compatible; MSIE 6.0; Windows 98; Win 9x 4.90; AtHome0200)"
68.98.50.241 - - [24/Feb/2004:07:02:55 -0800] "GET /ncaa/pdf/brackets/NCAA%201992.pdf HTTP/1.1" 206 9211 "-" "Mozilla/4.0 (compatible; MSIE 6.0; Windows 98; Win 9x 4.90; AtHome0200)"
68.98.50.241 - - [24/Feb/2004:07:03:00 -0800] "GET /ncaa/pdf/brackets/NCAA%201992.pdf HTTP/1.1" 206 2950 "-" "Mozilla/4.0 (compatible; MSIE 6.0; Windows 98; Win 9x 4.90; AtHome0200)"
68.98.50.241 - - [24/Feb/2004:07:03:29 -0800] "GET /ncaa/pdf/brackets/NCAA%201993.pdf HTTP/1.1" 200 228307 "http://www.wrestlingstats.com/ncaa/brackets.htm" "Mozilla/4.0 (compatible; MSIE 6.0; Windows 98; Win 9x 4.90; AtHome0200)"
68.98.50.241 - - [24/Feb/2004:07:03:30 -0800] "GET / HTTP/1.1" 200 1754 "-" "Mozilla/4.0 (compatible; MSIE 6.0; Windows 98; Win 9x 4.90; AtHome0200)"
68.98.50.241 - - [24/Feb/2004:07:03:30 -0800] "GET / HTTP/1.1" 200 1754 "-" "Mozilla/4.0 (compatible; MSIE 6.0; Windows 98; Win 9x 4.90; AtHome0200)"
68.98.50.241 - - [24/Feb/2004:07:03:30 -0800] "GET /ncaa/pdf/brackets/NCAA%201993.pdf HTTP/1.1" 206 220115 "-" "Mozilla/4.0 (compatible; MSIE 6.0; Windows 98; Win 9x 4.90; AtHome0200)"
68.98.50.241 - - [24/Feb/2004:07:03:34 -0800] "GET /ncaa/pdf/brackets/NCAA%201993.pdf HTTP/1.1" 206 839 "-" "Mozilla/4.0 (compatible; MSIE 6.0; Windows 98; Win 9x 4.90; AtHome0200)"
68.98.50.241 - - [24/Feb/2004:07:03:34 -0800] "GET /ncaa/pdf/brackets/NCAA%201993.pdf HTTP/1.1" 206 1024 "-" "Mozilla/4.0 (compatible; MSIE 6.0; Windows 98; Win 9x 4.90; AtHome0200)"
68.98.50.241 - - [24/Feb/2004:07:03:34 -0800] "GET /ncaa/pdf/brackets/NCAA%201993.pdf HTTP/1.1" 206 382 "-" "Mozilla/4.0 (compatible; MSIE 6.0; Windows 98; Win 9x 4.90; AtHome0200)"
68.98.50.241 - - [24/Feb/2004:07:03:42 -0800] "GET /ncaa/pdf/brackets/NCAA%201993.pdf HTTP/1.1" 206 216017 "http://www.wrestlingstats.com/ncaa/brackets.htm" "Mozilla/4.0 (compatible; MSIE 6.0; Windows 98; Win 9x 4.90; AtHome0200)"
68.98.50.241 - - [24/Feb/2004:07:03:42 -0800] "GET / HTTP/1.1" 200 1753 "-" "Mozilla/4.0 (compatible; MSIE 6.0; Windows 98; Win 9x 4.90; AtHome0200)"
68.98.50.241 - - [24/Feb/2004:07:03:42 -0800] "GET / HTTP/1.1" 200 1753 "-" "Mozilla/4.0 (compatible; MSIE 6.0; Windows 98; Win 9x 4.90; AtHome0200)"
68.98.50.241 - - [24/Feb/2004:07:03:42 -0800] "GET /ncaa/pdf/brackets/NCAA%201993.pdf HTTP/1.1" 206 216017 "-" "Mozilla/4.0 (compatible; MSIE 6.0; Windows 98; Win 9x 4.90; AtHome0200)"
68.98.50.241 - - [24/Feb/2004:07:03:42 -0800] "GET /ncaa/pdf/brackets/NCAA%201993.pdf HTTP/1.1" 206 839 "-" "Mozilla/4.0 (compatible; MSIE 6.0; Windows 98; Win 9x 4.90; AtHome0200)"
68.98.50.241 - - [24/Feb/2004:07:03:42 -0800] "GET /ncaa/pdf/brackets/NCAA%201993.pdf HTTP/1.1" 206 91823 "-" "Mozilla/4.0 (compatible; MSIE 6.0; Windows 98; Win 9x 4.90; AtHome0200)"
68.98.50.241 - - [24/Feb/2004:07:03:42 -0800] "GET /ncaa/pdf/brackets/NCAA%201993.pdf HTTP/1.1" 206 1024 "-" "Mozilla/4.0 (compatible; MSIE 6.0; Windows 98; Win 9x 4.90; AtHome0200)"
68.98.50.241 - - [24/Feb/2004:07:03:43 -0800] "GET /ncaa/pdf/brackets/NCAA%201993.pdf HTTP/1.1" 206 382 "-" "Mozilla/4.0 (compatible; MSIE 6.0; Windows 98; Win 9x 4.90; AtHome0200)"
68.98.50.241 - - [24/Feb/2004:07:03:52 -0800] "GET /ncaa/pdf/brackets/NCAA%201993.pdf HTTP/1.1" 206 9177 "-" "Mozilla/4.0 (compatible; MSIE 6.0; Windows 98; Win 9x 4.90; AtHome0200)"
68.98.50.241 - - [24/Feb/2004:07:03:56 -0800] "GET /ncaa/pdf/brackets/NCAA%201993.pdf HTTP/1.1" 206 2919 "-" "Mozilla/4.0 (compatible; MSIE 6.0; Windows 98; Win 9x 4.90; AtHome0200)"
68.98.50.241 - - [24/Feb/2004:07:04:51 -0800] "GET / HTTP/1.1" 200 1754 "-" "Mozilla/4.0 (compatible; MSIE 6.0; Windows 98; Win 9x 4.90; AtHome0200)"
68.98.50.241 - - [24/Feb/2004:07:04:51 -0800] "GET /ncaa/pdf/brackets/NCAA%201989.pdf HTTP/1.1" 206 244794 "http://www.wrestlingstats.com/ncaa/brackets.htm" "Mozilla/4.0 (compatible; MSIE 6.0; Windows 98; Win 9x 4.90; AtHome0200)"
68.98.50.241 - - [24/Feb/2004:07:04:51 -0800] "GET / HTTP/1.1" 200 1754 "-" "Mozilla/4.0 (compatible; MSIE 6.0; Windows 98; Win 9x 4.90; AtHome0200)"
68.98.50.241 - - [24/Feb/2004:07:04:51 -0800] "GET /ncaa/pdf/brackets/NCAA%201989.pdf HTTP/1.1" 206 196608 "-" "Mozilla/4.0 (compatible; MSIE 6.0; Windows 98; Win 9x 4.90; AtHome0200)"
68.98.50.241 - - [24/Feb/2004:07:04:55 -0800] "GET /ncaa/pdf/brackets/NCAA%201989.pdf HTTP/1.1" 206 241744 "-" "Mozilla/4.0 (compatible; MSIE 6.0; Windows 98; Win 9x 4.90; AtHome0200)"
68.98.50.241 - - [24/Feb/2004:07:04:57 -0800] "GET / HTTP/1.1" 200 1754 "-" "Mozilla/4.0 (compatible; MSIE 6.0; Windows 98; Win 9x 4.90; AtHome0200)"
68.98.50.241 - - [24/Feb/2004:07:04:57 -0800] "GET /ncaa/pdf/brackets/NCAA%201989.pdf HTTP/1.1" 206 240697 "http://www.wrestlingstats.com/ncaa/brackets.htm" "Mozilla/4.0 (compatible; MSIE 6.0; Windows 98; Win 9x 4.90; AtHome0200)"
68.98.50.241 - - [24/Feb/2004:07:04:58 -0800] "GET / HTTP/1.1" 200 1754 "-" "Mozilla/4.0 (compatible; MSIE 6.0; Windows 98; Win 9x 4.90; AtHome0200)"
68.98.50.241 - - [24/Feb/2004:07:04:58 -0800] "GET /ncaa/pdf/brackets/NCAA%201989.pdf HTTP/1.1" 206 196608 "-" "Mozilla/4.0 (compatible; MSIE 6.0; Windows 98; Win 9x 4.90; AtHome0200)"
68.98.50.241 - - [24/Feb/2004:07:04:58 -0800] "GET /ncaa/pdf/brackets/NCAA%201989.pdf HTTP/1.1" 206 237648 "-" "Mozilla/4.0 (compatible; MSIE 6.0; Windows 98; Win 9x 4.90; AtHome0200)"
68.98.50.241 - - [24/Feb/2004:07:05:06 -0800] "GET /ncaa/pdf/brackets/NCAA%201988.pdf HTTP/1.1" 206 221031 "http://www.wrestlingstats.com/ncaa/brackets.htm" "Mozilla/4.0 (compatible; MSIE 6.0; Windows 98; Win 9x 4.90; AtHome0200)"
68.98.50.241 - - [24/Feb/2004:07:05:06 -0800] "GET / HTTP/1.1" 200 1754 "-" "Mozilla/4.0 (compatible; MSIE 6.0; Windows 98; Win 9x 4.90; AtHome0200)"
68.98.50.241 - - [24/Feb/2004:07:05:06 -0800] "GET / HTTP/1.1" 200 1754 "-" "Mozilla/4.0 (compatible; MSIE 6.0; Windows 98; Win 9x 4.90; AtHome0200)"
68.98.50.241 - - [24/Feb/2004:07:05:06 -0800] "GET /ncaa/pdf/brackets/NCAA%201988.pdf HTTP/1.1" 206 221031 "-" "Mozilla/4.0 (compatible; MSIE 6.0; Windows 98; Win 9x 4.90; AtHome0200)"
68.98.50.241 - - [24/Feb/2004:07:05:09 -0800] "GET /ncaa/pdf/brackets/NCAA%201988.pdf HTTP/1.1" 206 217887 "-" "Mozilla/4.0 (compatible; MSIE 6.0; Windows 98; Win 9x 4.90; AtHome0200)"
68.98.50.241 - - [24/Feb/2004:07:05:41 -0800] "GET /ncaa/pdf/brackets/NCAA%201987.pdf HTTP/1.1" 206 219929 "http://www.wrestlingstats.com/ncaa/brackets.htm" "Mozilla/4.0 (compatible; MSIE 6.0; Windows 98; Win 9x 4.90; AtHome0200)"
68.98.50.241 - - [24/Feb/2004:07:05:41 -0800] "GET / HTTP/1.1" 200 1754 "-" "Mozilla/4.0 (compatible; MSIE 6.0; Windows 98; Win 9x 4.90; AtHome0200)"
68.98.50.241 - - [24/Feb/2004:07:05:42 -0800] "GET /ncaa/pdf/brackets/NCAA%201987.pdf HTTP/1.1" 206 219929 "-" "Mozilla/4.0 (compatible; MSIE 6.0; Windows 98; Win 9x 4.90; AtHome0200)"
68.98.50.241 - - [24/Feb/2004:07:05:42 -0800] "GET / HTTP/1.1" 200 1754 "-" "Mozilla/4.0 (compatible; MSIE 6.0; Windows 98; Win 9x 4.90; AtHome0200)"
68.98.50.241 - - [24/Feb/2004:07:05:42 -0800] "GET /ncaa/pdf/brackets/NCAA%201987.pdf HTTP/1.1" 206 216785 "-" "Mozilla/4.0 (compatible; MSIE 6.0; Windows 98; Win 9x 4.90; AtHome0200)"
68.98.50.241 - - [24/Feb/2004:07:06:20 -0800] "GET / HTTP/1.1" 200 1753 "-" "Mozilla/4.0 (compatible; MSIE 6.0; Windows 98; Win 9x 4.90; AtHome0200)"
68.98.50.241 - - [24/Feb/2004:07:06:20 -0800] "GET /ncaa/pdf/brackets/NCAA%201986.pdf HTTP/1.1" 206 207822 "http://www.wrestlingstats.com/ncaa/brackets.htm" "Mozilla/4.0 (compatible; MSIE 6.0; Windows 98; Win 9x 4.90; AtHome0200)"
68.98.50.241 - - [24/Feb/2004:07:06:21 -0800] "GET / HTTP/1.1" 200 1754 "-" "Mozilla/4.0 (compatible; MSIE 6.0; Windows 98; Win 9x 4.90; AtHome0200)"
68.98.50.241 - - [24/Feb/2004:07:06:21 -0800] "GET /ncaa/pdf/brackets/NCAA%201986.pdf HTTP/1.1" 206 207822 "-" "Mozilla/4.0 (compatible; MSIE 6.0; Windows 98; Win 9x 4.90; AtHome0200)"
68.98.50.241 - - [24/Feb/2004:07:06:21 -0800] "GET /ncaa/pdf/brackets/NCAA%201986.pdf HTTP/1.1" 206 204679 "-" "Mozilla/4.0 (compatible; MSIE 6.0; Windows 98; Win 9x 4.90; AtHome0200)"
68.98.50.241 - - [24/Feb/2004:07:06:29 -0800] "GET / HTTP/1.1" 200 1754 "-" "Mozilla/4.0 (compatible; MSIE 6.0; Windows 98; Win 9x 4.90; AtHome0200)"
68.98.50.241 - - [24/Feb/2004:07:06:29 -0800] "GET /ncaa/pdf/brackets/NCAA%201985.pdf HTTP/1.1" 200 223425 "http://www.wrestlingstats.com/ncaa/brackets.htm" "Mozilla/4.0 (compatible; MSIE 6.0; Windows 98; Win 9x 4.90; AtHome0200)"
68.98.50.241 - - [24/Feb/2004:07:06:29 -0800] "GET / HTTP/1.1" 200 1754 "-" "Mozilla/4.0 (compatible; MSIE 6.0; Windows 98; Win 9x 4.90; AtHome0200)"
68.98.50.241 - - [24/Feb/2004:07:06:29 -0800] "GET /ncaa/pdf/brackets/NCAA%201985.pdf HTTP/1.1" 206 219274 "-" "Mozilla/4.0 (compatible; MSIE 6.0; Windows 98; Win 9x 4.90; AtHome0200)"
68.98.50.241 - - [24/Feb/2004:07:06:32 -0800] "GET /ncaa/pdf/brackets/NCAA%201985.pdf HTTP/1.1" 206 216129 "-" "Mozilla/4.0 (compatible; MSIE 6.0; Windows 98; Win 9x 4.90; AtHome0200)"
68.98.50.241 - - [24/Feb/2004:07:07:32 -0800] "GET /ncaa/pdf/brackets/NCAA%201987.pdf HTTP/1.1" 206 215832 "http://www.wrestlingstats.com/ncaa/brackets.htm" "Mozilla/4.0 (compatible; MSIE 6.0; Windows 98; Win 9x 4.90; AtHome0200)"
68.98.50.241 - - [24/Feb/2004:07:07:32 -0800] "GET / HTTP/1.1" 200 1754 "-" "Mozilla/4.0 (compatible; MSIE 6.0; Windows 98; Win 9x 4.90; AtHome0200)"
68.98.50.241 - - [24/Feb/2004:07:07:32 -0800] "GET / HTTP/1.1" 200 1754 "-" "Mozilla/4.0 (compatible; MSIE 6.0; Windows 98; Win 9x 4.90; AtHome0200)"
68.98.50.241 - - [24/Feb/2004:07:07:32 -0800] "GET /ncaa/pdf/brackets/NCAA%201987.pdf HTTP/1.1" 206 215832 "-" "Mozilla/4.0 (compatible; MSIE 6.0; Windows 98; Win 9x 4.90; AtHome0200)"
68.98.50.241 - - [24/Feb/2004:07:07:32 -0800] "GET /ncaa/pdf/brackets/NCAA%201987.pdf HTTP/1.1" 206 216785 "-" "Mozilla/4.0 (compatible; MSIE 6.0; Windows 98; Win 9x 4.90; AtHome0200)"
68.98.50.241 - - [24/Feb/2004:07:07:43 -0800] "GET /ncaa/pdf/brackets/NCAA%201986.pdf HTTP/1.1" 206 203726 "http://www.wrestlingstats.com/ncaa/brackets.htm" "Mozilla/4.0 (compatible; MSIE 6.0; Windows 98; Win 9x 4.90; AtHome0200)"
68.98.50.241 - - [24/Feb/2004:07:07:43 -0800] "GET / HTTP/1.1" 200 1754 "-" "Mozilla/4.0 (compatible; MSIE 6.0; Windows 98; Win 9x 4.90; AtHome0200)"
68.98.50.241 - - [24/Feb/2004:07:07:43 -0800] "GET / HTTP/1.1" 200 1754 "-" "Mozilla/4.0 (compatible; MSIE 6.0; Windows 98; Win 9x 4.90; AtHome0200)"
68.98.50.241 - - [24/Feb/2004:07:07:43 -0800] "GET /ncaa/pdf/brackets/NCAA%201986.pdf HTTP/1.1" 206 203726 "-" "Mozilla/4.0 (compatible; MSIE 6.0; Windows 98; Win 9x 4.90; AtHome0200)"
68.98.50.241 - - [24/Feb/2004:07:07:44 -0800] "GET /ncaa/pdf/brackets/NCAA%201986.pdf HTTP/1.1" 206 200583 "-" "Mozilla/4.0 (compatible; MSIE 6.0; Windows 98; Win 9x 4.90; AtHome0200)"
128.180.90.15 - - [24/Feb/2004:07:07:47 -0800] "GET /eiwa/brackets.htm HTTP/1.1" 200 2415 "http://wrestlingreport.com/Forums/EIWA.mv?parm_func=showmsg+parm_msgnum=1000148" "Mozilla/4.0 (compatible; MSIE 6.0; Windows NT 5.0)"
128.180.90.15 - - [24/Feb/2004:07:07:47 -0800] "GET /apPopupMenu.class HTTP/1.1" 200 19469 "-" "Mozilla/4.0 (compatible; MSIE 6.0; Win32)"
128.180.90.15 - - [24/Feb/2004:07:07:47 -0800] "GET /images/home32.gif HTTP/1.1" 200 287 "-" "Mozilla/4.0 (compatible; MSIE 6.0; Win32)"
128.180.90.15 - - [24/Feb/2004:07:07:48 -0800] "GET /images/mail32.gif HTTP/1.1" 200 317 "-" "Mozilla/4.0 (compatible; MSIE 6.0; Win32)"
151.198.174.99 - - [24/Feb/2004:07:09:51 -0800] "GET /eiwa/brackets.htm HTTP/1.0" 200 11529 "http://wrestlingreport.com/Forums/EIWA.mv?parm_func=showmsg+parm_msgnum=1000148" "Mozilla/4.0 (compatible; MSIE 5.01; Windows 95)"
151.198.174.99 - - [24/Feb/2004:07:09:53 -0800] "GET /apPopupMenu.class HTTP/1.0" 200 19469 "-" "Mozilla/4.0 (compatible; MSIE 5.0; Win32)"
151.198.174.99 - - [24/Feb/2004:07:09:54 -0800] "GET /images/home32.gif HTTP/1.0" 200 287 "-" "Mozilla/4.0 (compatible; MSIE 5.0; Win32)"
151.198.174.99 - - [24/Feb/2004:07:09:55 -0800] "GET /images/mail32.gif HTTP/1.0" 200 317 "-" "Mozilla/4.0 (compatible; MSIE 5.0; Win32)"
65.198.133.254 - - [24/Feb/2004:07:11:39 -0800] "GET / HTTP/1.1" 200 1754 "-" "Mozilla/4.0 (compatible; MSIE 6.0; Windows NT 5.0; Q312461; .NET CLR 1.0.3705; .NET CLR 1.1.4322)"
65.198.133.254 - - [24/Feb/2004:07:11:39 -0800] "GET /NCAA2003.jpg HTTP/1.1" 200 84807 "http://www.wrestlingstats.com/" "Mozilla/4.0 (compatible; MSIE 6.0; Windows NT 5.0; Q312461; .NET CLR 1.0.3705; .NET CLR 1.1.4322)"
65.198.133.254 - - [24/Feb/2004:07:11:42 -0800] "GET /apPopupMenu.class HTTP/1.1" 200 19469 "-" "Mozilla/4.0 (compatible; MSIE 6.0; Win32)"
65.198.133.254 - - [24/Feb/2004:07:11:42 -0800] "GET /images/home32.gif HTTP/1.1" 200 287 "-" "Mozilla/4.0 (compatible; MSIE 6.0; Win32)"
65.198.133.254 - - [24/Feb/2004:07:11:42 -0800] "GET /images/mail32.gif HTTP/1.1" 200 317 "-" "Mozilla/4.0 (compatible; MSIE 6.0; Win32)"
209.50.139.249 - - [24/Feb/2004:07:12:17 -0800] "GET /lehigh/show_leaders.php?term=C&leader=1 HTTP/1.1" 200 0 "http://www.lehighwrestling.com/Lehigh/Stats/Lehigh%20Individual/individual.htm" "Mozilla/4.0 (compatible; MSIE 5.5; Windows 98; T312461)"
130.49.146.21 - - [24/Feb/2004:07:12:54 -0800] "GET /eiwa/brackets.htm HTTP/1.1" 200 2414 "http://wrestlingreport.com/Forums/EIWA.mv?parm_func=showmsg+parm_msgnum=1000148" "Mozilla/4.0 (compatible; MSIE 6.0; Windows NT 5.1; .NET CLR 1.0.3705; .NET CLR 1.1.4322)"
130.49.146.21 - - [24/Feb/2004:07:13:03 -0800] "GET /apPopupMenu.class HTTP/1.1" 200 19469 "-" "Mozilla/4.0 (Windows XP 5.1)"
130.49.146.21 - - [24/Feb/2004:07:13:03 -0800] "GET /images/home32.gif HTTP/1.1" 200 287 "-" "Mozilla/4.0 (Windows XP 5.1)"
130.49.146.21 - - [24/Feb/2004:07:13:04 -0800] "GET /images/mail32.gif HTTP/1.1" 200 317 "-" "Mozilla/4.0 (Windows XP 5.1)"
130.49.146.21 - - [24/Feb/2004:07:13:06 -0800] "GET /eiwa/pdf/brackets/EIWA%202003.pdf HTTP/1.1" 200 70502 "http://www.wrestlingstats.com/eiwa/brackets.htm" "Mozilla/4.0 (compatible; MSIE 6.0; Windows NT 5.1; .NET CLR 1.0.3705; .NET CLR 1.1.4322)"
130.49.146.21 - - [24/Feb/2004:07:13:06 -0800] "GET /eiwa/pdf/brackets/EIWA%202003.pdf HTTP/1.1" 206 69269 "-" "Mozilla/4.0 (compatible; MSIE 6.0; Windows NT 5.1; .NET CLR 1.0.3705; .NET CLR 1.1.4322)"
162.129.227.254 - - [24/Feb/2004:07:13:45 -0800] "GET /ncaa/pdf/brackets/NCAA%201994.pdf HTTP/1.1" 200 226551 "http://www.google.com/search?hl=en&ie=ISO-8859-1&q=%22dean+moscovic%22+%2B+wrestling" "Mozilla/4.0 (compatible; MSIE 5.22; Mac_PowerPC)"
208.11.174.110 - - [24/Feb/2004:07:15:29 -0800] "GET /ncaa/pdf/brackets/NCAA%201962.pdf HTTP/1.1" 200 96564 "http://www.google.com/search?hl=en&ie=UTF-8&oe=UTF-8&q=NCAA%2B1962&btnG=Google+Search" "Mozilla/4.0 (compatible; MSIE 6.0; Windows NT 5.0)"
162.129.227.254 - - [24/Feb/2004:07:16:57 -0800] "GET /ncaa/pdf/brackets/NCAA%201992.pdf HTTP/1.1" 200 225940 "http://www.google.com/search?hl=en&ie=ISO-8859-1&q=%22dean+moscovic%22+%2B+wrestling" "Mozilla/4.0 (compatible; MSIE 5.22; Mac_PowerPC)"
162.129.227.254 - - [24/Feb/2004:07:22:46 -0800] "GET /ncaa/pdf/brackets/NCAA%201994.pdf HTTP/1.1" 200 226551 "http://www.google.com/search?hl=en&ie=ISO-8859-1&q=%22dean+moscovic%22+%2B+wrestling" "Mozilla/4.0 (compatible; MSIE 5.22; Mac_PowerPC)"
64.41.35.147 - - [24/Feb/2004:07:30:03 -0800] "GET /ncaa/pdf/NCAA%20Wrestling%20Tournament%20Summary.pdf HTTP/1.1" 200 12017 "http://www.lehighwrestling.com/Lehigh/Stats/NCAA/NCAA.htm" "Mozilla/4.0 (compatible; MSIE 6.0; MSNIA; Windows 98; (R1 1.1))"
64.41.35.147 - - [24/Feb/2004:07:30:05 -0800] "GET /ncaa/pdf/NCAA%20Wrestling%20Tournament%20Summary.pdf HTTP/1.1" 206 10636 "-" "Mozilla/4.0 (compatible; MSIE 6.0; MSNIA; Windows 98; (R1 1.1))"
128.122.128.25 - - [24/Feb/2004:07:30:44 -0800] "GET /lehigh/seasons.php HTTP/1.0" 200 8064 "http://www.lehighwrestling.com/Lehigh/Stats/Lehigh%20Team/team.htm" "Mozilla/4.0 (compatible; MSIE 6.0; Windows NT 5.1)"
128.122.128.25 - - [24/Feb/2004:07:31:03 -0800] "POST /lehigh/view_seasons.php HTTP/1.0" 200 13049 "http://www.wrestlingstats.com/lehigh/seasons.php" "Mozilla/4.0 (compatible; MSIE 6.0; Windows NT 5.1)"
128.122.128.25 - - [24/Feb/2004:07:31:46 -0800] "POST /lehigh/view_seasons.php HTTP/1.0" 200 9491 "http://www.wrestlingstats.com/lehigh/seasons.php" "Mozilla/4.0 (compatible; MSIE 6.0; Windows NT 5.1)"
128.122.128.25 - - [24/Feb/2004:07:32:15 -0800] "POST /lehigh/view_seasons.php HTTP/1.0" 200 11279 "http://www.wrestlingstats.com/lehigh/seasons.php" "Mozilla/4.0 (compatible; MSIE 6.0; Windows NT 5.1)"
128.122.128.25 - - [24/Feb/2004:07:32:45 -0800] "POST /lehigh/view_seasons.php HTTP/1.0" 200 13407 "http://www.wrestlingstats.com/lehigh/seasons.php" "Mozilla/4.0 (compatible; MSIE 6.0; Windows NT 5.1)"
128.122.128.25 - - [24/Feb/2004:07:33:43 -0800] "POST /lehigh/view_seasons.php HTTP/1.0" 200 13056 "http://www.wrestlingstats.com/lehigh/seasons.php" "Mozilla/4.0 (compatible; MSIE 6.0; Windows NT 5.1)"
128.122.128.25 - - [24/Feb/2004:07:33:51 -0800] "GET /lehigh/view_wrestlers.php?wrestler=612 HTTP/1.0" 200 9281 "http://www.wrestlingstats.com/lehigh/view_seasons.php" "Mozilla/4.0 (compatible; MSIE 6.0; Windows NT 5.1)"
128.122.128.25 - - [24/Feb/2004:07:34:20 -0800] "GET /lehigh/view_wrestlers.php?wrestler=349 HTTP/1.0" 200 7206 "http://www.wrestlingstats.com/lehigh/view_seasons.php" "Mozilla/4.0 (compatible; MSIE 6.0; Windows NT 5.1)"
128.122.128.25 - - [24/Feb/2004:07:37:48 -0800] "GET /lehigh/view_wrestlers.php?wrestler=604 HTTP/1.0" 200 19004 "http://www.wrestlingstats.com/lehigh/view_seasons.php" "Mozilla/4.0 (compatible; MSIE 6.0; Windows NT 5.1)"
12.147.224.27 - - [24/Feb/2004:07:37:54 -0800] "GET / HTTP/1.1" 200 1754 "-" "Mozilla/4.0 (compatible; MSIE 6.0; Windows NT 5.0; YComp 5.0.0.0; Ocean Energy Inc.)"
12.147.224.27 - - [24/Feb/2004:07:37:55 -0800] "GET /NCAA2003.jpg HTTP/1.1" 200 84807 "http://www.wrestlingstats.com/" "Mozilla/4.0 (compatible; MSIE 6.0; Windows NT 5.0; YComp 5.0.0.0; Ocean Energy Inc.)"
12.147.224.27 - - [24/Feb/2004:07:37:55 -0800] "GET /apPopupMenu.class HTTP/1.1" 200 19469 "-" "Mozilla/4.0 (compatible; MSIE 6.0; Win32)"
12.147.224.27 - - [24/Feb/2004:07:37:56 -0800] "GET /images/home32.gif HTTP/1.1" 200 287 "-" "Mozilla/4.0 (compatible; MSIE 6.0; Win32)"
12.147.224.27 - - [24/Feb/2004:07:37:56 -0800] "GET /images/mail32.gif HTTP/1.1" 200 317 "-" "Mozilla/4.0 (compatible; MSIE 6.0; Win32)"
12.147.224.27 - - [24/Feb/2004:07:38:07 -0800] "GET /index.html HTTP/1.1" 200 1754 "-" "Mozilla/4.0 (compatible; MSIE 6.0; Windows NT 5.0; YComp 5.0.0.0; Ocean Energy Inc.)"
128.122.128.25 - - [24/Feb/2004:07:38:07 -0800] "GET /lehigh/seasons.php HTTP/1.0" 200 8064 "http://www.lehighwrestling.com/Lehigh/Stats/Lehigh%20Team/team.htm" "Mozilla/4.0 (compatible; MSIE 6.0; Windows NT 5.1)"
12.147.224.27 - - [24/Feb/2004:07:38:07 -0800] "GET /NCAA2003.jpg HTTP/1.1" 304 - "http://www.wrestlingstats.com/index.html" "Mozilla/4.0 (compatible; MSIE 6.0; Windows NT 5.0; YComp 5.0.0.0; Ocean Energy Inc.)"
128.122.128.25 - - [24/Feb/2004:07:38:15 -0800] "POST /lehigh/view_seasons.php HTTP/1.0" 200 14147 "http://www.wrestlingstats.com/lehigh/seasons.php" "Mozilla/4.0 (compatible; MSIE 6.0; Windows NT 5.1)"
128.122.128.25 - - [24/Feb/2004:07:38:20 -0800] "GET /lehigh/view_wrestlers.php?wrestler=689 HTTP/1.0" 200 8188 "http://www.wrestlingstats.com/lehigh/view_seasons.php" "Mozilla/4.0 (compatible; MSIE 6.0; Windows NT 5.1)"
128.122.128.25 - - [24/Feb/2004:07:38:52 -0800] "GET /lehigh/view_wrestler_bouts.php?wrestler=689&season=2001 HTTP/1.0" 200 7917 "http://www.wrestlingstats.com/lehigh/view_wrestlers.php?wrestler=689" "Mozilla/4.0 (compatible; MSIE 6.0; Windows NT 5.1)"
128.122.128.25 - - [24/Feb/2004:07:39:39 -0800] "GET /lehigh/view_wrestler_bouts.php?wrestler=689&season=2000 HTTP/1.0" 200 7905 "http://www.wrestlingstats.com/lehigh/view_wrestlers.php?wrestler=689" "Mozilla/4.0 (compatible; MSIE 6.0; Windows NT 5.1)"
64.41.35.147 - - [24/Feb/2004:07:39:40 -0800] "GET / HTTP/1.1" 200 1753 "http://www.lehighwrestling.com/Lehigh/uploads/links.htm" "Mozilla/4.0 (compatible; MSIE 6.0; MSNIA; Windows 98; (R1 1.1))"
64.41.35.147 - - [24/Feb/2004:07:39:43 -0800] "GET /apPopupMenu.class HTTP/1.1" 200 19469 "-" "Mozilla/4.0 (compatible; MSIE 6.0; Win32)"
64.41.35.147 - - [24/Feb/2004:07:39:43 -0800] "GET /NCAA2003.jpg HTTP/1.1" 200 84807 "http://www.wrestlingstats.com/" "Mozilla/4.0 (compatible; MSIE 6.0; MSNIA; Windows 98; (R1 1.1))"
64.41.35.147 - - [24/Feb/2004:07:39:51 -0800] "GET /images/home32.gif HTTP/1.1" 200 287 "-" "Mozilla/4.0 (compatible; MSIE 6.0; Win32)"
64.41.35.147 - - [24/Feb/2004:07:39:55 -0800] "GET /images/mail32.gif HTTP/1.1" 200 317 "-" "Mozilla/4.0 (compatible; MSIE 6.0; Win32)"
64.41.35.147 - - [24/Feb/2004:07:40:14 -0800] "GET /lehigh/index.html HTTP/1.1" 200 839 "-" "Mozilla/4.0 (compatible; MSIE 6.0; MSNIA; Windows 98; (R1 1.1))"
128.122.128.25 - - [24/Feb/2004:07:40:15 -0800] "GET /lehigh/view_wrestler_bouts.php?wrestler=689&season=1999 HTTP/1.0" 200 8229 "http://www.wrestlingstats.com/lehigh/view_wrestlers.php?wrestler=689" "Mozilla/4.0 (compatible; MSIE 6.0; Windows NT 5.1)"
64.41.35.147 - - [24/Feb/2004:07:40:18 -0800] "GET /lehigh/home.php HTTP/1.1" 200 1701 "-" "Mozilla/4.0 (compatible; MSIE 6.0; MSNIA; Windows 98; (R1 1.1))"
64.41.35.147 - - [24/Feb/2004:07:40:20 -0800] "GET /lehigh/apPopupMenu.class HTTP/1.1" 200 19469 "-" "Mozilla/4.0 (compatible; MSIE 6.0; Win32)"
64.41.35.147 - - [24/Feb/2004:07:40:20 -0800] "GET /lehigh/EIWAChamps.jpg HTTP/1.1" 200 42637 "http://www.wrestlingstats.com/lehigh/home.php" "Mozilla/4.0 (compatible; MSIE 6.0; MSNIA; Windows 98; (R1 1.1))"
64.41.35.147 - - [24/Feb/2004:07:40:28 -0800] "GET /lehigh/pix/home.gif HTTP/1.1" 200 215 "-" "Mozilla/4.0 (compatible; MSIE 6.0; Win32)"
64.41.35.147 - - [24/Feb/2004:07:40:32 -0800] "GET /lehigh/pix/apbfind.gif HTTP/1.1" 200 89 "-" "Mozilla/4.0 (compatible; MSIE 6.0; Win32)"
64.41.35.147 - - [24/Feb/2004:07:40:44 -0800] "GET /lehigh/wrestlers.php HTTP/1.1" 200 1638 "-" "Mozilla/4.0 (compatible; MSIE 6.0; MSNIA; Windows 98; (R1 1.1))"
64.41.35.147 - - [24/Feb/2004:07:40:59 -0800] "POST /lehigh/view_all_wrestlers.php HTTP/1.1" 200 1760 "http://www.wrestlingstats.com/lehigh/wrestlers.php" "Mozilla/4.0 (compatible; MSIE 6.0; MSNIA; Windows 98; (R1 1.1))"
128.122.128.25 - - [24/Feb/2004:07:41:01 -0800] "GET /lehigh/view_wrestler_bouts.php?wrestler=689&season=1998 HTTP/1.0" 200 6810 "http://www.wrestlingstats.com/lehigh/view_wrestlers.php?wrestler=689" "Mozilla/4.0 (compatible; MSIE 6.0; Windows NT 5.1)"
64.41.35.147 - - [24/Feb/2004:07:41:07 -0800] "GET /lehigh/view_wrestlers.php?wrestler=251 HTTP/1.1" 200 1996 "http://www.wrestlingstats.com/lehigh/view_all_wrestlers.php" "Mozilla/4.0 (compatible; MSIE 6.0; MSNIA; Windows 98; (R1 1.1))"
64.41.35.147 - - [24/Feb/2004:07:41:39 -0800] "GET /lehigh/view_wrestlers.php?wrestler=250 HTTP/1.1" 200 2144 "http://www.wrestlingstats.com/lehigh/view_all_wrestlers.php" "Mozilla/4.0 (compatible; MSIE 6.0; MSNIA; Windows 98; (R1 1.1))"
128.122.128.25 - - [24/Feb/2004:07:41:48 -0800] "GET /lehigh/view_wrestlers.php?wrestler=681 HTTP/1.0" 200 10574 "http://www.wrestlingstats.com/lehigh/view_seasons.php" "Mozilla/4.0 (compatible; MSIE 6.0; Windows NT 5.1)"
64.41.35.147 - - [24/Feb/2004:07:42:23 -0800] "GET /lehigh/view_wrestler_bouts.php?wrestler=250&season=1957 HTTP/1.1" 200 2258 "http://www.wrestlingstats.com/lehigh/view_wrestlers.php?wrestler=250" "Mozilla/4.0 (compatible; MSIE 6.0; MSNIA; Windows 98; (R1 1.1))"
65.89.182.12 - - [24/Feb/2004:07:42:27 -0800] "GET /eiwa/brackets.htm HTTP/1.1" 200 2415 "http://wrestlingreport.com/Forums/EIWA.mv?parm_func=showmsg+parm_msgnum=1000148" "Mozilla/4.0 (compatible; MSIE 6.0; Windows 98; .NET CLR 1.1.4322)"
65.89.182.12 - - [24/Feb/2004:07:42:32 -0800] "GET /apPopupMenu.class HTTP/1.1" 200 19469 "-" "Mozilla/4.0 (compatible; MSIE 6.0; Win32)"
65.89.182.12 - - [24/Feb/2004:07:42:34 -0800] "GET /images/home32.gif HTTP/1.1" 200 287 "-" "Mozilla/4.0 (compatible; MSIE 6.0; Win32)"
65.89.182.12 - - [24/Feb/2004:07:42:34 -0800] "GET /images/mail32.gif HTTP/1.1" 200 317 "-" "Mozilla/4.0 (compatible; MSIE 6.0; Win32)"
65.89.182.12 - - [24/Feb/2004:07:42:35 -0800] "GET /eiwa/pdf/brackets/EIWA%202003.pdf HTTP/1.1" 200 70502 "http://www.wrestlingstats.com/eiwa/brackets.htm" "Mozilla/4.0 (compatible; MSIE 6.0; Windows 98; .NET CLR 1.1.4322)"
128.122.128.25 - - [24/Feb/2004:07:42:35 -0800] "GET /lehigh/view_wrestlers.php?wrestler=686 HTTP/1.0" 200 9699 "http://www.wrestlingstats.com/lehigh/view_seasons.php" "Mozilla/4.0 (compatible; MSIE 6.0; Windows NT 5.1)"
65.89.182.12 - - [24/Feb/2004:07:42:36 -0800] "GET /eiwa/pdf/brackets/EIWA%202003.pdf HTTP/1.1" 206 63829 "-" "Mozilla/4.0 (compatible; MSIE 6.0; Windows 98; .NET CLR 1.1.4322)"
128.122.128.25 - - [24/Feb/2004:07:42:41 -0800] "GET /lehigh/view_wrestlers.php?wrestler=696 HTTP/1.0" 200 10132 "http://www.wrestlingstats.com/lehigh/view_seasons.php" "Mozilla/4.0 (compatible; MSIE 6.0; Windows NT 5.1)"
65.89.182.12 - - [24/Feb/2004:07:42:48 -0800] "GET /eiwa/pdf/brackets/EIWA%202003.pdf HTTP/1.1" 206 39412 "-" "Mozilla/4.0 (compatible; MSIE 6.0; Windows 98; .NET CLR 1.1.4322)"
128.122.128.25 - - [24/Feb/2004:07:42:59 -0800] "GET /lehigh/view_wrestlers.php?wrestler=713 HTTP/1.0" 200 8398 "http://www.wrestlingstats.com/lehigh/view_seasons.php" "Mozilla/4.0 (compatible; MSIE 6.0; Windows NT 5.1)"
128.122.128.25 - - [24/Feb/2004:07:43:06 -0800] "GET /lehigh/view_wrestlers.php?wrestler=711 HTTP/1.0" 200 8972 "http://www.wrestlingstats.com/lehigh/view_seasons.php" "Mozilla/4.0 (compatible; MSIE 6.0; Windows NT 5.1)"
128.122.128.25 - - [24/Feb/2004:07:43:23 -0800] "GET /lehigh/view_wrestlers.php?wrestler=721 HTTP/1.0" 200 6994 "http://www.wrestlingstats.com/lehigh/view_seasons.php" "Mozilla/4.0 (compatible; MSIE 6.0; Windows NT 5.1)"
128.122.128.25 - - [24/Feb/2004:07:43:33 -0800] "GET /lehigh/view_wrestlers.php?wrestler=712 HTTP/1.0" 200 7608 "http://www.wrestlingstats.com/lehigh/view_seasons.php" "Mozilla/4.0 (compatible; MSIE 6.0; Windows NT 5.1)"
128.122.128.25 - - [24/Feb/2004:07:43:49 -0800] "GET /lehigh/view_wrestlers.php?wrestler=717 HTTP/1.0" 200 9702 "http://www.wrestlingstats.com/lehigh/view_seasons.php" "Mozilla/4.0 (compatible; MSIE 6.0; Windows NT 5.1)"
64.41.35.147 - - [24/Feb/2004:07:43:51 -0800] "GET /lehigh/view_wrestler_bouts.php?wrestler=250&season=1958 HTTP/1.1" 200 2231 "http://www.wrestlingstats.com/lehigh/view_wrestlers.php?wrestler=250" "Mozilla/4.0 (compatible; MSIE 6.0; MSNIA; Windows 98; (R1 1.1))"
128.122.128.25 - - [24/Feb/2004:07:44:00 -0800] "POST /lehigh/view_seasons.php HTTP/1.0" 200 12836 "http://www.wrestlingstats.com/lehigh/seasons.php" "Mozilla/4.0 (compatible; MSIE 6.0; Windows NT 5.1)"
128.122.128.25 - - [24/Feb/2004:07:44:07 -0800] "GET /lehigh/view_wrestlers.php?wrestler=688 HTTP/1.0" 200 7603 "http://www.wrestlingstats.com/lehigh/view_seasons.php" "Mozilla/4.0 (compatible; MSIE 6.0; Windows NT 5.1)"
128.122.128.25 - - [24/Feb/2004:07:44:11 -0800] "GET /lehigh/view_wrestler_bouts.php?wrestler=688&season=1998 HTTP/1.0" 200 5962 "http://www.wrestlingstats.com/lehigh/view_wrestlers.php?wrestler=688" "Mozilla/4.0 (compatible; MSIE 6.0; Windows NT 5.1)"
128.122.128.25 - - [24/Feb/2004:07:44:17 -0800] "GET /lehigh/view_wrestler_bouts.php?wrestler=688&season=1999 HTTP/1.0" 200 5986 "http://www.wrestlingstats.com/lehigh/view_wrestlers.php?wrestler=688" "Mozilla/4.0 (compatible; MSIE 6.0; Windows NT 5.1)"
128.122.128.25 - - [24/Feb/2004:07:44:25 -0800] "GET /lehigh/view_wrestler_bouts.php?wrestler=688&season=2000 HTTP/1.0" 200 5392 "http://www.wrestlingstats.com/lehigh/view_wrestlers.php?wrestler=688" "Mozilla/4.0 (compatible; MSIE 6.0; Windows NT 5.1)"
128.122.128.25 - - [24/Feb/2004:07:44:31 -0800] "GET /lehigh/view_wrestlers.php?wrestler=690 HTTP/1.0" 200 8177 "http://www.wrestlingstats.com/lehigh/view_seasons.php" "Mozilla/4.0 (compatible; MSIE 6.0; Windows NT 5.1)"
128.122.128.25 - - [24/Feb/2004:07:44:37 -0800] "GET /lehigh/view_wrestler_bouts.php?wrestler=690&season=1998 HTTP/1.0" 200 11216 "http://www.wrestlingstats.com/lehigh/view_wrestlers.php?wrestler=690" "Mozilla/4.0 (compatible; MSIE 6.0; Windows NT 5.1)"
64.41.35.147 - - [24/Feb/2004:07:45:11 -0800] "GET /lehigh/view_wrestlers.php?wrestler=251 HTTP/1.1" 200 1996 "http://www.wrestlingstats.com/lehigh/view_all_wrestlers.php" "Mozilla/4.0 (compatible; MSIE 6.0; MSNIA; Windows 98; (R1 1.1))"
64.41.35.147 - - [24/Feb/2004:07:45:15 -0800] "GET /lehigh/view_wrestler_bouts.php?wrestler=251&season=1962 HTTP/1.1" 200 1904 "http://www.wrestlingstats.com/lehigh/view_wrestlers.php?wrestler=251" "Mozilla/4.0 (compatible; MSIE 6.0; MSNIA; Windows 98; (R1 1.1))"
128.122.128.25 - - [24/Feb/2004:07:45:24 -0800] "GET /lehigh/view_wrestler_bouts.php?wrestler=690&season=1999 HTTP/1.0" 200 6831 "http://www.wrestlingstats.com/lehigh/view_wrestlers.php?wrestler=690" "Mozilla/4.0 (compatible; MSIE 6.0; Windows NT 5.1)"
128.122.128.25 - - [24/Feb/2004:07:45:38 -0800] "GET /lehigh/view_wrestler_bouts.php?wrestler=690&season=2000 HTTP/1.0" 200 10916 "http://www.wrestlingstats.com/lehigh/view_wrestlers.php?wrestler=690" "Mozilla/4.0 (compatible; MSIE 6.0; Windows NT 5.1)"
64.41.35.147 - - [24/Feb/2004:07:45:51 -0800] "GET /lehigh/view_wrestler_bouts.php?wrestler=251&season=1961 HTTP/1.1" 200 1842 "http://www.wrestlingstats.com/lehigh/view_wrestlers.php?wrestler=251" "Mozilla/4.0 (compatible; MSIE 6.0; MSNIA; Windows 98; (R1 1.1))"
64.41.35.147 - - [24/Feb/2004:07:46:09 -0800] "GET /lehigh/view_wrestler_bouts.php?wrestler=251&season=1960 HTTP/1.1" 200 1883 "http://www.wrestlingstats.com/lehigh/view_wrestlers.php?wrestler=251" "Mozilla/4.0 (compatible; MSIE 6.0; MSNIA; Windows 98; (R1 1.1))"
64.41.35.147 - - [24/Feb/2004:07:46:39 -0800] "GET /lehigh/view_wrestler_bouts.php?wrestler=251&season=1961 HTTP/1.1" 200 1842 "http://www.wrestlingstats.com/lehigh/view_wrestlers.php?wrestler=251" "Mozilla/4.0 (compatible; MSIE 6.0; MSNIA; Windows 98; (R1 1.1))"
64.41.35.147 - - [24/Feb/2004:07:46:55 -0800] "GET /lehigh/seasons.php HTTP/1.1" 200 2192 "-" "Mozilla/4.0 (compatible; MSIE 6.0; MSNIA; Windows 98; (R1 1.1))"
64.41.35.147 - - [24/Feb/2004:07:47:21 -0800] "POST /lehigh/view_seasons.php HTTP/1.1" 200 2112 "http://www.wrestlingstats.com/lehigh/seasons.php" "Mozilla/4.0 (compatible; MSIE 6.0; MSNIA; Windows 98; (R1 1.1))"
64.41.35.147 - - [24/Feb/2004:07:48:02 -0800] "POST /lehigh/view_seasons.php HTTP/1.1" 200 2045 "http://www.wrestlingstats.com/lehigh/seasons.php" "Mozilla/4.0 (compatible; MSIE 6.0; MSNIA; Windows 98; (R1 1.1))"
128.122.128.25 - - [24/Feb/2004:07:48:15 -0800] "GET /lehigh/view_wrestlers.php?wrestler=709 HTTP/1.0" 200 8902 "http://www.wrestlingstats.com/lehigh/view_seasons.php" "Mozilla/4.0 (compatible; MSIE 6.0; Windows NT 5.1)"
128.122.128.25 - - [24/Feb/2004:07:48:23 -0800] "GET /lehigh/view_wrestler_bouts.php?wrestler=709&season=1999 HTTP/1.0" 200 8220 "http://www.wrestlingstats.com/lehigh/view_wrestlers.php?wrestler=709" "Mozilla/4.0 (compatible; MSIE 6.0; Windows NT 5.1)"
64.41.35.147 - - [24/Feb/2004:07:48:31 -0800] "GET /lehigh/show_opponent.php?teamno=176&team=Pittsburgh HTTP/1.1" 200 2684 "http://www.wrestlingstats.com/lehigh/view_seasons.php" "Mozilla/4.0 (compatible; MSIE 6.0; MSNIA; Windows 98; (R1 1.1))"
128.122.128.25 - - [24/Feb/2004:07:48:36 -0800] "GET /lehigh/view_wrestler_bouts.php?wrestler=709&season=2000 HTTP/1.0" 200 9043 "http://www.wrestlingstats.com/lehigh/view_wrestlers.php?wrestler=709" "Mozilla/4.0 (compatible; MSIE 6.0; Windows NT 5.1)"
64.41.35.147 - - [24/Feb/2004:07:48:45 -0800] "GET /lehigh/show_dual.php?meet=385 HTTP/1.1" 200 2020 "http://www.wrestlingstats.com/lehigh/show_opponent.php?teamno=176&team=Pittsburgh" "Mozilla/4.0 (compatible; MSIE 6.0; MSNIA; Windows 98; (R1 1.1))"
128.122.128.25 - - [24/Feb/2004:07:49:00 -0800] "GET /lehigh/view_wrestler_bouts.php?wrestler=709&season=2001 HTTP/1.0" 200 11056 "http://www.wrestlingstats.com/lehigh/view_wrestlers.php?wrestler=709" "Mozilla/4.0 (compatible; MSIE 6.0; Windows NT 5.1)"
64.41.35.147 - - [24/Feb/2004:07:49:06 -0800] "GET /lehigh/view_wrestlers.php?wrestler=615 HTTP/1.1" 200 1985 "http://www.wrestlingstats.com/lehigh/show_dual.php?meet=385" "Mozilla/4.0 (compatible; MSIE 6.0; MSNIA; Windows 98; (R1 1.1))"
64.41.35.147 - - [24/Feb/2004:07:49:31 -0800] "GET /lehigh/view_wrestlers.php?wrestler=255 HTTP/1.1" 200 2049 "http://www.wrestlingstats.com/lehigh/show_dual.php?meet=385" "Mozilla/4.0 (compatible; MSIE 6.0; MSNIA; Windows 98; (R1 1.1))"
128.122.128.25 - - [24/Feb/2004:07:49:44 -0800] "GET /lehigh/view_wrestler_bouts.php?wrestler=709&season=2002 HTTP/1.0" 200 9946 "http://www.wrestlingstats.com/lehigh/view_wrestlers.php?wrestler=709" "Mozilla/4.0 (compatible; MSIE 6.0; Windows NT 5.1)"
64.41.35.147 - - [24/Feb/2004:07:50:04 -0800] "GET /lehigh/view_wrestler_bouts.php?wrestler=255&season=1961 HTTP/1.1" 200 2068 "http://www.wrestlingstats.com/lehigh/view_wrestlers.php?wrestler=255" "Mozilla/4.0 (compatible; MSIE 6.0; MSNIA; Windows 98; (R1 1.1))"
128.122.128.25 - - [24/Feb/2004:07:50:19 -0800] "GET /lehigh/view_wrestler_bouts.php?wrestler=709&season=2003 HTTP/1.0" 200 15049 "http://www.wrestlingstats.com/lehigh/view_wrestlers.php?wrestler=709" "Mozilla/4.0 (compatible; MSIE 6.0; Windows NT 5.1)"
64.41.35.147 - - [24/Feb/2004:07:50:41 -0800] "GET /lehigh/view_wrestler_bouts.php?wrestler=255&season=1960 HTTP/1.1" 200 2162 "http://www.wrestlingstats.com/lehigh/view_wrestlers.php?wrestler=255" "Mozilla/4.0 (compatible; MSIE 6.0; MSNIA; Windows 98; (R1 1.1))"
64.41.35.147 - - [24/Feb/2004:07:51:26 -0800] "GET /lehigh/view_wrestler_bouts.php?wrestler=255&season=1958 HTTP/1.1" 200 1991 "http://www.wrestlingstats.com/lehigh/view_wrestlers.php?wrestler=255" "Mozilla/4.0 (compatible; MSIE 6.0; MSNIA; Windows 98; (R1 1.1))"
128.122.128.25 - - [24/Feb/2004:07:51:40 -0800] "GET /lehigh/coach.php HTTP/1.0" 200 7260 "http://www.lehighwrestling.com/Lehigh/Stats/Lehigh%20Team/Coaching%20Performance.html" "Mozilla/4.0 (compatible; MSIE 6.0; Windows NT 5.1)"
64.41.35.147 - - [24/Feb/2004:07:52:06 -0800] "GET /lehigh/view_wrestlers.php?wrestler=141 HTTP/1.1" 200 1916 "http://www.wrestlingstats.com/lehigh/show_dual.php?meet=385" "Mozilla/4.0 (compatible; MSIE 6.0; MSNIA; Windows 98; (R1 1.1))"
64.41.35.147 - - [24/Feb/2004:07:52:16 -0800] "GET /lehigh/view_wrestler_bouts.php?wrestler=141&season=1958 HTTP/1.1" 200 1862 "http://www.wrestlingstats.com/lehigh/view_wrestlers.php?wrestler=141" "Mozilla/4.0 (compatible; MSIE 6.0; MSNIA; Windows 98; (R1 1.1))"
128.122.128.25 - - [24/Feb/2004:07:52:24 -0800] "GET /lehigh/show_coach.php?coachid=7&coach=Greg%20Strobel HTTP/1.0" 200 9073 "http://www.lehighwrestling.com/Lehigh/Stats/Lehigh%20Team/Coaching%20Performance.html" "Mozilla/4.0 (compatible; MSIE 6.0; Windows NT 5.1)"
64.41.35.147 - - [24/Feb/2004:07:52:56 -0800] "GET /lehigh/show_dual.php?meet=419 HTTP/1.1" 200 2063 "http://www.wrestlingstats.com/lehigh/show_opponent.php?teamno=176&team=Pittsburgh" "Mozilla/4.0 (compatible; MSIE 6.0; MSNIA; Windows 98; (R1 1.1))"
64.41.35.147 - - [24/Feb/2004:07:53:35 -0800] "GET /lehigh/view_wrestlers.php?wrestler=21 HTTP/1.1" 200 2107 "http://www.wrestlingstats.com/lehigh/show_dual.php?meet=419" "Mozilla/4.0 (compatible; MSIE 6.0; MSNIA; Windows 98; (R1 1.1))"
64.41.35.147 - - [24/Feb/2004:07:53:49 -0800] "GET /lehigh/view_wrestler_bouts.php?wrestler=21&season=1960 HTTP/1.1" 200 2151 "http://www.wrestlingstats.com/lehigh/view_wrestlers.php?wrestler=21" "Mozilla/4.0 (compatible; MSIE 6.0; MSNIA; Windows 98; (R1 1.1))"
209.50.160.98 - - [24/Feb/2004:07:54:18 -0800] "GET /eiwa/brackets.htm HTTP/1.1" 200 11529 "http://wrestlingreport.com/Forums/EIWA.mv?parm_func=showmsg+parm_msgnum=1000148" "Mozilla/4.0 (compatible; MSIE 5.01; Windows NT 5.0)"
209.50.160.98 - - [24/Feb/2004:07:54:19 -0800] "GET /apPopupMenu.class HTTP/1.1" 200 19469 "-" "Mozilla/4.0 (compatible; MSIE 5.0; Win32)"
209.50.160.98 - - [24/Feb/2004:07:54:20 -0800] "GET /images/home32.gif HTTP/1.1" 200 287 "-" "Mozilla/4.0 (compatible; MSIE 5.0; Win32)"
209.50.160.98 - - [24/Feb/2004:07:54:20 -0800] "GET /images/mail32.gif HTTP/1.1" 200 317 "-" "Mozilla/4.0 (compatible; MSIE 5.0; Win32)"
209.50.160.98 - - [24/Feb/2004:07:54:28 -0800] "GET /eiwa/pdf/brackets/EIWA%201990.pdf HTTP/1.1" 200 71627 "http://www.wrestlingstats.com/eiwa/brackets.htm" "Mozilla/4.0 (compatible; MSIE 5.01; Windows NT 5.0)"
209.50.160.98 - - [24/Feb/2004:07:54:29 -0800] "GET /eiwa/pdf/brackets/EIWA%201990.pdf HTTP/1.1" 206 63574 "-" "Mozilla/4.0 (compatible; MSIE 5.01; Windows NT 5.0)"
64.41.35.147 - - [24/Feb/2004:07:54:35 -0800] "GET /lehigh/view_wrestler_bouts.php?wrestler=21&season=1961 HTTP/1.1" 200 2177 "http://www.wrestlingstats.com/lehigh/view_wrestlers.php?wrestler=21" "Mozilla/4.0 (compatible; MSIE 6.0; MSNIA; Windows 98; (R1 1.1))"
64.41.35.147 - - [24/Feb/2004:07:55:26 -0800] "GET /lehigh/view_wrestler_bouts.php?wrestler=21&season=1962 HTTP/1.1" 200 1902 "http://www.wrestlingstats.com/lehigh/view_wrestlers.php?wrestler=21" "Mozilla/4.0 (compatible; MSIE 6.0; MSNIA; Windows 98; (R1 1.1))"
64.41.35.147 - - [24/Feb/2004:07:55:52 -0800] "GET /lehigh/view_wrestlers.php?wrestler=2 HTTP/1.1" 200 2121 "http://www.wrestlingstats.com/lehigh/show_dual.php?meet=419" "Mozilla/4.0 (compatible; MSIE 6.0; MSNIA; Windows 98; (R1 1.1))"
64.41.35.147 - - [24/Feb/2004:07:56:01 -0800] "GET /lehigh/view_wrestler_bouts.php?wrestler=2&season=1960 HTTP/1.1" 200 2150 "http://www.wrestlingstats.com/lehigh/view_wrestlers.php?wrestler=2" "Mozilla/4.0 (compatible; MSIE 6.0; MSNIA; Windows 98; (R1 1.1))"
64.41.35.147 - - [24/Feb/2004:07:56:38 -0800] "GET /lehigh/view_wrestler_bouts.php?wrestler=2&season=1961 HTTP/1.1" 200 2201 "http://www.wrestlingstats.com/lehigh/view_wrestlers.php?wrestler=2" "Mozilla/4.0 (compatible; MSIE 6.0; MSNIA; Windows 98; (R1 1.1))"
64.41.35.147 - - [24/Feb/2004:07:57:31 -0800] "GET /lehigh/view_wrestler_bouts.php?wrestler=2&season=1962 HTTP/1.1" 200 2321 "http://www.wrestlingstats.com/lehigh/view_wrestlers.php?wrestler=2" "Mozilla/4.0 (compatible; MSIE 6.0; MSNIA; Windows 98; (R1 1.1))"
209.50.160.98 - - [24/Feb/2004:07:58:36 -0800] "GET /eiwa/pdf/brackets/EIWA%201991.pdf HTTP/1.1" 200 71310 "http://www.wrestlingstats.com/eiwa/brackets.htm" "Mozilla/4.0 (compatible; MSIE 5.01; Windows NT 5.0)"
209.50.160.98 - - [24/Feb/2004:07:58:37 -0800] "GET /eiwa/pdf/brackets/EIWA%201991.pdf HTTP/1.1" 206 63258 "-" "Mozilla/4.0 (compatible; MSIE 5.01; Windows NT 5.0)"
209.50.160.98 - - [24/Feb/2004:07:58:37 -0800] "GET /eiwa/pdf/brackets/EIWA%201991.pdf HTTP/1.1" 206 63732 "-" "Mozilla/4.0 (compatible; MSIE 5.01; Windows NT 5.0)"
128.122.128.25 - - [24/Feb/2004:07:58:47 -0800] "GET /lehigh/seasons.php HTTP/1.0" 200 8064 "http://www.lehighwrestling.com/Lehigh/Stats/Lehigh%20Team/team.htm" "Mozilla/4.0 (compatible; MSIE 6.0; Windows NT 5.1)"
128.122.128.25 - - [24/Feb/2004:07:58:55 -0800] "POST /lehigh/view_seasons.php HTTP/1.0" 200 13049 "http://www.wrestlingstats.com/lehigh/seasons.php" "Mozilla/4.0 (compatible; MSIE 6.0; Windows NT 5.1)"
