66.27.69.68 - - [23/Feb/2004:15:33:16 -0800] "GET /lehigh/view_wrestlers.php?wrestler=666 HTTP/1.1" 200 2512 "http://www.wrestlingstats.com/lehigh/view_all_wrestlers.php" "Mozilla/4.0 (compatible; MSIE 6.0; Windows NT 5.1; .NET CLR 1.1.4322)"
199.208.213.35 - - [23/Feb/2004:15:34:14 -0800] "GET /ncaa/pdf/brackets/NCAA%201981.pdf HTTP/1.0" 200 228281 "http://www.wrestlingstats.com/ncaa/brackets.htm" "Mozilla/4.0 (compatible; MSIE 6.0; Windows NT 5.0)"
198.81.26.47 - - [23/Feb/2004:15:34:26 -0800] "GET /ncaa/brackets.htm HTTP/1.1" 200 2857 "http://www.wrestlinghalloffame.org/" "Mozilla/4.0 (compatible; MSIE 6.0; AOL 9.0; Windows NT 5.1; .NET CLR 1.1.4322)"
198.81.26.12 - - [23/Feb/2004:15:34:34 -0800] "GET /ncaa/pdf/brackets/NCAA%201963.pdf HTTP/1.0" 200 101917 "http://www.wrestlingstats.com/ncaa/brackets.htm" "Mozilla/4.0 (compatible; MSIE 6.0; AOL 9.0; Windows NT 5.1; .NET CLR 1.1.4322)"
198.81.26.12 - - [23/Feb/2004:15:34:35 -0800] "GET /ncaa/pdf/brackets/NCAA%201963.pdf HTTP/1.0" 200 101917 "-" "Mozilla/4.0 (compatible; MSIE 6.0; AOL 9.0; Windows NT 5.1; .NET CLR 1.1.4322)"
128.147.177.150 - - [23/Feb/2004:15:35:07 -0800] "GET /ncaa/pdf/brackets/NCAA%201990.pdf HTTP/1.1" 200 232154 "http://www.wrestlingstats.com/ncaa/brackets.htm" "Mozilla/4.0 (compatible; MSIE 5.01; Windows NT)"
128.147.177.150 - - [23/Feb/2004:15:35:07 -0800] "GET /ncaa/pdf/brackets/NCAA%201990.pdf HTTP/1.1" 206 228003 "-" "contype"
128.147.177.150 - - [23/Feb/2004:15:35:07 -0800] "GET /ncaa/pdf/brackets/NCAA%201990.pdf HTTP/1.1" 206 228003 "-" "Mozilla/4.0 (compatible; MSIE 5.01; Windows NT)"
151.204.50.73 - - [23/Feb/2004:15:36:22 -0800] "GET / HTTP/1.1" 200 1754 "http://www.lehighwrestling.com/Lehigh/uploads/links.htm" "Mozilla/4.0 (compatible; MSIE 6.0; Windows 98; .NET CLR 1.0.3705)"
151.204.50.73 - - [23/Feb/2004:15:36:22 -0800] "GET /NCAA2003.jpg HTTP/1.1" 200 84807 "http://www.wrestlingstats.com/" "Mozilla/4.0 (compatible; MSIE 6.0; Windows 98; .NET CLR 1.0.3705)"
151.204.50.73 - - [23/Feb/2004:15:36:39 -0800] "GET / HTTP/1.1" 304 - "http://www.lehighwrestling.com/Lehigh/uploads/links.htm" "Mozilla/4.0 (compatible; MSIE 6.0; Windows 98; .NET CLR 1.0.3705)"
151.204.50.73 - - [23/Feb/2004:15:36:39 -0800] "GET /NCAA2003.jpg HTTP/1.1" 304 - "http://www.wrestlingstats.com/" "Mozilla/4.0 (compatible; MSIE 6.0; Windows 98; .NET CLR 1.0.3705)"
128.147.177.150 - - [23/Feb/2004:15:36:41 -0800] "GET /ncaa/pdf/brackets/NCAA%201989.pdf HTTP/1.1" 200 131072 "http://www.wrestlingstats.com/ncaa/brackets.htm" "Mozilla/4.0 (compatible; MSIE 5.01; Windows NT)"
128.147.177.150 - - [23/Feb/2004:15:36:41 -0800] "GET /ncaa/pdf/brackets/NCAA%201989.pdf HTTP/1.1" 206 196608 "-" "contype"
128.147.177.150 - - [23/Feb/2004:15:36:41 -0800] "GET /ncaa/pdf/brackets/NCAA%201989.pdf HTTP/1.1" 206 196608 "-" "Mozilla/4.0 (compatible; MSIE 5.01; Windows NT)"
128.147.177.150 - - [23/Feb/2004:15:36:41 -0800] "GET /ncaa/pdf/brackets/NCAA%201989.pdf HTTP/1.1" 206 245852 "-" "Mozilla/4.0 (compatible; MSIE 5.01; Windows NT)"
151.204.50.73 - - [23/Feb/2004:15:37:03 -0800] "GET / HTTP/1.1" 304 - "http://www.lehighwrestling.com/Lehigh/uploads/links.htm" "Mozilla/4.0 (compatible; MSIE 6.0; Windows 98; .NET CLR 1.0.3705)"
151.204.50.73 - - [23/Feb/2004:15:37:03 -0800] "GET /NCAA2003.jpg HTTP/1.1" 304 - "http://www.wrestlingstats.com/" "Mozilla/4.0 (compatible; MSIE 6.0; Windows 98; .NET CLR 1.0.3705)"
128.147.177.150 - - [23/Feb/2004:15:37:14 -0800] "GET /ncaa/pdf/brackets/NCAA%201975.pdf HTTP/1.1" 200 131072 "http://www.wrestlingstats.com/ncaa/brackets.htm" "Mozilla/4.0 (compatible; MSIE 5.01; Windows NT)"
128.147.177.150 - - [23/Feb/2004:15:37:14 -0800] "GET /ncaa/pdf/brackets/NCAA%201975.pdf HTTP/1.1" 206 215158 "-" "contype"
128.147.177.150 - - [23/Feb/2004:15:37:14 -0800] "GET /ncaa/pdf/brackets/NCAA%201975.pdf HTTP/1.1" 206 215158 "-" "Mozilla/4.0 (compatible; MSIE 5.01; Windows NT)"
128.147.177.150 - - [23/Feb/2004:15:37:14 -0800] "GET /ncaa/pdf/brackets/NCAA%201975.pdf HTTP/1.1" 206 212024 "-" "Mozilla/4.0 (compatible; MSIE 5.01; Windows NT)"
128.147.177.150 - - [23/Feb/2004:15:38:17 -0800] "GET /ncaa/pdf/brackets/NCAA%201974.pdf HTTP/1.1" 200 221153 "http://www.wrestlingstats.com/ncaa/brackets.htm" "Mozilla/4.0 (compatible; MSIE 5.01; Windows NT)"
128.147.177.150 - - [23/Feb/2004:15:38:17 -0800] "GET /ncaa/pdf/brackets/NCAA%201974.pdf HTTP/1.1" 206 217002 "-" "contype"
128.147.177.150 - - [23/Feb/2004:15:38:17 -0800] "GET /ncaa/pdf/brackets/NCAA%201974.pdf HTTP/1.1" 206 217002 "-" "Mozilla/4.0 (compatible; MSIE 5.01; Windows NT)"
128.147.177.150 - - [23/Feb/2004:15:38:18 -0800] "GET /ncaa/pdf/brackets/NCAA%201974.pdf HTTP/1.1" 206 213868 "-" "Mozilla/4.0 (compatible; MSIE 5.01; Windows NT)"
128.147.177.150 - - [23/Feb/2004:15:39:19 -0800] "GET /ncaa/pdf/brackets/NCAA%201973.pdf HTTP/1.1" 200 0 "http://www.wrestlingstats.com/ncaa/brackets.htm" "Mozilla/4.0 (compatible; MSIE 5.01; Windows NT)"
128.147.177.150 - - [23/Feb/2004:15:39:19 -0800] "GET /ncaa/pdf/brackets/NCAA%201973.pdf HTTP/1.1" 206 65536 "-" "contype"
128.147.177.150 - - [23/Feb/2004:15:39:19 -0800] "GET /ncaa/pdf/brackets/NCAA%201973.pdf HTTP/1.1" 206 131072 "-" "Mozilla/4.0 (compatible; MSIE 5.01; Windows NT)"
128.147.177.150 - - [23/Feb/2004:15:39:19 -0800] "GET /ncaa/pdf/brackets/NCAA%201973.pdf HTTP/1.1" 206 204924 "-" "Mozilla/4.0 (compatible; MSIE 5.01; Windows NT)"
199.208.213.35 - - [23/Feb/2004:15:43:19 -0800] "GET /ncaa/pdf/brackets/NCAA%201982.pdf HTTP/1.0" 200 244071 "http://www.wrestlingstats.com/ncaa/brackets.htm" "Mozilla/4.0 (compatible; MSIE 6.0; Windows NT 5.0)"
4.2.170.2 - - [23/Feb/2004:15:46:15 -0800] "GET / HTTP/1.1" 200 1755 "http://www.wrestlingreport.com/" "Mozilla/4.0 (compatible; MSIE 6.0; Windows NT 5.1)"
4.2.170.2 - - [23/Feb/2004:15:46:16 -0800] "GET /NCAA2003.jpg HTTP/1.1" 200 84807 "http://www.wrestlingstats.com/" "Mozilla/4.0 (compatible; MSIE 6.0; Windows NT 5.1)"
4.2.170.2 - - [23/Feb/2004:15:46:16 -0800] "GET /apPopupMenu.class HTTP/1.1" 200 19469 "-" "Mozilla/4.0 (Windows XP 5.1) Java/1.4.2_03"
4.2.170.2 - - [23/Feb/2004:15:46:17 -0800] "GET /images/home32.gif HTTP/1.1" 200 287 "-" "Mozilla/4.0 (Windows XP 5.1) Java/1.4.2_03"
4.2.170.2 - - [23/Feb/2004:15:46:17 -0800] "GET /images/mail32.gif HTTP/1.1" 200 317 "-" "Mozilla/4.0 (Windows XP 5.1) Java/1.4.2_03"
151.204.50.73 - - [23/Feb/2004:15:46:27 -0800] "GET / HTTP/1.1" 200 1755 "http://www.lehighwrestling.com/Lehigh/uploads/links.htm" "Mozilla/4.0 (compatible; MSIE 6.0; Windows 98; .NET CLR 1.1.4322)"
151.204.50.73 - - [23/Feb/2004:15:46:27 -0800] "GET /NCAA2003.jpg HTTP/1.1" 200 84807 "http://www.wrestlingstats.com/" "Mozilla/4.0 (compatible; MSIE 6.0; Windows 98; .NET CLR 1.1.4322)"
151.204.50.73 - - [23/Feb/2004:15:46:30 -0800] "GET /apPopupMenu.class HTTP/1.1" 200 19469 "-" "Mozilla/4.0 (compatible; MSIE 6.0; Win32)"
151.204.50.73 - - [23/Feb/2004:15:46:31 -0800] "GET /images/home32.gif HTTP/1.1" 200 287 "-" "Mozilla/4.0 (compatible; MSIE 6.0; Win32)"
151.204.50.73 - - [23/Feb/2004:15:46:31 -0800] "GET /images/mail32.gif HTTP/1.1" 200 317 "-" "Mozilla/4.0 (compatible; MSIE 6.0; Win32)"
151.204.50.73 - - [23/Feb/2004:15:46:33 -0800] "GET /lehigh/index.html HTTP/1.1" 200 840 "-" "Mozilla/4.0 (compatible; MSIE 6.0; Windows 98; .NET CLR 1.1.4322)"
151.204.50.73 - - [23/Feb/2004:15:46:40 -0800] "GET /lehigh/home.php HTTP/1.1" 200 2019 "-" "Mozilla/4.0 (compatible; MSIE 6.0; Windows 98; .NET CLR 1.1.4322)"
151.204.50.73 - - [23/Feb/2004:15:46:40 -0800] "GET /lehigh/EIWAChamps.jpg HTTP/1.1" 200 42637 "http://www.wrestlingstats.com/lehigh/home.php" "Mozilla/4.0 (compatible; MSIE 6.0; Windows 98; .NET CLR 1.1.4322)"
151.204.50.73 - - [23/Feb/2004:15:46:40 -0800] "GET /lehigh/apPopupMenu.class HTTP/1.1" 200 19469 "-" "Mozilla/4.0 (compatible; MSIE 6.0; Win32)"
151.204.50.73 - - [23/Feb/2004:15:46:41 -0800] "GET /lehigh/pix/home.gif HTTP/1.1" 200 215 "-" "Mozilla/4.0 (compatible; MSIE 6.0; Win32)"
151.204.50.73 - - [23/Feb/2004:15:46:41 -0800] "GET /lehigh/pix/apbfind.gif HTTP/1.1" 200 89 "-" "Mozilla/4.0 (compatible; MSIE 6.0; Win32)"
151.204.50.73 - - [23/Feb/2004:15:46:43 -0800] "GET /lehigh/wrestlers.php HTTP/1.1" 200 1934 "-" "Mozilla/4.0 (compatible; MSIE 6.0; Windows 98; .NET CLR 1.1.4322)"
151.204.50.73 - - [23/Feb/2004:15:46:51 -0800] "POST /lehigh/view_all_wrestlers.php HTTP/1.1" 200 1964 "http://www.wrestlingstats.com/lehigh/wrestlers.php" "Mozilla/4.0 (compatible; MSIE 6.0; Windows 98; .NET CLR 1.1.4322)"
151.204.50.73 - - [23/Feb/2004:15:46:57 -0800] "GET /lehigh/wrestlers.php HTTP/1.1" 200 1934 "-" "Mozilla/4.0 (compatible; MSIE 6.0; Windows 98; .NET CLR 1.1.4322)"
151.204.50.73 - - [23/Feb/2004:15:47:03 -0800] "POST /lehigh/view_all_wrestlers.php HTTP/1.1" 200 2080 "http://www.wrestlingstats.com/lehigh/wrestlers.php" "Mozilla/4.0 (compatible; MSIE 6.0; Windows 98; .NET CLR 1.1.4322)"
151.204.50.73 - - [23/Feb/2004:15:47:05 -0800] "GET /lehigh/view_wrestlers.php?wrestler=724 HTTP/1.1" 200 2764 "http://www.wrestlingstats.com/lehigh/view_all_wrestlers.php" "Mozilla/4.0 (compatible; MSIE 6.0; Windows 98; .NET CLR 1.1.4322)"
151.204.50.73 - - [23/Feb/2004:15:47:53 -0800] "GET /lehigh/wrestlers.php HTTP/1.1" 200 1934 "-" "Mozilla/4.0 (compatible; MSIE 6.0; Windows 98; .NET CLR 1.1.4322)"
151.204.50.73 - - [23/Feb/2004:15:47:58 -0800] "POST /lehigh/view_all_wrestlers.php HTTP/1.1" 200 2038 "http://www.wrestlingstats.com/lehigh/wrestlers.php" "Mozilla/4.0 (compatible; MSIE 6.0; Windows 98; .NET CLR 1.1.4322)"
151.204.50.73 - - [23/Feb/2004:15:48:01 -0800] "GET /lehigh/view_wrestlers.php?wrestler=717 HTTP/1.1" 200 2694 "http://www.wrestlingstats.com/lehigh/view_all_wrestlers.php" "Mozilla/4.0 (compatible; MSIE 6.0; Windows 98; .NET CLR 1.1.4322)"
64.75.158.158 - - [23/Feb/2004:15:48:02 -0800] "GET /ncaa/brackets.htm HTTP/1.1" 200 2797 "http://search.netscape.com/ns/boomframe.jsp?query=wrestling+brackets&page=2&offset=0&result_url=redir%3Fsrc%3Dwebsearch%26amp%3BrequestId%3Dd31541c1b9d0443d%26amp%3BclickedItemRank%3D11%26amp%3BuserQuery%3Dwrestling%2Bbrackets%26amp%3BclickedItemURN%3Dhttp%253A%252F%252Fwww.wrestlingstats.com%252Fncaa%252Fbrackets.htm%26amp%3BinvocationType%3Dnext%26amp%3BfromPage%3DNSCPNextPrev&remove_url=http%3A%2F%2Fwww.wrestlingstats.com%2Fncaa%2Fbrackets.htm" "Mozilla/5.0 (Macintosh; U; PPC Mac OS X; en-us) AppleWebKit/124 (KHTML, like Gecko) Safari/125"
199.208.213.35 - - [23/Feb/2004:15:48:18 -0800] "GET /ncaa/pdf/brackets/NCAA%201983.pdf HTTP/1.0" 200 230241 "http://www.wrestlingstats.com/ncaa/brackets.htm" "Mozilla/4.0 (compatible; MSIE 6.0; Windows NT 5.0)"
64.75.158.158 - - [23/Feb/2004:15:48:20 -0800] "GET /ncaa/pdf/brackets/NCAA%202001.pdf HTTP/1.1" 200 144227 "http://www.wrestlingstats.com/ncaa/brackets.htm" "Mozilla/5.0 (Macintosh; U; PPC Mac OS X; en-us) AppleWebKit/124 (KHTML, like Gecko) Safari/125"
64.75.158.158 - - [23/Feb/2004:15:48:23 -0800] "GET /apPopupMenu.class HTTP/1.1" 200 19469 "-" "Mozilla/4.0 (Mac OS X 10.3.2) Java/1.4.2_03"
64.75.158.158 - - [23/Feb/2004:15:48:34 -0800] "GET /images/home32.gif HTTP/1.1" 200 287 "-" "Mozilla/4.0 (Mac OS X 10.3.2) Java/1.4.2_03"
64.75.158.158 - - [23/Feb/2004:15:48:37 -0800] "GET /images/mail32.gif HTTP/1.1" 200 317 "-" "Mozilla/4.0 (Mac OS X 10.3.2) Java/1.4.2_03"
151.204.50.73 - - [23/Feb/2004:15:49:07 -0800] "GET /eiwa/eiwa.htm HTTP/1.1" 200 1732 "-" "Mozilla/4.0 (compatible; MSIE 6.0; Windows 98; .NET CLR 1.1.4322)"
199.208.213.35 - - [23/Feb/2004:15:49:19 -0800] "GET /ncaa/pdf/brackets/NCAA%201984.pdf HTTP/1.0" 200 222683 "http://www.wrestlingstats.com/ncaa/brackets.htm" "Mozilla/4.0 (compatible; MSIE 6.0; Windows NT 5.0)"
151.204.50.73 - - [23/Feb/2004:15:49:21 -0800] "GET /eiwa/brackets.htm HTTP/1.1" 200 2414 "http://www.wrestlingstats.com/eiwa/eiwa.htm" "Mozilla/4.0 (compatible; MSIE 6.0; Windows 98; .NET CLR 1.1.4322)"
151.204.50.73 - - [23/Feb/2004:15:49:24 -0800] "GET /eiwa/pdf/brackets/EIWA%202001.pdf HTTP/1.1" 200 71223 "http://www.wrestlingstats.com/eiwa/brackets.htm" "Mozilla/4.0 (compatible; MSIE 6.0; Windows 98; .NET CLR 1.1.4322)"
151.204.50.73 - - [23/Feb/2004:15:49:40 -0800] "GET /eiwa/eiwa.htm HTTP/1.1" 200 1732 "-" "Mozilla/4.0 (compatible; MSIE 6.0; Windows 98; .NET CLR 1.1.4322)"
151.204.50.73 - - [23/Feb/2004:15:49:41 -0800] "GET /lehigh/view_wrestlers.php?wrestler=717 HTTP/1.1" 200 2694 "http://www.wrestlingstats.com/lehigh/view_all_wrestlers.php" "Mozilla/4.0 (compatible; MSIE 6.0; Windows 98; .NET CLR 1.1.4322)"
151.204.50.73 - - [23/Feb/2004:15:49:57 -0800] "GET /lehigh/show_aas.php HTTP/1.1" 200 4932 "-" "Mozilla/4.0 (compatible; MSIE 6.0; Windows 98; .NET CLR 1.1.4322)"
199.208.213.35 - - [23/Feb/2004:15:50:38 -0800] "GET /ncaa/pdf/brackets/NCAA%201938.pdf HTTP/1.0" 200 52953 "http://www.wrestlingstats.com/ncaa/brackets.htm" "Mozilla/4.0 (compatible; MSIE 6.0; Windows NT 5.0)"
216.15.67.52 - - [23/Feb/2004:15:51:58 -0800] "GET / HTTP/1.1" 304 - "-" "Mozilla/4.0 (compatible; MSIE 6.0; Windows 98; sureseeker.com)"
216.15.67.52 - - [23/Feb/2004:15:51:58 -0800] "GET /NCAA2003.jpg HTTP/1.1" 200 84807 "http://wrestlingstats.com/" "Mozilla/4.0 (compatible; MSIE 6.0; Windows 98; sureseeker.com)"
216.15.67.52 - - [23/Feb/2004:15:52:00 -0800] "GET /apPopupMenu.class HTTP/1.1" 200 19469 "-" "Java 1.1"
216.15.67.52 - - [23/Feb/2004:15:52:01 -0800] "GET /images/home32.gif HTTP/1.1" 200 287 "-" "Java 1.1"
216.15.67.52 - - [23/Feb/2004:15:52:01 -0800] "GET /images/mail32.gif HTTP/1.1" 200 317 "-" "Java 1.1"
216.15.67.52 - - [23/Feb/2004:15:52:08 -0800] "GET /eiwa/eiwa.htm HTTP/1.1" 304 - "-" "Mozilla/4.0 (compatible; MSIE 6.0; Windows 98; sureseeker.com)"
216.15.67.52 - - [23/Feb/2004:15:52:11 -0800] "GET /eiwa/brackets.htm HTTP/1.1" 304 - "http://wrestlingstats.com/eiwa/eiwa.htm" "Mozilla/4.0 (compatible; MSIE 6.0; Windows 98; sureseeker.com)"
216.15.67.52 - - [23/Feb/2004:15:52:20 -0800] "GET /eiwa/pdf/brackets/EIWA%201980.pdf HTTP/1.1" 200 131505 "http://wrestlingstats.com/eiwa/brackets.htm" "Mozilla/4.0 (compatible; MSIE 6.0; Windows 98; sureseeker.com)"
216.15.67.52 - - [23/Feb/2004:15:52:25 -0800] "GET /eiwa/pdf/brackets/EIWA%201980.pdf HTTP/1.1" 200 131505 "-" "Mozilla/4.0 (compatible; MSIE 6.0; Windows 98; sureseeker.com)"
216.15.67.52 - - [23/Feb/2004:15:52:25 -0800] "GET /eiwa/pdf/brackets/EIWA%201980.pdf HTTP/1.1" 206 104432 "-" "Mozilla/4.0 (compatible; MSIE 6.0; Windows 98; sureseeker.com)"
199.208.213.35 - - [23/Feb/2004:15:52:26 -0800] "GET /ncaa/pdf/brackets/NCAA%201939.pdf HTTP/1.0" 200 55486 "http://www.wrestlingstats.com/ncaa/brackets.htm" "Mozilla/4.0 (compatible; MSIE 6.0; Windows NT 5.0)"
216.15.67.52 - - [23/Feb/2004:15:52:27 -0800] "GET /eiwa/pdf/brackets/EIWA%201980.pdf HTTP/1.1" 206 1024 "-" "Mozilla/4.0 (compatible; MSIE 6.0; Windows 98; sureseeker.com)"
216.15.67.52 - - [23/Feb/2004:15:52:27 -0800] "GET /eiwa/pdf/brackets/EIWA%201980.pdf HTTP/1.1" 206 379 "-" "Mozilla/4.0 (compatible; MSIE 6.0; Windows 98; sureseeker.com)"
199.208.213.35 - - [23/Feb/2004:15:52:49 -0800] "GET /ncaa/pdf/brackets/NCAA%201936.pdf HTTP/1.0" 200 214953 "http://www.wrestlingstats.com/ncaa/brackets.htm" "Mozilla/4.0 (compatible; MSIE 6.0; Windows NT 5.0)"
151.204.50.73 - - [23/Feb/2004:15:52:53 -0800] "GET /lehigh/view_wrestlers.php?wrestler=717 HTTP/1.1" 200 2694 "http://www.wrestlingstats.com/lehigh/view_all_wrestlers.php" "Mozilla/4.0 (compatible; MSIE 6.0; Windows 98; .NET CLR 1.1.4322)"
151.204.50.73 - - [23/Feb/2004:15:53:09 -0800] "GET /lehigh/active.php HTTP/1.1" 200 2744 "-" "Mozilla/4.0 (compatible; MSIE 6.0; Windows 98; .NET CLR 1.1.4322)"
216.15.67.52 - - [23/Feb/2004:15:53:19 -0800] "GET /eiwa/pdf/brackets/EIWA%201981.pdf HTTP/1.1" 200 131236 "http://wrestlingstats.com/eiwa/brackets.htm" "Mozilla/4.0 (compatible; MSIE 6.0; Windows 98; sureseeker.com)"
216.15.67.52 - - [23/Feb/2004:15:53:20 -0800] "GET /eiwa/pdf/brackets/EIWA%201981.pdf HTTP/1.1" 200 131236 "-" "Mozilla/4.0 (compatible; MSIE 6.0; Windows 98; sureseeker.com)"
216.15.67.52 - - [23/Feb/2004:15:53:20 -0800] "GET /eiwa/pdf/brackets/EIWA%201981.pdf HTTP/1.1" 206 103039 "-" "Mozilla/4.0 (compatible; MSIE 6.0; Windows 98; sureseeker.com)"
216.15.67.52 - - [23/Feb/2004:15:53:20 -0800] "GET /eiwa/pdf/brackets/EIWA%201981.pdf HTTP/1.1" 206 978 "-" "Mozilla/4.0 (compatible; MSIE 6.0; Windows 98; sureseeker.com)"
216.15.67.52 - - [23/Feb/2004:15:53:20 -0800] "GET /eiwa/pdf/brackets/EIWA%201981.pdf HTTP/1.1" 206 1024 "-" "Mozilla/4.0 (compatible; MSIE 6.0; Windows 98; sureseeker.com)"
151.204.50.73 - - [23/Feb/2004:15:53:20 -0800] "POST /lehigh/view_wrestlers.php HTTP/1.1" 200 2569 "http://www.wrestlingstats.com/lehigh/active.php" "Mozilla/4.0 (compatible; MSIE 6.0; Windows 98; .NET CLR 1.1.4322)"
216.15.67.52 - - [23/Feb/2004:15:53:21 -0800] "GET /eiwa/pdf/brackets/EIWA%201981.pdf HTTP/1.1" 206 379 "-" "Mozilla/4.0 (compatible; MSIE 6.0; Windows 98; sureseeker.com)"
151.204.50.73 - - [23/Feb/2004:15:54:00 -0800] "GET /lehigh/seasons.php HTTP/1.1" 200 3348 "-" "Mozilla/4.0 (compatible; MSIE 6.0; Windows 98; .NET CLR 1.1.4322)"
151.204.50.73 - - [23/Feb/2004:15:54:13 -0800] "POST /lehigh/view_seasons.php HTTP/1.1" 200 3457 "http://www.wrestlingstats.com/lehigh/seasons.php" "Mozilla/4.0 (compatible; MSIE 6.0; Windows 98; .NET CLR 1.1.4322)"
216.15.67.52 - - [23/Feb/2004:15:54:24 -0800] "GET /eiwa/pdf/brackets/EIWA%201982.pdf HTTP/1.1" 200 132086 "http://wrestlingstats.com/eiwa/brackets.htm" "Mozilla/4.0 (compatible; MSIE 6.0; Windows 98; sureseeker.com)"
216.15.67.52 - - [23/Feb/2004:15:54:25 -0800] "GET /eiwa/pdf/brackets/EIWA%201982.pdf HTTP/1.1" 200 132086 "-" "Mozilla/4.0 (compatible; MSIE 6.0; Windows 98; sureseeker.com)"
216.15.67.52 - - [23/Feb/2004:15:54:25 -0800] "GET /eiwa/pdf/brackets/EIWA%201982.pdf HTTP/1.1" 206 104011 "-" "Mozilla/4.0 (compatible; MSIE 6.0; Windows 98; sureseeker.com)"
216.15.67.52 - - [23/Feb/2004:15:54:25 -0800] "GET /eiwa/pdf/brackets/EIWA%201982.pdf HTTP/1.1" 206 978 "-" "Mozilla/4.0 (compatible; MSIE 6.0; Windows 98; sureseeker.com)"
216.15.67.52 - - [23/Feb/2004:15:54:25 -0800] "GET /eiwa/pdf/brackets/EIWA%201982.pdf HTTP/1.1" 206 1024 "-" "Mozilla/4.0 (compatible; MSIE 6.0; Windows 98; sureseeker.com)"
216.15.67.52 - - [23/Feb/2004:15:54:26 -0800] "GET /eiwa/pdf/brackets/EIWA%201982.pdf HTTP/1.1" 206 379 "-" "Mozilla/4.0 (compatible; MSIE 6.0; Windows 98; sureseeker.com)"
151.204.50.73 - - [23/Feb/2004:15:55:03 -0800] "GET /lehigh/seasons.php HTTP/1.1" 200 3348 "-" "Mozilla/4.0 (compatible; MSIE 6.0; Windows 98; .NET CLR 1.1.4322)"
216.15.67.52 - - [23/Feb/2004:15:55:04 -0800] "GET /eiwa/pdf/brackets/EIWA%201980.pdf HTTP/1.1" 200 131505 "http://wrestlingstats.com/eiwa/brackets.htm" "Mozilla/4.0 (compatible; MSIE 6.0; Windows 98; sureseeker.com)"
216.15.67.52 - - [23/Feb/2004:15:55:04 -0800] "GET /eiwa/pdf/brackets/EIWA%201980.pdf HTTP/1.1" 200 131505 "-" "Mozilla/4.0 (compatible; MSIE 6.0; Windows 98; sureseeker.com)"
216.15.67.52 - - [23/Feb/2004:15:55:05 -0800] "GET /eiwa/pdf/brackets/EIWA%201980.pdf HTTP/1.1" 206 103360 "-" "Mozilla/4.0 (compatible; MSIE 6.0; Windows 98; sureseeker.com)"
216.15.67.52 - - [23/Feb/2004:15:55:05 -0800] "GET /eiwa/pdf/brackets/EIWA%201980.pdf HTTP/1.1" 206 978 "-" "Mozilla/4.0 (compatible; MSIE 6.0; Windows 98; sureseeker.com)"
216.15.67.52 - - [23/Feb/2004:15:55:05 -0800] "GET /eiwa/pdf/brackets/EIWA%201980.pdf HTTP/1.1" 206 1024 "-" "Mozilla/4.0 (compatible; MSIE 6.0; Windows 98; sureseeker.com)"
216.15.67.52 - - [23/Feb/2004:15:55:05 -0800] "GET /eiwa/pdf/brackets/EIWA%201980.pdf HTTP/1.1" 206 379 "-" "Mozilla/4.0 (compatible; MSIE 6.0; Windows 98; sureseeker.com)"
151.204.50.73 - - [23/Feb/2004:15:55:07 -0800] "GET /lehigh/active.php HTTP/1.1" 200 2744 "-" "Mozilla/4.0 (compatible; MSIE 6.0; Windows 98; .NET CLR 1.1.4322)"
151.204.50.73 - - [23/Feb/2004:15:55:09 -0800] "GET /lehigh/home.php HTTP/1.1" 200 2019 "-" "Mozilla/4.0 (compatible; MSIE 6.0; Windows 98; .NET CLR 1.1.4322)"
151.204.50.73 - - [23/Feb/2004:15:55:10 -0800] "GET /lehigh/EIWAChamps.jpg HTTP/1.1" 200 42637 "http://www.wrestlingstats.com/lehigh/home.php" "Mozilla/4.0 (compatible; MSIE 6.0; Windows 98; .NET CLR 1.1.4322)"
151.204.50.73 - - [23/Feb/2004:15:55:14 -0800] "GET /lehigh/active.php HTTP/1.1" 200 2744 "-" "Mozilla/4.0 (compatible; MSIE 6.0; Windows 98; .NET CLR 1.1.4322)"
199.208.213.35 - - [23/Feb/2004:15:55:15 -0800] "GET /ncaa/pdf/brackets/NCAA%201937.pdf HTTP/1.0" 200 109358 "http://www.wrestlingstats.com/ncaa/brackets.htm" "Mozilla/4.0 (compatible; MSIE 6.0; Windows NT 5.0)"
216.15.67.52 - - [23/Feb/2004:15:55:17 -0800] "GET /eiwa/pdf/brackets/EIWA%201980.pdf HTTP/1.1" 206 4078 "-" "Mozilla/4.0 (compatible; MSIE 6.0; Windows 98; sureseeker.com)"
216.15.67.52 - - [23/Feb/2004:15:55:27 -0800] "GET /eiwa/pdf/brackets/EIWA%201980.pdf HTTP/1.1" 206 2296 "-" "Mozilla/4.0 (compatible; MSIE 6.0; Windows 98; sureseeker.com)"
216.15.67.52 - - [23/Feb/2004:15:55:35 -0800] "GET /eiwa/pdf/brackets/EIWA%201980.pdf HTTP/1.1" 206 2301 "-" "Mozilla/4.0 (compatible; MSIE 6.0; Windows 98; sureseeker.com)"
199.208.213.35 - - [23/Feb/2004:15:56:32 -0800] "GET /ncaa/pdf/brackets/NCAA%201935.pdf HTTP/1.0" 200 171851 "http://www.wrestlingstats.com/ncaa/brackets.htm" "Mozilla/4.0 (compatible; MSIE 6.0; Windows NT 5.0)"
216.15.67.52 - - [23/Feb/2004:15:56:38 -0800] "GET /eiwa/pdf/brackets/EIWA%201980.pdf HTTP/1.1" 206 2304 "-" "Mozilla/4.0 (compatible; MSIE 6.0; Windows 98; sureseeker.com)"
216.15.67.52 - - [23/Feb/2004:15:56:57 -0800] "GET /eiwa/pdf/brackets/EIWA%201980.pdf HTTP/1.1" 206 2287 "-" "Mozilla/4.0 (compatible; MSIE 6.0; Windows 98; sureseeker.com)"
199.208.213.35 - - [23/Feb/2004:15:57:06 -0800] "GET /ncaa/pdf/brackets/NCAA%201998.pdf HTTP/1.0" 200 231756 "http://www.wrestlingstats.com/ncaa/brackets.htm" "Mozilla/4.0 (compatible; MSIE 6.0; Windows NT 5.0)"
216.15.67.52 - - [23/Feb/2004:15:57:17 -0800] "GET /eiwa/pdf/brackets/EIWA%201981.pdf HTTP/1.1" 200 131236 "http://wrestlingstats.com/eiwa/brackets.htm" "Mozilla/4.0 (compatible; MSIE 6.0; Windows 98; sureseeker.com)"
216.15.67.52 - - [23/Feb/2004:15:57:17 -0800] "GET /eiwa/pdf/brackets/EIWA%201981.pdf HTTP/1.1" 200 131236 "-" "Mozilla/4.0 (compatible; MSIE 6.0; Windows 98; sureseeker.com)"
216.15.67.52 - - [23/Feb/2004:15:57:18 -0800] "GET /eiwa/pdf/brackets/EIWA%201981.pdf HTTP/1.1" 206 104111 "-" "Mozilla/4.0 (compatible; MSIE 6.0; Windows 98; sureseeker.com)"
216.15.67.52 - - [23/Feb/2004:15:57:20 -0800] "GET /eiwa/pdf/brackets/EIWA%201981.pdf HTTP/1.1" 206 1024 "-" "Mozilla/4.0 (compatible; MSIE 6.0; Windows 98; sureseeker.com)"
216.15.67.52 - - [23/Feb/2004:15:57:20 -0800] "GET /eiwa/pdf/brackets/EIWA%201981.pdf HTTP/1.1" 206 379 "-" "Mozilla/4.0 (compatible; MSIE 6.0; Windows 98; sureseeker.com)"
216.15.67.52 - - [23/Feb/2004:16:00:09 -0800] "GET /eiwa/pdf/brackets/EIWA%201982.pdf HTTP/1.1" 200 132086 "http://wrestlingstats.com/eiwa/brackets.htm" "Mozilla/4.0 (compatible; MSIE 6.0; Windows 98; sureseeker.com)"
216.15.67.52 - - [23/Feb/2004:16:00:09 -0800] "GET /eiwa/pdf/brackets/EIWA%201982.pdf HTTP/1.1" 200 132086 "-" "Mozilla/4.0 (compatible; MSIE 6.0; Windows 98; sureseeker.com)"
216.15.67.52 - - [23/Feb/2004:16:00:10 -0800] "GET /eiwa/pdf/brackets/EIWA%201982.pdf HTTP/1.1" 206 104011 "-" "Mozilla/4.0 (compatible; MSIE 6.0; Windows 98; sureseeker.com)"
216.15.67.52 - - [23/Feb/2004:16:00:10 -0800] "GET /eiwa/pdf/brackets/EIWA%201982.pdf HTTP/1.1" 206 978 "-" "Mozilla/4.0 (compatible; MSIE 6.0; Windows 98; sureseeker.com)"
216.15.67.52 - - [23/Feb/2004:16:00:10 -0800] "GET /eiwa/pdf/brackets/EIWA%201982.pdf HTTP/1.1" 206 1024 "-" "Mozilla/4.0 (compatible; MSIE 6.0; Windows 98; sureseeker.com)"
216.15.67.52 - - [23/Feb/2004:16:00:10 -0800] "GET /eiwa/pdf/brackets/EIWA%201982.pdf HTTP/1.1" 206 379 "-" "Mozilla/4.0 (compatible; MSIE 6.0; Windows 98; sureseeker.com)"
198.81.26.47 - - [23/Feb/2004:16:00:23 -0800] "GET /ncaa/brackets.htm HTTP/1.0" 200 2834 "http://www.wrestlinghalloffame.org/champions/" "Mozilla/4.0 (compatible; MSIE 6.0; AOL 9.0; Windows NT 5.1; .NET CLR 1.1.4322)"
198.81.26.12 - - [23/Feb/2004:16:00:48 -0800] "GET /ncaa/pdf/brackets/NCAA%201962.pdf HTTP/1.0" 200 96564 "http://www.wrestlingstats.com/ncaa/brackets.htm" "Mozilla/4.0 (compatible; MSIE 6.0; AOL 9.0; Windows NT 5.1; .NET CLR 1.1.4322)"
198.81.26.12 - - [23/Feb/2004:16:00:49 -0800] "GET /ncaa/pdf/brackets/NCAA%201962.pdf HTTP/1.0" 200 96564 "-" "Mozilla/4.0 (compatible; MSIE 6.0; AOL 9.0; Windows NT 5.1; .NET CLR 1.1.4322)"
216.15.67.52 - - [23/Feb/2004:16:02:59 -0800] "GET /eiwa/pdf/brackets/EIWA%201983.pdf HTTP/1.1" 200 131512 "http://wrestlingstats.com/eiwa/brackets.htm" "Mozilla/4.0 (compatible; MSIE 6.0; Windows 98; sureseeker.com)"
216.15.67.52 - - [23/Feb/2004:16:03:00 -0800] "GET /eiwa/pdf/brackets/EIWA%201983.pdf HTTP/1.1" 200 131512 "-" "Mozilla/4.0 (compatible; MSIE 6.0; Windows 98; sureseeker.com)"
216.15.67.52 - - [23/Feb/2004:16:03:00 -0800] "GET /eiwa/pdf/brackets/EIWA%201983.pdf HTTP/1.1" 206 103550 "-" "Mozilla/4.0 (compatible; MSIE 6.0; Windows 98; sureseeker.com)"
216.15.67.52 - - [23/Feb/2004:16:03:00 -0800] "GET /eiwa/pdf/brackets/EIWA%201983.pdf HTTP/1.1" 206 978 "-" "Mozilla/4.0 (compatible; MSIE 6.0; Windows 98; sureseeker.com)"
216.15.67.52 - - [23/Feb/2004:16:03:01 -0800] "GET /eiwa/pdf/brackets/EIWA%201983.pdf HTTP/1.1" 206 1024 "-" "Mozilla/4.0 (compatible; MSIE 6.0; Windows 98; sureseeker.com)"
216.15.67.52 - - [23/Feb/2004:16:03:01 -0800] "GET /eiwa/pdf/brackets/EIWA%201983.pdf HTTP/1.1" 206 379 "-" "Mozilla/4.0 (compatible; MSIE 6.0; Windows 98; sureseeker.com)"
199.208.213.35 - - [23/Feb/2004:16:03:38 -0800] "GET /ncaa/pdf/brackets/NCAA%201999.pdf HTTP/1.0" 200 231535 "http://www.wrestlingstats.com/ncaa/brackets.htm" "Mozilla/4.0 (compatible; MSIE 6.0; Windows NT 5.0)"
216.15.67.52 - - [23/Feb/2004:16:05:09 -0800] "GET /lehigh/index.html HTTP/1.1" 200 840 "-" "Mozilla/4.0 (compatible; MSIE 6.0; Windows 98; sureseeker.com)"
216.15.67.52 - - [23/Feb/2004:16:05:10 -0800] "GET /lehigh/home.php HTTP/1.1" 200 2019 "-" "Mozilla/4.0 (compatible; MSIE 6.0; Windows 98; sureseeker.com)"
216.15.67.52 - - [23/Feb/2004:16:05:10 -0800] "GET /lehigh/EIWAChamps.jpg HTTP/1.1" 200 42637 "http://wrestlingstats.com/lehigh/home.php" "Mozilla/4.0 (compatible; MSIE 6.0; Windows 98; sureseeker.com)"
216.15.67.52 - - [23/Feb/2004:16:05:10 -0800] "GET /lehigh/apPopupMenu.class HTTP/1.1" 200 19469 "-" "Java 1.1"
216.15.67.52 - - [23/Feb/2004:16:05:11 -0800] "GET /lehigh/pix/home.gif HTTP/1.1" 200 215 "-" "Java 1.1"
216.15.67.52 - - [23/Feb/2004:16:05:11 -0800] "GET /lehigh/pix/apbfind.gif HTTP/1.1" 200 89 "-" "Java 1.1"
216.15.67.52 - - [23/Feb/2004:16:05:26 -0800] "GET /lehigh/show_coach.php?coachid=7&coach=Greg%20Strobel HTTP/1.1" 200 2462 "-" "Mozilla/4.0 (compatible; MSIE 6.0; Windows 98; sureseeker.com)"
216.15.67.52 - - [23/Feb/2004:16:05:45 -0800] "GET /lehigh/wrestlers.php HTTP/1.1" 200 1934 "-" "Mozilla/4.0 (compatible; MSIE 6.0; Windows 98; sureseeker.com)"
216.15.67.52 - - [23/Feb/2004:16:06:06 -0800] "POST /lehigh/view_all_wrestlers.php HTTP/1.1" 200 2616 "http://wrestlingstats.com/lehigh/wrestlers.php" "Mozilla/4.0 (compatible; MSIE 6.0; Windows 98; sureseeker.com)"
216.15.67.52 - - [23/Feb/2004:16:06:22 -0800] "GET /lehigh/view_wrestlers.php?wrestler=545 HTTP/1.1" 200 2733 "http://wrestlingstats.com/lehigh/view_all_wrestlers.php" "Mozilla/4.0 (compatible; MSIE 6.0; Windows 98; sureseeker.com)"
216.15.67.52 - - [23/Feb/2004:16:08:33 -0800] "GET /ncaa/ncaa.htm HTTP/1.1" 304 - "-" "Mozilla/4.0 (compatible; MSIE 6.0; Windows 98; sureseeker.com)"
216.15.67.52 - - [23/Feb/2004:16:08:36 -0800] "GET /ncaa/brackets.htm HTTP/1.1" 304 - "http://wrestlingstats.com/ncaa/ncaa.htm" "Mozilla/4.0 (compatible; MSIE 6.0; Windows 98; sureseeker.com)"
216.15.67.52 - - [23/Feb/2004:16:08:41 -0800] "GET /ncaa/pdf/brackets/NCAA%201983.pdf HTTP/1.1" 200 230241 "http://wrestlingstats.com/ncaa/brackets.htm" "Mozilla/4.0 (compatible; MSIE 6.0; Windows 98; sureseeker.com)"
216.15.67.52 - - [23/Feb/2004:16:08:41 -0800] "GET /ncaa/pdf/brackets/NCAA%201983.pdf HTTP/1.1" 200 230241 "-" "Mozilla/4.0 (compatible; MSIE 6.0; Windows 98; sureseeker.com)"
216.15.67.52 - - [23/Feb/2004:16:08:41 -0800] "GET /ncaa/pdf/brackets/NCAA%201983.pdf HTTP/1.1" 206 105571 "-" "Mozilla/4.0 (compatible; MSIE 6.0; Windows 98; sureseeker.com)"
216.15.67.52 - - [23/Feb/2004:16:08:44 -0800] "GET /ncaa/pdf/brackets/NCAA%201983.pdf HTTP/1.1" 206 1024 "-" "Mozilla/4.0 (compatible; MSIE 6.0; Windows 98; sureseeker.com)"
216.15.67.52 - - [23/Feb/2004:16:08:44 -0800] "GET /ncaa/pdf/brackets/NCAA%201983.pdf HTTP/1.1" 206 382 "-" "Mozilla/4.0 (compatible; MSIE 6.0; Windows 98; sureseeker.com)"
216.15.67.52 - - [23/Feb/2004:16:12:43 -0800] "GET /ncaa/pdf/brackets/NCAA%201983.pdf HTTP/1.1" 206 57777 "-" "Mozilla/4.0 (compatible; MSIE 6.0; Windows 98; sureseeker.com)"
198.81.26.47 - - [23/Feb/2004:16:16:38 -0800] "GET /ncaa/brackets.htm HTTP/1.0" 200 2836 "http://wrestlinghalloffame.org/" "Mozilla/4.0 (compatible; MSIE 6.0; AOL 9.0; Windows NT 5.1; .NET CLR 1.1.4322)"
198.81.26.12 - - [23/Feb/2004:16:17:00 -0800] "GET /ncaa/pdf/brackets/NCAA%201961.pdf HTTP/1.0" 200 94434 "http://www.wrestlingstats.com/ncaa/brackets.htm" "Mozilla/4.0 (compatible; MSIE 6.0; AOL 9.0; Windows NT 5.1; .NET CLR 1.1.4322)"
198.81.26.12 - - [23/Feb/2004:16:17:01 -0800] "GET /ncaa/pdf/brackets/NCAA%201961.pdf HTTP/1.0" 200 94434 "-" "Mozilla/4.0 (compatible; MSIE 6.0; AOL 9.0; Windows NT 5.1; .NET CLR 1.1.4322)"
24.18.19.3 - - [23/Feb/2004:16:24:01 -0800] "GET /ncaa/brackets.htm HTTP/1.1" 200 2796 "http://www.comcast.net/qry/websearch?cmd=qry&safe=on&query=wrestling+bracket+sheets&searchChoice=google" "Mozilla/4.0 (compatible; MSIE 6.0; Windows NT 5.1; .NET CLR 1.1.4322)"
24.18.19.3 - - [23/Feb/2004:16:24:02 -0800] "GET /apPopupMenu.class HTTP/1.1" 200 19469 "-" "Mozilla/4.0 (compatible; MSIE 6.0; Win32)"
24.18.19.3 - - [23/Feb/2004:16:24:02 -0800] "GET /images/home32.gif HTTP/1.1" 200 287 "-" "Mozilla/4.0 (compatible; MSIE 6.0; Win32)"
24.18.19.3 - - [23/Feb/2004:16:24:02 -0800] "GET /images/mail32.gif HTTP/1.1" 200 317 "-" "Mozilla/4.0 (compatible; MSIE 6.0; Win32)"
67.243.23.188 - - [23/Feb/2004:16:38:09 -0800] "GET / HTTP/1.0" 200 2887 "-" "Mozilla/3.0 (compatible)"
63.204.130.104 - - [23/Feb/2004:16:38:49 -0800] "GET / HTTP/1.0" 200 2887 "-" "Mozilla/4.0 (compatible; MSIE 6.0; Windows NT 4.0; FunWebProducts)"
63.204.130.104 - - [23/Feb/2004:16:38:49 -0800] "GET /NCAA2003.jpg HTTP/1.0" 200 84807 "http://www.wrestlingstats.com/" "Mozilla/4.0 (compatible; MSIE 6.0; Windows NT 4.0; FunWebProducts)"
63.204.130.104 - - [23/Feb/2004:16:38:49 -0800] "GET /apPopupMenu.class HTTP/1.0" 200 19469 "-" "Mozilla/4.0 (compatible; MSIE 6.0; Win32)"
63.204.130.104 - - [23/Feb/2004:16:38:50 -0800] "GET /images/home32.gif HTTP/1.0" 200 287 "-" "Mozilla/4.0 (compatible; MSIE 6.0; Win32)"
63.204.130.104 - - [23/Feb/2004:16:38:50 -0800] "GET /images/mail32.gif HTTP/1.0" 200 317 "-" "Mozilla/4.0 (compatible; MSIE 6.0; Win32)"
63.204.130.104 - - [23/Feb/2004:16:38:53 -0800] "GET /lehigh/index.html HTTP/1.0" 200 567 "-" "Mozilla/4.0 (compatible; MSIE 6.0; Windows NT 4.0; FunWebProducts)"
63.204.130.104 - - [23/Feb/2004:16:38:53 -0800] "GET /lehigh/home.php HTTP/1.0" 200 4902 "-" "Mozilla/4.0 (compatible; MSIE 6.0; Windows NT 4.0; FunWebProducts)"
63.204.130.104 - - [23/Feb/2004:16:38:54 -0800] "GET /lehigh/apPopupMenu.class HTTP/1.0" 200 19469 "-" "Mozilla/4.0 (compatible; MSIE 6.0; Win32)"
63.204.130.104 - - [23/Feb/2004:16:38:54 -0800] "GET /lehigh/EIWAChamps.jpg HTTP/1.0" 200 42637 "http://www.wrestlingstats.com/lehigh/home.php" "Mozilla/4.0 (compatible; MSIE 6.0; Windows NT 4.0; FunWebProducts)"
63.204.130.104 - - [23/Feb/2004:16:38:55 -0800] "GET /lehigh/pix/home.gif HTTP/1.0" 200 215 "-" "Mozilla/4.0 (compatible; MSIE 6.0; Win32)"
63.204.130.104 - - [23/Feb/2004:16:38:55 -0800] "GET /lehigh/pix/apbfind.gif HTTP/1.0" 200 89 "-" "Mozilla/4.0 (compatible; MSIE 6.0; Win32)"
63.204.130.104 - - [23/Feb/2004:16:39:01 -0800] "GET /lehigh/view_coach_duals.php?season=2004 HTTP/1.0" 200 11990 "-" "Mozilla/4.0 (compatible; MSIE 6.0; Windows NT 4.0; FunWebProducts)"
63.204.130.104 - - [23/Feb/2004:16:39:06 -0800] "GET /lehigh/show_dual.php?meet=1092 HTTP/1.0" 200 7169 "http://www.wrestlingstats.com/lehigh/view_coach_duals.php?season=2004" "Mozilla/4.0 (compatible; MSIE 6.0; Windows NT 4.0; FunWebProducts)"
67.168.166.60 - - [23/Feb/2004:16:40:07 -0800] "GET /ncaa/brackets.htm HTTP/1.1" 200 2798 "http://www.google.com/search?hl=en&lr=&ie=UTF-8&oe=UTF-8&q=washington+state+wrestling+state+tournament+brackets&btnG=Google+Search" "Mozilla/4.0 (compatible; MSIE 6.0; Windows NT 5.1; FunWebProducts)"
67.168.166.60 - - [23/Feb/2004:16:40:11 -0800] "GET /apPopupMenu.class HTTP/1.1" 200 19469 "-" "Java 1.1"
67.168.166.60 - - [23/Feb/2004:16:40:11 -0800] "GET /images/home32.gif HTTP/1.1" 200 287 "-" "Java 1.1"
67.168.166.60 - - [23/Feb/2004:16:40:11 -0800] "GET /images/mail32.gif HTTP/1.1" 200 317 "-" "Java 1.1"
68.82.141.47 - - [23/Feb/2004:16:53:45 -0800] "GET /lehigh/show_leaders.php?term=S&leader=1 HTTP/1.1" 200 2494 "http://www.lehighwrestling.com/Lehigh/Stats/Lehigh%20Individual/individual.htm" "Mozilla/4.0 (compatible; MSIE 6.0; Windows NT 5.1; .NET CLR 1.0.3705)"
68.82.141.47 - - [23/Feb/2004:16:53:46 -0800] "GET /lehigh/apPopupMenu.class HTTP/1.1" 200 19469 "-" "Java 1.1"
68.82.141.47 - - [23/Feb/2004:16:53:46 -0800] "GET /lehigh/pix/home.gif HTTP/1.1" 200 215 "-" "Java 1.1"
68.82.141.47 - - [23/Feb/2004:16:53:47 -0800] "GET /lehigh/pix/apbfind.gif HTTP/1.1" 200 89 "-" "Java 1.1"
68.46.118.198 - - [23/Feb/2004:17:05:21 -0800] "GET /lehigh/show_leaders.php?term=C&leader=1 HTTP/1.1" 200 2649 "http://www.lehighwrestling.com/Lehigh/Stats/Lehigh%20Individual/individual.htm" "Mozilla/4.0 (compatible; MSIE 6.0; Windows 98)"
68.46.118.198 - - [23/Feb/2004:17:05:26 -0800] "GET /lehigh/apPopupMenu.class HTTP/1.1" 200 19469 "-" "Mozilla/4.0 (compatible; MSIE 6.0; Win32)"
68.46.118.198 - - [23/Feb/2004:17:05:28 -0800] "GET /lehigh/pix/home.gif HTTP/1.1" 200 215 "-" "Mozilla/4.0 (compatible; MSIE 6.0; Win32)"
68.46.118.198 - - [23/Feb/2004:17:05:29 -0800] "GET /lehigh/pix/apbfind.gif HTTP/1.1" 200 89 "-" "Mozilla/4.0 (compatible; MSIE 6.0; Win32)"
68.46.118.198 - - [23/Feb/2004:17:06:11 -0800] "GET /lehigh/show_leaders.php?term=C&leader=2 HTTP/1.1" 200 2673 "http://www.lehighwrestling.com/Lehigh/Stats/Lehigh%20Individual/individual.htm" "Mozilla/4.0 (compatible; MSIE 6.0; Windows 98)"
68.46.118.198 - - [23/Feb/2004:17:06:48 -0800] "GET /lehigh/show_fastest_falls.php HTTP/1.1" 200 3199 "http://www.lehighwrestling.com/Lehigh/Stats/Lehigh%20Individual/individual.htm" "Mozilla/4.0 (compatible; MSIE 6.0; Windows 98)"
68.46.118.198 - - [23/Feb/2004:17:07:21 -0800] "GET /lehigh/view_wrestlers.php?wrestler=720 HTTP/1.1" 200 2569 "http://www.wrestlingstats.com/lehigh/show_fastest_falls.php" "Mozilla/4.0 (compatible; MSIE 6.0; Windows 98)"
68.46.118.198 - - [23/Feb/2004:17:07:41 -0800] "GET /lehigh/view_wrestler_bouts.php?wrestler=720&season=2003 HTTP/1.1" 200 3203 "http://www.wrestlingstats.com/lehigh/view_wrestlers.php?wrestler=720" "Mozilla/4.0 (compatible; MSIE 6.0; Windows 98)"
68.46.118.198 - - [23/Feb/2004:17:08:34 -0800] "GET /lehigh/view_wrestler_bouts.php?wrestler=720&season=2002 HTTP/1.1" 200 2819 "http://www.wrestlingstats.com/lehigh/view_wrestlers.php?wrestler=720" "Mozilla/4.0 (compatible; MSIE 6.0; Windows 98)"
68.46.118.198 - - [23/Feb/2004:17:08:47 -0800] "GET /lehigh/view_wrestler_bouts.php?wrestler=720&season=2001 HTTP/1.1" 200 3919 "http://www.wrestlingstats.com/lehigh/view_wrestlers.php?wrestler=720" "Mozilla/4.0 (compatible; MSIE 6.0; Windows 98)"
172.145.184.200 - - [23/Feb/2004:17:16:35 -0800] "GET /eiwa/brackets.htm HTTP/1.1" 200 2414 "-" "Mozilla/4.0 (compatible; MSIE 6.0; Windows 98)"
172.145.184.200 - - [23/Feb/2004:17:16:39 -0800] "GET /apPopupMenu.class HTTP/1.1" 200 19469 "-" "Java 1.1"
172.145.184.200 - - [23/Feb/2004:17:16:47 -0800] "GET /images/home32.gif HTTP/1.1" 200 287 "-" "Java 1.1"
172.145.184.200 - - [23/Feb/2004:17:16:48 -0800] "GET /images/mail32.gif HTTP/1.1" 200 317 "-" "Java 1.1"
152.163.252.65 - - [23/Feb/2004:17:17:58 -0800] "GET /eiwa/pdf/brackets/EIWA%202003.pdf HTTP/1.0" 200 70502 "http://www.wrestlingstats.com/eiwa/brackets.htm" "Mozilla/4.0 (compatible; MSIE 6.0; AOL 9.0; Windows 98)"
152.163.252.65 - - [23/Feb/2004:17:18:01 -0800] "GET /eiwa/pdf/brackets/EIWA%202003.pdf HTTP/1.0" 200 70502 "-" "Mozilla/4.0 (compatible; MSIE 6.0; AOL 9.0; Windows 98)"
152.163.252.195 - - [23/Feb/2004:17:18:57 -0800] "GET /eiwa/brackets.htm HTTP/1.0" 200 2453 "http://wrestlingreport.com/Forums/EIWA.mv?parm_func=showmsg+parm_msgnum=1000148" "Mozilla/4.0 (compatible; MSIE 6.0; AOL 8.0; Windows NT 5.1)"
57.69.14.130 - - [23/Feb/2004:17:19:02 -0800] "GET / HTTP/1.0" 304 - "-" "Mozilla/4.0 (compatible; MSIE 5.5; Windows NT 5.0) Fetch API Request"
152.163.252.65 - - [23/Feb/2004:17:19:15 -0800] "GET /eiwa/pdf/brackets/EIWA%202003.pdf HTTP/1.0" 200 70502 "http://www.wrestlingstats.com/eiwa/brackets.htm" "Mozilla/4.0 (compatible; MSIE 6.0; AOL 8.0; Windows NT 5.1)"
152.163.252.65 - - [23/Feb/2004:17:19:20 -0800] "GET /eiwa/pdf/brackets/EIWA%202003.pdf HTTP/1.0" 200 70502 "-" "Mozilla/4.0 (compatible; MSIE 6.0; AOL 8.0; Windows NT 5.1)"
152.163.252.65 - - [23/Feb/2004:17:19:21 -0800] "GET /eiwa/pdf/brackets/EIWA%202003.pdf HTTP/1.0" 206 75 "-" "Mozilla/4.0 (compatible; MSIE 6.0; AOL 8.0; Windows NT 5.1)"
152.163.252.65 - - [23/Feb/2004:17:19:22 -0800] "GET /eiwa/pdf/brackets/EIWA%202003.pdf HTTP/1.0" 206 69958 "-" "Mozilla/4.0 (compatible; MSIE 6.0; AOL 8.0; Windows NT 5.1)"
64.12.116.209 - - [23/Feb/2004:17:19:30 -0800] "GET /eiwa/brackets.htm HTTP/1.0" 200 2453 "http://wrestlingreport.com/Forums/EIWA.mv?parm_func=showmsg+parm_msgnum=1000148" "Mozilla/4.0 (compatible; MSIE 6.0; AOL 8.0; Windows NT 5.1; .NET CLR 1.0.3705; .NET CLR 1.1.4322)"
68.160.126.90 - - [23/Feb/2004:17:19:35 -0800] "GET /ncaa/brackets.htm HTTP/1.1" 200 2797 "http://www.wrestlinghalloffame.org/champions/?events&event=282" "Mozilla/5.0 (Windows; U; Windows NT 5.1; en-US; rv:1.4) Gecko/20030624 Netscape/7.1 (ax)"
68.160.126.90 - - [23/Feb/2004:17:19:35 -0800] "GET /favicon.ico HTTP/1.1" 404 363 "-" "Mozilla/5.0 (Windows; U; Windows NT 5.1; en-US; rv:1.4) Gecko/20030624 Netscape/7.1 (ax)"
64.12.116.211 - - [23/Feb/2004:17:19:36 -0800] "GET /apPopupMenu.class HTTP/1.0" 200 19469 "-" "Java 1.1"
64.12.96.205 - - [23/Feb/2004:17:19:42 -0800] "GET /images/home32.gif HTTP/1.0" 200 287 "-" "Java 1.1"
64.12.97.6 - - [23/Feb/2004:17:19:43 -0800] "GET /images/mail32.gif HTTP/1.0" 200 317 "-" "Java 1.1"
64.12.96.43 - - [23/Feb/2004:17:19:46 -0800] "GET /eiwa/pdf/brackets/EIWA%201986.pdf HTTP/1.0" 200 71328 "http://www.wrestlingstats.com/eiwa/brackets.htm" "Mozilla/4.0 (compatible; MSIE 6.0; AOL 8.0; Windows NT 5.1; .NET CLR 1.0.3705; .NET CLR 1.1.4322)"
68.160.126.90 - - [23/Feb/2004:17:19:47 -0800] "GET /ncaa/pdf/brackets/NCAA%201994.pdf HTTP/1.1" 200 226551 "http://www.wrestlingstats.com/ncaa/brackets.htm" "Mozilla/5.0 (Windows; U; Windows NT 5.1; en-US; rv:1.4) Gecko/20030624 Netscape/7.1 (ax)"
64.12.96.43 - - [23/Feb/2004:17:19:48 -0800] "GET /eiwa/pdf/brackets/EIWA%201986.pdf HTTP/1.0" 200 71328 "-" "Mozilla/4.0 (compatible; MSIE 6.0; AOL 8.0; Windows NT 5.1; .NET CLR 1.0.3705; .NET CLR 1.1.4322)"
68.160.126.90 - - [23/Feb/2004:17:19:50 -0800] "GET /ncaa/pdf/brackets/NCAA%201994.pdf HTTP/1.1" 206 42851 "-" "Mozilla/5.0 (Windows; U; Windows NT 5.1; en-US; rv:1.4) Gecko/20030624 Netscape/7.1 (ax)"
64.12.96.43 - - [23/Feb/2004:17:19:56 -0800] "GET /eiwa/pdf/brackets/EIWA%201986.pdf HTTP/1.0" 206 47749 "-" "Mozilla/4.0 (compatible; MSIE 6.0; AOL 8.0; Windows NT 5.1; .NET CLR 1.0.3705; .NET CLR 1.1.4322)"
152.163.252.195 - - [23/Feb/2004:17:21:06 -0800] "GET /eiwa/brackets.htm HTTP/1.0" 200 2452 "http://wrestlingreport.com/Forums/EIWA.mv?parm_func=showmsg+parm_msgnum=1000148" "Mozilla/4.0 (compatible; MSIE 6.0; AOL 8.0; Windows NT 5.1)"
152.163.252.3 - - [23/Feb/2004:17:21:11 -0800] "GET /eiwa/pdf/brackets/EIWA%202002.pdf HTTP/1.0" 200 70105 "http://www.wrestlingstats.com/eiwa/brackets.htm" "Mozilla/4.0 (compatible; MSIE 6.0; AOL 8.0; Windows NT 5.1)"
152.163.252.3 - - [23/Feb/2004:17:21:11 -0800] "GET /eiwa/pdf/brackets/EIWA%202002.pdf HTTP/1.0" 200 70105 "-" "Mozilla/4.0 (compatible; MSIE 6.0; AOL 8.0; Windows NT 5.1)"
152.163.252.3 - - [23/Feb/2004:17:21:12 -0800] "GET /eiwa/pdf/brackets/EIWA%202002.pdf HTTP/1.0" 206 76 "-" "Mozilla/4.0 (compatible; MSIE 6.0; AOL 8.0; Windows NT 5.1)"
152.163.252.3 - - [23/Feb/2004:17:21:13 -0800] "GET /eiwa/pdf/brackets/EIWA%202002.pdf HTTP/1.0" 206 69555 "-" "Mozilla/4.0 (compatible; MSIE 6.0; AOL 8.0; Windows NT 5.1)"
68.160.126.90 - - [23/Feb/2004:17:21:36 -0800] "GET /ncaa/pdf/brackets/NCAA%201993.pdf HTTP/1.1" 200 228307 "http://www.wrestlingstats.com/ncaa/brackets.htm" "Mozilla/5.0 (Windows; U; Windows NT 5.1; en-US; rv:1.4) Gecko/20030624 Netscape/7.1 (ax)"
68.160.126.90 - - [23/Feb/2004:17:21:36 -0800] "GET /ncaa/pdf/brackets/NCAA%201993.pdf HTTP/1.1" 206 101656 "-" "Mozilla/5.0 (Windows; U; Windows NT 5.1; en-US; rv:1.4) Gecko/20030624 Netscape/7.1 (ax)"
68.160.126.90 - - [23/Feb/2004:17:22:36 -0800] "GET /ncaa/pdf/brackets/NCAA%201993.pdf HTTP/1.1" 206 57424 "-" "Mozilla/5.0 (Windows; U; Windows NT 5.1; en-US; rv:1.4) Gecko/20030624 Netscape/7.1 (ax)"
68.160.126.90 - - [23/Feb/2004:17:22:44 -0800] "GET /ncaa/pdf/brackets/NCAA%201996.pdf HTTP/1.1" 200 230299 "http://www.wrestlingstats.com/ncaa/brackets.htm" "Mozilla/5.0 (Windows; U; Windows NT 5.1; en-US; rv:1.4) Gecko/20030624 Netscape/7.1 (ax)"
68.160.126.90 - - [23/Feb/2004:17:22:45 -0800] "GET /ncaa/pdf/brackets/NCAA%201996.pdf HTTP/1.1" 206 99839 "-" "Mozilla/5.0 (Windows; U; Windows NT 5.1; en-US; rv:1.4) Gecko/20030624 Netscape/7.1 (ax)"
140.146.216.28 - - [23/Feb/2004:17:23:32 -0800] "GET /ncaa/pdf/NCAA%20Bout%20Scoring.pdf HTTP/1.1" 200 46083 "http://www.google.com/search?q=NCAA+Wrestling+rules&hl=en&lr=&ie=UTF-8&oe=UTF-8" "Mozilla/4.0 (compatible; MSIE 6.0; Windows NT 5.1; .NET CLR 1.1.4322)"
140.146.216.28 - - [23/Feb/2004:17:23:33 -0800] "GET /favicon.ico HTTP/1.1" 404 363 "http://www.avantbrowser.com" "Avant Browser (http://www.avantbrowser.com)"
68.160.126.90 - - [23/Feb/2004:17:23:51 -0800] "GET /ncaa/pdf/brackets/NCAA%201996.pdf HTTP/1.1" 206 56936 "-" "Mozilla/5.0 (Windows; U; Windows NT 5.1; en-US; rv:1.4) Gecko/20030624 Netscape/7.1 (ax)"
68.160.126.90 - - [23/Feb/2004:17:24:00 -0800] "GET /ncaa/pdf/brackets/NCAA%201996.pdf HTTP/1.1" 206 3198 "-" "Mozilla/5.0 (Windows; U; Windows NT 5.1; en-US; rv:1.4) Gecko/20030624 Netscape/7.1 (ax)"
68.0.152.20 - - [23/Feb/2004:17:24:08 -0800] "GET /ncaa/brackets.htm HTTP/1.1" 200 2797 "http://www.google.com/search?hl=en&ie=UTF-8&oe=UTF-8&q=ncaa+wrestling+brackets+2003&spell=1&X=1" "Mozilla/4.0 (compatible; MSIE 6.0; Windows NT 5.1; .NET CLR 1.1.4322)"
68.0.152.20 - - [23/Feb/2004:17:24:10 -0800] "GET /apPopupMenu.class HTTP/1.1" 200 19469 "-" "Mozilla/4.0 (compatible; MSIE 6.0; Win32)"
68.0.152.20 - - [23/Feb/2004:17:24:10 -0800] "GET /apPopupMenuBeanInfo.class HTTP/1.1" 404 363 "-" "Mozilla/4.0 (compatible; MSIE 6.0; Win32)"
68.0.152.20 - - [23/Feb/2004:17:24:10 -0800] "GET /images/home32.gif HTTP/1.1" 200 287 "-" "Mozilla/4.0 (compatible; MSIE 6.0; Win32)"
68.0.152.20 - - [23/Feb/2004:17:24:11 -0800] "GET /images/mail32.gif HTTP/1.1" 200 317 "-" "Mozilla/4.0 (compatible; MSIE 6.0; Win32)"
68.160.126.90 - - [23/Feb/2004:17:24:11 -0800] "GET /ncaa/pdf/brackets/NCAA%201990.pdf HTTP/1.1" 200 232154 "http://www.wrestlingstats.com/ncaa/brackets.htm" "Mozilla/5.0 (Windows; U; Windows NT 5.1; en-US; rv:1.4) Gecko/20030624 Netscape/7.1 (ax)"
68.160.126.90 - - [23/Feb/2004:17:24:11 -0800] "GET /ncaa/pdf/brackets/NCAA%201990.pdf HTTP/1.1" 206 102049 "-" "Mozilla/5.0 (Windows; U; Windows NT 5.1; en-US; rv:1.4) Gecko/20030624 Netscape/7.1 (ax)"
68.0.152.20 - - [23/Feb/2004:17:24:17 -0800] "GET /ncaa/pdf/brackets/NCAA%202003.pdf HTTP/1.1" 200 144218 "http://www.wrestlingstats.com/ncaa/brackets.htm" "Mozilla/4.0 (compatible; MSIE 6.0; Windows NT 5.1; .NET CLR 1.1.4322)"
68.0.152.20 - - [23/Feb/2004:17:24:17 -0800] "GET /ncaa/pdf/brackets/NCAA%202003.pdf HTTP/1.1" 206 141927 "-" "Mozilla/4.0 (compatible; MSIE 6.0; Windows NT 5.1; .NET CLR 1.1.4322)"
68.0.152.20 - - [23/Feb/2004:17:24:19 -0800] "GET /ncaa/pdf/brackets/NCAA%202003.pdf HTTP/1.1" 206 64090 "-" "Mozilla/4.0 (compatible; MSIE 6.0; Windows NT 5.1; .NET CLR 1.1.4322)"
64.12.116.209 - - [23/Feb/2004:17:24:27 -0800] "GET /eiwa/brackets.htm HTTP/1.0" 200 2453 "http://wrestlingreport.com/Forums/EIWA.mv?parm_func=showmsg+parm_msgnum=1000148" "Mozilla/4.0 (compatible; MSIE 6.0; AOL 8.0; Windows NT 5.1; .NET CLR 1.0.3705; .NET CLR 1.1.4322)"
64.12.96.43 - - [23/Feb/2004:17:24:30 -0800] "GET /eiwa/pdf/brackets/EIWA%201987.pdf HTTP/1.0" 200 71264 "http://www.wrestlingstats.com/eiwa/brackets.htm" "Mozilla/4.0 (compatible; MSIE 6.0; AOL 8.0; Windows NT 5.1; .NET CLR 1.0.3705; .NET CLR 1.1.4322)"
64.12.96.43 - - [23/Feb/2004:17:24:33 -0800] "GET /eiwa/pdf/brackets/EIWA%201987.pdf HTTP/1.0" 200 71264 "-" "Mozilla/4.0 (compatible; MSIE 6.0; AOL 8.0; Windows NT 5.1; .NET CLR 1.0.3705; .NET CLR 1.1.4322)"
64.12.96.43 - - [23/Feb/2004:17:24:34 -0800] "GET /eiwa/pdf/brackets/EIWA%201987.pdf HTTP/1.0" 206 69444 "-" "Mozilla/4.0 (compatible; MSIE 6.0; AOL 8.0; Windows NT 5.1; .NET CLR 1.0.3705; .NET CLR 1.1.4322)"
68.160.126.90 - - [23/Feb/2004:17:25:21 -0800] "GET /ncaa/pdf/brackets/NCAA%201989.pdf HTTP/1.1" 200 196608 "http://www.wrestlingstats.com/ncaa/brackets.htm" "Mozilla/5.0 (Windows; U; Windows NT 5.1; en-US; rv:1.4) Gecko/20030624 Netscape/7.1 (ax)"
68.160.126.90 - - [23/Feb/2004:17:25:22 -0800] "GET /ncaa/pdf/brackets/NCAA%201989.pdf HTTP/1.1" 206 250009 "-" "Mozilla/5.0 (Windows; U; Windows NT 5.1; en-US; rv:1.4) Gecko/20030624 Netscape/7.1 (ax)"
152.163.252.195 - - [23/Feb/2004:17:26:02 -0800] "GET /eiwa/brackets.htm HTTP/1.1" 200 2474 "http://wrestlingreport.com/Forums/EIWA.mv?parm_func=showmsg+parm_msgnum=1000148" "Mozilla/4.0 (compatible; MSIE 6.0; AOL 8.0; Windows NT 5.1)"
152.163.252.195 - - [23/Feb/2004:17:26:12 -0800] "GET /eiwa/brackets.htm HTTP/1.0" 200 2452 "http://wrestlingreport.com/Forums/EIWA.mv?parm_func=showmsg+parm_msgnum=1000148" "Mozilla/4.0 (compatible; MSIE 6.0; AOL 8.0; Windows NT 5.1)"
65.84.183.162 - - [23/Feb/2004:17:26:38 -0800] "GET /eiwa/brackets.htm HTTP/1.1" 200 2414 "http://wrestlingreport.com/Forums/EIWA.mv?parm_func=showmsg+parm_msgnum=1000148" "Mozilla/4.0 (compatible; MSIE 6.0; Windows NT 5.1)"
65.84.183.162 - - [23/Feb/2004:17:26:38 -0800] "GET /apPopupMenu.class HTTP/1.1" 200 19469 "-" "Java 1.1"
65.84.183.162 - - [23/Feb/2004:17:26:39 -0800] "GET /images/home32.gif HTTP/1.1" 200 287 "-" "Java 1.1"
65.84.183.162 - - [23/Feb/2004:17:26:39 -0800] "GET /images/mail32.gif HTTP/1.1" 200 317 "-" "Java 1.1"
216.6.143.220 - - [23/Feb/2004:17:26:49 -0800] "GET /eiwa/brackets.htm HTTP/1.1" 200 2415 "http://wrestlingreport.com/Forums/EIWA.mv?parm_func=showmsg+parm_msgnum=1000148" "Mozilla/4.0 (compatible; MSIE 6.0; Windows NT 5.0)"
216.6.143.220 - - [23/Feb/2004:17:26:50 -0800] "GET /apPopupMenu.class HTTP/1.1" 200 19469 "-" "Mozilla/4.0 (compatible; MSIE 6.0; Win32)"
65.84.183.162 - - [23/Feb/2004:17:26:50 -0800] "GET /eiwa/pdf/brackets/EIWA%202003.pdf HTTP/1.1" 200 70502 "http://www.wrestlingstats.com/eiwa/brackets.htm" "Mozilla/4.0 (compatible; MSIE 6.0; Windows NT 5.1)"
65.84.183.162 - - [23/Feb/2004:17:26:50 -0800] "GET /eiwa/pdf/brackets/EIWA%202003.pdf HTTP/1.1" 206 69269 "-" "Mozilla/4.0 (compatible; MSIE 6.0; Windows NT 5.1)"
216.6.143.220 - - [23/Feb/2004:17:26:51 -0800] "GET /images/home32.gif HTTP/1.1" 200 287 "-" "Mozilla/4.0 (compatible; MSIE 6.0; Win32)"
216.6.143.220 - - [23/Feb/2004:17:26:51 -0800] "GET /images/mail32.gif HTTP/1.1" 200 317 "-" "Mozilla/4.0 (compatible; MSIE 6.0; Win32)"
216.6.143.220 - - [23/Feb/2004:17:26:58 -0800] "GET /eiwa/pdf/brackets/EIWA%202003.pdf HTTP/1.1" 200 70502 "http://www.wrestlingstats.com/eiwa/brackets.htm" "Mozilla/4.0 (compatible; MSIE 6.0; Windows NT 5.0)"
216.6.143.220 - - [23/Feb/2004:17:26:59 -0800] "GET /eiwa/pdf/brackets/EIWA%202003.pdf HTTP/1.1" 206 69269 "-" "Mozilla/4.0 (compatible; MSIE 6.0; Windows NT 5.0)"
64.12.96.232 - - [23/Feb/2004:17:28:35 -0800] "GET /eiwa/pdf/brackets/EIWA%201988.pdf HTTP/1.0" 200 71590 "http://www.wrestlingstats.com/eiwa/brackets.htm" "Mozilla/4.0 (compatible; MSIE 6.0; AOL 8.0; Windows NT 5.1; .NET CLR 1.0.3705; .NET CLR 1.1.4322)"
64.12.96.232 - - [23/Feb/2004:17:28:36 -0800] "GET /eiwa/pdf/brackets/EIWA%201988.pdf HTTP/1.0" 200 71590 "-" "Mozilla/4.0 (compatible; MSIE 6.0; AOL 8.0; Windows NT 5.1; .NET CLR 1.0.3705; .NET CLR 1.1.4322)"
64.12.96.232 - - [23/Feb/2004:17:28:37 -0800] "GET /eiwa/pdf/brackets/EIWA%201988.pdf HTTP/1.0" 206 69758 "-" "Mozilla/4.0 (compatible; MSIE 6.0; AOL 8.0; Windows NT 5.1; .NET CLR 1.0.3705; .NET CLR 1.1.4322)"
67.85.210.132 - - [23/Feb/2004:17:30:51 -0800] "GET /ncaa/brackets.htm HTTP/1.1" 200 2797 "http://www.google.com/search?hl=en&ie=UTF-8&oe=UTF-8&q=wrestling+bracket+sheets" "Mozilla/4.0 (compatible; MSIE 6.0; Windows NT 5.1; Q312461; .NET CLR 1.1.4322)"
67.85.210.132 - - [23/Feb/2004:17:30:51 -0800] "GET /apPopupMenu.class HTTP/1.1" 200 19469 "-" "Mozilla/4.0 (compatible; MSIE 6.0; Win32)"
67.85.210.132 - - [23/Feb/2004:17:30:52 -0800] "GET /images/home32.gif HTTP/1.1" 200 287 "-" "Mozilla/4.0 (compatible; MSIE 6.0; Win32)"
67.85.210.132 - - [23/Feb/2004:17:30:52 -0800] "GET /images/mail32.gif HTTP/1.1" 200 317 "-" "Mozilla/4.0 (compatible; MSIE 6.0; Win32)"
65.84.183.162 - - [23/Feb/2004:17:31:39 -0800] "GET /favicon.ico HTTP/1.1" 404 363 "-" "Mozilla/4.0 (compatible; MSIE 6.0; Windows NT 5.1)"
65.84.183.162 - - [23/Feb/2004:17:31:41 -0800] "GET /eiwa/pdf/brackets/EIWA%202002.pdf HTTP/1.1" 200 70105 "http://www.wrestlingstats.com/eiwa/brackets.htm" "Mozilla/4.0 (compatible; MSIE 6.0; Windows NT 5.1)"
