64.171.132.185 - - [25/Feb/2004:23:18:11 -0800] "GET /ncaa/pdf/brackets/NCAA%202000.pdf HTTP/1.1" 206 839 "-" "Mozilla/4.0 (compatible; MSIE 5.5; Windows 98; Win 9x 4.90; YComp 5.0.0.0)"
64.171.132.185 - - [25/Feb/2004:23:18:11 -0800] "GET /ncaa/pdf/brackets/NCAA%202000.pdf HTTP/1.1" 206 1024 "-" "Mozilla/4.0 (compatible; MSIE 5.5; Windows 98; Win 9x 4.90; YComp 5.0.0.0)"
64.171.132.185 - - [25/Feb/2004:23:18:11 -0800] "GET /ncaa/pdf/brackets/NCAA%202000.pdf HTTP/1.1" 206 386 "-" "Mozilla/4.0 (compatible; MSIE 5.5; Windows 98; Win 9x 4.90; YComp 5.0.0.0)"
198.81.26.47 - - [25/Feb/2004:23:18:12 -0800] "GET /ncaa/brackets.htm HTTP/1.0" 200 2835 "-" "Mozilla/4.0 (compatible; MSIE 6.0; AOL 8.0; Windows NT 5.1)"
198.81.26.11 - - [25/Feb/2004:23:18:15 -0800] "GET /ncaa/pdf/brackets/NCAA%202000.pdf HTTP/1.0" 200 231911 "http://www.wrestlingstats.com/ncaa/brackets.htm" "Mozilla/4.0 (compatible; MSIE 6.0; AOL 8.0; Windows NT 5.1)"
198.81.26.11 - - [25/Feb/2004:23:18:15 -0800] "GET /ncaa/pdf/brackets/NCAA%202000.pdf HTTP/1.0" 200 231911 "-" "Mozilla/4.0 (compatible; MSIE 6.0; AOL 8.0; Windows NT 5.1)"
198.81.26.11 - - [25/Feb/2004:23:18:16 -0800] "GET /ncaa/pdf/brackets/NCAA%202000.pdf HTTP/1.0" 206 104983 "-" "Mozilla/4.0 (compatible; MSIE 6.0; AOL 8.0; Windows NT 5.1)"
198.81.26.11 - - [25/Feb/2004:23:18:17 -0800] "GET /ncaa/pdf/brackets/NCAA%202000.pdf HTTP/1.0" 206 123783 "-" "Mozilla/4.0 (compatible; MSIE 6.0; AOL 8.0; Windows NT 5.1)"
64.171.132.185 - - [25/Feb/2004:23:18:17 -0800] "GET /ncaa/pdf/brackets/NCAA%202000.pdf HTTP/1.1" 206 9508 "-" "Mozilla/4.0 (compatible; MSIE 5.5; Windows 98; Win 9x 4.90; YComp 5.0.0.0)"
64.171.132.185 - - [25/Feb/2004:23:18:20 -0800] "GET /ncaa/pdf/brackets/NCAA%202000.pdf HTTP/1.1" 206 2927 "-" "Mozilla/4.0 (compatible; MSIE 5.5; Windows 98; Win 9x 4.90; YComp 5.0.0.0)"
198.81.26.11 - - [25/Feb/2004:23:20:23 -0800] "GET /ncaa/pdf/brackets/NCAA%202001.pdf HTTP/1.0" 200 144227 "http://www.wrestlingstats.com/ncaa/brackets.htm" "Mozilla/4.0 (compatible; MSIE 6.0; AOL 8.0; Windows NT 5.1)"
198.81.26.11 - - [25/Feb/2004:23:20:24 -0800] "GET /ncaa/pdf/brackets/NCAA%202001.pdf HTTP/1.1" 200 144227 "-" "Mozilla/4.0 (compatible; MSIE 6.0; AOL 8.0; Windows NT 5.1)"
64.171.132.185 - - [25/Feb/2004:23:20:28 -0800] "GET /apPopupMenu$COMClassObject.class HTTP/1.1" 404 363 "-" "Mozilla/4.0 (compatible; MSIE 5.0; Win32)"
198.81.26.15 - - [25/Feb/2004:23:20:30 -0800] "GET /eiwa/brackets.htm HTTP/1.0" 200 2453 "-" "Mozilla/4.0 (compatible; MSIE 6.0; AOL 8.0; Windows NT 5.1)"
198.81.26.12 - - [25/Feb/2004:23:20:32 -0800] "GET /eiwa/pdf/brackets/EIWA%202001.pdf HTTP/1.0" 200 71223 "http://www.wrestlingstats.com/eiwa/brackets.htm" "Mozilla/4.0 (compatible; MSIE 6.0; AOL 8.0; Windows NT 5.1)"
198.81.26.12 - - [25/Feb/2004:23:20:32 -0800] "GET /eiwa/pdf/brackets/EIWA%202001.pdf HTTP/1.0" 200 71223 "-" "Mozilla/4.0 (compatible; MSIE 6.0; AOL 8.0; Windows NT 5.1)"
64.171.132.185 - - [25/Feb/2004:23:20:34 -0800] "GET /apPopupMenu$COMClassObject.class HTTP/1.1" 404 363 "-" "Mozilla/4.0 (compatible; MSIE 5.0; Win32)"
198.81.26.12 - - [25/Feb/2004:23:20:42 -0800] "GET /eiwa/pdf/brackets/EIWA%202001.pdf HTTP/1.0" 200 71223 "http://www.wrestlingstats.com/eiwa/brackets.htm" "Mozilla/4.0 (compatible; MSIE 6.0; AOL 8.0; Windows NT 5.1)"
198.81.26.12 - - [25/Feb/2004:23:20:42 -0800] "GET /eiwa/pdf/brackets/EIWA%202001.pdf HTTP/1.0" 200 71223 "-" "Mozilla/4.0 (compatible; MSIE 6.0; AOL 8.0; Windows NT 5.1)"
64.171.132.185 - - [25/Feb/2004:23:20:43 -0800] "GET /apPopupMenu$COMClassObject.class HTTP/1.1" 404 363 "-" "Mozilla/4.0 (compatible; MSIE 5.0; Win32)"
198.81.26.47 - - [25/Feb/2004:23:20:47 -0800] "GET /ncaa/brackets.htm HTTP/1.0" 200 2836 "-" "Mozilla/4.0 (compatible; MSIE 6.0; AOL 8.0; Windows NT 5.1)"
198.81.26.11 - - [25/Feb/2004:23:20:48 -0800] "GET /ncaa/pdf/brackets/NCAA%202001.pdf HTTP/1.1" 200 144227 "http://www.wrestlingstats.com/ncaa/brackets.htm" "Mozilla/4.0 (compatible; MSIE 6.0; AOL 8.0; Windows NT 5.1)"
198.81.26.11 - - [25/Feb/2004:23:20:48 -0800] "GET /ncaa/pdf/brackets/NCAA%202001.pdf HTTP/1.0" 200 144227 "-" "Mozilla/4.0 (compatible; MSIE 6.0; AOL 8.0; Windows NT 5.1)"
64.171.132.185 - - [25/Feb/2004:23:20:52 -0800] "GET /apPopupMenu$COMClassObject.class HTTP/1.1" 404 363 "-" "Mozilla/4.0 (compatible; MSIE 5.0; Win32)"
64.171.132.185 - - [25/Feb/2004:23:21:02 -0800] "GET /eiwa/pdf/brackets/EIWA%202001.pdf HTTP/1.1" 200 71223 "http://www.wrestlingstats.com/eiwa/brackets.htm" "Mozilla/4.0 (compatible; MSIE 5.5; Windows 98; Win 9x 4.90; YComp 5.0.0.0; yplus 3.01)"
64.171.132.185 - - [25/Feb/2004:23:21:03 -0800] "GET /eiwa/pdf/brackets/EIWA%202001.pdf HTTP/1.1" 206 65643 "-" "contype"
64.171.132.185 - - [25/Feb/2004:23:21:03 -0800] "GET /eiwa/pdf/brackets/EIWA%202001.pdf HTTP/1.1" 206 65643 "-" "Mozilla/4.0 (compatible; MSIE 5.5; Windows 98; Win 9x 4.90; YComp 5.0.0.0)"
64.171.132.185 - - [25/Feb/2004:23:21:03 -0800] "GET /eiwa/pdf/brackets/EIWA%202001.pdf HTTP/1.1" 206 60596 "-" "Mozilla/4.0 (compatible; MSIE 5.5; Windows 98; Win 9x 4.90; YComp 5.0.0.0)"
64.171.132.185 - - [25/Feb/2004:23:21:28 -0800] "GET /eiwa/pdf/brackets/EIWA%202000.pdf HTTP/1.1" 206 59786 "http://www.wrestlingstats.com/eiwa/brackets.htm" "Mozilla/4.0 (compatible; MSIE 5.5; Windows 98; Win 9x 4.90; YComp 5.0.0.0; yplus 3.01)"
64.171.132.185 - - [25/Feb/2004:23:21:28 -0800] "GET /eiwa/pdf/brackets/EIWA%202000.pdf HTTP/1.1" 206 59786 "-" "contype"
64.171.132.185 - - [25/Feb/2004:23:21:29 -0800] "GET /eiwa/pdf/brackets/EIWA%202000.pdf HTTP/1.1" 206 59786 "-" "Mozilla/4.0 (compatible; MSIE 5.5; Windows 98; Win 9x 4.90; YComp 5.0.0.0)"
64.171.132.185 - - [25/Feb/2004:23:21:29 -0800] "GET /eiwa/pdf/brackets/EIWA%202000.pdf HTTP/1.1" 206 54740 "-" "Mozilla/4.0 (compatible; MSIE 5.5; Windows 98; Win 9x 4.90; YComp 5.0.0.0)"
64.171.132.185 - - [25/Feb/2004:23:22:05 -0800] "GET /eiwa/pdf/brackets/EIWA%201987.pdf HTTP/1.1" 206 60156 "http://www.wrestlingstats.com/eiwa/brackets.htm" "Mozilla/4.0 (compatible; MSIE 5.5; Windows 98; Win 9x 4.90; YComp 5.0.0.0; yplus 3.01)"
64.171.132.185 - - [25/Feb/2004:23:22:05 -0800] "GET /eiwa/pdf/brackets/EIWA%201987.pdf HTTP/1.1" 206 60156 "-" "contype"
64.171.132.185 - - [25/Feb/2004:23:22:05 -0800] "GET /eiwa/pdf/brackets/EIWA%201987.pdf HTTP/1.1" 206 60156 "-" "Mozilla/4.0 (compatible; MSIE 5.5; Windows 98; Win 9x 4.90; YComp 5.0.0.0)"
64.171.132.185 - - [25/Feb/2004:23:22:06 -0800] "GET /eiwa/pdf/brackets/EIWA%201987.pdf HTTP/1.1" 206 55110 "-" "Mozilla/4.0 (compatible; MSIE 5.5; Windows 98; Win 9x 4.90; YComp 5.0.0.0)"
64.171.132.185 - - [25/Feb/2004:23:22:15 -0800] "GET /apPopupMenu$COMClassObject.class HTTP/1.1" 404 363 "-" "Mozilla/4.0 (compatible; MSIE 5.0; Win32)"
64.171.132.185 - - [25/Feb/2004:23:22:17 -0800] "GET /big10/big10.htm HTTP/1.1" 200 2300 "-" "Mozilla/4.0 (compatible; MSIE 5.5; Windows 98; Win 9x 4.90; YComp 5.0.0.0; yplus 3.01)"
64.171.132.185 - - [25/Feb/2004:23:22:20 -0800] "GET /big10/pdf/Big%2010-1987.pdf HTTP/1.1" 200 25536 "http://www.wrestlingstats.com/big10/big10.htm" "Mozilla/4.0 (compatible; MSIE 5.5; Windows 98; Win 9x 4.90; YComp 5.0.0.0; yplus 3.01)"
64.171.132.185 - - [25/Feb/2004:23:22:21 -0800] "GET /big10/pdf/Big%2010-1987.pdf HTTP/1.1" 206 19955 "-" "contype"
64.171.132.185 - - [25/Feb/2004:23:22:21 -0800] "GET /big10/pdf/Big%2010-1987.pdf HTTP/1.1" 206 19955 "-" "Mozilla/4.0 (compatible; MSIE 5.5; Windows 98; Win 9x 4.90; YComp 5.0.0.0)"
64.171.132.185 - - [25/Feb/2004:23:22:21 -0800] "GET /big10/pdf/Big%2010-1987.pdf HTTP/1.1" 206 14723 "-" "Mozilla/4.0 (compatible; MSIE 5.5; Windows 98; Win 9x 4.90; YComp 5.0.0.0)"
64.171.132.185 - - [25/Feb/2004:23:22:31 -0800] "GET /big10/pdf/Big%2010-1988.pdf HTTP/1.1" 200 25738 "http://www.wrestlingstats.com/big10/big10.htm" "Mozilla/4.0 (compatible; MSIE 5.5; Windows 98; Win 9x 4.90; YComp 5.0.0.0; yplus 3.01)"
64.171.132.185 - - [25/Feb/2004:23:22:32 -0800] "GET /big10/pdf/Big%2010-1988.pdf HTTP/1.1" 206 20157 "-" "contype"
64.171.132.185 - - [25/Feb/2004:23:22:32 -0800] "GET /big10/pdf/Big%2010-1988.pdf HTTP/1.1" 206 20157 "-" "Mozilla/4.0 (compatible; MSIE 5.5; Windows 98; Win 9x 4.90; YComp 5.0.0.0)"
64.171.132.185 - - [25/Feb/2004:23:22:32 -0800] "GET /big10/pdf/Big%2010-1988.pdf HTTP/1.1" 206 14925 "-" "Mozilla/4.0 (compatible; MSIE 5.5; Windows 98; Win 9x 4.90; YComp 5.0.0.0)"
64.171.132.185 - - [25/Feb/2004:23:22:42 -0800] "GET /apPopupMenu$COMClassObject.class HTTP/1.1" 404 363 "-" "Mozilla/4.0 (compatible; MSIE 5.0; Win32)"
64.171.132.185 - - [25/Feb/2004:23:22:46 -0800] "GET /big8/big8.htm HTTP/1.1" 200 2258 "-" "Mozilla/4.0 (compatible; MSIE 5.5; Windows 98; Win 9x 4.90; YComp 5.0.0.0; yplus 3.01)"
64.171.132.185 - - [25/Feb/2004:23:22:48 -0800] "GET /big8/pdf/Big%208-1987.pdf HTTP/1.1" 200 25203 "http://www.wrestlingstats.com/big8/big8.htm" "Mozilla/4.0 (compatible; MSIE 5.5; Windows 98; Win 9x 4.90; YComp 5.0.0.0; yplus 3.01)"
64.171.132.185 - - [25/Feb/2004:23:22:48 -0800] "GET /big8/pdf/Big%208-1987.pdf HTTP/1.1" 206 19622 "-" "contype"
64.171.132.185 - - [25/Feb/2004:23:22:48 -0800] "GET /big8/pdf/Big%208-1987.pdf HTTP/1.1" 206 19622 "-" "Mozilla/4.0 (compatible; MSIE 5.5; Windows 98; Win 9x 4.90; YComp 5.0.0.0)"
64.171.132.185 - - [25/Feb/2004:23:22:49 -0800] "GET /big8/pdf/Big%208-1987.pdf HTTP/1.1" 206 14390 "-" "Mozilla/4.0 (compatible; MSIE 5.5; Windows 98; Win 9x 4.90; YComp 5.0.0.0)"
64.171.132.185 - - [25/Feb/2004:23:22:54 -0800] "GET /big8/pdf/Big%208-1986.pdf HTTP/1.1" 200 25562 "http://www.wrestlingstats.com/big8/big8.htm" "Mozilla/4.0 (compatible; MSIE 5.5; Windows 98; Win 9x 4.90; YComp 5.0.0.0; yplus 3.01)"
64.171.132.185 - - [25/Feb/2004:23:22:54 -0800] "GET /big8/pdf/Big%208-1986.pdf HTTP/1.1" 206 19981 "-" "contype"
64.171.132.185 - - [25/Feb/2004:23:22:55 -0800] "GET /big8/pdf/Big%208-1986.pdf HTTP/1.1" 206 19981 "-" "Mozilla/4.0 (compatible; MSIE 5.5; Windows 98; Win 9x 4.90; YComp 5.0.0.0)"
64.171.132.185 - - [25/Feb/2004:23:22:55 -0800] "GET /big8/pdf/Big%208-1986.pdf HTTP/1.1" 206 14749 "-" "Mozilla/4.0 (compatible; MSIE 5.5; Windows 98; Win 9x 4.90; YComp 5.0.0.0)"
64.171.132.185 - - [25/Feb/2004:23:23:00 -0800] "GET /big8/pdf/Big%208-1985.pdf HTTP/1.1" 200 25538 "http://www.wrestlingstats.com/big8/big8.htm" "Mozilla/4.0 (compatible; MSIE 5.5; Windows 98; Win 9x 4.90; YComp 5.0.0.0; yplus 3.01)"
64.171.132.185 - - [25/Feb/2004:23:23:01 -0800] "GET /big8/pdf/Big%208-1985.pdf HTTP/1.1" 206 19957 "-" "contype"
64.171.132.185 - - [25/Feb/2004:23:23:01 -0800] "GET /big8/pdf/Big%208-1985.pdf HTTP/1.1" 206 19957 "-" "Mozilla/4.0 (compatible; MSIE 5.5; Windows 98; Win 9x 4.90; YComp 5.0.0.0)"
64.171.132.185 - - [25/Feb/2004:23:23:01 -0800] "GET /big8/pdf/Big%208-1985.pdf HTTP/1.1" 206 14725 "-" "Mozilla/4.0 (compatible; MSIE 5.5; Windows 98; Win 9x 4.90; YComp 5.0.0.0)"
64.171.132.185 - - [25/Feb/2004:23:23:12 -0800] "GET /apPopupMenu$COMClassObject.class HTTP/1.1" 404 363 "-" "Mozilla/4.0 (compatible; MSIE 5.0; Win32)"
64.171.132.185 - - [25/Feb/2004:23:23:24 -0800] "GET /eiwa/pdf/brackets/EIWA%201989.pdf HTTP/1.1" 206 59584 "http://www.wrestlingstats.com/eiwa/brackets.htm" "Mozilla/4.0 (compatible; MSIE 5.5; Windows 98; Win 9x 4.90; YComp 5.0.0.0; yplus 3.01)"
64.171.132.185 - - [25/Feb/2004:23:23:25 -0800] "GET /eiwa/pdf/brackets/EIWA%201989.pdf HTTP/1.1" 206 59584 "-" "contype"
64.171.132.185 - - [25/Feb/2004:23:23:25 -0800] "GET /eiwa/pdf/brackets/EIWA%201989.pdf HTTP/1.1" 206 59584 "-" "Mozilla/4.0 (compatible; MSIE 5.5; Windows 98; Win 9x 4.90; YComp 5.0.0.0)"
64.171.132.185 - - [25/Feb/2004:23:23:26 -0800] "GET /eiwa/pdf/brackets/EIWA%201989.pdf HTTP/1.1" 206 54538 "-" "Mozilla/4.0 (compatible; MSIE 5.5; Windows 98; Win 9x 4.90; YComp 5.0.0.0)"
64.171.132.185 - - [25/Feb/2004:23:23:36 -0800] "GET /eiwa/pdf/brackets/EIWA%201988.pdf HTTP/1.1" 206 60482 "http://www.wrestlingstats.com/eiwa/brackets.htm" "Mozilla/4.0 (compatible; MSIE 5.5; Windows 98; Win 9x 4.90; YComp 5.0.0.0; yplus 3.01)"
64.171.132.185 - - [25/Feb/2004:23:23:36 -0800] "GET /eiwa/pdf/brackets/EIWA%201988.pdf HTTP/1.1" 206 60482 "-" "contype"
64.171.132.185 - - [25/Feb/2004:23:23:36 -0800] "GET /eiwa/pdf/brackets/EIWA%201988.pdf HTTP/1.1" 206 60482 "-" "Mozilla/4.0 (compatible; MSIE 5.5; Windows 98; Win 9x 4.90; YComp 5.0.0.0)"
64.171.132.185 - - [25/Feb/2004:23:23:37 -0800] "GET /eiwa/pdf/brackets/EIWA%201988.pdf HTTP/1.1" 206 55436 "-" "Mozilla/4.0 (compatible; MSIE 5.5; Windows 98; Win 9x 4.90; YComp 5.0.0.0)"
64.171.132.185 - - [25/Feb/2004:23:23:46 -0800] "GET /eiwa/pdf/brackets/EIWA%201986.pdf HTTP/1.1" 206 60220 "http://www.wrestlingstats.com/eiwa/brackets.htm" "Mozilla/4.0 (compatible; MSIE 5.5; Windows 98; Win 9x 4.90; YComp 5.0.0.0; yplus 3.01)"
64.171.132.185 - - [25/Feb/2004:23:23:46 -0800] "GET /eiwa/pdf/brackets/EIWA%201986.pdf HTTP/1.1" 206 60220 "-" "contype"
64.171.132.185 - - [25/Feb/2004:23:23:47 -0800] "GET /eiwa/pdf/brackets/EIWA%201986.pdf HTTP/1.1" 206 60220 "-" "Mozilla/4.0 (compatible; MSIE 5.5; Windows 98; Win 9x 4.90; YComp 5.0.0.0)"
64.171.132.185 - - [25/Feb/2004:23:23:47 -0800] "GET /eiwa/pdf/brackets/EIWA%201986.pdf HTTP/1.1" 206 55174 "-" "Mozilla/4.0 (compatible; MSIE 5.5; Windows 98; Win 9x 4.90; YComp 5.0.0.0)"
64.171.132.185 - - [25/Feb/2004:23:24:01 -0800] "GET /eiwa/pdf/brackets/EIWA%201985.pdf HTTP/1.1" 200 70276 "http://www.wrestlingstats.com/eiwa/brackets.htm" "Mozilla/4.0 (compatible; MSIE 5.5; Windows 98; Win 9x 4.90; YComp 5.0.0.0; yplus 3.01)"
64.171.132.185 - - [25/Feb/2004:23:24:01 -0800] "GET /eiwa/pdf/brackets/EIWA%201985.pdf HTTP/1.1" 206 64695 "-" "contype"
64.171.132.185 - - [25/Feb/2004:23:24:01 -0800] "GET /eiwa/pdf/brackets/EIWA%201985.pdf HTTP/1.1" 206 64695 "-" "Mozilla/4.0 (compatible; MSIE 5.5; Windows 98; Win 9x 4.90; YComp 5.0.0.0)"
64.171.132.185 - - [25/Feb/2004:23:24:02 -0800] "GET /eiwa/pdf/brackets/EIWA%201985.pdf HTTP/1.1" 206 59647 "-" "Mozilla/4.0 (compatible; MSIE 5.5; Windows 98; Win 9x 4.90; YComp 5.0.0.0)"
64.171.132.185 - - [25/Feb/2004:23:24:22 -0800] "GET /apPopupMenu$COMClassObject.class HTTP/1.1" 404 363 "-" "Mozilla/4.0 (compatible; MSIE 5.0; Win32)"
64.171.132.185 - - [25/Feb/2004:23:24:27 -0800] "GET /big10/pdf/Big%2010-1985.pdf HTTP/1.1" 200 25638 "http://www.wrestlingstats.com/big10/big10.htm" "Mozilla/4.0 (compatible; MSIE 5.5; Windows 98; Win 9x 4.90; YComp 5.0.0.0; yplus 3.01)"
64.171.132.185 - - [25/Feb/2004:23:24:28 -0800] "GET /big10/pdf/Big%2010-1985.pdf HTTP/1.1" 206 20057 "-" "contype"
64.171.132.185 - - [25/Feb/2004:23:24:28 -0800] "GET /big10/pdf/Big%2010-1985.pdf HTTP/1.1" 206 20057 "-" "Mozilla/4.0 (compatible; MSIE 5.5; Windows 98; Win 9x 4.90; YComp 5.0.0.0)"
64.171.132.185 - - [25/Feb/2004:23:24:28 -0800] "GET /big10/pdf/Big%2010-1985.pdf HTTP/1.1" 206 14825 "-" "Mozilla/4.0 (compatible; MSIE 5.5; Windows 98; Win 9x 4.90; YComp 5.0.0.0)"
64.171.132.185 - - [25/Feb/2004:23:24:37 -0800] "GET /big10/pdf/Big%2010-1986.pdf HTTP/1.1" 200 25729 "http://www.wrestlingstats.com/big10/big10.htm" "Mozilla/4.0 (compatible; MSIE 5.5; Windows 98; Win 9x 4.90; YComp 5.0.0.0; yplus 3.01)"
64.171.132.185 - - [25/Feb/2004:23:24:38 -0800] "GET /big10/pdf/Big%2010-1986.pdf HTTP/1.1" 206 20148 "-" "contype"
64.171.132.185 - - [25/Feb/2004:23:24:38 -0800] "GET /big10/pdf/Big%2010-1986.pdf HTTP/1.1" 206 20148 "-" "Mozilla/4.0 (compatible; MSIE 5.5; Windows 98; Win 9x 4.90; YComp 5.0.0.0)"
64.171.132.185 - - [25/Feb/2004:23:24:38 -0800] "GET /big10/pdf/Big%2010-1986.pdf HTTP/1.1" 206 14916 "-" "Mozilla/4.0 (compatible; MSIE 5.5; Windows 98; Win 9x 4.90; YComp 5.0.0.0)"
64.171.132.185 - - [25/Feb/2004:23:24:46 -0800] "GET /apPopupMenu$COMClassObject.class HTTP/1.1" 404 363 "-" "Mozilla/4.0 (compatible; MSIE 5.0; Win32)"
64.171.132.185 - - [25/Feb/2004:23:24:49 -0800] "GET /big8/pdf/Big%208-1985.pdf HTTP/1.1" 206 14428 "http://www.wrestlingstats.com/big8/big8.htm" "Mozilla/4.0 (compatible; MSIE 5.5; Windows 98; Win 9x 4.90; YComp 5.0.0.0; yplus 3.01)"
64.171.132.185 - - [25/Feb/2004:23:24:50 -0800] "GET /big8/pdf/Big%208-1985.pdf HTTP/1.1" 206 14428 "-" "contype"
64.171.132.185 - - [25/Feb/2004:23:24:50 -0800] "GET /big8/pdf/Big%208-1985.pdf HTTP/1.1" 206 14428 "-" "Mozilla/4.0 (compatible; MSIE 5.5; Windows 98; Win 9x 4.90; YComp 5.0.0.0)"
64.171.132.185 - - [25/Feb/2004:23:24:50 -0800] "GET /big8/pdf/Big%208-1985.pdf HTTP/1.1" 206 9197 "-" "Mozilla/4.0 (compatible; MSIE 5.5; Windows 98; Win 9x 4.90; YComp 5.0.0.0)"
198.81.26.15 - - [25/Feb/2004:23:24:59 -0800] "GET /eiwa/brackets.htm HTTP/1.0" 200 2452 "-" "Mozilla/4.0 (compatible; MSIE 6.0; AOL 8.0; Windows NT 5.1)"
198.81.26.13 - - [25/Feb/2004:23:25:00 -0800] "GET /eiwa/pdf/brackets/EIWA%202002.pdf HTTP/1.0" 200 70105 "http://www.wrestlingstats.com/eiwa/brackets.htm" "Mozilla/4.0 (compatible; MSIE 6.0; AOL 8.0; Windows NT 5.1)"
198.81.26.13 - - [25/Feb/2004:23:25:01 -0800] "GET /eiwa/pdf/brackets/EIWA%202002.pdf HTTP/1.0" 200 70105 "-" "Mozilla/4.0 (compatible; MSIE 6.0; AOL 8.0; Windows NT 5.1)"
64.171.132.185 - - [25/Feb/2004:23:25:05 -0800] "GET /big8/pdf/Big%208-1986.pdf HTTP/1.1" 206 14452 "http://www.wrestlingstats.com/big8/big8.htm" "Mozilla/4.0 (compatible; MSIE 5.5; Windows 98; Win 9x 4.90; YComp 5.0.0.0; yplus 3.01)"
64.171.132.185 - - [25/Feb/2004:23:25:05 -0800] "GET /big8/pdf/Big%208-1986.pdf HTTP/1.1" 206 14452 "-" "contype"
64.171.132.185 - - [25/Feb/2004:23:25:05 -0800] "GET /big8/pdf/Big%208-1986.pdf HTTP/1.1" 206 14452 "-" "Mozilla/4.0 (compatible; MSIE 5.5; Windows 98; Win 9x 4.90; YComp 5.0.0.0)"
64.171.132.185 - - [25/Feb/2004:23:25:06 -0800] "GET /big8/pdf/Big%208-1986.pdf HTTP/1.1" 206 9221 "-" "Mozilla/4.0 (compatible; MSIE 5.5; Windows 98; Win 9x 4.90; YComp 5.0.0.0)"
64.171.132.185 - - [25/Feb/2004:23:25:11 -0800] "GET /big8/pdf/Big%208-1987.pdf HTTP/1.1" 206 14093 "http://www.wrestlingstats.com/big8/big8.htm" "Mozilla/4.0 (compatible; MSIE 5.5; Windows 98; Win 9x 4.90; YComp 5.0.0.0; yplus 3.01)"
64.171.132.185 - - [25/Feb/2004:23:25:11 -0800] "GET /big8/pdf/Big%208-1987.pdf HTTP/1.1" 206 14093 "-" "contype"
64.171.132.185 - - [25/Feb/2004:23:25:12 -0800] "GET /big8/pdf/Big%208-1987.pdf HTTP/1.1" 206 14093 "-" "Mozilla/4.0 (compatible; MSIE 5.5; Windows 98; Win 9x 4.90; YComp 5.0.0.0)"
64.171.132.185 - - [25/Feb/2004:23:25:12 -0800] "GET /big8/pdf/Big%208-1987.pdf HTTP/1.1" 206 8862 "-" "Mozilla/4.0 (compatible; MSIE 5.5; Windows 98; Win 9x 4.90; YComp 5.0.0.0)"
64.171.132.185 - - [25/Feb/2004:23:25:17 -0800] "GET /apPopupMenu$COMClassObject.class HTTP/1.1" 404 363 "-" "Mozilla/4.0 (compatible; MSIE 5.0; Win32)"
64.171.132.185 - - [25/Feb/2004:23:25:26 -0800] "GET /eiwa/pdf/brackets/EIWA%201984.pdf HTTP/1.1" 200 69151 "http://www.wrestlingstats.com/eiwa/brackets.htm" "Mozilla/4.0 (compatible; MSIE 5.5; Windows 98; Win 9x 4.90; YComp 5.0.0.0; yplus 3.01)"
64.171.132.185 - - [25/Feb/2004:23:25:26 -0800] "GET /eiwa/pdf/brackets/EIWA%201984.pdf HTTP/1.1" 206 63570 "-" "contype"
64.171.132.185 - - [25/Feb/2004:23:25:26 -0800] "GET /eiwa/pdf/brackets/EIWA%201984.pdf HTTP/1.1" 206 63570 "-" "Mozilla/4.0 (compatible; MSIE 5.5; Windows 98; Win 9x 4.90; YComp 5.0.0.0)"
64.171.132.185 - - [25/Feb/2004:23:25:27 -0800] "GET /eiwa/pdf/brackets/EIWA%201984.pdf HTTP/1.1" 206 58430 "-" "Mozilla/4.0 (compatible; MSIE 5.5; Windows 98; Win 9x 4.90; YComp 5.0.0.0)"
198.81.26.15 - - [25/Feb/2004:23:25:31 -0800] "GET /eiwa/brackets.htm HTTP/1.0" 200 2453 "-" "Mozilla/4.0 (compatible; MSIE 6.0; AOL 8.0; Windows NT 5.1)"
198.81.26.13 - - [25/Feb/2004:23:25:34 -0800] "GET /eiwa/pdf/brackets/EIWA%202003.pdf HTTP/1.0" 200 70502 "http://www.wrestlingstats.com/eiwa/brackets.htm" "Mozilla/4.0 (compatible; MSIE 6.0; AOL 8.0; Windows NT 5.1)"
198.81.26.13 - - [25/Feb/2004:23:25:34 -0800] "GET /eiwa/pdf/brackets/EIWA%202003.pdf HTTP/1.0" 200 70502 "-" "Mozilla/4.0 (compatible; MSIE 6.0; AOL 8.0; Windows NT 5.1)"
64.171.132.185 - - [25/Feb/2004:23:25:38 -0800] "GET /eiwa/pdf/brackets/EIWA%201985.pdf HTTP/1.1" 206 59166 "http://www.wrestlingstats.com/eiwa/brackets.htm" "Mozilla/4.0 (compatible; MSIE 5.5; Windows 98; Win 9x 4.90; YComp 5.0.0.0; yplus 3.01)"
64.171.132.185 - - [25/Feb/2004:23:25:39 -0800] "GET /eiwa/pdf/brackets/EIWA%201985.pdf HTTP/1.1" 206 59166 "-" "contype"
64.171.132.185 - - [25/Feb/2004:23:25:39 -0800] "GET /eiwa/pdf/brackets/EIWA%201985.pdf HTTP/1.1" 206 59166 "-" "Mozilla/4.0 (compatible; MSIE 5.5; Windows 98; Win 9x 4.90; YComp 5.0.0.0)"
64.171.132.185 - - [25/Feb/2004:23:25:39 -0800] "GET /eiwa/pdf/brackets/EIWA%201985.pdf HTTP/1.1" 206 54119 "-" "Mozilla/4.0 (compatible; MSIE 5.5; Windows 98; Win 9x 4.90; YComp 5.0.0.0)"
198.81.26.43 - - [25/Feb/2004:23:26:04 -0800] "GET /eiwa/pdf/brackets/EIWA%201985.pdf HTTP/1.0" 200 70276 "http://www.wrestlingstats.com/eiwa/brackets.htm" "Mozilla/4.0 (compatible; MSIE 6.0; AOL 8.0; Windows NT 5.1)"
198.81.26.43 - - [25/Feb/2004:23:26:04 -0800] "GET /eiwa/pdf/brackets/EIWA%201985.pdf HTTP/1.0" 200 70276 "-" "Mozilla/4.0 (compatible; MSIE 6.0; AOL 8.0; Windows NT 5.1)"
64.171.132.185 - - [25/Feb/2004:23:27:20 -0800] "GET /apPopupMenu$COMClassObject.class HTTP/1.1" 404 363 "-" "Mozilla/4.0 (compatible; MSIE 5.0; Win32)"
64.171.132.185 - - [25/Feb/2004:23:27:29 -0800] "GET /eiwa/pdf/brackets/EIWA%201985.pdf HTTP/1.1" 206 53638 "http://www.wrestlingstats.com/eiwa/brackets.htm" "Mozilla/4.0 (compatible; MSIE 5.5; Windows 98; Win 9x 4.90; YComp 5.0.0.0; yplus 3.01)"
64.171.132.185 - - [25/Feb/2004:23:27:29 -0800] "GET /eiwa/pdf/brackets/EIWA%201985.pdf HTTP/1.1" 206 53638 "-" "contype"
64.171.132.185 - - [25/Feb/2004:23:27:30 -0800] "GET /eiwa/pdf/brackets/EIWA%201985.pdf HTTP/1.1" 206 53638 "-" "Mozilla/4.0 (compatible; MSIE 5.5; Windows 98; Win 9x 4.90; YComp 5.0.0.0)"
64.171.132.185 - - [25/Feb/2004:23:27:30 -0800] "GET /eiwa/pdf/brackets/EIWA%201985.pdf HTTP/1.1" 206 48591 "-" "Mozilla/4.0 (compatible; MSIE 5.5; Windows 98; Win 9x 4.90; YComp 5.0.0.0)"
64.171.132.185 - - [25/Feb/2004:23:27:43 -0800] "GET /eiwa/pdf/brackets/EIWA%201984.pdf HTTP/1.1" 206 58041 "http://www.wrestlingstats.com/eiwa/brackets.htm" "Mozilla/4.0 (compatible; MSIE 5.5; Windows 98; Win 9x 4.90; YComp 5.0.0.0; yplus 3.01)"
64.171.132.185 - - [25/Feb/2004:23:27:43 -0800] "GET /eiwa/pdf/brackets/EIWA%201984.pdf HTTP/1.1" 206 58041 "-" "contype"
64.171.132.185 - - [25/Feb/2004:23:27:44 -0800] "GET /eiwa/pdf/brackets/EIWA%201984.pdf HTTP/1.1" 206 58041 "-" "Mozilla/4.0 (compatible; MSIE 5.5; Windows 98; Win 9x 4.90; YComp 5.0.0.0)"
64.171.132.185 - - [25/Feb/2004:23:27:44 -0800] "GET /eiwa/pdf/brackets/EIWA%201984.pdf HTTP/1.1" 206 52902 "-" "Mozilla/4.0 (compatible; MSIE 5.5; Windows 98; Win 9x 4.90; YComp 5.0.0.0)"
64.171.132.185 - - [25/Feb/2004:23:28:12 -0800] "GET /eiwa/pdf/brackets/EIWA%201984.pdf HTTP/1.1" 206 52513 "http://www.wrestlingstats.com/eiwa/brackets.htm" "Mozilla/4.0 (compatible; MSIE 5.5; Windows 98; Win 9x 4.90; YComp 5.0.0.0; yplus 3.01)"
64.171.132.185 - - [25/Feb/2004:23:28:12 -0800] "GET /eiwa/pdf/brackets/EIWA%201984.pdf HTTP/1.1" 206 52513 "-" "contype"
64.171.132.185 - - [25/Feb/2004:23:28:12 -0800] "GET /eiwa/pdf/brackets/EIWA%201984.pdf HTTP/1.1" 206 52513 "-" "Mozilla/4.0 (compatible; MSIE 5.5; Windows 98; Win 9x 4.90; YComp 5.0.0.0)"
64.171.132.185 - - [25/Feb/2004:23:28:12 -0800] "GET /eiwa/pdf/brackets/EIWA%201984.pdf HTTP/1.1" 206 47374 "-" "Mozilla/4.0 (compatible; MSIE 5.5; Windows 98; Win 9x 4.90; YComp 5.0.0.0)"
64.171.132.185 - - [25/Feb/2004:23:28:30 -0800] "GET /eiwa/pdf/brackets/EIWA%201985.pdf HTTP/1.1" 206 48110 "http://www.wrestlingstats.com/eiwa/brackets.htm" "Mozilla/4.0 (compatible; MSIE 5.5; Windows 98; Win 9x 4.90; YComp 5.0.0.0; yplus 3.01)"
64.171.132.185 - - [25/Feb/2004:23:28:30 -0800] "GET /eiwa/pdf/brackets/EIWA%201985.pdf HTTP/1.1" 206 48110 "-" "contype"
64.171.132.185 - - [25/Feb/2004:23:28:31 -0800] "GET /eiwa/pdf/brackets/EIWA%201985.pdf HTTP/1.1" 206 48110 "-" "Mozilla/4.0 (compatible; MSIE 5.5; Windows 98; Win 9x 4.90; YComp 5.0.0.0)"
64.171.132.185 - - [25/Feb/2004:23:28:31 -0800] "GET /eiwa/pdf/brackets/EIWA%201985.pdf HTTP/1.1" 206 43063 "-" "Mozilla/4.0 (compatible; MSIE 5.5; Windows 98; Win 9x 4.90; YComp 5.0.0.0)"
198.81.26.13 - - [25/Feb/2004:23:28:34 -0800] "GET /eiwa/pdf/brackets/EIWA%201984.pdf HTTP/1.0" 200 69151 "http://www.wrestlingstats.com/eiwa/brackets.htm" "Mozilla/4.0 (compatible; MSIE 6.0; AOL 8.0; Windows NT 5.1)"
198.81.26.13 - - [25/Feb/2004:23:28:34 -0800] "GET /eiwa/pdf/brackets/EIWA%201984.pdf HTTP/1.0" 200 69151 "-" "Mozilla/4.0 (compatible; MSIE 6.0; AOL 8.0; Windows NT 5.1)"
64.171.132.185 - - [25/Feb/2004:23:28:54 -0800] "GET /eiwa/pdf/brackets/EIWA%201985.pdf HTTP/1.1" 206 42582 "http://www.wrestlingstats.com/eiwa/brackets.htm" "Mozilla/4.0 (compatible; MSIE 5.5; Windows 98; Win 9x 4.90; YComp 5.0.0.0; yplus 3.01)"
64.171.132.185 - - [25/Feb/2004:23:28:55 -0800] "GET /eiwa/pdf/brackets/EIWA%201985.pdf HTTP/1.1" 206 42582 "-" "contype"
64.171.132.185 - - [25/Feb/2004:23:28:55 -0800] "GET /eiwa/pdf/brackets/EIWA%201985.pdf HTTP/1.1" 206 42582 "-" "Mozilla/4.0 (compatible; MSIE 5.5; Windows 98; Win 9x 4.90; YComp 5.0.0.0)"
64.171.132.185 - - [25/Feb/2004:23:28:55 -0800] "GET /eiwa/pdf/brackets/EIWA%201985.pdf HTTP/1.1" 206 37443 "-" "Mozilla/4.0 (compatible; MSIE 5.5; Windows 98; Win 9x 4.90; YComp 5.0.0.0)"
64.171.132.185 - - [25/Feb/2004:23:29:05 -0800] "GET /eiwa/pdf/brackets/EIWA%201983.pdf HTTP/1.1" 200 131512 "http://www.wrestlingstats.com/eiwa/brackets.htm" "Mozilla/4.0 (compatible; MSIE 5.5; Windows 98; Win 9x 4.90; YComp 5.0.0.0; yplus 3.01)"
64.171.132.185 - - [25/Feb/2004:23:29:06 -0800] "GET /eiwa/pdf/brackets/EIWA%201983.pdf HTTP/1.1" 206 125932 "-" "contype"
64.171.132.185 - - [25/Feb/2004:23:29:06 -0800] "GET /eiwa/pdf/brackets/EIWA%201983.pdf HTTP/1.1" 206 125932 "-" "Mozilla/4.0 (compatible; MSIE 5.5; Windows 98; Win 9x 4.90; YComp 5.0.0.0)"
64.171.132.185 - - [25/Feb/2004:23:29:06 -0800] "GET /eiwa/pdf/brackets/EIWA%201983.pdf HTTP/1.1" 206 96602 "-" "Mozilla/4.0 (compatible; MSIE 5.5; Windows 98; Win 9x 4.90; YComp 5.0.0.0)"
64.171.132.185 - - [25/Feb/2004:23:29:06 -0800] "GET /eiwa/pdf/brackets/EIWA%201983.pdf HTTP/1.1" 206 978 "-" "Mozilla/4.0 (compatible; MSIE 5.5; Windows 98; Win 9x 4.90; YComp 5.0.0.0)"
64.171.132.185 - - [25/Feb/2004:23:29:07 -0800] "GET /eiwa/pdf/brackets/EIWA%201983.pdf HTTP/1.1" 206 1024 "-" "Mozilla/4.0 (compatible; MSIE 5.5; Windows 98; Win 9x 4.90; YComp 5.0.0.0)"
64.171.132.185 - - [25/Feb/2004:23:29:07 -0800] "GET /eiwa/pdf/brackets/EIWA%201983.pdf HTTP/1.1" 206 383 "-" "Mozilla/4.0 (compatible; MSIE 5.5; Windows 98; Win 9x 4.90; YComp 5.0.0.0)"
64.171.132.185 - - [25/Feb/2004:23:29:19 -0800] "GET /apPopupMenu$COMClassObject.class HTTP/1.1" 404 363 "-" "Mozilla/4.0 (compatible; MSIE 5.0; Win32)"
64.171.132.185 - - [25/Feb/2004:23:29:25 -0800] "GET /big10/pdf/Big%2010-1985.pdf HTTP/1.1" 206 14528 "http://www.wrestlingstats.com/big10/big10.htm" "Mozilla/4.0 (compatible; MSIE 5.5; Windows 98; Win 9x 4.90; YComp 5.0.0.0; yplus 3.01)"
64.171.132.185 - - [25/Feb/2004:23:29:26 -0800] "GET /big10/pdf/Big%2010-1985.pdf HTTP/1.1" 206 14528 "-" "contype"
64.171.132.185 - - [25/Feb/2004:23:29:26 -0800] "GET /big10/pdf/Big%2010-1985.pdf HTTP/1.1" 206 14528 "-" "Mozilla/4.0 (compatible; MSIE 5.5; Windows 98; Win 9x 4.90; YComp 5.0.0.0)"
64.171.132.185 - - [25/Feb/2004:23:29:26 -0800] "GET /big10/pdf/Big%2010-1985.pdf HTTP/1.1" 206 9297 "-" "Mozilla/4.0 (compatible; MSIE 5.5; Windows 98; Win 9x 4.90; YComp 5.0.0.0)"
64.171.132.185 - - [25/Feb/2004:23:29:43 -0800] "GET /apPopupMenu$COMClassObject.class HTTP/1.1" 404 363 "-" "Mozilla/4.0 (compatible; MSIE 5.0; Win32)"
64.171.132.185 - - [25/Feb/2004:23:29:55 -0800] "GET /eiwa/pdf/brackets/EIWA%201984.pdf HTTP/1.1" 206 46985 "http://www.wrestlingstats.com/eiwa/brackets.htm" "Mozilla/4.0 (compatible; MSIE 5.5; Windows 98; Win 9x 4.90; YComp 5.0.0.0; yplus 3.01)"
64.171.132.185 - - [25/Feb/2004:23:29:55 -0800] "GET /eiwa/pdf/brackets/EIWA%201984.pdf HTTP/1.1" 206 46985 "-" "contype"
64.171.132.185 - - [25/Feb/2004:23:29:56 -0800] "GET /eiwa/pdf/brackets/EIWA%201984.pdf HTTP/1.1" 206 46985 "-" "Mozilla/4.0 (compatible; MSIE 5.5; Windows 98; Win 9x 4.90; YComp 5.0.0.0)"
64.171.132.185 - - [25/Feb/2004:23:29:56 -0800] "GET /eiwa/pdf/brackets/EIWA%201984.pdf HTTP/1.1" 206 41846 "-" "Mozilla/4.0 (compatible; MSIE 5.5; Windows 98; Win 9x 4.90; YComp 5.0.0.0)"
64.171.132.185 - - [25/Feb/2004:23:30:09 -0800] "GET /apPopupMenu$COMClassObject.class HTTP/1.1" 404 363 "-" "Mozilla/4.0 (compatible; MSIE 5.0; Win32)"
198.81.26.16 - - [25/Feb/2004:23:30:10 -0800] "GET /big10/big10.htm HTTP/1.0" 200 2338 "-" "Mozilla/4.0 (compatible; MSIE 6.0; AOL 8.0; Windows NT 5.1)"
64.171.132.185 - - [25/Feb/2004:23:30:12 -0800] "GET /big10/pdf/Big%2010-1985.pdf HTTP/1.1" 206 9000 "http://www.wrestlingstats.com/big10/big10.htm" "Mozilla/4.0 (compatible; MSIE 5.5; Windows 98; Win 9x 4.90; YComp 5.0.0.0; yplus 3.01)"
64.171.132.185 - - [25/Feb/2004:23:30:13 -0800] "GET /big10/pdf/Big%2010-1985.pdf HTTP/1.1" 206 9000 "-" "contype"
64.171.132.185 - - [25/Feb/2004:23:30:13 -0800] "GET /big10/pdf/Big%2010-1985.pdf HTTP/1.1" 206 9000 "-" "Mozilla/4.0 (compatible; MSIE 5.5; Windows 98; Win 9x 4.90; YComp 5.0.0.0)"
64.171.132.185 - - [25/Feb/2004:23:30:13 -0800] "GET /big10/pdf/Big%2010-1985.pdf HTTP/1.1" 206 3676 "-" "Mozilla/4.0 (compatible; MSIE 5.5; Windows 98; Win 9x 4.90; YComp 5.0.0.0)"
198.81.26.74 - - [25/Feb/2004:23:30:15 -0800] "GET /big10/pdf/Big%2010-1985.pdf HTTP/1.0" 200 25638 "http://www.wrestlingstats.com/big10/big10.htm" "Mozilla/4.0 (compatible; MSIE 6.0; AOL 8.0; Windows NT 5.1)"
198.81.26.74 - - [25/Feb/2004:23:30:15 -0800] "GET /big10/pdf/Big%2010-1985.pdf HTTP/1.0" 200 25638 "-" "Mozilla/4.0 (compatible; MSIE 6.0; AOL 8.0; Windows NT 5.1)"
64.171.132.185 - - [25/Feb/2004:23:30:36 -0800] "GET /apPopupMenu$COMClassObject.class HTTP/1.1" 404 363 "-" "Mozilla/4.0 (compatible; MSIE 5.0; Win32)"
64.171.132.185 - - [25/Feb/2004:23:30:40 -0800] "GET /big8/pdf/Big%208-1985.pdf HTTP/1.1" 206 8900 "http://www.wrestlingstats.com/big8/big8.htm" "Mozilla/4.0 (compatible; MSIE 5.5; Windows 98; Win 9x 4.90; YComp 5.0.0.0; yplus 3.01)"
64.171.132.185 - - [25/Feb/2004:23:30:40 -0800] "GET /big8/pdf/Big%208-1985.pdf HTTP/1.1" 206 8900 "-" "contype"
64.171.132.185 - - [25/Feb/2004:23:30:40 -0800] "GET /big8/pdf/Big%208-1985.pdf HTTP/1.1" 206 8900 "-" "Mozilla/4.0 (compatible; MSIE 5.5; Windows 98; Win 9x 4.90; YComp 5.0.0.0)"
64.171.132.185 - - [25/Feb/2004:23:30:40 -0800] "GET /big8/pdf/Big%208-1985.pdf HTTP/1.1" 206 3576 "-" "Mozilla/4.0 (compatible; MSIE 5.5; Windows 98; Win 9x 4.90; YComp 5.0.0.0)"
198.81.26.13 - - [25/Feb/2004:23:30:52 -0800] "GET /big10/pdf/Big%2010-1987.pdf HTTP/1.0" 200 25536 "http://www.wrestlingstats.com/big10/big10.htm" "Mozilla/4.0 (compatible; MSIE 6.0; AOL 8.0; Windows NT 5.1)"
198.81.26.13 - - [25/Feb/2004:23:30:52 -0800] "GET /big10/pdf/Big%2010-1987.pdf HTTP/1.0" 200 25536 "-" "Mozilla/4.0 (compatible; MSIE 6.0; AOL 8.0; Windows NT 5.1)"
64.171.132.185 - - [25/Feb/2004:23:31:01 -0800] "GET /apPopupMenu$COMClassObject.class HTTP/1.1" 404 363 "-" "Mozilla/4.0 (compatible; MSIE 5.0; Win32)"
64.171.132.185 - - [25/Feb/2004:23:31:04 -0800] "GET /eiwa/eiwa.htm HTTP/1.1" 200 1730 "-" "Mozilla/4.0 (compatible; MSIE 5.5; Windows 98; Win 9x 4.90; YComp 5.0.0.0; yplus 3.01)"
64.171.132.185 - - [25/Feb/2004:23:31:10 -0800] "GET /apPopupMenu$COMClassObject.class HTTP/1.1" 404 363 "-" "Mozilla/4.0 (compatible; MSIE 5.0; Win32)"
64.171.132.185 - - [25/Feb/2004:23:31:17 -0800] "GET /eiwa/pdf/brackets/EIWA%201985.pdf HTTP/1.1" 206 37054 "http://www.wrestlingstats.com/eiwa/brackets.htm" "Mozilla/4.0 (compatible; MSIE 5.5; Windows 98; Win 9x 4.90; YComp 5.0.0.0; yplus 3.01)"
64.171.132.185 - - [25/Feb/2004:23:31:17 -0800] "GET /eiwa/pdf/brackets/EIWA%201985.pdf HTTP/1.1" 206 37054 "-" "contype"
64.171.132.185 - - [25/Feb/2004:23:31:18 -0800] "GET /eiwa/pdf/brackets/EIWA%201985.pdf HTTP/1.1" 206 37054 "-" "Mozilla/4.0 (compatible; MSIE 5.5; Windows 98; Win 9x 4.90; YComp 5.0.0.0)"
64.171.132.185 - - [25/Feb/2004:23:31:18 -0800] "GET /eiwa/pdf/brackets/EIWA%201985.pdf HTTP/1.1" 206 31915 "-" "Mozilla/4.0 (compatible; MSIE 5.5; Windows 98; Win 9x 4.90; YComp 5.0.0.0)"
198.81.26.10 - - [25/Feb/2004:23:31:20 -0800] "GET /big10/pdf/Big%2010-1977.pdf HTTP/1.0" 200 25406 "http://www.wrestlingstats.com/big10/big10.htm" "Mozilla/4.0 (compatible; MSIE 6.0; AOL 8.0; Windows NT 5.1)"
198.81.26.10 - - [25/Feb/2004:23:31:20 -0800] "GET /big10/pdf/Big%2010-1977.pdf HTTP/1.0" 200 25406 "-" "Mozilla/4.0 (compatible; MSIE 6.0; AOL 8.0; Windows NT 5.1)"
198.81.26.74 - - [25/Feb/2004:23:31:41 -0800] "GET /big10/pdf/Big%2010-1979.pdf HTTP/1.0" 200 25653 "http://www.wrestlingstats.com/big10/big10.htm" "Mozilla/4.0 (compatible; MSIE 6.0; AOL 8.0; Windows NT 5.1)"
198.81.26.74 - - [25/Feb/2004:23:31:41 -0800] "GET /big10/pdf/Big%2010-1979.pdf HTTP/1.0" 200 25653 "-" "Mozilla/4.0 (compatible; MSIE 6.0; AOL 8.0; Windows NT 5.1)"
64.171.132.185 - - [25/Feb/2004:23:31:44 -0800] "GET /apPopupMenu$COMClassObject.class HTTP/1.1" 404 363 "-" "Mozilla/4.0 (compatible; MSIE 5.0; Win32)"
64.171.132.185 - - [25/Feb/2004:23:31:56 -0800] "GET /apPopupMenu$COMClassObject.class HTTP/1.1" 404 363 "-" "Mozilla/4.0 (compatible; MSIE 5.0; Win32)"
64.171.132.185 - - [25/Feb/2004:23:32:00 -0800] "GET /big10/pdf/Big%2010-1979.pdf HTTP/1.1" 200 25653 "http://www.wrestlingstats.com/big10/big10.htm" "Mozilla/4.0 (compatible; MSIE 5.5; Windows 98; Win 9x 4.90; YComp 5.0.0.0; yplus 3.01)"
64.171.132.185 - - [25/Feb/2004:23:32:00 -0800] "GET /big10/pdf/Big%2010-1979.pdf HTTP/1.1" 206 20072 "-" "contype"
64.171.132.185 - - [25/Feb/2004:23:32:01 -0800] "GET /big10/pdf/Big%2010-1979.pdf HTTP/1.1" 206 20072 "-" "Mozilla/4.0 (compatible; MSIE 5.5; Windows 98; Win 9x 4.90; YComp 5.0.0.0)"
64.171.132.185 - - [25/Feb/2004:23:32:01 -0800] "GET /big10/pdf/Big%2010-1979.pdf HTTP/1.1" 206 14840 "-" "Mozilla/4.0 (compatible; MSIE 5.5; Windows 98; Win 9x 4.90; YComp 5.0.0.0)"
64.171.132.185 - - [25/Feb/2004:23:32:21 -0800] "GET /apPopupMenu$COMClassObject.class HTTP/1.1" 404 363 "-" "Mozilla/4.0 (compatible; MSIE 5.0; Win32)"
198.81.26.47 - - [25/Feb/2004:23:32:23 -0800] "GET /ncaa/brackets.htm HTTP/1.0" 200 2835 "-" "Mozilla/4.0 (compatible; MSIE 6.0; AOL 8.0; Windows NT 5.1)"
64.171.132.185 - - [25/Feb/2004:23:32:25 -0800] "GET /ncaa/pdf/brackets/NCAA%201979.pdf HTTP/1.1" 200 221713 "http://www.wrestlingstats.com/ncaa/brackets.htm" "Mozilla/4.0 (compatible; MSIE 5.5; Windows 98; Win 9x 4.90; YComp 5.0.0.0; yplus 3.01)"
64.171.132.185 - - [25/Feb/2004:23:32:25 -0800] "GET /ncaa/pdf/brackets/NCAA%201979.pdf HTTP/1.1" 206 216134 "-" "contype"
64.171.132.185 - - [25/Feb/2004:23:32:26 -0800] "GET /ncaa/pdf/brackets/NCAA%201979.pdf HTTP/1.1" 206 216134 "-" "Mozilla/4.0 (compatible; MSIE 5.5; Windows 98; Win 9x 4.90; YComp 5.0.0.0)"
64.171.132.185 - - [25/Feb/2004:23:32:26 -0800] "GET /ncaa/pdf/brackets/NCAA%201979.pdf HTTP/1.1" 206 211573 "-" "Mozilla/4.0 (compatible; MSIE 5.5; Windows 98; Win 9x 4.90; YComp 5.0.0.0)"
198.81.26.12 - - [25/Feb/2004:23:32:26 -0800] "GET /ncaa/pdf/brackets/NCAA%201979.pdf HTTP/1.0" 200 221713 "http://www.wrestlingstats.com/ncaa/brackets.htm" "Mozilla/4.0 (compatible; MSIE 6.0; AOL 8.0; Windows NT 5.1)"
198.81.26.12 - - [25/Feb/2004:23:32:27 -0800] "GET /ncaa/pdf/brackets/NCAA%201979.pdf HTTP/1.0" 200 221713 "-" "Mozilla/4.0 (compatible; MSIE 6.0; AOL 8.0; Windows NT 5.1)"
198.81.26.12 - - [25/Feb/2004:23:32:27 -0800] "GET /ncaa/pdf/brackets/NCAA%201979.pdf HTTP/1.0" 206 101461 "-" "Mozilla/4.0 (compatible; MSIE 6.0; AOL 8.0; Windows NT 5.1)"
198.81.26.12 - - [25/Feb/2004:23:32:28 -0800] "GET /ncaa/pdf/brackets/NCAA%201979.pdf HTTP/1.1" 206 113022 "-" "Mozilla/4.0 (compatible; MSIE 6.0; AOL 8.0; Windows NT 5.1)"
64.171.132.185 - - [25/Feb/2004:23:34:11 -0800] "GET /big10/pdf/Big%2010-1985.pdf HTTP/1.1" 206 3471 "http://www.wrestlingstats.com/big10/big10.htm" "Mozilla/4.0 (compatible; MSIE 5.5; Windows 98; Win 9x 4.90; YComp 5.0.0.0; yplus 3.01)"
64.171.132.185 - - [25/Feb/2004:23:34:11 -0800] "GET /big10/pdf/Big%2010-1985.pdf HTTP/1.1" 206 3471 "-" "contype"
64.171.132.185 - - [25/Feb/2004:23:34:11 -0800] "GET /big10/pdf/Big%2010-1985.pdf HTTP/1.1" 206 3471 "-" "Mozilla/4.0 (compatible; MSIE 5.5; Windows 98; Win 9x 4.90; YComp 5.0.0.0)"
64.171.132.185 - - [25/Feb/2004:23:34:14 -0800] "GET /big10/pdf/Big%2010-1986.pdf HTTP/1.1" 206 14619 "http://www.wrestlingstats.com/big10/big10.htm" "Mozilla/4.0 (compatible; MSIE 5.5; Windows 98; Win 9x 4.90; YComp 5.0.0.0; yplus 3.01)"
64.171.132.185 - - [25/Feb/2004:23:34:15 -0800] "GET /big10/pdf/Big%2010-1986.pdf HTTP/1.1" 206 14619 "-" "contype"
64.171.132.185 - - [25/Feb/2004:23:34:15 -0800] "GET /big10/pdf/Big%2010-1986.pdf HTTP/1.1" 206 14619 "-" "Mozilla/4.0 (compatible; MSIE 5.5; Windows 98; Win 9x 4.90; YComp 5.0.0.0)"
64.171.132.185 - - [25/Feb/2004:23:34:15 -0800] "GET /big10/pdf/Big%2010-1986.pdf HTTP/1.1" 206 9388 "-" "Mozilla/4.0 (compatible; MSIE 5.5; Windows 98; Win 9x 4.90; YComp 5.0.0.0)"
64.171.132.185 - - [25/Feb/2004:23:34:23 -0800] "GET /apPopupMenu$COMClassObject.class HTTP/1.1" 404 363 "-" "Mozilla/4.0 (compatible; MSIE 5.0; Win32)"
64.171.132.185 - - [25/Feb/2004:23:34:28 -0800] "GET /ncaa/pdf/brackets/NCAA%201988.pdf HTTP/1.1" 200 229279 "http://www.wrestlingstats.com/ncaa/brackets.htm" "Mozilla/4.0 (compatible; MSIE 5.5; Windows 98; Win 9x 4.90; YComp 5.0.0.0; yplus 3.01)"
64.171.132.185 - - [25/Feb/2004:23:34:28 -0800] "GET /ncaa/pdf/brackets/NCAA%201988.pdf HTTP/1.1" 206 223700 "-" "contype"
64.171.132.185 - - [25/Feb/2004:23:34:28 -0800] "GET /ncaa/pdf/brackets/NCAA%201988.pdf HTTP/1.1" 206 223700 "-" "Mozilla/4.0 (compatible; MSIE 5.5; Windows 98; Win 9x 4.90; YComp 5.0.0.0)"
64.171.132.185 - - [25/Feb/2004:23:34:29 -0800] "GET /ncaa/pdf/brackets/NCAA%201988.pdf HTTP/1.1" 206 219139 "-" "Mozilla/4.0 (compatible; MSIE 5.5; Windows 98; Win 9x 4.90; YComp 5.0.0.0)"
64.171.132.185 - - [25/Feb/2004:23:35:20 -0800] "GET /ncaa/pdf/brackets/NCAA%201989.pdf HTTP/1.1" 200 196608 "http://www.wrestlingstats.com/ncaa/brackets.htm" "Mozilla/4.0 (compatible; MSIE 5.5; Windows 98; Win 9x 4.90; YComp 5.0.0.0; yplus 3.01)"
64.171.132.185 - - [25/Feb/2004:23:35:20 -0800] "GET /ncaa/pdf/brackets/NCAA%201989.pdf HTTP/1.1" 206 196608 "-" "contype"
64.171.132.185 - - [25/Feb/2004:23:35:21 -0800] "GET /ncaa/pdf/brackets/NCAA%201989.pdf HTTP/1.1" 206 196608 "-" "Mozilla/4.0 (compatible; MSIE 5.5; Windows 98; Win 9x 4.90; YComp 5.0.0.0)"
64.171.132.185 - - [25/Feb/2004:23:35:21 -0800] "GET /ncaa/pdf/brackets/NCAA%201989.pdf HTTP/1.1" 206 242997 "-" "Mozilla/4.0 (compatible; MSIE 5.5; Windows 98; Win 9x 4.90; YComp 5.0.0.0)"
64.171.132.185 - - [25/Feb/2004:23:35:59 -0800] "GET /ncaa/pdf/brackets/NCAA%201986.pdf HTTP/1.1" 206 216646 "http://www.wrestlingstats.com/ncaa/brackets.htm" "Mozilla/4.0 (compatible; MSIE 5.5; Windows 98; Win 9x 4.90; YComp 5.0.0.0; yplus 3.01)"
64.171.132.185 - - [25/Feb/2004:23:35:59 -0800] "GET /ncaa/pdf/brackets/NCAA%201986.pdf HTTP/1.1" 206 216646 "-" "contype"
64.171.132.185 - - [25/Feb/2004:23:35:59 -0800] "GET /ncaa/pdf/brackets/NCAA%201986.pdf HTTP/1.1" 206 216646 "-" "Mozilla/4.0 (compatible; MSIE 5.5; Windows 98; Win 9x 4.90; YComp 5.0.0.0)"
64.171.132.185 - - [25/Feb/2004:23:36:00 -0800] "GET /ncaa/pdf/brackets/NCAA%201986.pdf HTTP/1.1" 206 212086 "-" "Mozilla/4.0 (compatible; MSIE 5.5; Windows 98; Win 9x 4.90; YComp 5.0.0.0)"
198.81.26.42 - - [25/Feb/2004:23:37:40 -0800] "GET /apPopupMenu$COMClassObject.class HTTP/1.0" 404 363 "-" "Java 1.1"
198.81.26.14 - - [25/Feb/2004:23:37:47 -0800] "GET /big8/big8.htm HTTP/1.0" 200 2296 "-" "Mozilla/4.0 (compatible; MSIE 6.0; AOL 8.0; Windows NT 5.1)"
198.81.26.72 - - [25/Feb/2004:23:37:51 -0800] "GET /big8/pdf/Big%208-1979.pdf HTTP/1.0" 200 25528 "http://www.wrestlingstats.com/big8/big8.htm" "Mozilla/4.0 (compatible; MSIE 6.0; AOL 8.0; Windows NT 5.1)"
198.81.26.72 - - [25/Feb/2004:23:37:51 -0800] "GET /big8/pdf/Big%208-1979.pdf HTTP/1.0" 200 25528 "-" "Mozilla/4.0 (compatible; MSIE 6.0; AOL 8.0; Windows NT 5.1)"
198.81.26.47 - - [25/Feb/2004:23:38:12 -0800] "GET /ncaa/brackets.htm HTTP/1.0" 200 2835 "-" "Mozilla/4.0 (compatible; MSIE 6.0; AOL 8.0; Windows NT 5.1)"
198.81.26.12 - - [25/Feb/2004:23:38:15 -0800] "GET /ncaa/pdf/brackets/NCAA%201986.pdf HTTP/1.0" 200 227750 "http://www.wrestlingstats.com/ncaa/brackets.htm" "Mozilla/4.0 (compatible; MSIE 6.0; AOL 8.0; Windows NT 5.1)"
198.81.26.12 - - [25/Feb/2004:23:38:15 -0800] "GET /ncaa/pdf/brackets/NCAA%201986.pdf HTTP/1.0" 200 227750 "-" "Mozilla/4.0 (compatible; MSIE 6.0; AOL 8.0; Windows NT 5.1)"
198.81.26.12 - - [25/Feb/2004:23:38:16 -0800] "GET /ncaa/pdf/brackets/NCAA%201986.pdf HTTP/1.0" 206 97133 "-" "Mozilla/4.0 (compatible; MSIE 6.0; AOL 8.0; Windows NT 5.1)"
198.81.26.12 - - [25/Feb/2004:23:38:16 -0800] "GET /ncaa/pdf/brackets/NCAA%201986.pdf HTTP/1.0" 206 23944 "-" "Mozilla/4.0 (compatible; MSIE 6.0; AOL 8.0; Windows NT 5.1)"
198.81.26.12 - - [25/Feb/2004:23:38:17 -0800] "GET /ncaa/pdf/brackets/NCAA%201986.pdf HTTP/1.0" 206 96975 "-" "Mozilla/4.0 (compatible; MSIE 6.0; AOL 8.0; Windows NT 5.1)"
64.171.132.185 - - [25/Feb/2004:23:40:19 -0800] "GET /apPopupMenu$COMClassObject.class HTTP/1.1" 404 363 "-" "Mozilla/4.0 (compatible; MSIE 5.0; Win32)"
64.171.132.185 - - [25/Feb/2004:23:40:21 -0800] "GET /ncaa/ncaa.htm HTTP/1.1" 200 1797 "-" "Mozilla/4.0 (compatible; MSIE 5.5; Windows 98; Win 9x 4.90; YComp 5.0.0.0; yplus 3.01)"
198.81.26.16 - - [25/Feb/2004:23:40:28 -0800] "GET /ncaa/ncaa.htm HTTP/1.1" 200 1858 "-" "Mozilla/4.0 (compatible; MSIE 6.0; AOL 8.0; Windows NT 5.1)"
64.171.132.185 - - [25/Feb/2004:23:40:30 -0800] "GET /ncaa/pdf/NCAA%20School%20Performance.pdf HTTP/1.1" 200 63027 "http://www.wrestlingstats.com/ncaa/ncaa.htm" "Mozilla/4.0 (compatible; MSIE 5.5; Windows 98; Win 9x 4.90; YComp 5.0.0.0; yplus 3.01)"
64.171.132.185 - - [25/Feb/2004:23:40:30 -0800] "GET /ncaa/pdf/NCAA%20School%20Performance.pdf HTTP/1.1" 206 57446 "-" "contype"
64.171.132.185 - - [25/Feb/2004:23:40:30 -0800] "GET /ncaa/pdf/NCAA%20School%20Performance.pdf HTTP/1.1" 206 57446 "-" "Mozilla/4.0 (compatible; MSIE 5.5; Windows 98; Win 9x 4.90; YComp 5.0.0.0)"
64.171.132.185 - - [25/Feb/2004:23:40:31 -0800] "GET /ncaa/pdf/NCAA%20School%20Performance.pdf HTTP/1.1" 206 42912 "-" "Mozilla/4.0 (compatible; MSIE 5.5; Windows 98; Win 9x 4.90; YComp 5.0.0.0)"
64.171.132.185 - - [25/Feb/2004:23:40:31 -0800] "GET /ncaa/pdf/NCAA%20School%20Performance.pdf HTTP/1.1" 206 478 "-" "Mozilla/4.0 (compatible; MSIE 5.5; Windows 98; Win 9x 4.90; YComp 5.0.0.0)"
64.171.132.185 - - [25/Feb/2004:23:40:31 -0800] "GET /ncaa/pdf/NCAA%20School%20Performance.pdf HTTP/1.1" 206 1024 "-" "Mozilla/4.0 (compatible; MSIE 5.5; Windows 98; Win 9x 4.90; YComp 5.0.0.0)"
64.171.132.185 - - [25/Feb/2004:23:40:32 -0800] "GET /ncaa/pdf/NCAA%20School%20Performance.pdf HTTP/1.1" 206 374 "-" "Mozilla/4.0 (compatible; MSIE 5.5; Windows 98; Win 9x 4.90; YComp 5.0.0.0)"
64.171.132.185 - - [25/Feb/2004:23:40:37 -0800] "GET /apPopupMenu$COMClassObject.class HTTP/1.1" 404 363 "-" "Mozilla/4.0 (compatible; MSIE 5.0; Win32)"
64.171.132.185 - - [25/Feb/2004:23:40:40 -0800] "GET /ncaa/home.htm HTTP/1.1" 200 2391 "-" "Mozilla/4.0 (compatible; MSIE 5.5; Windows 98; Win 9x 4.90; YComp 5.0.0.0; yplus 3.01)"
64.171.132.185 - - [25/Feb/2004:23:40:41 -0800] "GET /ncaa/ncaa02.jpg HTTP/1.1" 200 81812 "http://www.wrestlingstats.com/ncaa/home.htm" "Mozilla/4.0 (compatible; MSIE 5.5; Windows 98; Win 9x 4.90; YComp 5.0.0.0; yplus 3.01)"
64.171.132.185 - - [25/Feb/2004:23:40:41 -0800] "GET /ncaa/pix/home.gif HTTP/1.1" 404 363 "-" "Mozilla/4.0 (compatible; MSIE 5.0; Win32)"
64.171.132.185 - - [25/Feb/2004:23:40:41 -0800] "GET /ncaa/apbfind.gif HTTP/1.1" 200 89 "-" "Mozilla/4.0 (compatible; MSIE 5.0; Win32)"
64.171.132.185 - - [25/Feb/2004:23:40:46 -0800] "GET /apPopupMenu$COMClassObject.class HTTP/1.1" 404 363 "-" "Mozilla/4.0 (compatible; MSIE 5.0; Win32)"
198.81.26.17 - - [25/Feb/2004:23:40:59 -0800] "GET /ncaa/pdf/Champs%20by%20School.pdf HTTP/1.0" 200 57751 "http://www.wrestlingstats.com/ncaa/ncaa.htm" "Mozilla/4.0 (compatible; MSIE 6.0; AOL 8.0; Windows NT 5.1)"
198.81.26.17 - - [25/Feb/2004:23:40:59 -0800] "GET /ncaa/pdf/Champs%20by%20School.pdf HTTP/1.0" 200 57751 "-" "Mozilla/4.0 (compatible; MSIE 6.0; AOL 8.0; Windows NT 5.1)"
64.171.132.185 - - [25/Feb/2004:23:41:00 -0800] "GET /ncaa/pdf/Champs%20by%20School.pdf HTTP/1.1" 200 57751 "http://www.wrestlingstats.com/ncaa/ncaa.htm" "Mozilla/4.0 (compatible; MSIE 5.5; Windows 98; Win 9x 4.90; YComp 5.0.0.0; yplus 3.01)"
198.81.26.17 - - [25/Feb/2004:23:41:00 -0800] "GET /ncaa/pdf/Champs%20by%20School.pdf HTTP/1.0" 206 53191 "-" "Mozilla/4.0 (compatible; MSIE 6.0; AOL 8.0; Windows NT 5.1)"
64.171.132.185 - - [25/Feb/2004:23:41:00 -0800] "GET /ncaa/pdf/Champs%20by%20School.pdf HTTP/1.1" 206 52170 "-" "contype"
198.81.26.17 - - [25/Feb/2004:23:41:01 -0800] "GET /ncaa/pdf/Champs%20by%20School.pdf HTTP/1.0" 206 1397 "-" "Mozilla/4.0 (compatible; MSIE 6.0; AOL 8.0; Windows NT 5.1)"
64.171.132.185 - - [25/Feb/2004:23:41:01 -0800] "GET /ncaa/pdf/Champs%20by%20School.pdf HTTP/1.1" 206 52170 "-" "Mozilla/4.0 (compatible; MSIE 5.5; Windows 98; Win 9x 4.90; YComp 5.0.0.0)"
64.171.132.185 - - [25/Feb/2004:23:41:01 -0800] "GET /ncaa/pdf/Champs%20by%20School.pdf HTTP/1.1" 206 44256 "-" "Mozilla/4.0 (compatible; MSIE 5.5; Windows 98; Win 9x 4.90; YComp 5.0.0.0)"
64.171.132.185 - - [25/Feb/2004:23:41:01 -0800] "GET /ncaa/pdf/Champs%20by%20School.pdf HTTP/1.1" 206 297 "-" "Mozilla/4.0 (compatible; MSIE 5.5; Windows 98; Win 9x 4.90; YComp 5.0.0.0)"
64.171.132.185 - - [25/Feb/2004:23:41:02 -0800] "GET /ncaa/pdf/Champs%20by%20School.pdf HTTP/1.1" 206 1024 "-" "Mozilla/4.0 (compatible; MSIE 5.5; Windows 98; Win 9x 4.90; YComp 5.0.0.0)"
64.171.132.185 - - [25/Feb/2004:23:41:02 -0800] "GET /ncaa/pdf/Champs%20by%20School.pdf HTTP/1.1" 206 371 "-" "Mozilla/4.0 (compatible; MSIE 5.5; Windows 98; Win 9x 4.90; YComp 5.0.0.0)"
64.171.132.185 - - [25/Feb/2004:23:41:09 -0800] "GET /ncaa/pdf/Summary%20of%20All%20Americans.pdf HTTP/1.1" 200 67818 "http://www.wrestlingstats.com/ncaa/ncaa.htm" "Mozilla/4.0 (compatible; MSIE 5.5; Windows 98; Win 9x 4.90; YComp 5.0.0.0; yplus 3.01)"
64.171.132.185 - - [25/Feb/2004:23:41:09 -0800] "GET /ncaa/pdf/Summary%20of%20All%20Americans.pdf HTTP/1.1" 206 62238 "-" "contype"
64.171.132.185 - - [25/Feb/2004:23:41:10 -0800] "GET /ncaa/pdf/Summary%20of%20All%20Americans.pdf HTTP/1.1" 206 62238 "-" "Mozilla/4.0 (compatible; MSIE 5.5; Windows 98; Win 9x 4.90; YComp 5.0.0.0)"
64.171.132.185 - - [25/Feb/2004:23:41:10 -0800] "GET /ncaa/pdf/Summary%20of%20All%20Americans.pdf HTTP/1.1" 206 46966 "-" "Mozilla/4.0 (compatible; MSIE 5.5; Windows 98; Win 9x 4.90; YComp 5.0.0.0)"
64.171.132.185 - - [25/Feb/2004:23:41:10 -0800] "GET /ncaa/pdf/Summary%20of%20All%20Americans.pdf HTTP/1.1" 206 418 "-" "Mozilla/4.0 (compatible; MSIE 5.5; Windows 98; Win 9x 4.90; YComp 5.0.0.0)"
64.171.132.185 - - [25/Feb/2004:23:41:10 -0800] "GET /ncaa/pdf/Summary%20of%20All%20Americans.pdf HTTP/1.1" 206 1024 "-" "Mozilla/4.0 (compatible; MSIE 5.5; Windows 98; Win 9x 4.90; YComp 5.0.0.0)"
64.171.132.185 - - [25/Feb/2004:23:41:11 -0800] "GET /ncaa/pdf/Summary%20of%20All%20Americans.pdf HTTP/1.1" 206 374 "-" "Mozilla/4.0 (compatible; MSIE 5.5; Windows 98; Win 9x 4.90; YComp 5.0.0.0)"
64.171.132.185 - - [25/Feb/2004:23:41:17 -0800] "GET /ncaa/pdf/Summary%20of%20All%20Americans.pdf HTTP/1.1" 206 2855 "-" "Mozilla/4.0 (compatible; MSIE 5.5; Windows 98; Win 9x 4.90; YComp 5.0.0.0)"
64.171.132.185 - - [25/Feb/2004:23:41:24 -0800] "GET /ncaa/pdf/NCAA%20School%20Performance.pdf HTTP/1.1" 206 51917 "http://www.wrestlingstats.com/ncaa/ncaa.htm" "Mozilla/4.0 (compatible; MSIE 5.5; Windows 98; Win 9x 4.90; YComp 5.0.0.0; yplus 3.01)"
64.171.132.185 - - [25/Feb/2004:23:41:24 -0800] "GET /ncaa/pdf/NCAA%20School%20Performance.pdf HTTP/1.1" 206 51917 "-" "contype"
64.171.132.185 - - [25/Feb/2004:23:41:24 -0800] "GET /ncaa/pdf/NCAA%20School%20Performance.pdf HTTP/1.1" 206 51917 "-" "Mozilla/4.0 (compatible; MSIE 5.5; Windows 98; Win 9x 4.90; YComp 5.0.0.0)"
64.171.132.185 - - [25/Feb/2004:23:41:25 -0800] "GET /ncaa/pdf/NCAA%20School%20Performance.pdf HTTP/1.1" 206 37384 "-" "Mozilla/4.0 (compatible; MSIE 5.5; Windows 98; Win 9x 4.90; YComp 5.0.0.0)"
64.171.132.185 - - [25/Feb/2004:23:41:25 -0800] "GET /ncaa/pdf/NCAA%20School%20Performance.pdf HTTP/1.1" 206 478 "-" "Mozilla/4.0 (compatible; MSIE 5.5; Windows 98; Win 9x 4.90; YComp 5.0.0.0)"
64.171.132.185 - - [25/Feb/2004:23:41:25 -0800] "GET /ncaa/pdf/NCAA%20School%20Performance.pdf HTTP/1.1" 206 1024 "-" "Mozilla/4.0 (compatible; MSIE 5.5; Windows 98; Win 9x 4.90; YComp 5.0.0.0)"
64.171.132.185 - - [25/Feb/2004:23:41:25 -0800] "GET /ncaa/pdf/NCAA%20School%20Performance.pdf HTTP/1.1" 206 374 "-" "Mozilla/4.0 (compatible; MSIE 5.5; Windows 98; Win 9x 4.90; YComp 5.0.0.0)"
198.81.26.73 - - [25/Feb/2004:23:41:28 -0800] "GET /ncaa/pdf/NCAA%20School%20Performance.pdf HTTP/1.0" 200 63027 "http://www.wrestlingstats.com/ncaa/ncaa.htm" "Mozilla/4.0 (compatible; MSIE 6.0; AOL 8.0; Windows NT 5.1)"
198.81.26.73 - - [25/Feb/2004:23:41:28 -0800] "GET /ncaa/pdf/NCAA%20School%20Performance.pdf HTTP/1.0" 200 63027 "-" "Mozilla/4.0 (compatible; MSIE 6.0; AOL 8.0; Windows NT 5.1)"
198.81.26.73 - - [25/Feb/2004:23:41:29 -0800] "GET /ncaa/pdf/NCAA%20School%20Performance.pdf HTTP/1.0" 206 52031 "-" "Mozilla/4.0 (compatible; MSIE 6.0; AOL 8.0; Windows NT 5.1)"
198.81.26.73 - - [25/Feb/2004:23:41:29 -0800] "GET /ncaa/pdf/NCAA%20School%20Performance.pdf HTTP/1.0" 206 7833 "-" "Mozilla/4.0 (compatible; MSIE 6.0; AOL 8.0; Windows NT 5.1)"
64.171.132.185 - - [25/Feb/2004:23:41:40 -0800] "GET /apPopupMenu$COMClassObject.class HTTP/1.1" 404 363 "-" "Mozilla/4.0 (compatible; MSIE 5.0; Win32)"
