68.164.145.78 - - [25/Feb/2004:19:35:18 -0800] "GET /ncaa/pdf/brackets/NCAA%201963.pdf HTTP/1.1" 200 101917 "http://www.google.com/search?hl=en&ie=UTF-8&oe=UTF-8&q=%22wally+curtis%22+wrestling" "Mozilla/4.0 (compatible; MSIE 6.0; Windows NT 5.1; .NET CLR 1.0.3705)"
209.122.254.102 - - [25/Feb/2004:19:36:23 -0800] "GET /ncaa/pdf/brackets/NCAA%201969.pdf HTTP/1.1" 200 219821 "-" "Mozilla/4.0 (compatible; MSIE 6.0; Windows NT 5.1)"
209.122.254.102 - - [25/Feb/2004:19:36:26 -0800] "GET /ncaa/pdf/brackets/NCAA%201969.pdf HTTP/1.1" 206 215670 "-" "Mozilla/4.0 (compatible; MSIE 6.0; Windows NT 5.1)"
209.122.254.102 - - [25/Feb/2004:19:36:29 -0800] "GET /ncaa/pdf/brackets/NCAA%201969.pdf HTTP/1.1" 206 101881 "-" "Mozilla/4.0 (compatible; MSIE 6.0; Windows NT 5.1)"
209.122.254.102 - - [25/Feb/2004:19:37:15 -0800] "GET /ncaa/pdf/brackets/NCAA%201969.pdf HTTP/1.1" 206 113124 "-" "Mozilla/4.0 (compatible; MSIE 6.0; Windows NT 5.1)"
207.13.118.140 - - [25/Feb/2004:19:38:06 -0800] "GET /ncaa/pdf/brackets/NCAA%202000.pdf HTTP/1.1" 200 196608 "http://www.wrestlingstats.com/ncaa/brackets.htm" "Mozilla/4.0 (compatible; MSIE 5.5; Windows 98)"
207.13.118.140 - - [25/Feb/2004:19:38:08 -0800] "GET /ncaa/pdf/brackets/NCAA%202000.pdf HTTP/1.1" 206 228061 "-" "contype"
207.13.118.140 - - [25/Feb/2004:19:38:11 -0800] "GET /ncaa/pdf/brackets/NCAA%202000.pdf HTTP/1.1" 206 228061 "-" "Mozilla/4.0 (compatible; MSIE 5.5; Windows 98)"
207.13.118.140 - - [25/Feb/2004:19:38:15 -0800] "GET /ncaa/pdf/brackets/NCAA%202000.pdf HTTP/1.1" 206 99140 "-" "Mozilla/4.0 (compatible; MSIE 5.5; Windows 98)"
207.13.118.140 - - [25/Feb/2004:19:38:15 -0800] "GET /ncaa/pdf/brackets/NCAA%202000.pdf HTTP/1.1" 206 839 "-" "Mozilla/4.0 (compatible; MSIE 5.5; Windows 98)"
207.13.118.140 - - [25/Feb/2004:19:38:19 -0800] "GET /ncaa/pdf/brackets/NCAA%202000.pdf HTTP/1.1" 206 1024 "-" "Mozilla/4.0 (compatible; MSIE 5.5; Windows 98)"
207.13.118.140 - - [25/Feb/2004:19:38:23 -0800] "GET /ncaa/pdf/brackets/NCAA%202000.pdf HTTP/1.1" 206 386 "-" "Mozilla/4.0 (compatible; MSIE 5.5; Windows 98)"
24.30.46.156 - - [25/Feb/2004:19:39:09 -0800] "GET /ncaa/pdf/NCAA%20Bout%20Scoring.pdf HTTP/1.1" 200 46083 "http://www.google.com/search?hl=en&ie=UTF-8&oe=UTF-8&q=NCAA+Wrestling+Overtime+rules" "Mozilla/4.0 (compatible; MSIE 6.0; Windows 98)"
24.30.46.156 - - [25/Feb/2004:19:39:09 -0800] "GET /ncaa/pdf/NCAA%20Bout%20Scoring.pdf HTTP/1.1" 206 41930 "-" "Mozilla/4.0 (compatible; MSIE 6.0; Windows 98)"
207.13.118.140 - - [25/Feb/2004:19:39:41 -0800] "GET /ncaa/pdf/brackets/NCAA%201999.pdf HTTP/1.1" 200 231535 "http://www.wrestlingstats.com/ncaa/brackets.htm" "Mozilla/4.0 (compatible; MSIE 5.5; Windows 98)"
207.13.118.140 - - [25/Feb/2004:19:39:43 -0800] "GET /ncaa/pdf/brackets/NCAA%201999.pdf HTTP/1.1" 206 226325 "-" "contype"
207.13.118.140 - - [25/Feb/2004:19:39:47 -0800] "GET /ncaa/pdf/brackets/NCAA%201999.pdf HTTP/1.1" 206 226325 "-" "Mozilla/4.0 (compatible; MSIE 5.5; Windows 98)"
207.13.118.140 - - [25/Feb/2004:19:39:51 -0800] "GET /ncaa/pdf/brackets/NCAA%201999.pdf HTTP/1.1" 206 98182 "-" "Mozilla/4.0 (compatible; MSIE 5.5; Windows 98)"
207.13.118.140 - - [25/Feb/2004:19:39:51 -0800] "GET /ncaa/pdf/brackets/NCAA%201999.pdf HTTP/1.1" 206 839 "-" "Mozilla/4.0 (compatible; MSIE 5.5; Windows 98)"
207.13.118.140 - - [25/Feb/2004:19:39:54 -0800] "GET /ncaa/pdf/brackets/NCAA%201999.pdf HTTP/1.1" 206 1024 "-" "Mozilla/4.0 (compatible; MSIE 5.5; Windows 98)"
207.13.118.140 - - [25/Feb/2004:19:39:58 -0800] "GET /ncaa/pdf/brackets/NCAA%201999.pdf HTTP/1.1" 206 386 "-" "Mozilla/4.0 (compatible; MSIE 5.5; Windows 98)"
207.13.118.140 - - [25/Feb/2004:19:40:48 -0800] "GET /ncaa/pdf/brackets/NCAA%202001.pdf HTTP/1.1" 200 144227 "http://www.wrestlingstats.com/ncaa/brackets.htm" "Mozilla/4.0 (compatible; MSIE 5.5; Windows 98)"
207.13.118.140 - - [25/Feb/2004:19:40:51 -0800] "GET /ncaa/pdf/brackets/NCAA%202001.pdf HTTP/1.1" 206 140376 "-" "contype"
207.13.118.140 - - [25/Feb/2004:19:40:53 -0800] "GET /ncaa/pdf/brackets/NCAA%202001.pdf HTTP/1.1" 206 140376 "-" "Mozilla/4.0 (compatible; MSIE 5.5; Windows 98)"
207.13.118.140 - - [25/Feb/2004:19:40:56 -0800] "GET /ncaa/pdf/brackets/NCAA%202001.pdf HTTP/1.1" 206 137257 "-" "Mozilla/4.0 (compatible; MSIE 5.5; Windows 98)"
207.13.118.140 - - [25/Feb/2004:19:41:44 -0800] "GET /ncaa/pdf/brackets/NCAA%202002.pdf HTTP/1.1" 200 230468 "http://www.wrestlingstats.com/ncaa/brackets.htm" "Mozilla/4.0 (compatible; MSIE 5.5; Windows 98)"
207.13.118.140 - - [25/Feb/2004:19:41:46 -0800] "GET /ncaa/pdf/brackets/NCAA%202002.pdf HTTP/1.1" 206 225257 "-" "contype"
207.13.118.140 - - [25/Feb/2004:19:41:49 -0800] "GET /ncaa/pdf/brackets/NCAA%202002.pdf HTTP/1.1" 206 225257 "-" "Mozilla/4.0 (compatible; MSIE 5.5; Windows 98)"
207.13.118.140 - - [25/Feb/2004:19:41:53 -0800] "GET /ncaa/pdf/brackets/NCAA%202002.pdf HTTP/1.1" 206 97619 "-" "Mozilla/4.0 (compatible; MSIE 5.5; Windows 98)"
207.13.118.140 - - [25/Feb/2004:19:41:53 -0800] "GET /ncaa/pdf/brackets/NCAA%202002.pdf HTTP/1.1" 206 839 "-" "Mozilla/4.0 (compatible; MSIE 5.5; Windows 98)"
207.13.118.140 - - [25/Feb/2004:19:41:56 -0800] "GET /ncaa/pdf/brackets/NCAA%202002.pdf HTTP/1.1" 206 1024 "-" "Mozilla/4.0 (compatible; MSIE 5.5; Windows 98)"
207.13.118.140 - - [25/Feb/2004:19:42:01 -0800] "GET /ncaa/pdf/brackets/NCAA%202002.pdf HTTP/1.1" 206 386 "-" "Mozilla/4.0 (compatible; MSIE 5.5; Windows 98)"
12.217.107.127 - - [25/Feb/2004:19:43:05 -0800] "GET /ncaa/pdf/brackets/NCAA%201988.pdf HTTP/1.1" 206 148031 "-" "Mozilla/4.0 (compatible; MSIE 6.0; Windows NT 5.1; .NET CLR 1.1.4322)"
12.217.107.127 - - [25/Feb/2004:19:43:05 -0800] "GET /ncaa/pdf/brackets/NCAA%201988.pdf HTTP/1.1" 206 148031 "-" "Mozilla/4.0 (compatible; MSIE 6.0; Windows NT 5.1; .NET CLR 1.1.4322)"
12.217.107.127 - - [25/Feb/2004:19:43:08 -0800] "GET /ncaa/pdf/brackets/NCAA%201988.pdf HTTP/1.1" 206 95755 "-" "Mozilla/4.0 (compatible; MSIE 6.0; Windows NT 5.1; .NET CLR 1.1.4322)"
209.122.254.102 - - [25/Feb/2004:19:43:12 -0800] "GET /ncaa/pdf/brackets/NCAA%201971.pdf HTTP/1.1" 200 193019 "-" "Mozilla/4.0 (compatible; MSIE 6.0; Windows NT 5.1)"
209.122.254.102 - - [25/Feb/2004:19:43:15 -0800] "GET /ncaa/pdf/brackets/NCAA%201971.pdf HTTP/1.1" 206 188868 "-" "Mozilla/4.0 (compatible; MSIE 6.0; Windows NT 5.1)"
209.122.254.102 - - [25/Feb/2004:19:43:19 -0800] "GET /ncaa/pdf/brackets/NCAA%201971.pdf HTTP/1.1" 206 99454 "-" "Mozilla/4.0 (compatible; MSIE 6.0; Windows NT 5.1)"
24.225.146.126 - - [25/Feb/2004:19:43:45 -0800] "GET /eiwa/brackets.htm HTTP/1.1" 304 - "-" "Mozilla/4.0 (compatible; MSIE 6.0; Windows NT 5.1; (R1 1.3))"
24.225.146.126 - - [25/Feb/2004:19:43:47 -0800] "GET /apPopupMenu.class HTTP/1.1" 304 - "-" "Java 1.1"
24.225.146.126 - - [25/Feb/2004:19:43:48 -0800] "GET /images/home32.gif HTTP/1.1" 304 - "-" "Java 1.1"
24.225.146.126 - - [25/Feb/2004:19:43:48 -0800] "GET /images/mail32.gif HTTP/1.1" 304 - "-" "Java 1.1"
209.122.254.102 - - [25/Feb/2004:19:43:49 -0800] "GET /ncaa/pdf/brackets/NCAA%201971.pdf HTTP/1.1" 206 85825 "-" "Mozilla/4.0 (compatible; MSIE 6.0; Windows NT 5.1)"
24.225.146.126 - - [25/Feb/2004:19:43:52 -0800] "GET /lehigh/index.html HTTP/1.1" 200 567 "-" "Mozilla/4.0 (compatible; MSIE 6.0; Windows NT 5.1; (R1 1.3))"
24.225.146.126 - - [25/Feb/2004:19:44:19 -0800] "GET /index.html HTTP/1.1" 200 2887 "-" "Mozilla/4.0 (compatible; MSIE 6.0; Windows NT 5.1; (R1 1.3))"
24.225.146.126 - - [25/Feb/2004:19:44:20 -0800] "GET /NCAA2003.jpg HTTP/1.1" 200 84807 "-" "Mozilla/4.0 (compatible; MSIE 6.0; Windows NT 5.1; (R1 1.3))"
209.122.254.102 - - [25/Feb/2004:19:44:54 -0800] "GET /ncaa/pdf/brackets/NCAA%201970.pdf HTTP/1.1" 206 209053 "-" "Mozilla/4.0 (compatible; MSIE 6.0; Windows NT 5.1)"
209.122.254.102 - - [25/Feb/2004:19:44:57 -0800] "GET /ncaa/pdf/brackets/NCAA%201970.pdf HTTP/1.1" 206 209053 "-" "Mozilla/4.0 (compatible; MSIE 6.0; Windows NT 5.1)"
209.122.254.102 - - [25/Feb/2004:19:45:02 -0800] "GET /ncaa/pdf/brackets/NCAA%201970.pdf HTTP/1.1" 206 98865 "-" "Mozilla/4.0 (compatible; MSIE 6.0; Windows NT 5.1)"
24.225.146.126 - - [25/Feb/2004:19:45:13 -0800] "GET /eiwa/pdf/brackets/EIWA%201971.pdf HTTP/1.1" 200 64082 "-" "Mozilla/4.0 (compatible; MSIE 6.0; Windows NT 5.1; (R1 1.3))"
24.225.146.126 - - [25/Feb/2004:19:45:14 -0800] "GET /eiwa/pdf/brackets/EIWA%201971.pdf HTTP/1.1" 206 55890 "-" "Mozilla/4.0 (compatible; MSIE 6.0; Windows NT 5.1; (R1 1.3))"
209.122.254.102 - - [25/Feb/2004:19:45:48 -0800] "GET /ncaa/pdf/brackets/NCAA%201970.pdf HTTP/1.1" 206 109519 "-" "Mozilla/4.0 (compatible; MSIE 6.0; Windows NT 5.1)"
209.122.254.102 - - [25/Feb/2004:19:46:36 -0800] "GET /ncaa/pdf/brackets/NCAA%201972.pdf HTTP/1.1" 206 210218 "-" "Mozilla/4.0 (compatible; MSIE 6.0; Windows NT 5.1)"
209.122.254.102 - - [25/Feb/2004:19:46:38 -0800] "GET /ncaa/pdf/brackets/NCAA%201972.pdf HTTP/1.1" 206 210218 "-" "Mozilla/4.0 (compatible; MSIE 6.0; Windows NT 5.1)"
209.122.254.102 - - [25/Feb/2004:19:46:42 -0800] "GET /ncaa/pdf/brackets/NCAA%201972.pdf HTTP/1.1" 206 97403 "-" "Mozilla/4.0 (compatible; MSIE 6.0; Windows NT 5.1)"
209.122.254.102 - - [25/Feb/2004:19:46:45 -0800] "GET /ncaa/pdf/brackets/NCAA%201972.pdf HTTP/1.1" 206 24512 "-" "Mozilla/4.0 (compatible; MSIE 6.0; Windows NT 5.1)"
209.122.254.102 - - [25/Feb/2004:19:47:25 -0800] "GET /ncaa/pdf/brackets/NCAA%201972.pdf HTTP/1.1" 206 87792 "-" "Mozilla/4.0 (compatible; MSIE 6.0; Windows NT 5.1)"
207.13.118.140 - - [25/Feb/2004:19:47:52 -0800] "GET /ncaa/pdf/brackets/NCAA%201998.pdf HTTP/1.1" 200 231756 "http://www.wrestlingstats.com/ncaa/brackets.htm" "Mozilla/4.0 (compatible; MSIE 5.5; Windows 98)"
207.13.118.140 - - [25/Feb/2004:19:47:54 -0800] "GET /ncaa/pdf/brackets/NCAA%201998.pdf HTTP/1.1" 206 226546 "-" "contype"
207.13.118.140 - - [25/Feb/2004:19:47:58 -0800] "GET /ncaa/pdf/brackets/NCAA%201998.pdf HTTP/1.1" 206 226546 "-" "Mozilla/4.0 (compatible; MSIE 5.5; Windows 98)"
207.13.118.140 - - [25/Feb/2004:19:48:01 -0800] "GET /ncaa/pdf/brackets/NCAA%201998.pdf HTTP/1.1" 206 97606 "-" "Mozilla/4.0 (compatible; MSIE 5.5; Windows 98)"
207.13.118.140 - - [25/Feb/2004:19:48:01 -0800] "GET /ncaa/pdf/brackets/NCAA%201998.pdf HTTP/1.1" 206 839 "-" "Mozilla/4.0 (compatible; MSIE 5.5; Windows 98)"
68.41.197.161 - - [25/Feb/2004:19:48:02 -0800] "GET /ncaa/pdf/brackets/NCAA%201993.pdf HTTP/1.1" 200 228307 "http://www.google.com/search?q=%22lanny+green%22&hl=en&lr=&ie=UTF-8&oe=UTF-8&start=20&sa=N" "Mozilla/4.0 (compatible; MSIE 6.0; Windows NT 5.1)"
68.41.197.161 - - [25/Feb/2004:19:48:03 -0800] "GET /ncaa/pdf/brackets/NCAA%201993.pdf HTTP/1.1" 206 227075 "-" "Mozilla/4.0 (compatible; MSIE 6.0; Windows NT 5.1)"
207.13.118.140 - - [25/Feb/2004:19:48:04 -0800] "GET /ncaa/pdf/brackets/NCAA%201998.pdf HTTP/1.1" 206 1024 "-" "Mozilla/4.0 (compatible; MSIE 5.5; Windows 98)"
207.13.118.140 - - [25/Feb/2004:19:48:08 -0800] "GET /ncaa/pdf/brackets/NCAA%201998.pdf HTTP/1.1" 206 386 "-" "Mozilla/4.0 (compatible; MSIE 5.5; Windows 98)"
68.41.197.161 - - [25/Feb/2004:19:48:10 -0800] "GET / HTTP/1.1" 200 1754 "-" "Mozilla/4.0 (compatible; MSIE 6.0; Windows NT 5.1)"
68.41.197.161 - - [25/Feb/2004:19:48:10 -0800] "GET /NCAA2003.jpg HTTP/1.1" 200 84807 "http://www.wrestlingstats.com/" "Mozilla/4.0 (compatible; MSIE 6.0; Windows NT 5.1)"
68.41.197.161 - - [25/Feb/2004:19:48:10 -0800] "GET /apPopupMenu.class HTTP/1.1" 200 19469 "-" "Mozilla/4.0 (compatible; MSIE 6.0; Win32)"
68.41.197.161 - - [25/Feb/2004:19:48:12 -0800] "GET /images/home32.gif HTTP/1.1" 200 287 "-" "Mozilla/4.0 (compatible; MSIE 6.0; Win32)"
68.41.197.161 - - [25/Feb/2004:19:48:13 -0800] "GET /images/mail32.gif HTTP/1.1" 200 317 "-" "Mozilla/4.0 (compatible; MSIE 6.0; Win32)"
68.41.197.161 - - [25/Feb/2004:19:48:28 -0800] "GET /ncaa/brackets.htm HTTP/1.1" 200 2797 "-" "Mozilla/4.0 (compatible; MSIE 6.0; Windows NT 5.1)"
209.122.254.102 - - [25/Feb/2004:19:48:28 -0800] "GET /ncaa/pdf/brackets/NCAA%201973.pdf HTTP/1.1" 206 164920 "-" "Mozilla/4.0 (compatible; MSIE 6.0; Windows NT 5.1)"
209.122.254.102 - - [25/Feb/2004:19:48:30 -0800] "GET /ncaa/pdf/brackets/NCAA%201973.pdf HTTP/1.1" 206 164920 "-" "Mozilla/4.0 (compatible; MSIE 6.0; Windows NT 5.1)"
209.122.254.102 - - [25/Feb/2004:19:48:33 -0800] "GET /ncaa/pdf/brackets/NCAA%201973.pdf HTTP/1.1" 206 57090 "-" "Mozilla/4.0 (compatible; MSIE 6.0; Windows NT 5.1)"
68.41.197.161 - - [25/Feb/2004:19:48:35 -0800] "GET /ncaa/pdf/brackets/NCAA%201986.pdf HTTP/1.1" 200 196608 "http://www.wrestlingstats.com/ncaa/brackets.htm" "Mozilla/4.0 (compatible; MSIE 6.0; Windows NT 5.1)"
68.41.197.161 - - [25/Feb/2004:19:48:35 -0800] "GET /ncaa/pdf/brackets/NCAA%201986.pdf HTTP/1.1" 206 226519 "-" "Mozilla/4.0 (compatible; MSIE 6.0; Windows NT 5.1)"
209.122.254.102 - - [25/Feb/2004:19:48:36 -0800] "GET /ncaa/pdf/brackets/NCAA%201973.pdf HTTP/1.1" 206 21681 "-" "Mozilla/4.0 (compatible; MSIE 6.0; Windows NT 5.1)"
209.122.254.102 - - [25/Feb/2004:19:48:56 -0800] "GET /ncaa/pdf/brackets/NCAA%201973.pdf HTTP/1.1" 206 5180 "-" "Mozilla/4.0 (compatible; MSIE 6.0; Windows NT 5.1)"
209.122.254.102 - - [25/Feb/2004:19:49:01 -0800] "GET /ncaa/pdf/brackets/NCAA%201973.pdf HTTP/1.1" 206 82316 "-" "Mozilla/4.0 (compatible; MSIE 6.0; Windows NT 5.1)"
24.225.146.126 - - [25/Feb/2004:19:49:25 -0800] "GET /eiwa/pdf/brackets/EIWA%201979.pdf HTTP/1.1" 200 130961 "-" "Mozilla/4.0 (compatible; MSIE 6.0; Windows NT 5.1; (R1 1.3))"
24.225.146.126 - - [25/Feb/2004:19:49:25 -0800] "GET /eiwa/pdf/brackets/EIWA%201979.pdf HTTP/1.1" 206 122769 "-" "Mozilla/4.0 (compatible; MSIE 6.0; Windows NT 5.1; (R1 1.3))"
207.13.118.140 - - [25/Feb/2004:19:49:36 -0800] "GET /ncaa/pdf/brackets/NCAA%201999.pdf HTTP/1.1" 206 222529 "http://www.wrestlingstats.com/ncaa/brackets.htm" "Mozilla/4.0 (compatible; MSIE 5.5; Windows 98)"
207.13.118.140 - - [25/Feb/2004:19:49:39 -0800] "GET /ncaa/pdf/brackets/NCAA%201999.pdf HTTP/1.1" 206 222529 "-" "contype"
207.13.118.140 - - [25/Feb/2004:19:49:43 -0800] "GET /ncaa/pdf/brackets/NCAA%201999.pdf HTTP/1.1" 206 222529 "-" "Mozilla/4.0 (compatible; MSIE 5.5; Windows 98)"
207.13.118.140 - - [25/Feb/2004:19:49:50 -0800] "GET /ncaa/pdf/brackets/NCAA%201999.pdf HTTP/1.1" 206 94387 "-" "Mozilla/4.0 (compatible; MSIE 5.5; Windows 98)"
207.13.118.140 - - [25/Feb/2004:19:49:50 -0800] "GET /ncaa/pdf/brackets/NCAA%201999.pdf HTTP/1.1" 206 839 "-" "Mozilla/4.0 (compatible; MSIE 5.5; Windows 98)"
207.13.118.140 - - [25/Feb/2004:19:49:53 -0800] "GET /ncaa/pdf/brackets/NCAA%201999.pdf HTTP/1.1" 206 1024 "-" "Mozilla/4.0 (compatible; MSIE 5.5; Windows 98)"
68.41.197.161 - - [25/Feb/2004:19:49:57 -0800] "GET /ncaa/pdf/brackets/NCAA%201993.pdf HTTP/1.1" 206 41937 "-" "Mozilla/4.0 (compatible; MSIE 6.0; Windows NT 5.1)"
68.41.197.161 - - [25/Feb/2004:19:49:57 -0800] "GET /ncaa/pdf/brackets/NCAA%201993.pdf HTTP/1.1" 206 41937 "-" "Mozilla/4.0 (compatible; MSIE 6.0; Windows NT 5.1)"
207.13.118.140 - - [25/Feb/2004:19:49:58 -0800] "GET /ncaa/pdf/brackets/NCAA%201999.pdf HTTP/1.1" 206 386 "-" "Mozilla/4.0 (compatible; MSIE 5.5; Windows 98)"
209.122.254.102 - - [25/Feb/2004:19:50:56 -0800] "GET /ncaa/pdf/brackets/NCAA%201976.pdf HTTP/1.1" 200 215763 "-" "Mozilla/4.0 (compatible; MSIE 6.0; Windows NT 5.1)"
209.122.254.102 - - [25/Feb/2004:19:50:59 -0800] "GET /ncaa/pdf/brackets/NCAA%201976.pdf HTTP/1.1" 206 211612 "-" "Mozilla/4.0 (compatible; MSIE 6.0; Windows NT 5.1)"
209.122.254.102 - - [25/Feb/2004:19:51:03 -0800] "GET /ncaa/pdf/brackets/NCAA%201976.pdf HTTP/1.1" 206 100434 "-" "Mozilla/4.0 (compatible; MSIE 6.0; Windows NT 5.1)"
207.13.118.140 - - [25/Feb/2004:19:51:23 -0800] "GET /ncaa/pdf/brackets/NCAA%201999.pdf HTTP/1.1" 206 56702 "-" "Mozilla/4.0 (compatible; MSIE 5.5; Windows 98)"
209.122.254.102 - - [25/Feb/2004:19:51:34 -0800] "GET /ncaa/pdf/brackets/NCAA%201976.pdf HTTP/1.1" 206 109049 "-" "Mozilla/4.0 (compatible; MSIE 6.0; Windows NT 5.1)"
207.13.118.140 - - [25/Feb/2004:19:51:34 -0800] "GET /ncaa/pdf/brackets/NCAA%201999.pdf HTTP/1.1" 206 32100 "-" "Mozilla/4.0 (compatible; MSIE 5.5; Windows 98)"
209.122.254.102 - - [25/Feb/2004:19:52:27 -0800] "GET /ncaa/pdf/brackets/NCAA%201975.pdf HTTP/1.1" 200 219309 "-" "Mozilla/4.0 (compatible; MSIE 6.0; Windows NT 5.1)"
209.122.254.102 - - [25/Feb/2004:19:52:30 -0800] "GET /ncaa/pdf/brackets/NCAA%201975.pdf HTTP/1.1" 206 215158 "-" "Mozilla/4.0 (compatible; MSIE 6.0; Windows NT 5.1)"
209.122.254.102 - - [25/Feb/2004:19:52:33 -0800] "GET /ncaa/pdf/brackets/NCAA%201975.pdf HTTP/1.1" 206 100991 "-" "Mozilla/4.0 (compatible; MSIE 6.0; Windows NT 5.1)"
207.13.118.140 - - [25/Feb/2004:19:53:01 -0800] "GET /ncaa/pdf/brackets/NCAA%201999.pdf HTTP/1.1" 206 4803 "-" "Mozilla/4.0 (compatible; MSIE 5.5; Windows 98)"
207.13.118.140 - - [25/Feb/2004:19:53:02 -0800] "GET /ncaa/pdf/brackets/NCAA%201999.pdf HTTP/1.1" 206 6203 "-" "Mozilla/4.0 (compatible; MSIE 5.5; Windows 98)"
207.13.118.140 - - [25/Feb/2004:19:53:05 -0800] "GET /ncaa/pdf/brackets/NCAA%201999.pdf HTTP/1.1" 206 2285 "-" "Mozilla/4.0 (compatible; MSIE 5.5; Windows 98)"
207.13.118.140 - - [25/Feb/2004:19:53:07 -0800] "GET /ncaa/pdf/brackets/NCAA%201999.pdf HTTP/1.1" 206 2723 "-" "Mozilla/4.0 (compatible; MSIE 5.5; Windows 98)"
207.13.118.140 - - [25/Feb/2004:19:53:09 -0800] "GET /ncaa/pdf/brackets/NCAA%201999.pdf HTTP/1.1" 206 4089 "-" "Mozilla/4.0 (compatible; MSIE 5.5; Windows 98)"
207.13.118.140 - - [25/Feb/2004:19:53:10 -0800] "GET /ncaa/pdf/brackets/NCAA%201999.pdf HTTP/1.1" 206 1933 "-" "Mozilla/4.0 (compatible; MSIE 5.5; Windows 98)"
209.122.254.102 - - [25/Feb/2004:19:53:19 -0800] "GET /ncaa/pdf/brackets/NCAA%201975.pdf HTTP/1.1" 206 113498 "-" "Mozilla/4.0 (compatible; MSIE 6.0; Windows NT 5.1)"
209.122.254.102 - - [25/Feb/2004:19:53:50 -0800] "GET /ncaa/pdf/brackets/NCAA%201974.pdf HTTP/1.1" 200 221153 "-" "Mozilla/4.0 (compatible; MSIE 6.0; Windows NT 5.1)"
209.122.254.102 - - [25/Feb/2004:19:53:54 -0800] "GET /ncaa/pdf/brackets/NCAA%201974.pdf HTTP/1.1" 206 217002 "-" "Mozilla/4.0 (compatible; MSIE 6.0; Windows NT 5.1)"
209.122.254.102 - - [25/Feb/2004:19:53:57 -0800] "GET /ncaa/pdf/brackets/NCAA%201974.pdf HTTP/1.1" 206 102094 "-" "Mozilla/4.0 (compatible; MSIE 6.0; Windows NT 5.1)"
207.13.118.140 - - [25/Feb/2004:19:54:03 -0800] "GET /ncaa/pdf/brackets/NCAA%201999.pdf HTTP/1.1" 206 2786 "-" "Mozilla/4.0 (compatible; MSIE 5.5; Windows 98)"
207.13.118.140 - - [25/Feb/2004:19:54:31 -0800] "GET /ncaa/pdf/brackets/NCAA%201999.pdf HTTP/1.1" 206 2994 "-" "Mozilla/4.0 (compatible; MSIE 5.5; Windows 98)"
209.122.254.102 - - [25/Feb/2004:19:54:42 -0800] "GET /ncaa/pdf/brackets/NCAA%201974.pdf HTTP/1.1" 206 114239 "-" "Mozilla/4.0 (compatible; MSIE 6.0; Windows NT 5.1)"
207.13.118.140 - - [25/Feb/2004:19:55:14 -0800] "GET /ncaa/pdf/brackets/NCAA%201996.pdf HTTP/1.1" 206 221291 "http://www.wrestlingstats.com/ncaa/brackets.htm" "Mozilla/4.0 (compatible; MSIE 5.5; Windows 98)"
207.13.118.140 - - [25/Feb/2004:19:55:18 -0800] "GET /ncaa/pdf/brackets/NCAA%201996.pdf HTTP/1.1" 206 221291 "-" "contype"
207.13.118.140 - - [25/Feb/2004:19:55:21 -0800] "GET /ncaa/pdf/brackets/NCAA%201996.pdf HTTP/1.1" 206 221291 "-" "Mozilla/4.0 (compatible; MSIE 5.5; Windows 98)"
207.13.118.140 - - [25/Feb/2004:19:55:27 -0800] "GET /ncaa/pdf/brackets/NCAA%201998.pdf HTTP/1.1" 206 222750 "http://www.wrestlingstats.com/ncaa/brackets.htm" "Mozilla/4.0 (compatible; MSIE 5.5; Windows 98)"
207.13.118.140 - - [25/Feb/2004:19:55:31 -0800] "GET /ncaa/pdf/brackets/NCAA%201998.pdf HTTP/1.1" 206 222750 "-" "contype"
207.13.118.140 - - [25/Feb/2004:19:55:35 -0800] "GET /ncaa/pdf/brackets/NCAA%201998.pdf HTTP/1.1" 206 222750 "-" "Mozilla/4.0 (compatible; MSIE 5.5; Windows 98)"
207.13.118.140 - - [25/Feb/2004:19:55:39 -0800] "GET /ncaa/pdf/brackets/NCAA%201998.pdf HTTP/1.1" 206 93801 "-" "Mozilla/4.0 (compatible; MSIE 5.5; Windows 98)"
207.13.118.140 - - [25/Feb/2004:19:55:39 -0800] "GET /ncaa/pdf/brackets/NCAA%201998.pdf HTTP/1.1" 206 839 "-" "Mozilla/4.0 (compatible; MSIE 5.5; Windows 98)"
207.13.118.140 - - [25/Feb/2004:19:55:42 -0800] "GET /ncaa/pdf/brackets/NCAA%201998.pdf HTTP/1.1" 206 1024 "-" "Mozilla/4.0 (compatible; MSIE 5.5; Windows 98)"
207.13.118.140 - - [25/Feb/2004:19:55:45 -0800] "GET /ncaa/pdf/brackets/NCAA%201998.pdf HTTP/1.1" 206 378 "-" "Mozilla/4.0 (compatible; MSIE 5.5; Windows 98)"
209.122.254.102 - - [25/Feb/2004:19:56:15 -0800] "GET /ncaa/pdf/brackets/NCAA%201973.pdf HTTP/1.1" 206 163744 "-" "Mozilla/4.0 (compatible; MSIE 6.0; Windows NT 5.1)"
209.122.254.102 - - [25/Feb/2004:19:56:18 -0800] "GET /ncaa/pdf/brackets/NCAA%201973.pdf HTTP/1.1" 206 163744 "-" "Mozilla/4.0 (compatible; MSIE 6.0; Windows NT 5.1)"
209.122.254.102 - - [25/Feb/2004:19:56:21 -0800] "GET /ncaa/pdf/brackets/NCAA%201973.pdf HTTP/1.1" 206 52994 "-" "Mozilla/4.0 (compatible; MSIE 6.0; Windows NT 5.1)"
209.122.254.102 - - [25/Feb/2004:19:56:24 -0800] "GET /ncaa/pdf/brackets/NCAA%201973.pdf HTTP/1.1" 206 23993 "-" "Mozilla/4.0 (compatible; MSIE 6.0; Windows NT 5.1)"
207.13.118.140 - - [25/Feb/2004:19:56:40 -0800] "GET /ncaa/pdf/brackets/NCAA%202000.pdf HTTP/1.1" 206 224265 "http://www.wrestlingstats.com/ncaa/brackets.htm" "Mozilla/4.0 (compatible; MSIE 5.5; Windows 98)"
207.13.118.140 - - [25/Feb/2004:19:56:44 -0800] "GET /ncaa/pdf/brackets/NCAA%202000.pdf HTTP/1.1" 206 223719 "-" "contype"
209.122.254.102 - - [25/Feb/2004:19:56:45 -0800] "GET /ncaa/pdf/brackets/NCAA%201973.pdf HTTP/1.1" 206 2750 "-" "Mozilla/4.0 (compatible; MSIE 6.0; Windows NT 5.1)"
209.122.254.102 - - [25/Feb/2004:19:56:47 -0800] "GET /ncaa/pdf/brackets/NCAA%201973.pdf HTTP/1.1" 206 1807 "-" "Mozilla/4.0 (compatible; MSIE 6.0; Windows NT 5.1)"
207.13.118.140 - - [25/Feb/2004:19:56:47 -0800] "GET /ncaa/pdf/brackets/NCAA%202000.pdf HTTP/1.1" 206 223719 "-" "Mozilla/4.0 (compatible; MSIE 5.5; Windows 98)"
209.122.254.102 - - [25/Feb/2004:19:56:51 -0800] "GET /ncaa/pdf/brackets/NCAA%201973.pdf HTTP/1.1" 206 81023 "-" "Mozilla/4.0 (compatible; MSIE 6.0; Windows NT 5.1)"
207.13.118.140 - - [25/Feb/2004:19:56:51 -0800] "GET /ncaa/pdf/brackets/NCAA%202000.pdf HTTP/1.1" 206 93429 "-" "Mozilla/4.0 (compatible; MSIE 5.5; Windows 98)"
207.13.118.140 - - [25/Feb/2004:19:56:51 -0800] "GET /ncaa/pdf/brackets/NCAA%202000.pdf HTTP/1.1" 206 839 "-" "Mozilla/4.0 (compatible; MSIE 5.5; Windows 98)"
207.13.118.140 - - [25/Feb/2004:19:56:55 -0800] "GET /ncaa/pdf/brackets/NCAA%202000.pdf HTTP/1.1" 206 1024 "-" "Mozilla/4.0 (compatible; MSIE 5.5; Windows 98)"
207.13.118.140 - - [25/Feb/2004:19:56:58 -0800] "GET /ncaa/pdf/brackets/NCAA%202000.pdf HTTP/1.1" 206 378 "-" "Mozilla/4.0 (compatible; MSIE 5.5; Windows 98)"
207.13.118.140 - - [25/Feb/2004:19:57:56 -0800] "GET /ncaa/pdf/brackets/NCAA%202001.pdf HTTP/1.1" 206 136579 "http://www.wrestlingstats.com/ncaa/brackets.htm" "Mozilla/4.0 (compatible; MSIE 5.5; Windows 98)"
207.13.118.140 - - [25/Feb/2004:19:57:59 -0800] "GET /ncaa/pdf/brackets/NCAA%202001.pdf HTTP/1.1" 206 136035 "-" "contype"
207.13.118.140 - - [25/Feb/2004:19:58:04 -0800] "GET /ncaa/pdf/brackets/NCAA%202001.pdf HTTP/1.1" 206 136035 "-" "Mozilla/4.0 (compatible; MSIE 5.5; Windows 98)"
207.13.118.140 - - [25/Feb/2004:19:58:07 -0800] "GET /ncaa/pdf/brackets/NCAA%202001.pdf HTTP/1.1" 206 131541 "-" "Mozilla/4.0 (compatible; MSIE 5.5; Windows 98)"
160.39.213.27 - - [25/Feb/2004:19:58:32 -0800] "GET / HTTP/1.1" 200 1754 "-" "Mozilla/4.0 (compatible; MSIE 6.0; Windows NT 5.1)"
160.39.213.27 - - [25/Feb/2004:19:58:32 -0800] "GET /NCAA2003.jpg HTTP/1.1" 200 84807 "http://www.wrestlingstats.com/" "Mozilla/4.0 (compatible; MSIE 6.0; Windows NT 5.1)"
160.39.213.27 - - [25/Feb/2004:19:58:33 -0800] "GET /apPopupMenu.class HTTP/1.1" 200 19469 "-" "Mozilla/4.0 (compatible; MSIE 6.0; Win32)"
160.39.213.27 - - [25/Feb/2004:19:58:33 -0800] "GET /images/home32.gif HTTP/1.1" 200 287 "-" "Mozilla/4.0 (compatible; MSIE 6.0; Win32)"
160.39.213.27 - - [25/Feb/2004:19:58:34 -0800] "GET /images/mail32.gif HTTP/1.1" 200 317 "-" "Mozilla/4.0 (compatible; MSIE 6.0; Win32)"
160.39.213.27 - - [25/Feb/2004:19:59:31 -0800] "GET /apPopupMenuBeanInfo.class HTTP/1.1" 404 363 "-" "Mozilla/4.0 (compatible; MSIE 6.0; Win32)"
160.39.213.27 - - [25/Feb/2004:19:59:31 -0800] "GET /apPopupMenu$COMClassObject.class HTTP/1.1" 404 363 "-" "Mozilla/4.0 (compatible; MSIE 6.0; Win32)"
160.39.213.27 - - [25/Feb/2004:19:59:33 -0800] "GET /ncaa/brackets.htm HTTP/1.1" 200 2798 "-" "Mozilla/4.0 (compatible; MSIE 6.0; Windows NT 5.1)"
207.13.118.140 - - [25/Feb/2004:19:59:34 -0800] "GET /ncaa/pdf/brackets/NCAA%201997.pdf HTTP/1.1" 206 222590 "http://www.wrestlingstats.com/ncaa/brackets.htm" "Mozilla/4.0 (compatible; MSIE 5.5; Windows 98)"
160.39.213.27 - - [25/Feb/2004:19:59:36 -0800] "GET /ncaa/pdf/brackets/NCAA%201996.pdf HTTP/1.1" 200 230299 "http://www.wrestlingstats.com/ncaa/brackets.htm" "Mozilla/4.0 (compatible; MSIE 6.0; Windows NT 5.1)"
160.39.213.27 - - [25/Feb/2004:19:59:36 -0800] "GET /ncaa/pdf/brackets/NCAA%201996.pdf HTTP/1.1" 206 226148 "-" "Mozilla/4.0 (compatible; MSIE 6.0; Windows NT 5.1)"
160.39.213.27 - - [25/Feb/2004:19:59:38 -0800] "GET /ncaa/pdf/brackets/NCAA%201996.pdf HTTP/1.1" 206 196444 "-" "Mozilla/4.0 (compatible; MSIE 6.0; Windows NT 5.1)"
207.13.118.140 - - [25/Feb/2004:19:59:38 -0800] "GET /ncaa/pdf/brackets/NCAA%201997.pdf HTTP/1.1" 206 222046 "-" "contype"
207.13.118.140 - - [25/Feb/2004:19:59:42 -0800] "GET /ncaa/pdf/brackets/NCAA%201997.pdf HTTP/1.1" 206 222046 "-" "Mozilla/4.0 (compatible; MSIE 5.5; Windows 98)"
207.13.118.140 - - [25/Feb/2004:19:59:45 -0800] "GET /ncaa/pdf/brackets/NCAA%201997.pdf HTTP/1.1" 206 93436 "-" "Mozilla/4.0 (compatible; MSIE 5.5; Windows 98)"
207.13.118.140 - - [25/Feb/2004:19:59:45 -0800] "GET /ncaa/pdf/brackets/NCAA%201997.pdf HTTP/1.1" 206 839 "-" "Mozilla/4.0 (compatible; MSIE 5.5; Windows 98)"
207.13.118.140 - - [25/Feb/2004:19:59:48 -0800] "GET /ncaa/pdf/brackets/NCAA%201997.pdf HTTP/1.1" 206 1024 "-" "Mozilla/4.0 (compatible; MSIE 5.5; Windows 98)"
207.13.118.140 - - [25/Feb/2004:19:59:52 -0800] "GET /ncaa/pdf/brackets/NCAA%201997.pdf HTTP/1.1" 206 378 "-" "Mozilla/4.0 (compatible; MSIE 5.5; Windows 98)"
160.39.213.27 - - [25/Feb/2004:19:59:56 -0800] "GET /ncaa/pdf/brackets/NCAA%201995.pdf HTTP/1.1" 200 227502 "http://www.wrestlingstats.com/ncaa/brackets.htm" "Mozilla/4.0 (compatible; MSIE 6.0; Windows NT 5.1)"
160.39.213.27 - - [25/Feb/2004:19:59:56 -0800] "GET /ncaa/pdf/brackets/NCAA%201995.pdf HTTP/1.1" 206 223351 "-" "Mozilla/4.0 (compatible; MSIE 6.0; Windows NT 5.1)"
160.39.213.27 - - [25/Feb/2004:20:00:00 -0800] "GET /ncaa/pdf/brackets/NCAA%201993.pdf HTTP/1.1" 200 228307 "http://www.wrestlingstats.com/ncaa/brackets.htm" "Mozilla/4.0 (compatible; MSIE 6.0; Windows NT 5.1)"
160.39.213.27 - - [25/Feb/2004:20:00:00 -0800] "GET /ncaa/pdf/brackets/NCAA%201993.pdf HTTP/1.1" 206 224155 "-" "Mozilla/4.0 (compatible; MSIE 6.0; Windows NT 5.1)"
160.39.213.27 - - [25/Feb/2004:20:00:39 -0800] "GET /ncaa/pdf/brackets/NCAA%201992.pdf HTTP/1.1" 200 225940 "http://www.wrestlingstats.com/ncaa/brackets.htm" "Mozilla/4.0 (compatible; MSIE 6.0; Windows NT 5.1)"
160.39.213.27 - - [25/Feb/2004:20:00:39 -0800] "GET /ncaa/pdf/brackets/NCAA%201992.pdf HTTP/1.1" 206 217748 "-" "Mozilla/4.0 (compatible; MSIE 6.0; Windows NT 5.1)"
160.39.213.27 - - [25/Feb/2004:20:00:51 -0800] "GET /ncaa/pdf/brackets/NCAA%201991.pdf HTTP/1.1" 200 229431 "http://www.wrestlingstats.com/ncaa/brackets.htm" "Mozilla/4.0 (compatible; MSIE 6.0; Windows NT 5.1)"
160.39.213.27 - - [25/Feb/2004:20:00:51 -0800] "GET /ncaa/pdf/brackets/NCAA%201991.pdf HTTP/1.1" 206 225280 "-" "Mozilla/4.0 (compatible; MSIE 6.0; Windows NT 5.1)"
207.13.118.140 - - [25/Feb/2004:20:01:03 -0800] "GET /ncaa/pdf/brackets/NCAA%201996.pdf HTTP/1.1" 206 226448 "-" "Mozilla/4.0 (compatible; MSIE 5.5; Windows 98)"
207.13.118.140 - - [25/Feb/2004:20:01:06 -0800] "GET /ncaa/pdf/brackets/NCAA%201996.pdf HTTP/1.1" 206 98738 "-" "Mozilla/4.0 (compatible; MSIE 5.5; Windows 98)"
207.13.118.140 - - [25/Feb/2004:20:01:06 -0800] "GET /ncaa/pdf/brackets/NCAA%201996.pdf HTTP/1.1" 206 839 "-" "Mozilla/4.0 (compatible; MSIE 5.5; Windows 98)"
207.13.118.140 - - [25/Feb/2004:20:01:09 -0800] "GET /ncaa/pdf/brackets/NCAA%201996.pdf HTTP/1.1" 206 1024 "-" "Mozilla/4.0 (compatible; MSIE 5.5; Windows 98)"
207.13.118.140 - - [25/Feb/2004:20:01:12 -0800] "GET /ncaa/pdf/brackets/NCAA%201996.pdf HTTP/1.1" 206 378 "-" "Mozilla/4.0 (compatible; MSIE 5.5; Windows 98)"
160.39.213.27 - - [25/Feb/2004:20:03:26 -0800] "GET /ncaa/pdf/brackets/NCAA%201994.pdf HTTP/1.1" 200 226551 "http://www.wrestlingstats.com/ncaa/brackets.htm" "Mozilla/4.0 (compatible; MSIE 6.0; Windows NT 5.1)"
160.39.213.27 - - [25/Feb/2004:20:03:26 -0800] "GET /ncaa/pdf/brackets/NCAA%201994.pdf HTTP/1.1" 206 222401 "-" "Mozilla/4.0 (compatible; MSIE 6.0; Windows NT 5.1)"
160.39.213.27 - - [25/Feb/2004:20:04:02 -0800] "GET /ncaa/pdf/brackets/NCAA%201995.pdf HTTP/1.1" 206 121434 "http://www.wrestlingstats.com/ncaa/brackets.htm" "Mozilla/4.0 (compatible; MSIE 6.0; Windows NT 5.1)"
160.39.213.27 - - [25/Feb/2004:20:04:02 -0800] "GET /ncaa/pdf/brackets/NCAA%201995.pdf HTTP/1.1" 206 121434 "-" "Mozilla/4.0 (compatible; MSIE 6.0; Windows NT 5.1)"
67.193.66.62 - - [25/Feb/2004:20:06:35 -0800] "GET /eiwa/brackets.htm HTTP/1.1" 200 2415 "http://wrestlingreport.com/Forums/EIWA.mv?parm_func=showmsg+parm_msgnum=1000148" "Mozilla/4.0 (compatible; MSIE 5.5; Windows 98)"
67.193.66.62 - - [25/Feb/2004:20:06:39 -0800] "GET /apPopupMenu.class HTTP/1.1" 200 19469 "-" "Mozilla/4.0 (compatible; MSIE 5.0; Win32)"
67.193.66.62 - - [25/Feb/2004:20:06:44 -0800] "GET /images/home32.gif HTTP/1.1" 200 287 "-" "Mozilla/4.0 (compatible; MSIE 5.0; Win32)"
67.193.66.62 - - [25/Feb/2004:20:06:45 -0800] "GET /images/mail32.gif HTTP/1.1" 200 317 "-" "Mozilla/4.0 (compatible; MSIE 5.0; Win32)"
160.39.213.27 - - [25/Feb/2004:20:06:49 -0800] "GET /ncaa/pdf/brackets/NCAA%201981.pdf HTTP/1.1" 200 228281 "http://www.wrestlingstats.com/ncaa/brackets.htm" "Mozilla/4.0 (compatible; MSIE 6.0; Windows NT 5.1)"
160.39.213.27 - - [25/Feb/2004:20:06:49 -0800] "GET /ncaa/pdf/brackets/NCAA%201981.pdf HTTP/1.1" 206 224130 "-" "Mozilla/4.0 (compatible; MSIE 6.0; Windows NT 5.1)"
67.193.66.62 - - [25/Feb/2004:20:06:51 -0800] "GET /eiwa/pdf/brackets/EIWA%202001.pdf HTTP/1.1" 200 71223 "http://www.wrestlingstats.com/eiwa/brackets.htm" "Mozilla/4.0 (compatible; MSIE 5.5; Windows 98)"
67.193.66.62 - - [25/Feb/2004:20:06:53 -0800] "GET /eiwa/pdf/brackets/EIWA%202001.pdf HTTP/1.1" 206 70915 "-" "Mozilla/4.0 (compatible; MSIE 5.5; Windows 98)"
67.193.66.62 - - [25/Feb/2004:20:07:02 -0800] "GET /eiwa/pdf/brackets/EIWA%202001.pdf HTTP/1.1" 206 52909 "-" "Mozilla/4.0 (compatible; MSIE 5.5; Windows 98)"
160.39.213.27 - - [25/Feb/2004:20:08:09 -0800] "GET /ncaa/pdf/brackets/NCAA%201972.pdf HTTP/1.1" 200 217006 "http://www.wrestlingstats.com/ncaa/brackets.htm" "Mozilla/4.0 (compatible; MSIE 6.0; Windows NT 5.1)"
160.39.213.27 - - [25/Feb/2004:20:08:09 -0800] "GET /ncaa/pdf/brackets/NCAA%201972.pdf HTTP/1.1" 206 209935 "-" "Mozilla/4.0 (compatible; MSIE 6.0; Windows NT 5.1)"
160.39.213.27 - - [25/Feb/2004:20:08:12 -0800] "GET /ncaa/pdf/brackets/NCAA%201972.pdf HTTP/1.1" 206 206697 "-" "Mozilla/4.0 (compatible; MSIE 6.0; Windows NT 5.1)"
160.39.213.27 - - [25/Feb/2004:20:08:29 -0800] "GET /ncaa/pdf/brackets/NCAA%201971.pdf HTTP/1.1" 200 193019 "http://www.wrestlingstats.com/ncaa/brackets.htm" "Mozilla/4.0 (compatible; MSIE 6.0; Windows NT 5.1)"
160.39.213.27 - - [25/Feb/2004:20:08:29 -0800] "GET /ncaa/pdf/brackets/NCAA%201971.pdf HTTP/1.1" 206 188868 "-" "Mozilla/4.0 (compatible; MSIE 6.0; Windows NT 5.1)"
160.39.213.27 - - [25/Feb/2004:20:08:29 -0800] "GET /ncaa/pdf/brackets/NCAA%201971.pdf HTTP/1.1" 206 185629 "-" "Mozilla/4.0 (compatible; MSIE 6.0; Windows NT 5.1)"
160.39.213.27 - - [25/Feb/2004:20:08:40 -0800] "GET /ncaa/pdf/brackets/NCAA%201970.pdf HTTP/1.1" 200 215841 "http://www.wrestlingstats.com/ncaa/brackets.htm" "Mozilla/4.0 (compatible; MSIE 6.0; Windows NT 5.1)"
160.39.213.27 - - [25/Feb/2004:20:08:40 -0800] "GET /ncaa/pdf/brackets/NCAA%201970.pdf HTTP/1.1" 206 211690 "-" "Mozilla/4.0 (compatible; MSIE 6.0; Windows NT 5.1)"
160.39.213.27 - - [25/Feb/2004:20:08:40 -0800] "GET /ncaa/pdf/brackets/NCAA%201970.pdf HTTP/1.1" 206 208451 "-" "Mozilla/4.0 (compatible; MSIE 6.0; Windows NT 5.1)"
160.39.213.27 - - [25/Feb/2004:20:09:44 -0800] "GET /ncaa/pdf/NCAA%20Bout%20Scoring.pdf HTTP/1.1" 200 46083 "http://www.wrestlingstats.com/ncaa/brackets.htm" "Mozilla/4.0 (compatible; MSIE 6.0; Windows NT 5.1)"
160.39.213.27 - - [25/Feb/2004:20:09:45 -0800] "GET /ncaa/pdf/NCAA%20Bout%20Scoring.pdf HTTP/1.1" 206 41930 "-" "Mozilla/4.0 (compatible; MSIE 6.0; Windows NT 5.1)"
160.39.213.27 - - [25/Feb/2004:20:09:45 -0800] "GET /ncaa/pdf/NCAA%20Bout%20Scoring.pdf HTTP/1.1" 206 32373 "-" "Mozilla/4.0 (compatible; MSIE 6.0; Windows NT 5.1)"
64.12.113.152 - - [25/Feb/2004:20:12:25 -0800] "GET /eiwa/brackets.htm HTTP/1.0" 200 11529 "http://wrestlingreport.com/Forums/EIWA.mv?parm_func=showmsg+parm_msgnum=1000148" "Mozilla/4.0 (compatible; MSIE 4.01; AOL 5.0; Mac_PPC)"
160.39.213.27 - - [25/Feb/2004:20:12:25 -0800] "GET /ncaa/pdf/brackets/NCAA%201951.pdf HTTP/1.1" 200 157907 "http://www.wrestlingstats.com/ncaa/brackets.htm" "Mozilla/4.0 (compatible; MSIE 6.0; Windows NT 5.1)"
160.39.213.27 - - [25/Feb/2004:20:12:25 -0800] "GET /ncaa/pdf/brackets/NCAA%201951.pdf HTTP/1.1" 206 153756 "-" "Mozilla/4.0 (compatible; MSIE 6.0; Windows NT 5.1)"
160.39.213.27 - - [25/Feb/2004:20:12:25 -0800] "GET /ncaa/pdf/brackets/NCAA%201951.pdf HTTP/1.1" 206 150329 "-" "Mozilla/4.0 (compatible; MSIE 6.0; Windows NT 5.1)"
172.169.35.70 - - [25/Feb/2004:20:12:30 -0800] "GET /apPopupMenu.class HTTP/1.0" 200 19469 "-" "Java1.1.7"
172.169.35.70 - - [25/Feb/2004:20:12:34 -0800] "GET /images/home32.gif HTTP/1.0" 200 287 "-" "Java1.1.7"
172.169.35.70 - - [25/Feb/2004:20:12:36 -0800] "GET /images/mail32.gif HTTP/1.0" 200 317 "-" "Java1.1.7"
64.12.96.42 - - [25/Feb/2004:20:12:37 -0800] "GET /eiwa/pdf/brackets/EIWA%202003.pdf HTTP/1.0" 200 70502 "http://www.wrestlingstats.com/eiwa/brackets.htm" "Mozilla/4.0 (compatible; MSIE 4.01; AOL 5.0; Mac_PPC)"
160.39.213.27 - - [25/Feb/2004:20:13:22 -0800] "GET /ncaa/pdf/brackets/NCAA%201975.pdf HTTP/1.1" 200 131072 "http://www.wrestlingstats.com/ncaa/brackets.htm" "Mozilla/4.0 (compatible; MSIE 6.0; Windows NT 5.1)"
160.39.213.27 - - [25/Feb/2004:20:13:22 -0800] "GET /ncaa/pdf/brackets/NCAA%201975.pdf HTTP/1.1" 206 215158 "-" "Mozilla/4.0 (compatible; MSIE 6.0; Windows NT 5.1)"
160.39.213.27 - - [25/Feb/2004:20:13:22 -0800] "GET /ncaa/pdf/brackets/NCAA%201975.pdf HTTP/1.1" 206 212068 "-" "Mozilla/4.0 (compatible; MSIE 6.0; Windows NT 5.1)"
67.193.66.62 - - [25/Feb/2004:20:13:43 -0800] "GET /ncaa/brackets.htm HTTP/1.1" 200 2797 "-" "Mozilla/4.0 (compatible; MSIE 5.5; Windows 98)"
67.193.66.62 - - [25/Feb/2004:20:13:48 -0800] "GET /ncaa/pdf/brackets/NCAA%202001.pdf HTTP/1.1" 200 144227 "http://www.wrestlingstats.com/ncaa/brackets.htm" "Mozilla/4.0 (compatible; MSIE 5.5; Windows 98)"
67.193.66.62 - - [25/Feb/2004:20:13:49 -0800] "GET /ncaa/pdf/brackets/NCAA%202001.pdf HTTP/1.1" 206 143920 "-" "Mozilla/4.0 (compatible; MSIE 5.5; Windows 98)"
67.193.66.62 - - [25/Feb/2004:20:13:52 -0800] "GET /ncaa/pdf/brackets/NCAA%202001.pdf HTTP/1.1" 206 143800 "-" "Mozilla/4.0 (compatible; MSIE 5.5; Windows 98)"
68.71.42.18 - - [25/Feb/2004:20:15:00 -0800] "GET / HTTP/1.1" 200 1753 "-" "Mozilla/4.0 (compatible; MSIE 5.5; Windows 98; Win 9x 4.90)"
68.71.42.18 - - [25/Feb/2004:20:15:01 -0800] "GET /NCAA2003.jpg HTTP/1.1" 200 84807 "http://www.wrestlingstats.com/" "Mozilla/4.0 (compatible; MSIE 5.5; Windows 98; Win 9x 4.90)"
68.71.42.18 - - [25/Feb/2004:20:15:19 -0800] "GET /apPopupMenu.class HTTP/1.1" 200 19469 "-" "Mozilla/4.0 (Windows Me 4.90)"
68.71.42.18 - - [25/Feb/2004:20:15:27 -0800] "GET /images/home32.gif HTTP/1.1" 200 287 "-" "Mozilla/4.0 (Windows Me 4.90)"
68.71.42.18 - - [25/Feb/2004:20:15:28 -0800] "GET /images/mail32.gif HTTP/1.1" 200 317 "-" "Mozilla/4.0 (Windows Me 4.90)"
68.71.42.18 - - [25/Feb/2004:20:17:15 -0800] "GET /ncaa/brackets.htm HTTP/1.1" 200 2797 "-" "Mozilla/4.0 (compatible; MSIE 5.5; Windows 98; Win 9x 4.90)"
68.71.42.18 - - [25/Feb/2004:20:17:57 -0800] "GET /ncaa/pdf/brackets/NCAA%201990.pdf HTTP/1.1" 200 232154 "http://www.wrestlingstats.com/ncaa/brackets.htm" "Mozilla/4.0 (compatible; MSIE 5.5; Windows 98; Win 9x 4.90)"
68.71.42.18 - - [25/Feb/2004:20:17:58 -0800] "GET /ncaa/pdf/brackets/NCAA%201990.pdf HTTP/1.1" 206 228003 "-" "Mozilla/4.0 (compatible; MSIE 5.5; Windows 98; Win 9x 4.90)"
68.68.70.4 - - [25/Feb/2004:20:18:16 -0800] "GET / HTTP/1.1" 200 1755 "http://wrestlingreport.com/" "Mozilla/4.0 (compatible; MSIE 6.0; Windows NT 5.0; .NET CLR 1.1.4322)"
68.68.70.4 - - [25/Feb/2004:20:18:16 -0800] "GET /NCAA2003.jpg HTTP/1.1" 200 84807 "http://www.wrestlingstats.com/" "Mozilla/4.0 (compatible; MSIE 6.0; Windows NT 5.0; .NET CLR 1.1.4322)"
68.68.70.4 - - [25/Feb/2004:20:18:18 -0800] "GET /apPopupMenu.class HTTP/1.1" 200 19469 "-" "Java 1.1"
68.68.70.4 - - [25/Feb/2004:20:18:19 -0800] "GET /images/home32.gif HTTP/1.1" 200 287 "-" "Java 1.1"
68.68.70.4 - - [25/Feb/2004:20:18:19 -0800] "GET /images/mail32.gif HTTP/1.1" 200 317 "-" "Java 1.1"
68.68.70.4 - - [25/Feb/2004:20:18:35 -0800] "GET /ncaa/home.htm HTTP/1.1" 200 2391 "-" "Mozilla/4.0 (compatible; MSIE 6.0; Windows NT 5.0; .NET CLR 1.1.4322)"
68.68.70.4 - - [25/Feb/2004:20:18:35 -0800] "GET /ncaa/pix/home.gif HTTP/1.1" 404 363 "-" "Java 1.1"
68.68.70.4 - - [25/Feb/2004:20:18:35 -0800] "GET /ncaa/ncaa02.jpg HTTP/1.1" 200 81812 "http://www.wrestlingstats.com/ncaa/home.htm" "Mozilla/4.0 (compatible; MSIE 6.0; Windows NT 5.0; .NET CLR 1.1.4322)"
68.68.70.4 - - [25/Feb/2004:20:18:36 -0800] "GET /ncaa/apbfind.gif HTTP/1.1" 200 89 "-" "Java 1.1"
68.68.70.4 - - [25/Feb/2004:20:19:02 -0800] "GET /ncaa/brackets.htm HTTP/1.1" 200 2798 "-" "Mozilla/4.0 (compatible; MSIE 6.0; Windows NT 5.0; .NET CLR 1.1.4322)"
68.68.70.4 - - [25/Feb/2004:20:19:07 -0800] "GET /ncaa/pdf/brackets/NCAA%202003.pdf HTTP/1.1" 200 144218 "http://www.wrestlingstats.com/ncaa/brackets.htm" "Mozilla/4.0 (compatible; MSIE 6.0; Windows NT 5.0; .NET CLR 1.1.4322)"
68.68.70.4 - - [25/Feb/2004:20:19:40 -0800] "GET /ncaa/ncaa.htm HTTP/1.1" 200 1797 "-" "Mozilla/4.0 (compatible; MSIE 6.0; Windows NT 5.0; .NET CLR 1.1.4322)"
68.68.70.4 - - [25/Feb/2004:20:19:47 -0800] "GET /ncaa/pdf/Champs%20by%20School.pdf HTTP/1.1" 200 57751 "http://www.wrestlingstats.com/ncaa/ncaa.htm" "Mozilla/4.0 (compatible; MSIE 6.0; Windows NT 5.0; .NET CLR 1.1.4322)"
68.68.70.4 - - [25/Feb/2004:20:19:51 -0800] "GET /ncaa/home.htm HTTP/1.1" 304 - "http://www.wrestlingstats.com/ncaa/ncaa.htm" "Mozilla/4.0 (compatible; MSIE 6.0; Windows NT 5.0; .NET CLR 1.1.4322)"
68.68.70.4 - - [25/Feb/2004:20:19:51 -0800] "GET /ncaa/ncaa02.jpg HTTP/1.1" 304 - "http://www.wrestlingstats.com/ncaa/home.htm" "Mozilla/4.0 (compatible; MSIE 6.0; Windows NT 5.0; .NET CLR 1.1.4322)"
68.68.70.4 - - [25/Feb/2004:20:19:56 -0800] "GET / HTTP/1.1" 304 - "http://wrestlingreport.com/" "Mozilla/4.0 (compatible; MSIE 6.0; Windows NT 5.0; .NET CLR 1.1.4322)"
68.68.70.4 - - [25/Feb/2004:20:19:57 -0800] "GET /NCAA2003.jpg HTTP/1.1" 304 - "http://www.wrestlingstats.com/" "Mozilla/4.0 (compatible; MSIE 6.0; Windows NT 5.0; .NET CLR 1.1.4322)"
160.39.213.27 - - [25/Feb/2004:20:20:59 -0800] "GET / HTTP/1.1" 200 1755 "-" "Mozilla/4.0 (compatible; MSIE 6.0; Windows NT 5.1)"
160.39.213.27 - - [25/Feb/2004:20:21:00 -0800] "GET /NCAA2003.jpg HTTP/1.1" 200 84807 "http://www.wrestlingstats.com/" "Mozilla/4.0 (compatible; MSIE 6.0; Windows NT 5.1)"
160.39.213.27 - - [25/Feb/2004:20:21:16 -0800] "GET /apPopupMenu$COMClassObject.class HTTP/1.1" 404 363 "-" "Mozilla/4.0 (compatible; MSIE 6.0; Win32)"
160.39.213.27 - - [25/Feb/2004:20:21:20 -0800] "GET /ncaa/pdf/brackets/NCAA%202002.pdf HTTP/1.1" 200 196608 "http://www.wrestlingstats.com/ncaa/brackets.htm" "Mozilla/4.0 (compatible; MSIE 6.0; Windows NT 5.1)"
160.39.213.27 - - [25/Feb/2004:20:21:21 -0800] "GET /ncaa/pdf/brackets/NCAA%202002.pdf HTTP/1.1" 206 226317 "-" "Mozilla/4.0 (compatible; MSIE 6.0; Windows NT 5.1)"
67.193.66.62 - - [25/Feb/2004:20:21:46 -0800] "GET /ncaa/pdf/brackets/NCAA%201997.pdf HTTP/1.1" 200 230238 "http://www.wrestlingstats.com/ncaa/brackets.htm" "Mozilla/4.0 (compatible; MSIE 5.5; Windows 98)"
67.193.66.62 - - [25/Feb/2004:20:21:48 -0800] "GET /ncaa/pdf/brackets/NCAA%201997.pdf HTTP/1.1" 206 225643 "-" "Mozilla/4.0 (compatible; MSIE 5.5; Windows 98)"
67.193.66.62 - - [25/Feb/2004:20:21:50 -0800] "GET /ncaa/pdf/brackets/NCAA%201997.pdf HTTP/1.1" 206 103795 "-" "Mozilla/4.0 (compatible; MSIE 5.5; Windows 98)"
68.71.42.18 - - [25/Feb/2004:20:23:51 -0800] "GET / HTTP/1.1" 304 - "-" "Mozilla/4.0 (compatible; MSIE 5.5; Windows 98; Win 9x 4.90)"
68.71.42.18 - - [25/Feb/2004:20:23:51 -0800] "GET /NCAA2003.jpg HTTP/1.1" 304 - "http://www.wrestlingstats.com/" "Mozilla/4.0 (compatible; MSIE 5.5; Windows 98; Win 9x 4.90)"
68.71.42.18 - - [25/Feb/2004:20:23:57 -0800] "GET /apPopupMenu.class HTTP/1.1" 200 19469 "-" "Mozilla/4.0 (Windows Me 4.90)"
68.71.42.18 - - [25/Feb/2004:20:24:08 -0800] "GET /images/home32.gif HTTP/1.1" 200 287 "-" "Mozilla/4.0 (Windows Me 4.90)"
68.71.42.18 - - [25/Feb/2004:20:24:10 -0800] "GET /images/mail32.gif HTTP/1.1" 200 317 "-" "Mozilla/4.0 (Windows Me 4.90)"
67.193.66.62 - - [25/Feb/2004:20:24:12 -0800] "GET /ncaa/pdf/brackets/NCAA%201997.pdf HTTP/1.1" 206 56561 "-" "Mozilla/4.0 (compatible; MSIE 5.5; Windows 98)"
68.71.42.18 - - [25/Feb/2004:20:24:14 -0800] "GET /ncaa/brackets.htm HTTP/1.1" 304 - "-" "Mozilla/4.0 (compatible; MSIE 5.5; Windows 98; Win 9x 4.90)"
68.71.42.18 - - [25/Feb/2004:20:24:29 -0800] "GET /ncaa/pdf/brackets/NCAA%201990.pdf HTTP/1.1" 200 232154 "-" "Mozilla/4.0 (compatible; MSIE 5.5; Windows 98; Win 9x 4.90)"
67.193.66.62 - - [25/Feb/2004:20:24:41 -0800] "GET /ncaa/pdf/brackets/NCAA%201997.pdf HTTP/1.1" 206 3250 "-" "Mozilla/4.0 (compatible; MSIE 5.5; Windows 98)"
68.71.42.18 - - [25/Feb/2004:20:24:42 -0800] "GET /ncaa/pdf/brackets/NCAA%201989.pdf HTTP/1.1" 200 253042 "-" "Mozilla/4.0 (compatible; MSIE 5.5; Windows 98; Win 9x 4.90)"
67.193.66.62 - - [25/Feb/2004:20:24:48 -0800] "GET /ncaa/pdf/brackets/NCAA%201997.pdf HTTP/1.1" 206 4790 "-" "Mozilla/4.0 (compatible; MSIE 5.5; Windows 98)"
68.71.42.18 - - [25/Feb/2004:20:24:54 -0800] "GET /ncaa/pdf/NCAA%20Bout%20Scoring.pdf HTTP/1.1" 200 46083 "http://www.wrestlingstats.com/ncaa/brackets.htm" "Mozilla/4.0 (compatible; MSIE 5.5; Windows 98; Win 9x 4.90)"
68.71.42.18 - - [25/Feb/2004:20:24:54 -0800] "GET /ncaa/pdf/NCAA%20Bout%20Scoring.pdf HTTP/1.1" 206 41930 "-" "Mozilla/4.0 (compatible; MSIE 5.5; Windows 98; Win 9x 4.90)"
67.193.66.62 - - [25/Feb/2004:20:25:08 -0800] "GET /ncaa/pdf/brackets/NCAA%201997.pdf HTTP/1.1" 206 2984 "-" "Mozilla/4.0 (compatible; MSIE 5.5; Windows 98)"
67.193.66.62 - - [25/Feb/2004:20:25:14 -0800] "GET /ncaa/pdf/brackets/NCAA%201997.pdf HTTP/1.1" 206 602 "-" "Mozilla/4.0 (compatible; MSIE 5.5; Windows 98)"
67.193.66.62 - - [25/Feb/2004:20:25:17 -0800] "GET /ncaa/pdf/brackets/NCAA%201997.pdf HTTP/1.1" 206 2768 "-" "Mozilla/4.0 (compatible; MSIE 5.5; Windows 98)"
67.193.66.62 - - [25/Feb/2004:20:25:29 -0800] "GET /ncaa/pdf/brackets/NCAA%201997.pdf HTTP/1.1" 206 3025 "-" "Mozilla/4.0 (compatible; MSIE 5.5; Windows 98)"
67.193.66.62 - - [25/Feb/2004:20:25:37 -0800] "GET /ncaa/pdf/brackets/NCAA%201997.pdf HTTP/1.1" 206 601 "-" "Mozilla/4.0 (compatible; MSIE 5.5; Windows 98)"
67.193.66.62 - - [25/Feb/2004:20:25:40 -0800] "GET /ncaa/pdf/brackets/NCAA%201997.pdf HTTP/1.1" 206 2720 "-" "Mozilla/4.0 (compatible; MSIE 5.5; Windows 98)"
68.71.42.18 - - [25/Feb/2004:20:25:52 -0800] "GET / HTTP/1.1" 304 - "-" "Mozilla/4.0 (compatible; MSIE 5.5; Windows 98; Win 9x 4.90)"
68.71.42.18 - - [25/Feb/2004:20:25:53 -0800] "GET /NCAA2003.jpg HTTP/1.1" 304 - "http://www.wrestlingstats.com/" "Mozilla/4.0 (compatible; MSIE 5.5; Windows 98; Win 9x 4.90)"
68.71.42.18 - - [25/Feb/2004:20:25:56 -0800] "GET /apPopupMenu.class HTTP/1.1" 200 19469 "-" "Mozilla/4.0 (Windows Me 4.90)"
68.71.42.18 - - [25/Feb/2004:20:25:58 -0800] "GET /images/home32.gif HTTP/1.1" 200 287 "-" "Mozilla/4.0 (Windows Me 4.90)"
68.71.42.18 - - [25/Feb/2004:20:25:58 -0800] "GET /images/mail32.gif HTTP/1.1" 200 317 "-" "Mozilla/4.0 (Windows Me 4.90)"
68.71.42.18 - - [25/Feb/2004:20:26:01 -0800] "GET /ncaa/brackets.htm HTTP/1.1" 304 - "-" "Mozilla/4.0 (compatible; MSIE 5.5; Windows 98; Win 9x 4.90)"
67.193.66.62 - - [25/Feb/2004:20:26:01 -0800] "GET /ncaa/pdf/brackets/NCAA%201997.pdf HTTP/1.1" 206 2982 "-" "Mozilla/4.0 (compatible; MSIE 5.5; Windows 98)"
68.71.42.18 - - [25/Feb/2004:20:26:06 -0800] "GET /ncaa/pdf/NCAA%20Bout%20Scoring.pdf HTTP/1.1" 200 46083 "-" "Mozilla/4.0 (compatible; MSIE 5.5; Windows 98; Win 9x 4.90)"
67.193.66.62 - - [25/Feb/2004:20:26:11 -0800] "GET /ncaa/pdf/brackets/NCAA%201997.pdf HTTP/1.1" 206 601 "-" "Mozilla/4.0 (compatible; MSIE 5.5; Windows 98)"
68.71.42.18 - - [25/Feb/2004:20:26:23 -0800] "GET /ncaa/ncaa.htm HTTP/1.1" 200 1797 "-" "Mozilla/4.0 (compatible; MSIE 5.5; Windows 98; Win 9x 4.90)"
67.193.66.62 - - [25/Feb/2004:20:26:23 -0800] "GET /ncaa/pdf/brackets/NCAA%201997.pdf HTTP/1.1" 206 2777 "-" "Mozilla/4.0 (compatible; MSIE 5.5; Windows 98)"
67.193.66.62 - - [25/Feb/2004:20:26:50 -0800] "GET /ncaa/pdf/brackets/NCAA%201997.pdf HTTP/1.1" 206 3028 "-" "Mozilla/4.0 (compatible; MSIE 5.5; Windows 98)"
67.193.66.62 - - [25/Feb/2004:20:27:11 -0800] "GET /ncaa/pdf/brackets/NCAA%201997.pdf HTTP/1.1" 206 1018 "-" "Mozilla/4.0 (compatible; MSIE 5.5; Windows 98)"
67.193.66.62 - - [25/Feb/2004:20:27:16 -0800] "GET /ncaa/pdf/brackets/NCAA%201997.pdf HTTP/1.1" 206 2783 "-" "Mozilla/4.0 (compatible; MSIE 5.5; Windows 98)"
67.193.66.62 - - [25/Feb/2004:20:27:32 -0800] "GET /ncaa/pdf/brackets/NCAA%201997.pdf HTTP/1.1" 206 2942 "-" "Mozilla/4.0 (compatible; MSIE 5.5; Windows 98)"
67.193.66.62 - - [25/Feb/2004:20:27:41 -0800] "GET /ncaa/pdf/brackets/NCAA%201997.pdf HTTP/1.1" 206 602 "-" "Mozilla/4.0 (compatible; MSIE 5.5; Windows 98)"
67.193.66.62 - - [25/Feb/2004:20:27:44 -0800] "GET /ncaa/pdf/brackets/NCAA%201997.pdf HTTP/1.1" 206 2767 "-" "Mozilla/4.0 (compatible; MSIE 5.5; Windows 98)"
67.193.66.62 - - [25/Feb/2004:20:27:58 -0800] "GET /ncaa/pdf/brackets/NCAA%201997.pdf HTTP/1.1" 206 2970 "-" "Mozilla/4.0 (compatible; MSIE 5.5; Windows 98)"
67.193.66.62 - - [25/Feb/2004:20:28:03 -0800] "GET /ncaa/pdf/brackets/NCAA%201997.pdf HTTP/1.1" 206 1038 "-" "Mozilla/4.0 (compatible; MSIE 5.5; Windows 98)"
67.193.66.62 - - [25/Feb/2004:20:28:09 -0800] "GET /ncaa/pdf/brackets/NCAA%201997.pdf HTTP/1.1" 206 2755 "-" "Mozilla/4.0 (compatible; MSIE 5.5; Windows 98)"
67.193.66.62 - - [25/Feb/2004:20:28:51 -0800] "GET /ncaa/pdf/brackets/NCAA%201997.pdf HTTP/1.1" 206 3032 "-" "Mozilla/4.0 (compatible; MSIE 5.5; Windows 98)"
67.193.66.62 - - [25/Feb/2004:20:28:58 -0800] "GET /ncaa/pdf/brackets/NCAA%201997.pdf HTTP/1.1" 206 603 "-" "Mozilla/4.0 (compatible; MSIE 5.5; Windows 98)"
67.193.66.62 - - [25/Feb/2004:20:29:01 -0800] "GET /ncaa/pdf/brackets/NCAA%201997.pdf HTTP/1.1" 206 2756 "-" "Mozilla/4.0 (compatible; MSIE 5.5; Windows 98)"
67.193.66.62 - - [25/Feb/2004:20:29:20 -0800] "GET /ncaa/pdf/brackets/NCAA%201997.pdf HTTP/1.1" 206 2995 "-" "Mozilla/4.0 (compatible; MSIE 5.5; Windows 98)"
67.193.66.62 - - [25/Feb/2004:20:29:33 -0800] "GET /ncaa/pdf/brackets/NCAA%201997.pdf HTTP/1.1" 206 1027 "-" "Mozilla/4.0 (compatible; MSIE 5.5; Windows 98)"
67.193.66.62 - - [25/Feb/2004:20:29:38 -0800] "GET /ncaa/pdf/brackets/NCAA%201997.pdf HTTP/1.1" 206 2782 "-" "Mozilla/4.0 (compatible; MSIE 5.5; Windows 98)"
67.193.66.62 - - [25/Feb/2004:20:29:53 -0800] "GET /ncaa/pdf/brackets/NCAA%201997.pdf HTTP/1.1" 206 2995 "-" "Mozilla/4.0 (compatible; MSIE 5.5; Windows 98)"
67.193.66.62 - - [25/Feb/2004:20:30:20 -0800] "GET /ncaa/pdf/brackets/NCAA%201997.pdf HTTP/1.1" 206 1158 "-" "Mozilla/4.0 (compatible; MSIE 5.5; Windows 98)"
67.193.66.62 - - [25/Feb/2004:20:30:29 -0800] "GET /ncaa/pdf/brackets/NCAA%201997.pdf HTTP/1.1" 206 2739 "-" "Mozilla/4.0 (compatible; MSIE 5.5; Windows 98)"
67.193.66.62 - - [25/Feb/2004:20:30:50 -0800] "GET /ncaa/pdf/brackets/NCAA%201997.pdf HTTP/1.1" 206 2822 "-" "Mozilla/4.0 (compatible; MSIE 5.5; Windows 98)"
68.6.129.123 - - [25/Feb/2004:20:31:31 -0800] "GET /eiwa/pdf/brackets/EIWA HTTP/1.1" 404 363 "-" "Mozilla/4.0 (compatible; MSIE 6.0; Windows NT 5.0; FunWebProducts; .NET CLR 1.1.4322)"
68.6.129.123 - - [25/Feb/2004:20:32:34 -0800] "GET /eiwa/pdf/brackets/EIWA HTTP/1.1" 404 363 "-" "Mozilla/4.0 (compatible; MSIE 6.0; Windows NT 5.0; FunWebProducts; .NET CLR 1.1.4322)"
216.114.244.127 - - [25/Feb/2004:20:37:32 -0800] "GET /ncaa/pdf/brackets/NCAA%201966.pdf HTTP/1.1" 200 184930 "http://www.google.com/search?hl=en&lr=&ie=UTF-8&oe=UTF-8&safe=off&q=leon+derock&sa=N&tab=iw" "Mozilla/5.0 (Macintosh; U; PPC Mac OS X; en-us) AppleWebKit/85.7 (KHTML, like Gecko) Safari/85.6"
68.49.68.253 - - [25/Feb/2004:20:39:08 -0800] "GET /ncaa/pdf/brackets/NCAA%201991.pdf HTTP/1.1" 206 221183 "http://www.google.com/search?sourceid=navclient&q=welch+ncaa+wrestling+1991" "Mozilla/4.0 (compatible; MSIE 5.5; Windows 98; Win 9x 4.90; .NET CLR 1.1.4322)"
68.49.68.253 - - [25/Feb/2004:20:39:08 -0800] "GET /ncaa/pdf/brackets/NCAA%201991.pdf HTTP/1.1" 206 221183 "-" "contype"
68.49.68.253 - - [25/Feb/2004:20:39:10 -0800] "GET /ncaa/pdf/brackets/NCAA%201991.pdf HTTP/1.1" 206 221183 "-" "Mozilla/4.0 (compatible; MSIE 5.5; Windows 98; Win 9x 4.90; .NET CLR 1.1.4322)"
68.49.68.253 - - [25/Feb/2004:20:39:10 -0800] "GET /ncaa/pdf/brackets/NCAA%201991.pdf HTTP/1.1" 206 98549 "-" "Mozilla/4.0 (compatible; MSIE 5.5; Windows 98; Win 9x 4.90; .NET CLR 1.1.4322)"
68.49.68.253 - - [25/Feb/2004:20:39:10 -0800] "GET /ncaa/pdf/brackets/NCAA%201991.pdf HTTP/1.1" 206 899 "-" "Mozilla/4.0 (compatible; MSIE 5.5; Windows 98; Win 9x 4.90; .NET CLR 1.1.4322)"
