68.19.85.177 - - [22/Feb/2004:18:07:17 -0800] "GET /ncaa/pdf/brackets/NCAA%201977.pdf HTTP/1.1" 200 225054 "http://www.wrestlingstats.com/ncaa/brackets.htm" "Mozilla/4.0 (compatible; MSIE 6.0; Windows NT 5.1; .NET CLR 1.1.4322)"
68.19.85.177 - - [22/Feb/2004:18:07:17 -0800] "GET /ncaa/pdf/brackets/NCAA%201977.pdf HTTP/1.1" 206 220927 "-" "Mozilla/4.0 (compatible; MSIE 6.0; Windows NT 5.1; .NET CLR 1.1.4322)"
68.125.79.234 - - [22/Feb/2004:18:07:20 -0800] "GET /apPopupMenuBeanInfo.class HTTP/1.1" 404 363 "-" "Java 1.1"
68.125.79.234 - - [22/Feb/2004:18:07:21 -0800] "GET /apPopupMenu$COMClassObject.class HTTP/1.1" 404 363 "-" "Java 1.1"
68.125.79.234 - - [22/Feb/2004:18:07:35 -0800] "GET /apPopupMenu$COMClassObject.class HTTP/1.1" 404 363 "-" "Java 1.1"
68.19.85.177 - - [22/Feb/2004:18:07:39 -0800] "GET /ncaa/pdf/brackets/NCAA%201976.pdf HTTP/1.1" 200 196608 "http://www.wrestlingstats.com/ncaa/brackets.htm" "Mozilla/4.0 (compatible; MSIE 6.0; Windows NT 5.1; .NET CLR 1.1.4322)"
68.19.85.177 - - [22/Feb/2004:18:07:39 -0800] "GET /ncaa/pdf/brackets/NCAA%201976.pdf HTTP/1.1" 206 211636 "-" "Mozilla/4.0 (compatible; MSIE 6.0; Windows NT 5.1; .NET CLR 1.1.4322)"
68.125.79.234 - - [22/Feb/2004:18:07:51 -0800] "GET / HTTP/1.1" 304 - "-" "Mozilla/4.0 (compatible; MSIE 6.0; Windows NT 5.1; sbcydsl 3.12; YComp 5.0.0.0; .NET CLR 1.0.3705; .NET CLR 1.1.4322)"
68.125.79.234 - - [22/Feb/2004:18:07:51 -0800] "GET /NCAA2003.jpg HTTP/1.1" 304 - "http://www.wrestlingstats.com/" "Mozilla/4.0 (compatible; MSIE 6.0; Windows NT 5.1; sbcydsl 3.12; YComp 5.0.0.0; .NET CLR 1.0.3705; .NET CLR 1.1.4322)"
68.125.79.234 - - [22/Feb/2004:18:07:51 -0800] "GET /apPopupMenu.class HTTP/1.1" 304 - "-" "Java 1.1"
68.125.79.234 - - [22/Feb/2004:18:07:51 -0800] "GET /images/home32.gif HTTP/1.1" 304 - "-" "Java 1.1"
68.125.79.234 - - [22/Feb/2004:18:07:54 -0800] "GET /images/mail32.gif HTTP/1.1" 304 - "-" "Java 1.1"
68.125.79.234 - - [22/Feb/2004:18:07:59 -0800] "GET /ncaa/brackets.htm HTTP/1.1" 200 2798 "-" "Mozilla/4.0 (compatible; MSIE 6.0; Windows NT 5.1; sbcydsl 3.12; YComp 5.0.0.0; .NET CLR 1.0.3705; .NET CLR 1.1.4322)"
68.125.79.234 - - [22/Feb/2004:18:08:04 -0800] "GET /apPopupMenuBeanInfo.class HTTP/1.1" 404 363 "-" "Java 1.1"
68.125.79.234 - - [22/Feb/2004:18:08:05 -0800] "GET /apPopupMenu$COMClassObject.class HTTP/1.1" 404 363 "-" "Java 1.1"
68.125.79.234 - - [22/Feb/2004:18:08:09 -0800] "GET /eiwa/brackets.htm HTTP/1.1" 200 2415 "-" "Mozilla/4.0 (compatible; MSIE 6.0; Windows NT 5.1; sbcydsl 3.12; YComp 5.0.0.0; .NET CLR 1.0.3705; .NET CLR 1.1.4322)"
68.125.79.234 - - [22/Feb/2004:18:08:15 -0800] "GET /eiwa/pdf/brackets/EIWA%202003.pdf HTTP/1.1" 200 70502 "-" "Mozilla/4.0 (compatible; MSIE 6.0; Windows NT 5.1; sbcydsl 3.12; YComp 5.0.0.0; .NET CLR 1.0.3705; .NET CLR 1.1.4322)"
68.19.85.177 - - [22/Feb/2004:18:08:22 -0800] "GET /ncaa/pdf/brackets/NCAA%201975.pdf HTTP/1.1" 200 196608 "http://www.wrestlingstats.com/ncaa/brackets.htm" "Mozilla/4.0 (compatible; MSIE 6.0; Windows NT 5.1; .NET CLR 1.1.4322)"
68.19.85.177 - - [22/Feb/2004:18:08:23 -0800] "GET /ncaa/pdf/brackets/NCAA%201975.pdf HTTP/1.1" 206 215182 "-" "Mozilla/4.0 (compatible; MSIE 6.0; Windows NT 5.1; .NET CLR 1.1.4322)"
68.19.85.177 - - [22/Feb/2004:18:09:13 -0800] "GET /ncaa/pdf/brackets/NCAA%201974.pdf HTTP/1.1" 200 221153 "http://www.wrestlingstats.com/ncaa/brackets.htm" "Mozilla/4.0 (compatible; MSIE 6.0; Windows NT 5.1; .NET CLR 1.1.4322)"
68.19.85.177 - - [22/Feb/2004:18:09:14 -0800] "GET /ncaa/pdf/brackets/NCAA%201974.pdf HTTP/1.1" 206 217026 "-" "Mozilla/4.0 (compatible; MSIE 6.0; Windows NT 5.1; .NET CLR 1.1.4322)"
68.19.85.177 - - [22/Feb/2004:18:09:38 -0800] "GET /ncaa/pdf/brackets/NCAA%201973.pdf HTTP/1.1" 200 212304 "http://www.wrestlingstats.com/ncaa/brackets.htm" "Mozilla/4.0 (compatible; MSIE 6.0; Windows NT 5.1; .NET CLR 1.1.4322)"
68.19.85.177 - - [22/Feb/2004:18:09:38 -0800] "GET /ncaa/pdf/brackets/NCAA%201973.pdf HTTP/1.1" 206 208177 "-" "Mozilla/4.0 (compatible; MSIE 6.0; Windows NT 5.1; .NET CLR 1.1.4322)"
68.125.79.234 - - [22/Feb/2004:18:10:35 -0800] "GET /apPopupMenu$COMClassObject.class HTTP/1.1" 404 363 "-" "Java 1.1"
68.125.79.234 - - [22/Feb/2004:18:10:38 -0800] "GET /ncaa/brackets.htm HTTP/1.1" 304 - "-" "Mozilla/4.0 (compatible; MSIE 6.0; Windows NT 5.1; sbcydsl 3.12; YComp 5.0.0.0; .NET CLR 1.0.3705; .NET CLR 1.1.4322)"
68.125.79.234 - - [22/Feb/2004:18:10:41 -0800] "GET /ncaa/pdf/brackets/NCAA%202003.pdf HTTP/1.1" 200 144218 "-" "Mozilla/4.0 (compatible; MSIE 6.0; Windows NT 5.1; sbcydsl 3.12; YComp 5.0.0.0; .NET CLR 1.0.3705; .NET CLR 1.1.4322)"
68.19.85.177 - - [22/Feb/2004:18:10:51 -0800] "GET /ncaa/pdf/brackets/NCAA%201972.pdf HTTP/1.1" 200 217006 "http://www.wrestlingstats.com/ncaa/brackets.htm" "Mozilla/4.0 (compatible; MSIE 6.0; Windows NT 5.1; .NET CLR 1.1.4322)"
68.19.85.177 - - [22/Feb/2004:18:10:51 -0800] "GET /ncaa/pdf/brackets/NCAA%201972.pdf HTTP/1.1" 206 212879 "-" "Mozilla/4.0 (compatible; MSIE 6.0; Windows NT 5.1; .NET CLR 1.1.4322)"
68.19.85.177 - - [22/Feb/2004:18:11:33 -0800] "GET /ncaa/pdf/brackets/NCAA%201971.pdf HTTP/1.1" 200 193019 "http://www.wrestlingstats.com/ncaa/brackets.htm" "Mozilla/4.0 (compatible; MSIE 6.0; Windows NT 5.1; .NET CLR 1.1.4322)"
68.19.85.177 - - [22/Feb/2004:18:11:34 -0800] "GET /ncaa/pdf/brackets/NCAA%201971.pdf HTTP/1.1" 206 188892 "-" "Mozilla/4.0 (compatible; MSIE 6.0; Windows NT 5.1; .NET CLR 1.1.4322)"
68.19.85.177 - - [22/Feb/2004:18:12:39 -0800] "GET /ncaa/pdf/brackets/NCAA%201970.pdf HTTP/1.1" 200 215841 "http://www.wrestlingstats.com/ncaa/brackets.htm" "Mozilla/4.0 (compatible; MSIE 6.0; Windows NT 5.1; .NET CLR 1.1.4322)"
68.19.85.177 - - [22/Feb/2004:18:12:39 -0800] "GET /ncaa/pdf/brackets/NCAA%201970.pdf HTTP/1.1" 206 211714 "-" "Mozilla/4.0 (compatible; MSIE 6.0; Windows NT 5.1; .NET CLR 1.1.4322)"
68.19.85.177 - - [22/Feb/2004:18:13:10 -0800] "GET /ncaa/pdf/brackets/NCAA%201969.pdf HTTP/1.1" 200 219821 "http://www.wrestlingstats.com/ncaa/brackets.htm" "Mozilla/4.0 (compatible; MSIE 6.0; Windows NT 5.1; .NET CLR 1.1.4322)"
68.19.85.177 - - [22/Feb/2004:18:13:10 -0800] "GET /ncaa/pdf/brackets/NCAA%201969.pdf HTTP/1.1" 206 215694 "-" "Mozilla/4.0 (compatible; MSIE 6.0; Windows NT 5.1; .NET CLR 1.1.4322)"
152.163.252.230 - - [22/Feb/2004:18:13:35 -0800] "GET / HTTP/1.0" 200 1793 "http://www.lehighwrestling.com/Lehigh/uploads/links.htm" "Mozilla/4.0 (compatible; MSIE 5.5; AOL 6.0; Windows 95; BCD2000)"
152.163.252.1 - - [22/Feb/2004:18:13:36 -0800] "GET /NCAA2003.jpg HTTP/1.0" 200 84807 "http://www.wrestlingstats.com/" "Mozilla/4.0 (compatible; MSIE 5.5; AOL 6.0; Windows 95; BCD2000)"
68.19.85.177 - - [22/Feb/2004:18:13:58 -0800] "GET /ncaa/pdf/brackets/NCAA%201968.pdf HTTP/1.1" 200 139554 "http://www.wrestlingstats.com/ncaa/brackets.htm" "Mozilla/4.0 (compatible; MSIE 6.0; Windows NT 5.1; .NET CLR 1.1.4322)"
68.19.85.177 - - [22/Feb/2004:18:13:58 -0800] "GET /ncaa/pdf/brackets/NCAA%201968.pdf HTTP/1.1" 206 135427 "-" "Mozilla/4.0 (compatible; MSIE 6.0; Windows NT 5.1; .NET CLR 1.1.4322)"
152.163.252.38 - - [22/Feb/2004:18:15:20 -0800] "GET /apPopupMenuBeanInfo.class HTTP/1.0" 404 363 "-" "Java 1.1"
152.163.252.135 - - [22/Feb/2004:18:15:22 -0800] "GET /apPopupMenu$COMClassObject.class HTTP/1.0" 404 363 "-" "Java 1.1"
152.163.252.97 - - [22/Feb/2004:18:15:26 -0800] "GET /ncaa/home.htm HTTP/1.0" 200 2429 "-" "Mozilla/4.0 (compatible; MSIE 5.5; AOL 6.0; Windows 95; BCD2000)"
152.163.252.36 - - [22/Feb/2004:18:15:28 -0800] "GET /ncaa/ncaa02.jpg HTTP/1.0" 200 81812 "http://www.wrestlingstats.com/ncaa/home.htm" "Mozilla/4.0 (compatible; MSIE 5.5; AOL 6.0; Windows 95; BCD2000)"
68.19.85.177 - - [22/Feb/2004:18:15:28 -0800] "GET /ncaa/pdf/brackets/NCAA%201967.pdf HTTP/1.1" 200 65536 "http://www.wrestlingstats.com/ncaa/brackets.htm" "Mozilla/4.0 (compatible; MSIE 6.0; Windows NT 5.1; .NET CLR 1.1.4322)"
68.19.85.177 - - [22/Feb/2004:18:15:29 -0800] "GET /ncaa/pdf/brackets/NCAA%201967.pdf HTTP/1.1" 206 212043 "-" "Mozilla/4.0 (compatible; MSIE 6.0; Windows NT 5.1; .NET CLR 1.1.4322)"
152.163.252.166 - - [22/Feb/2004:18:15:30 -0800] "GET /ncaa/pix/home.gif HTTP/1.0" 404 363 "-" "Java 1.1"
152.163.253.72 - - [22/Feb/2004:18:15:32 -0800] "GET /ncaa/apbfind.gif HTTP/1.0" 200 89 "-" "Java 1.1"
152.163.252.135 - - [22/Feb/2004:18:16:45 -0800] "GET /apPopupMenu$COMClassObject.class HTTP/1.0" 404 363 "-" "Java 1.1"
152.163.252.165 - - [22/Feb/2004:18:16:55 -0800] "GET /ncaa/seasons.php HTTP/1.0" 200 2608 "-" "Mozilla/4.0 (compatible; MSIE 5.5; AOL 6.0; Windows 95; BCD2000)"
152.163.253.66 - - [22/Feb/2004:18:17:15 -0800] "POST /ncaa/champs_season.php HTTP/1.0" 200 1956 "http://www.wrestlingstats.com/ncaa/seasons.php" "Mozilla/4.0 (compatible; MSIE 5.5; AOL 6.0; Windows 95; BCD2000)"
152.163.253.1 - - [22/Feb/2004:18:17:25 -0800] "GET /ncaa/view_wrestlers.php?wrestler=387 HTTP/1.0" 200 1985 "http://www.wrestlingstats.com/ncaa/champs_season.php" "Mozilla/4.0 (compatible; MSIE 5.5; AOL 6.0; Windows 95; BCD2000)"
152.163.252.135 - - [22/Feb/2004:18:18:08 -0800] "GET /apPopupMenu$COMClassObject.class HTTP/1.0" 404 363 "-" "Java 1.1"
152.163.252.165 - - [22/Feb/2004:18:18:11 -0800] "GET /ncaa/seasons.php HTTP/1.0" 200 2608 "-" "Mozilla/4.0 (compatible; MSIE 5.5; AOL 6.0; Windows 95; BCD2000)"
152.163.253.66 - - [22/Feb/2004:18:18:26 -0800] "POST /ncaa/champs_season.php HTTP/1.1" 200 1962 "http://www.wrestlingstats.com/ncaa/seasons.php" "Mozilla/4.0 (compatible; MSIE 5.5; AOL 6.0; Windows 95; BCD2000)"
152.163.252.135 - - [22/Feb/2004:18:18:47 -0800] "GET /apPopupMenu$COMClassObject.class HTTP/1.0" 404 363 "-" "Java 1.1"
152.163.252.165 - - [22/Feb/2004:18:18:52 -0800] "GET /ncaa/seasons.php HTTP/1.0" 200 2608 "-" "Mozilla/4.0 (compatible; MSIE 5.5; AOL 6.0; Windows 95; BCD2000)"
152.163.253.66 - - [22/Feb/2004:18:19:04 -0800] "POST /ncaa/champs_season.php HTTP/1.0" 200 1956 "http://www.wrestlingstats.com/ncaa/seasons.php" "Mozilla/4.0 (compatible; MSIE 5.5; AOL 6.0; Windows 95; BCD2000)"
152.163.252.135 - - [22/Feb/2004:18:19:19 -0800] "GET /apPopupMenu$COMClassObject.class HTTP/1.0" 404 363 "-" "Java 1.1"
152.163.252.165 - - [22/Feb/2004:18:19:24 -0800] "GET /ncaa/seasons.php HTTP/1.0" 200 2608 "-" "Mozilla/4.0 (compatible; MSIE 5.5; AOL 6.0; Windows 95; BCD2000)"
152.163.253.66 - - [22/Feb/2004:18:19:45 -0800] "POST /ncaa/champs_season.php HTTP/1.0" 200 1971 "http://www.wrestlingstats.com/ncaa/seasons.php" "Mozilla/4.0 (compatible; MSIE 5.5; AOL 6.0; Windows 95; BCD2000)"
152.163.252.135 - - [22/Feb/2004:18:20:02 -0800] "GET /apPopupMenu$COMClassObject.class HTTP/1.0" 404 363 "-" "Java 1.1"
152.163.252.165 - - [22/Feb/2004:18:20:07 -0800] "GET /ncaa/seasons.php HTTP/1.0" 200 2608 "-" "Mozilla/4.0 (compatible; MSIE 5.5; AOL 6.0; Windows 95; BCD2000)"
152.163.253.66 - - [22/Feb/2004:18:20:16 -0800] "POST /ncaa/champs_season.php HTTP/1.0" 200 1633 "http://www.wrestlingstats.com/ncaa/seasons.php" "Mozilla/4.0 (compatible; MSIE 5.5; AOL 6.0; Windows 95; BCD2000)"
152.163.252.135 - - [22/Feb/2004:18:20:40 -0800] "GET /apPopupMenu$COMClassObject.class HTTP/1.0" 404 363 "-" "Java 1.1"
152.163.252.165 - - [22/Feb/2004:18:20:43 -0800] "GET /ncaa/seasons.php HTTP/1.0" 200 2608 "-" "Mozilla/4.0 (compatible; MSIE 5.5; AOL 6.0; Windows 95; BCD2000)"
152.163.253.66 - - [22/Feb/2004:18:20:55 -0800] "POST /ncaa/champs_season.php HTTP/1.0" 200 1960 "http://www.wrestlingstats.com/ncaa/seasons.php" "Mozilla/4.0 (compatible; MSIE 5.5; AOL 6.0; Windows 95; BCD2000)"
152.163.253.4 - - [22/Feb/2004:18:21:06 -0800] "GET /ncaa/view_wrestlers.php?wrestler=4437 HTTP/1.0" 200 1983 "http://www.wrestlingstats.com/ncaa/champs_season.php" "Mozilla/4.0 (compatible; MSIE 5.5; AOL 6.0; Windows 95; BCD2000)"
152.163.252.135 - - [22/Feb/2004:18:21:44 -0800] "GET /apPopupMenu$COMClassObject.class HTTP/1.0" 404 363 "-" "Java 1.1"
152.163.252.165 - - [22/Feb/2004:18:21:49 -0800] "GET /ncaa/seasons.php HTTP/1.0" 200 2608 "-" "Mozilla/4.0 (compatible; MSIE 5.5; AOL 6.0; Windows 95; BCD2000)"
205.188.209.11 - - [22/Feb/2004:18:22:01 -0800] "GET / HTTP/1.0" 200 1792 "http://www.lehighwrestling.com/Lehigh/uploads/links.htm" "Mozilla/4.0 (compatible; MSIE 6.0; AOL 7.0; Windows NT 5.1)"
152.163.253.66 - - [22/Feb/2004:18:22:03 -0800] "POST /ncaa/champs_season.php HTTP/1.0" 200 1928 "http://www.wrestlingstats.com/ncaa/seasons.php" "Mozilla/4.0 (compatible; MSIE 5.5; AOL 6.0; Windows 95; BCD2000)"
152.163.253.4 - - [22/Feb/2004:18:22:13 -0800] "GET /ncaa/view_wrestlers.php?wrestler=4013 HTTP/1.0" 200 1982 "http://www.wrestlingstats.com/ncaa/champs_season.php" "Mozilla/4.0 (compatible; MSIE 5.5; AOL 6.0; Windows 95; BCD2000)"
152.163.253.4 - - [22/Feb/2004:18:22:15 -0800] "GET /ncaa/view_wrestlers.php?wrestler=4013 HTTP/1.1" 200 2004 "http://www.wrestlingstats.com/ncaa/champs_season.php" "Mozilla/4.0 (compatible; MSIE 5.5; AOL 6.0; Windows 95; BCD2000)"
205.188.209.8 - - [22/Feb/2004:18:22:21 -0800] "GET /images/home32.gif HTTP/1.0" 200 287 "-" "Java 1.1"
205.188.209.7 - - [22/Feb/2004:18:22:22 -0800] "GET /images/mail32.gif HTTP/1.0" 304 - "-" "Java 1.1"
152.163.252.135 - - [22/Feb/2004:18:22:38 -0800] "GET /apPopupMenu$COMClassObject.class HTTP/1.0" 404 363 "-" "Java 1.1"
152.163.252.165 - - [22/Feb/2004:18:22:41 -0800] "GET /ncaa/seasons.php HTTP/1.0" 200 2608 "-" "Mozilla/4.0 (compatible; MSIE 5.5; AOL 6.0; Windows 95; BCD2000)"
152.163.253.66 - - [22/Feb/2004:18:22:50 -0800] "POST /ncaa/champs_season.php HTTP/1.0" 200 1948 "http://www.wrestlingstats.com/ncaa/seasons.php" "Mozilla/4.0 (compatible; MSIE 5.5; AOL 6.0; Windows 95; BCD2000)"
152.163.253.4 - - [22/Feb/2004:18:23:16 -0800] "GET /ncaa/view_wrestlers.php?wrestler=3211 HTTP/1.0" 200 1676 "http://www.wrestlingstats.com/ncaa/champs_season.php" "Mozilla/4.0 (compatible; MSIE 5.5; AOL 6.0; Windows 95; BCD2000)"
152.163.252.135 - - [22/Feb/2004:18:23:47 -0800] "GET /apPopupMenu$COMClassObject.class HTTP/1.0" 404 363 "-" "Java 1.1"
152.163.252.165 - - [22/Feb/2004:18:23:50 -0800] "GET /ncaa/seasons.php HTTP/1.0" 200 2608 "-" "Mozilla/4.0 (compatible; MSIE 5.5; AOL 6.0; Windows 95; BCD2000)"
152.163.253.66 - - [22/Feb/2004:18:23:54 -0800] "POST /ncaa/champs_season.php HTTP/1.0" 200 1952 "http://www.wrestlingstats.com/ncaa/seasons.php" "Mozilla/4.0 (compatible; MSIE 5.5; AOL 6.0; Windows 95; BCD2000)"
152.163.252.232 - - [22/Feb/2004:18:24:05 -0800] "GET /ncaa/view_wrestlers.php?wrestler=220 HTTP/1.0" 200 1882 "http://www.wrestlingstats.com/ncaa/champs_season.php" "Mozilla/4.0 (compatible; MSIE 5.5; AOL 6.0; Windows 95; BCD2000)"
152.163.252.135 - - [22/Feb/2004:18:24:27 -0800] "GET /apPopupMenu$COMClassObject.class HTTP/1.0" 404 363 "-" "Java 1.1"
152.163.252.165 - - [22/Feb/2004:18:24:31 -0800] "GET /ncaa/seasons.php HTTP/1.0" 200 2608 "-" "Mozilla/4.0 (compatible; MSIE 5.5; AOL 6.0; Windows 95; BCD2000)"
152.163.253.66 - - [22/Feb/2004:18:24:38 -0800] "POST /ncaa/champs_season.php HTTP/1.0" 200 1951 "http://www.wrestlingstats.com/ncaa/seasons.php" "Mozilla/4.0 (compatible; MSIE 5.5; AOL 6.0; Windows 95; BCD2000)"
152.163.253.35 - - [22/Feb/2004:18:24:54 -0800] "GET /ncaa/view_wrestlers.php?wrestler=266 HTTP/1.0" 200 1952 "http://www.wrestlingstats.com/ncaa/champs_season.php" "Mozilla/4.0 (compatible; MSIE 5.5; AOL 6.0; Windows 95; BCD2000)"
152.163.252.135 - - [22/Feb/2004:18:25:16 -0800] "GET /apPopupMenu$COMClassObject.class HTTP/1.0" 404 363 "-" "Java 1.1"
152.163.252.165 - - [22/Feb/2004:18:25:20 -0800] "GET /ncaa/seasons.php HTTP/1.0" 200 2608 "-" "Mozilla/4.0 (compatible; MSIE 5.5; AOL 6.0; Windows 95; BCD2000)"
152.163.253.66 - - [22/Feb/2004:18:25:30 -0800] "POST /ncaa/champs_season.php HTTP/1.0" 200 1958 "http://www.wrestlingstats.com/ncaa/seasons.php" "Mozilla/4.0 (compatible; MSIE 5.5; AOL 6.0; Windows 95; BCD2000)"
152.163.252.135 - - [22/Feb/2004:18:25:44 -0800] "GET /apPopupMenu$COMClassObject.class HTTP/1.0" 404 363 "-" "Java 1.1"
152.163.252.165 - - [22/Feb/2004:18:25:47 -0800] "GET /ncaa/seasons.php HTTP/1.1" 200 2630 "-" "Mozilla/4.0 (compatible; MSIE 5.5; AOL 6.0; Windows 95; BCD2000)"
152.163.253.66 - - [22/Feb/2004:18:25:54 -0800] "POST /ncaa/champs_season.php HTTP/1.0" 200 1951 "http://www.wrestlingstats.com/ncaa/seasons.php" "Mozilla/4.0 (compatible; MSIE 5.5; AOL 6.0; Windows 95; BCD2000)"
152.163.253.1 - - [22/Feb/2004:18:26:02 -0800] "GET /ncaa/view_wrestlers.php?wrestler=263 HTTP/1.0" 200 1996 "http://www.wrestlingstats.com/ncaa/champs_season.php" "Mozilla/4.0 (compatible; MSIE 5.5; AOL 6.0; Windows 95; BCD2000)"
152.163.252.135 - - [22/Feb/2004:18:26:24 -0800] "GET /apPopupMenu$COMClassObject.class HTTP/1.1" 404 363 "-" "Java 1.1"
152.163.252.165 - - [22/Feb/2004:18:26:28 -0800] "GET /ncaa/seasons.php HTTP/1.1" 200 2630 "-" "Mozilla/4.0 (compatible; MSIE 5.5; AOL 6.0; Windows 95; BCD2000)"
152.163.253.66 - - [22/Feb/2004:18:26:42 -0800] "POST /ncaa/champs_season.php HTTP/1.0" 200 1943 "http://www.wrestlingstats.com/ncaa/seasons.php" "Mozilla/4.0 (compatible; MSIE 5.5; AOL 6.0; Windows 95; BCD2000)"
152.163.253.4 - - [22/Feb/2004:18:26:52 -0800] "GET /ncaa/view_wrestlers.php?wrestler=3820 HTTP/1.1" 200 1693 "http://www.wrestlingstats.com/ncaa/champs_season.php" "Mozilla/4.0 (compatible; MSIE 5.5; AOL 6.0; Windows 95; BCD2000)"
152.163.252.135 - - [22/Feb/2004:18:27:04 -0800] "GET /apPopupMenu$COMClassObject.class HTTP/1.0" 404 363 "-" "Java 1.1"
152.163.253.34 - - [22/Feb/2004:18:27:08 -0800] "GET /ncaa/schools.php HTTP/1.0" 200 2937 "-" "Mozilla/4.0 (compatible; MSIE 5.5; AOL 6.0; Windows 95; BCD2000)"
152.163.253.99 - - [22/Feb/2004:18:27:23 -0800] "POST /ncaa/view_champs.php HTTP/1.0" 200 2863 "http://www.wrestlingstats.com/ncaa/schools.php" "Mozilla/4.0 (compatible; MSIE 5.5; AOL 6.0; Windows 95; BCD2000)"
68.64.72.205 - - [22/Feb/2004:18:29:16 -0800] "GET /ncaa/brackets.htm HTTP/1.1" 200 12926 "http://www.wrestlinghalloffame.org/" "Mozilla/4.0 (compatible; MSIE 5.22; Mac_PowerPC)"
152.163.253.99 - - [22/Feb/2004:18:29:18 -0800] "GET /ncaa/view_wrestlers.php?wrestler=6996 HTTP/1.0" 200 1909 "http://www.wrestlingstats.com/ncaa/view_champs.php" "Mozilla/4.0 (compatible; MSIE 5.5; AOL 6.0; Windows 95; BCD2000)"
68.64.72.205 - - [22/Feb/2004:18:29:18 -0800] "GET /apPopupMenu.class HTTP/1.1" 200 19469 "-" "Java1.3.1"
68.64.72.205 - - [22/Feb/2004:18:29:20 -0800] "GET /images/home32.gif HTTP/1.1" 200 287 "-" "Java1.3.1"
68.64.72.205 - - [22/Feb/2004:18:29:21 -0800] "GET /images/mail32.gif HTTP/1.1" 200 317 "-" "Java1.3.1"
68.64.72.205 - - [22/Feb/2004:18:29:36 -0800] "GET /ncaa/pdf/brackets/NCAA%201987.pdf HTTP/1.1" 200 228177 "http://www.wrestlingstats.com/ncaa/brackets.htm" "Mozilla/4.0 (compatible; MSIE 5.22; Mac_PowerPC)"
68.64.72.205 - - [22/Feb/2004:18:29:49 -0800] "GET /ncaa/pdf/brackets/NCAA%201987.pdf HTTP/1.1" 304 - "http://www.wrestlingstats.com/ncaa/brackets.htm" "Mozilla/4.0 (compatible; MSIE 5.22; Mac_PowerPC)"
152.163.253.4 - - [22/Feb/2004:18:29:56 -0800] "GET /ncaa/view_wrestlers.php?wrestler=5031 HTTP/1.0" 200 1989 "http://www.wrestlingstats.com/ncaa/view_champs.php" "Mozilla/4.0 (compatible; MSIE 5.5; AOL 6.0; Windows 95; BCD2000)"
57.69.14.130 - - [22/Feb/2004:18:30:05 -0800] "GET /ncaa/brackets.htm HTTP/1.0" 304 - "-" "Mozilla/4.0 (compatible; MSIE 5.5; Windows NT 5.0) Fetch API Request"
152.163.253.5 - - [22/Feb/2004:18:30:51 -0800] "GET /ncaa/view_wrestlers.php?wrestler=8989 HTTP/1.0" 200 1629 "http://www.wrestlingstats.com/ncaa/view_champs.php" "Mozilla/4.0 (compatible; MSIE 5.5; AOL 6.0; Windows 95; BCD2000)"
152.163.252.135 - - [22/Feb/2004:18:31:08 -0800] "GET /apPopupMenu$COMClassObject.class HTTP/1.0" 404 363 "-" "Java 1.1"
152.163.252.69 - - [22/Feb/2004:18:31:25 -0800] "GET /ncaa/view_high_schools60+.php HTTP/1.0" 200 1815 "-" "Mozilla/4.0 (compatible; MSIE 5.5; AOL 6.0; Windows 95; BCD2000)"
152.163.252.135 - - [22/Feb/2004:18:32:12 -0800] "GET /apPopupMenu$COMClassObject.class HTTP/1.0" 404 363 "-" "Java 1.1"
152.163.252.97 - - [22/Feb/2004:18:32:13 -0800] "GET /ncaa/home.htm HTTP/1.0" 200 2429 "-" "Mozilla/4.0 (compatible; MSIE 5.5; AOL 6.0; Windows 95; BCD2000)"
152.163.252.36 - - [22/Feb/2004:18:32:15 -0800] "GET /ncaa/ncaa02.jpg HTTP/1.0" 200 81812 "http://www.wrestlingstats.com/ncaa/home.htm" "Mozilla/4.0 (compatible; MSIE 5.5; AOL 6.0; Windows 95; BCD2000)"
68.64.72.205 - - [22/Feb/2004:18:33:10 -0800] "GET /ncaa/pdf/brackets/NCAA%201988.pdf HTTP/1.1" 200 229279 "http://www.wrestlingstats.com/ncaa/brackets.htm" "Mozilla/4.0 (compatible; MSIE 5.22; Mac_PowerPC)"
68.64.72.205 - - [22/Feb/2004:18:36:07 -0800] "GET /ncaa/pdf/brackets/NCAA%201986.pdf HTTP/1.1" 200 227750 "http://www.wrestlingstats.com/ncaa/brackets.htm" "Mozilla/4.0 (compatible; MSIE 5.22; Mac_PowerPC)"
68.64.72.205 - - [22/Feb/2004:18:40:57 -0800] "GET /ncaa/pdf/brackets/NCAA%201984.pdf HTTP/1.1" 200 222683 "http://www.wrestlingstats.com/ncaa/brackets.htm" "Mozilla/4.0 (compatible; MSIE 5.22; Mac_PowerPC)"
129.71.19.4 - - [22/Feb/2004:18:42:01 -0800] "GET / HTTP/1.1" 200 2887 "-" "Mozilla/4.0 (compatible; MSIE 6.0; Windows 98; Q312461; .NET CLR 1.0.3705)"
129.71.19.4 - - [22/Feb/2004:18:42:03 -0800] "GET /NCAA2003.jpg HTTP/1.1" 200 84807 "-" "Mozilla/4.0 (compatible; MSIE 6.0; Windows 98; Q312461; .NET CLR 1.0.3705)"
129.71.19.4 - - [22/Feb/2004:18:42:03 -0800] "GET /apPopupMenu.class HTTP/1.1" 200 19469 "-" "Mozilla/4.0 (compatible; MSIE 6.0; Win32)"
129.71.19.4 - - [22/Feb/2004:18:42:18 -0800] "GET /images/home32.gif HTTP/1.1" 200 287 "-" "Mozilla/4.0 (compatible; MSIE 6.0; Win32)"
129.71.19.4 - - [22/Feb/2004:18:42:20 -0800] "GET /images/mail32.gif HTTP/1.1" 200 317 "-" "Mozilla/4.0 (compatible; MSIE 6.0; Win32)"
129.71.19.4 - - [22/Feb/2004:18:43:14 -0800] "GET /apPopupMenuBeanInfo.class HTTP/1.1" 404 363 "-" "Mozilla/4.0 (compatible; MSIE 6.0; Win32)"
129.71.19.4 - - [22/Feb/2004:18:43:15 -0800] "GET /apPopupMenu$COMClassObject.class HTTP/1.1" 404 363 "-" "Mozilla/4.0 (compatible; MSIE 6.0; Win32)"
129.71.19.4 - - [22/Feb/2004:18:43:17 -0800] "GET /lehigh/index.html HTTP/1.1" 200 567 "-" "Mozilla/4.0 (compatible; MSIE 6.0; Windows 98; Q312461; .NET CLR 1.0.3705)"
209.173.110.162 - - [22/Feb/2004:18:46:31 -0800] "GET /lehigh/show_leaders.php?term=C&leader=1 HTTP/1.1" 200 2648 "http://lehighwrestling.com/Lehigh/Stats/Lehigh%20Individual/individual.htm" "Mozilla/4.0 (compatible; MSIE 6.0; Windows NT 5.1)"
209.173.110.162 - - [22/Feb/2004:18:46:33 -0800] "GET /lehigh/apPopupMenu.class HTTP/1.1" 200 19469 "-" "Java 1.1"
209.173.110.162 - - [22/Feb/2004:18:46:40 -0800] "GET /lehigh/pix/home.gif HTTP/1.1" 200 215 "-" "Java 1.1"
209.173.110.162 - - [22/Feb/2004:18:46:41 -0800] "GET /lehigh/pix/apbfind.gif HTTP/1.1" 200 89 "-" "Java 1.1"
209.173.110.162 - - [22/Feb/2004:18:47:12 -0800] "GET /lehigh/show_leaders.php?term=C&leader=2 HTTP/1.1" 200 2673 "http://lehighwrestling.com/Lehigh/Stats/Lehigh%20Individual/individual.htm" "Mozilla/4.0 (compatible; MSIE 6.0; Windows NT 5.1)"
209.173.110.162 - - [22/Feb/2004:18:47:33 -0800] "GET /lehigh/show_leaders.php?term=C&leader=4 HTTP/1.1" 200 2634 "http://lehighwrestling.com/Lehigh/Stats/Lehigh%20Individual/individual.htm" "Mozilla/4.0 (compatible; MSIE 6.0; Windows NT 5.1)"
209.173.110.162 - - [22/Feb/2004:18:47:53 -0800] "GET /lehigh/apPopupMenuBeanInfo.class HTTP/1.1" 404 363 "-" "Java 1.1"
209.173.110.162 - - [22/Feb/2004:18:47:54 -0800] "GET /lehigh/apPopupMenu$COMClassObject.class HTTP/1.1" 404 363 "-" "Java 1.1"
209.173.110.162 - - [22/Feb/2004:18:47:56 -0800] "GET /lehigh/wrestlers.php HTTP/1.1" 200 1934 "-" "Mozilla/4.0 (compatible; MSIE 6.0; Windows NT 5.1)"
209.173.110.162 - - [22/Feb/2004:18:48:07 -0800] "POST /lehigh/view_all_wrestlers.php HTTP/1.1" 200 2036 "http://www.wrestlingstats.com/lehigh/wrestlers.php" "Mozilla/4.0 (compatible; MSIE 6.0; Windows NT 5.1)"
209.173.110.162 - - [22/Feb/2004:18:48:17 -0800] "GET /lehigh/view_wrestlers.php?wrestler=106 HTTP/1.1" 200 2629 "http://www.wrestlingstats.com/lehigh/view_all_wrestlers.php" "Mozilla/4.0 (compatible; MSIE 6.0; Windows NT 5.1)"
209.173.110.162 - - [22/Feb/2004:18:48:57 -0800] "GET /lehigh/apPopupMenu$COMClassObject.class HTTP/1.1" 404 363 "-" "Java 1.1"
209.173.110.162 - - [22/Feb/2004:18:49:01 -0800] "GET /lehigh/NCAAChamps.php HTTP/1.1" 200 3920 "-" "Mozilla/4.0 (compatible; MSIE 6.0; Windows NT 5.1)"
24.229.114.237 - - [22/Feb/2004:19:03:11 -0800] "GET /lehigh/show_leaders.php?term=C&leader=1 HTTP/1.1" 200 2648 "http://www.lehighwrestling.com/Lehigh/Stats/Lehigh%20Individual/individual.htm" "Mozilla/4.0 (compatible; MSIE 6.0; Windows NT 5.1; .NET CLR 1.0.3705)"
24.229.114.237 - - [22/Feb/2004:19:03:12 -0800] "GET /lehigh/apPopupMenu.class HTTP/1.1" 200 19469 "-" "Mozilla/4.0 (Windows XP 5.1) Java/1.4.2_03"
24.229.114.237 - - [22/Feb/2004:19:03:12 -0800] "GET /lehigh/pix/home.gif HTTP/1.1" 200 215 "-" "Mozilla/4.0 (Windows XP 5.1) Java/1.4.2_03"
24.229.114.237 - - [22/Feb/2004:19:03:13 -0800] "GET /lehigh/pix/apbfind.gif HTTP/1.1" 200 89 "-" "Mozilla/4.0 (Windows XP 5.1) Java/1.4.2_03"
24.229.114.237 - - [22/Feb/2004:19:03:28 -0800] "GET /lehigh/show_fastest_falls.php HTTP/1.1" 200 3199 "http://www.lehighwrestling.com/Lehigh/Stats/Lehigh%20Individual/individual.htm" "Mozilla/4.0 (compatible; MSIE 6.0; Windows NT 5.1; .NET CLR 1.0.3705)"
64.136.26.226 - - [22/Feb/2004:19:15:44 -0800] "GET /ncaa/brackets.htm HTTP/1.1" 200 12926 "http://www.google.com/search?hl=en&lr=&ie=UTF-8&oe=UTF-8&q=wrestling+tournament+brackets&btnG=Google+Search" "Mozilla/4.0 (compatible; MSIE 6.0; Windows NT 5.1; .NET CLR 1.0.3705)"
64.136.26.226 - - [22/Feb/2004:19:15:55 -0800] "GET /apPopupMenu.class HTTP/1.1" 200 19469 "-" "Java 1.1"
130.91.117.254 - - [22/Feb/2004:19:28:02 -0800] "GET / HTTP/1.1" 200 1754 "http://wrestlingreport.com/" "Mozilla/4.0 (compatible; MSIE 6.0; Windows NT 5.0; T312461)"
130.91.117.254 - - [22/Feb/2004:19:28:03 -0800] "GET /NCAA2003.jpg HTTP/1.1" 200 84807 "http://www.wrestlingstats.com/" "Mozilla/4.0 (compatible; MSIE 6.0; Windows NT 5.0; T312461)"
130.91.117.254 - - [22/Feb/2004:19:28:05 -0800] "GET /apPopupMenu.class HTTP/1.1" 200 19469 "-" "Mozilla/4.0 (compatible; MSIE 6.0; Win32)"
130.91.117.254 - - [22/Feb/2004:19:28:06 -0800] "GET /images/home32.gif HTTP/1.1" 200 287 "-" "Mozilla/4.0 (compatible; MSIE 6.0; Win32)"
130.91.117.254 - - [22/Feb/2004:19:28:06 -0800] "GET /images/mail32.gif HTTP/1.1" 200 317 "-" "Mozilla/4.0 (compatible; MSIE 6.0; Win32)"
130.91.117.254 - - [22/Feb/2004:19:28:48 -0800] "GET /eiwa/eiwa.htm HTTP/1.1" 200 1731 "-" "Mozilla/4.0 (compatible; MSIE 6.0; Windows NT 5.0; T312461)"
130.91.117.254 - - [22/Feb/2004:19:28:53 -0800] "GET /eiwa/pdf/EIWA%20Place%20Winners.pdf HTTP/1.1" 200 14858 "http://www.wrestlingstats.com/eiwa/eiwa.htm" "Mozilla/4.0 (compatible; MSIE 6.0; Windows NT 5.0; T312461)"
130.91.117.254 - - [22/Feb/2004:19:28:53 -0800] "GET /eiwa/pdf/EIWA%20Place%20Winners.pdf HTTP/1.1" 206 10706 "-" "Mozilla/4.0 (compatible; MSIE 6.0; Windows NT 5.0; T312461)"
130.91.117.254 - - [22/Feb/2004:19:29:52 -0800] "GET /eiwa/pdf/EIWA%20Team%20Summary.pdf HTTP/1.1" 200 15188 "http://www.wrestlingstats.com/eiwa/eiwa.htm" "Mozilla/4.0 (compatible; MSIE 6.0; Windows NT 5.0; T312461)"
130.91.117.254 - - [22/Feb/2004:19:29:52 -0800] "GET /eiwa/pdf/EIWA%20Team%20Summary.pdf HTTP/1.1" 206 11036 "-" "Mozilla/4.0 (compatible; MSIE 6.0; Windows NT 5.0; T312461)"
129.71.19.4 - - [22/Feb/2004:19:31:30 -0800] "GET /ncaa/pdf/brackets/NCAA%201957.pdf HTTP/1.1" 200 97249 "-" "Mozilla/4.0 (compatible; MSIE 6.0; Windows 98; Q312461; .NET CLR 1.0.3705)"
130.91.117.254 - - [22/Feb/2004:19:31:30 -0800] "GET /eiwa/pdf/EIWA%20Tournament%20Summary.pdf HTTP/1.1" 200 25030 "http://www.wrestlingstats.com/eiwa/eiwa.htm" "Mozilla/4.0 (compatible; MSIE 6.0; Windows NT 5.0; T312461)"
130.91.117.254 - - [22/Feb/2004:19:31:30 -0800] "GET /eiwa/pdf/EIWA%20Tournament%20Summary.pdf HTTP/1.1" 206 20878 "-" "Mozilla/4.0 (compatible; MSIE 6.0; Windows NT 5.0; T312461)"
130.91.117.254 - - [22/Feb/2004:19:31:31 -0800] "GET /eiwa/pdf/EIWA%20Tournament%20Summary.pdf HTTP/1.1" 206 17070 "-" "Mozilla/4.0 (compatible; MSIE 6.0; Windows NT 5.0; T312461)"
129.71.19.4 - - [22/Feb/2004:19:31:34 -0800] "GET /ncaa/pdf/brackets/NCAA%201957.pdf HTTP/1.1" 206 92653 "-" "Mozilla/4.0 (compatible; MSIE 6.0; Windows 98; Q312461; .NET CLR 1.0.3705)"
129.71.19.4 - - [22/Feb/2004:19:31:36 -0800] "GET /ncaa/pdf/brackets/NCAA%201957.pdf HTTP/1.1" 206 93127 "-" "Mozilla/4.0 (compatible; MSIE 6.0; Windows 98; Q312461; .NET CLR 1.0.3705)"
130.91.117.254 - - [22/Feb/2004:19:32:35 -0800] "GET /eiwa/pdf/EIWA%20School%20Performance.pdf HTTP/1.1" 200 14908 "http://www.wrestlingstats.com/eiwa/eiwa.htm" "Mozilla/4.0 (compatible; MSIE 6.0; Windows NT 5.0; T312461)"
130.91.117.254 - - [22/Feb/2004:19:32:35 -0800] "GET /eiwa/pdf/EIWA%20School%20Performance.pdf HTTP/1.1" 206 10756 "-" "Mozilla/4.0 (compatible; MSIE 6.0; Windows NT 5.0; T312461)"
130.91.117.254 - - [22/Feb/2004:19:32:46 -0800] "GET /eiwa/brackets.htm HTTP/1.1" 200 2414 "http://www.wrestlingstats.com/eiwa/eiwa.htm" "Mozilla/4.0 (compatible; MSIE 6.0; Windows NT 5.0; T312461)"
130.91.117.254 - - [22/Feb/2004:19:32:50 -0800] "GET /eiwa/pdf/brackets/EIWA%202003.pdf HTTP/1.1" 200 70502 "http://www.wrestlingstats.com/eiwa/brackets.htm" "Mozilla/4.0 (compatible; MSIE 6.0; Windows NT 5.0; T312461)"
130.91.117.254 - - [22/Feb/2004:19:32:50 -0800] "GET /eiwa/pdf/brackets/EIWA%202003.pdf HTTP/1.1" 206 67809 "-" "Mozilla/4.0 (compatible; MSIE 6.0; Windows NT 5.0; T312461)"
130.91.117.254 - - [22/Feb/2004:19:32:50 -0800] "GET /eiwa/pdf/brackets/EIWA%202003.pdf HTTP/1.1" 206 64182 "-" "Mozilla/4.0 (compatible; MSIE 6.0; Windows NT 5.0; T312461)"
130.91.117.254 - - [22/Feb/2004:19:34:28 -0800] "GET /eiwa/pdf/brackets/EIWA%202002.pdf HTTP/1.1" 200 70105 "http://www.wrestlingstats.com/eiwa/brackets.htm" "Mozilla/4.0 (compatible; MSIE 6.0; Windows NT 5.0; T312461)"
130.91.117.254 - - [22/Feb/2004:19:34:29 -0800] "GET /eiwa/pdf/brackets/EIWA%202002.pdf HTTP/1.1" 206 65953 "-" "Mozilla/4.0 (compatible; MSIE 6.0; Windows NT 5.0; T312461)"
130.91.117.254 - - [22/Feb/2004:19:34:29 -0800] "GET /eiwa/pdf/brackets/EIWA%202002.pdf HTTP/1.1" 206 62327 "-" "Mozilla/4.0 (compatible; MSIE 6.0; Windows NT 5.0; T312461)"
24.184.49.103 - - [22/Feb/2004:19:34:29 -0800] "GET / HTTP/1.1" 200 1754 "http://lehighwrestling.com/Lehigh/uploads/links.htm" "Mozilla/4.0 (compatible; MSIE 6.0; Windows NT 5.1; .NET CLR 1.1.4322)"
24.184.49.103 - - [22/Feb/2004:19:34:30 -0800] "GET /NCAA2003.jpg HTTP/1.1" 200 84807 "http://www.wrestlingstats.com/" "Mozilla/4.0 (compatible; MSIE 6.0; Windows NT 5.1; .NET CLR 1.1.4322)"
24.184.49.103 - - [22/Feb/2004:19:34:30 -0800] "GET /apPopupMenu.class HTTP/1.1" 200 19469 "-" "Mozilla/4.0 (compatible; MSIE 6.0; Win32)"
24.184.49.103 - - [22/Feb/2004:19:34:31 -0800] "GET /images/home32.gif HTTP/1.1" 200 287 "-" "Mozilla/4.0 (compatible; MSIE 6.0; Win32)"
24.184.49.103 - - [22/Feb/2004:19:34:31 -0800] "GET /images/mail32.gif HTTP/1.1" 200 317 "-" "Mozilla/4.0 (compatible; MSIE 6.0; Win32)"
24.184.49.103 - - [22/Feb/2004:19:34:32 -0800] "GET /lehigh/index.html HTTP/1.1" 200 838 "-" "Mozilla/4.0 (compatible; MSIE 6.0; Windows NT 5.1; .NET CLR 1.1.4322)"
24.184.49.103 - - [22/Feb/2004:19:34:33 -0800] "GET /lehigh/home.php HTTP/1.1" 200 2019 "-" "Mozilla/4.0 (compatible; MSIE 6.0; Windows NT 5.1; .NET CLR 1.1.4322)"
24.184.49.103 - - [22/Feb/2004:19:34:33 -0800] "GET /lehigh/EIWAChamps.jpg HTTP/1.1" 200 42637 "http://www.wrestlingstats.com/lehigh/home.php" "Mozilla/4.0 (compatible; MSIE 6.0; Windows NT 5.1; .NET CLR 1.1.4322)"
24.184.49.103 - - [22/Feb/2004:19:34:33 -0800] "GET /lehigh/apPopupMenu.class HTTP/1.1" 200 19469 "-" "Mozilla/4.0 (compatible; MSIE 6.0; Win32)"
24.184.49.103 - - [22/Feb/2004:19:34:34 -0800] "GET /lehigh/pix/home.gif HTTP/1.1" 200 215 "-" "Mozilla/4.0 (compatible; MSIE 6.0; Win32)"
24.184.49.103 - - [22/Feb/2004:19:34:34 -0800] "GET /lehigh/pix/apbfind.gif HTTP/1.1" 200 89 "-" "Mozilla/4.0 (compatible; MSIE 6.0; Win32)"
24.184.49.103 - - [22/Feb/2004:19:34:39 -0800] "GET /lehigh/view_coach_duals.php?season=2004 HTTP/1.1" 200 3062 "-" "Mozilla/4.0 (compatible; MSIE 6.0; Windows NT 5.1; .NET CLR 1.1.4322)"
24.184.49.103 - - [22/Feb/2004:19:34:45 -0800] "GET /lehigh/show_opponent.php?teamno=69&team=Drexel HTTP/1.1" 200 2373 "http://www.wrestlingstats.com/lehigh/view_coach_duals.php?season=2004" "Mozilla/4.0 (compatible; MSIE 6.0; Windows NT 5.1; .NET CLR 1.1.4322)"
24.184.49.103 - - [22/Feb/2004:19:35:04 -0800] "GET /lehigh/view_current.php?type=2 HTTP/1.1" 200 3121 "-" "Mozilla/4.0 (compatible; MSIE 6.0; Windows NT 5.1; .NET CLR 1.1.4322)"
130.91.117.254 - - [22/Feb/2004:19:36:14 -0800] "GET /eiwa/pdf/brackets/EIWA%202001.pdf HTTP/1.1" 200 71223 "http://www.wrestlingstats.com/eiwa/brackets.htm" "Mozilla/4.0 (compatible; MSIE 6.0; Windows NT 5.0; T312461)"
130.91.117.254 - - [22/Feb/2004:19:36:15 -0800] "GET /eiwa/pdf/brackets/EIWA%202001.pdf HTTP/1.1" 206 67071 "-" "Mozilla/4.0 (compatible; MSIE 6.0; Windows NT 5.0; T312461)"
130.91.117.254 - - [22/Feb/2004:19:36:15 -0800] "GET /eiwa/pdf/brackets/EIWA%202001.pdf HTTP/1.1" 206 63445 "-" "Mozilla/4.0 (compatible; MSIE 6.0; Windows NT 5.0; T312461)"
130.91.117.254 - - [22/Feb/2004:19:37:52 -0800] "GET /eiwa/pdf/brackets/EIWA%202000.pdf HTTP/1.1" 200 70894 "http://www.wrestlingstats.com/eiwa/brackets.htm" "Mozilla/4.0 (compatible; MSIE 6.0; Windows NT 5.0; T312461)"
130.91.117.254 - - [22/Feb/2004:19:37:52 -0800] "GET /eiwa/pdf/brackets/EIWA%202000.pdf HTTP/1.1" 206 66742 "-" "Mozilla/4.0 (compatible; MSIE 6.0; Windows NT 5.0; T312461)"
130.91.117.254 - - [22/Feb/2004:19:37:53 -0800] "GET /eiwa/pdf/brackets/EIWA%202000.pdf HTTP/1.1" 206 63116 "-" "Mozilla/4.0 (compatible; MSIE 6.0; Windows NT 5.0; T312461)"
66.149.86.16 - - [22/Feb/2004:19:38:41 -0800] "GET /ncaa/pdf/NCAA%20Bout%20Scoring.pdf HTTP/1.1" 200 46083 "http://www.google.com/search?hl=en&ie=ISO-8859-1&q=ncaa+wrestling+overtime+rules" "Mozilla/4.0 (compatible; MSIE 5.22; Mac_PowerPC)"
130.91.117.254 - - [22/Feb/2004:19:38:46 -0800] "GET /eiwa/pdf/brackets/EIWA%202001.pdf HTTP/1.1" 206 62971 "http://www.wrestlingstats.com/eiwa/brackets.htm" "Mozilla/4.0 (compatible; MSIE 6.0; Windows NT 5.0; T312461)"
130.91.117.254 - - [22/Feb/2004:19:38:46 -0800] "GET /eiwa/pdf/brackets/EIWA%202001.pdf HTTP/1.1" 206 62971 "-" "Mozilla/4.0 (compatible; MSIE 6.0; Windows NT 5.0; T312461)"
130.91.117.254 - - [22/Feb/2004:19:38:46 -0800] "GET /eiwa/pdf/brackets/EIWA%202001.pdf HTTP/1.1" 206 59346 "-" "Mozilla/4.0 (compatible; MSIE 6.0; Windows NT 5.0; T312461)"
130.91.117.254 - - [22/Feb/2004:19:39:23 -0800] "GET /eiwa/pdf/brackets/EIWA%202002.pdf HTTP/1.1" 206 61853 "http://www.wrestlingstats.com/eiwa/brackets.htm" "Mozilla/4.0 (compatible; MSIE 6.0; Windows NT 5.0; T312461)"
130.91.117.254 - - [22/Feb/2004:19:39:23 -0800] "GET /eiwa/pdf/brackets/EIWA%202002.pdf HTTP/1.1" 206 61853 "-" "Mozilla/4.0 (compatible; MSIE 6.0; Windows NT 5.0; T312461)"
130.91.117.254 - - [22/Feb/2004:19:39:24 -0800] "GET /eiwa/pdf/brackets/EIWA%202002.pdf HTTP/1.1" 206 58228 "-" "Mozilla/4.0 (compatible; MSIE 6.0; Windows NT 5.0; T312461)"
65.28.226.243 - - [22/Feb/2004:19:41:38 -0800] "GET /ncaa/pdf/brackets/NCAA%201988.pdf HTTP/1.1" 200 229279 "http://www.google.com/search?q=1988+NCAA+Wrestling&hl=en&lr=&ie=UTF-8&oe=UTF-8&start=10&sa=N" "Mozilla/4.0 (compatible; MSIE 6.0; Windows NT 5.1)"
130.91.117.254 - - [22/Feb/2004:19:44:40 -0800] "GET /eiwa/pdf/brackets/EIWA%201999.pdf HTTP/1.1" 200 70161 "http://www.wrestlingstats.com/eiwa/brackets.htm" "Mozilla/4.0 (compatible; MSIE 6.0; Windows NT 5.0; T312461)"
130.91.117.254 - - [22/Feb/2004:19:44:40 -0800] "GET /eiwa/pdf/brackets/EIWA%201999.pdf HTTP/1.1" 206 66008 "-" "Mozilla/4.0 (compatible; MSIE 6.0; Windows NT 5.0; T312461)"
130.91.117.254 - - [22/Feb/2004:19:44:40 -0800] "GET /eiwa/pdf/brackets/EIWA%201999.pdf HTTP/1.1" 206 62381 "-" "Mozilla/4.0 (compatible; MSIE 6.0; Windows NT 5.0; T312461)"
130.91.117.254 - - [22/Feb/2004:19:45:45 -0800] "GET /eiwa/pdf/brackets/EIWA%201998.pdf HTTP/1.1" 200 70550 "http://www.wrestlingstats.com/eiwa/brackets.htm" "Mozilla/4.0 (compatible; MSIE 6.0; Windows NT 5.0; T312461)"
130.91.117.254 - - [22/Feb/2004:19:45:45 -0800] "GET /eiwa/pdf/brackets/EIWA%201998.pdf HTTP/1.1" 206 67858 "-" "Mozilla/4.0 (compatible; MSIE 6.0; Windows NT 5.0; T312461)"
130.91.117.254 - - [22/Feb/2004:19:45:45 -0800] "GET /eiwa/pdf/brackets/EIWA%201998.pdf HTTP/1.1" 206 64232 "-" "Mozilla/4.0 (compatible; MSIE 6.0; Windows NT 5.0; T312461)"
130.91.117.254 - - [22/Feb/2004:19:46:50 -0800] "GET /eiwa/pdf/brackets/EIWA%201997.pdf HTTP/1.1" 200 70255 "http://www.wrestlingstats.com/eiwa/brackets.htm" "Mozilla/4.0 (compatible; MSIE 6.0; Windows NT 5.0; T312461)"
130.91.117.254 - - [22/Feb/2004:19:46:50 -0800] "GET /eiwa/pdf/brackets/EIWA%201997.pdf HTTP/1.1" 206 66103 "-" "Mozilla/4.0 (compatible; MSIE 6.0; Windows NT 5.0; T312461)"
130.91.117.254 - - [22/Feb/2004:19:46:50 -0800] "GET /eiwa/pdf/brackets/EIWA%201997.pdf HTTP/1.1" 206 62477 "-" "Mozilla/4.0 (compatible; MSIE 6.0; Windows NT 5.0; T312461)"
130.91.117.254 - - [22/Feb/2004:19:47:29 -0800] "GET /eiwa/pdf/brackets/EIWA%201996.pdf HTTP/1.1" 200 70479 "http://www.wrestlingstats.com/eiwa/brackets.htm" "Mozilla/4.0 (compatible; MSIE 6.0; Windows NT 5.0; T312461)"
130.91.117.254 - - [22/Feb/2004:19:47:29 -0800] "GET /eiwa/pdf/brackets/EIWA%201996.pdf HTTP/1.1" 206 66327 "-" "Mozilla/4.0 (compatible; MSIE 6.0; Windows NT 5.0; T312461)"
130.91.117.254 - - [22/Feb/2004:19:47:30 -0800] "GET /eiwa/pdf/brackets/EIWA%201996.pdf HTTP/1.1" 206 62701 "-" "Mozilla/4.0 (compatible; MSIE 6.0; Windows NT 5.0; T312461)"
130.91.117.254 - - [22/Feb/2004:19:48:08 -0800] "GET /eiwa/pdf/brackets/EIWA%201995.pdf HTTP/1.1" 200 70895 "http://www.wrestlingstats.com/eiwa/brackets.htm" "Mozilla/4.0 (compatible; MSIE 6.0; Windows NT 5.0; T312461)"
130.91.117.254 - - [22/Feb/2004:19:48:08 -0800] "GET /eiwa/pdf/brackets/EIWA%201995.pdf HTTP/1.1" 206 68202 "-" "Mozilla/4.0 (compatible; MSIE 6.0; Windows NT 5.0; T312461)"
130.91.117.254 - - [22/Feb/2004:19:48:08 -0800] "GET /eiwa/pdf/brackets/EIWA%201995.pdf HTTP/1.1" 206 64575 "-" "Mozilla/4.0 (compatible; MSIE 6.0; Windows NT 5.0; T312461)"
130.91.117.254 - - [22/Feb/2004:19:48:47 -0800] "GET /eiwa/pdf/brackets/EIWA%201994.pdf HTTP/1.1" 200 71165 "http://www.wrestlingstats.com/eiwa/brackets.htm" "Mozilla/4.0 (compatible; MSIE 6.0; Windows NT 5.0; T312461)"
130.91.117.254 - - [22/Feb/2004:19:48:47 -0800] "GET /eiwa/pdf/brackets/EIWA%201994.pdf HTTP/1.1" 206 68473 "-" "Mozilla/4.0 (compatible; MSIE 6.0; Windows NT 5.0; T312461)"
130.91.117.254 - - [22/Feb/2004:19:48:47 -0800] "GET /eiwa/pdf/brackets/EIWA%201994.pdf HTTP/1.1" 206 64847 "-" "Mozilla/4.0 (compatible; MSIE 6.0; Windows NT 5.0; T312461)"
130.91.117.254 - - [22/Feb/2004:19:49:18 -0800] "GET /big8/big8.htm HTTP/1.1" 200 2258 "-" "Mozilla/4.0 (compatible; MSIE 6.0; Windows NT 5.0; T312461)"
130.91.117.254 - - [22/Feb/2004:19:49:34 -0800] "GET /big8/pdf/Big%208-1978.pdf HTTP/1.1" 200 25362 "http://www.wrestlingstats.com/big8/big8.htm" "Mozilla/4.0 (compatible; MSIE 6.0; Windows NT 5.0; T312461)"
130.91.117.254 - - [22/Feb/2004:19:49:35 -0800] "GET /big8/pdf/Big%208-1978.pdf HTTP/1.1" 206 21209 "-" "Mozilla/4.0 (compatible; MSIE 6.0; Windows NT 5.0; T312461)"
130.91.117.254 - - [22/Feb/2004:19:49:35 -0800] "GET /big8/pdf/Big%208-1978.pdf HTTP/1.1" 206 17400 "-" "Mozilla/4.0 (compatible; MSIE 6.0; Windows NT 5.0; T312461)"
130.91.117.254 - - [22/Feb/2004:19:49:40 -0800] "GET /big8/pdf/Big%208-1977.pdf HTTP/1.1" 200 25320 "http://www.wrestlingstats.com/big8/big8.htm" "Mozilla/4.0 (compatible; MSIE 6.0; Windows NT 5.0; T312461)"
130.91.117.254 - - [22/Feb/2004:19:49:41 -0800] "GET /big8/pdf/Big%208-1977.pdf HTTP/1.1" 206 21167 "-" "Mozilla/4.0 (compatible; MSIE 6.0; Windows NT 5.0; T312461)"
130.91.117.254 - - [22/Feb/2004:19:49:41 -0800] "GET /big8/pdf/Big%208-1977.pdf HTTP/1.1" 206 17358 "-" "Mozilla/4.0 (compatible; MSIE 6.0; Windows NT 5.0; T312461)"
130.91.117.254 - - [22/Feb/2004:19:49:48 -0800] "GET /big10/big10.htm HTTP/1.1" 200 2300 "-" "Mozilla/4.0 (compatible; MSIE 6.0; Windows NT 5.0; T312461)"
130.91.117.254 - - [22/Feb/2004:19:49:51 -0800] "GET /big10/pdf/Big%2010-1977.pdf HTTP/1.1" 200 25406 "http://www.wrestlingstats.com/big10/big10.htm" "Mozilla/4.0 (compatible; MSIE 6.0; Windows NT 5.0; T312461)"
130.91.117.254 - - [22/Feb/2004:19:49:51 -0800] "GET /big10/pdf/Big%2010-1977.pdf HTTP/1.1" 206 21253 "-" "Mozilla/4.0 (compatible; MSIE 6.0; Windows NT 5.0; T312461)"
130.91.117.254 - - [22/Feb/2004:19:49:51 -0800] "GET /big10/pdf/Big%2010-1977.pdf HTTP/1.1" 206 17444 "-" "Mozilla/4.0 (compatible; MSIE 6.0; Windows NT 5.0; T312461)"
130.91.117.254 - - [22/Feb/2004:19:50:04 -0800] "GET /ncaa/ncaa.htm HTTP/1.1" 200 1797 "-" "Mozilla/4.0 (compatible; MSIE 6.0; Windows NT 5.0; T312461)"
130.91.117.254 - - [22/Feb/2004:19:50:07 -0800] "GET /ncaa/pdf/Summary%20of%20All%20Americans.pdf HTTP/1.1" 200 67818 "http://www.wrestlingstats.com/ncaa/ncaa.htm" "Mozilla/4.0 (compatible; MSIE 6.0; Windows NT 5.0; T312461)"
130.91.117.254 - - [22/Feb/2004:19:50:07 -0800] "GET /ncaa/pdf/Summary%20of%20All%20Americans.pdf HTTP/1.1" 206 63666 "-" "Mozilla/4.0 (compatible; MSIE 6.0; Windows NT 5.0; T312461)"
130.91.117.254 - - [22/Feb/2004:19:50:30 -0800] "GET /ncaa/brackets.htm HTTP/1.1" 200 2796 "-" "Mozilla/4.0 (compatible; MSIE 6.0; Windows NT 5.0; T312461)"
130.91.117.254 - - [22/Feb/2004:19:50:36 -0800] "GET /ncaa/pdf/brackets/NCAA%201975.pdf HTTP/1.1" 200 219309 "http://www.wrestlingstats.com/ncaa/brackets.htm" "Mozilla/4.0 (compatible; MSIE 6.0; Windows NT 5.0; T312461)"
130.91.117.254 - - [22/Feb/2004:19:50:36 -0800] "GET /ncaa/pdf/brackets/NCAA%201975.pdf HTTP/1.1" 206 215158 "-" "Mozilla/4.0 (compatible; MSIE 6.0; Windows NT 5.0; T312461)"
130.91.117.254 - - [22/Feb/2004:19:50:37 -0800] "GET /ncaa/pdf/brackets/NCAA%201975.pdf HTTP/1.1" 206 212013 "-" "Mozilla/4.0 (compatible; MSIE 6.0; Windows NT 5.0; T312461)"
130.91.117.254 - - [22/Feb/2004:19:50:54 -0800] "GET /ncaa/pdf/brackets/NCAA%201974.pdf HTTP/1.1" 200 196608 "http://www.wrestlingstats.com/ncaa/brackets.htm" "Mozilla/4.0 (compatible; MSIE 6.0; Windows NT 5.0; T312461)"
130.91.117.254 - - [22/Feb/2004:19:50:54 -0800] "GET /ncaa/pdf/brackets/NCAA%201974.pdf HTTP/1.1" 206 217002 "-" "Mozilla/4.0 (compatible; MSIE 6.0; Windows NT 5.0; T312461)"
130.91.117.254 - - [22/Feb/2004:19:50:54 -0800] "GET /ncaa/pdf/brackets/NCAA%201974.pdf HTTP/1.1" 206 213857 "-" "Mozilla/4.0 (compatible; MSIE 6.0; Windows NT 5.0; T312461)"
130.91.117.254 - - [22/Feb/2004:19:51:12 -0800] "GET /ncaa/pdf/brackets/NCAA%201973.pdf HTTP/1.1" 200 65536 "http://www.wrestlingstats.com/ncaa/brackets.htm" "Mozilla/4.0 (compatible; MSIE 6.0; Windows NT 5.0; T312461)"
130.91.117.254 - - [22/Feb/2004:19:51:12 -0800] "GET /ncaa/pdf/brackets/NCAA%201973.pdf HTTP/1.1" 206 208153 "-" "Mozilla/4.0 (compatible; MSIE 6.0; Windows NT 5.0; T312461)"
130.91.117.254 - - [22/Feb/2004:19:51:12 -0800] "GET /ncaa/pdf/brackets/NCAA%201973.pdf HTTP/1.1" 206 204914 "-" "Mozilla/4.0 (compatible; MSIE 6.0; Windows NT 5.0; T312461)"
130.91.117.254 - - [22/Feb/2004:19:51:20 -0800] "GET /ncaa/pdf/brackets/NCAA%201979.pdf HTTP/1.1" 200 221713 "http://www.wrestlingstats.com/ncaa/brackets.htm" "Mozilla/4.0 (compatible; MSIE 6.0; Windows NT 5.0; T312461)"
130.91.117.254 - - [22/Feb/2004:19:51:21 -0800] "GET /ncaa/pdf/brackets/NCAA%201979.pdf HTTP/1.1" 206 217562 "-" "Mozilla/4.0 (compatible; MSIE 6.0; Windows NT 5.0; T312461)"
130.91.117.254 - - [22/Feb/2004:19:51:21 -0800] "GET /ncaa/pdf/brackets/NCAA%201979.pdf HTTP/1.1" 206 214417 "-" "Mozilla/4.0 (compatible; MSIE 6.0; Windows NT 5.0; T312461)"
32.103.218.93 - - [22/Feb/2004:19:51:44 -0800] "GET / HTTP/1.1" 200 1753 "http://www.wrestlingreport.com/" "Mozilla/4.0 (compatible; MSIE 6.0; Windows 98; Win 9x 4.90; YComp 5.0.0.0)"
130.91.117.254 - - [22/Feb/2004:19:51:45 -0800] "GET /ncaa/pdf/brackets/NCAA%201978.pdf HTTP/1.1" 200 135019 "http://www.wrestlingstats.com/ncaa/brackets.htm" "Mozilla/4.0 (compatible; MSIE 6.0; Windows NT 5.0; T312461)"
130.91.117.254 - - [22/Feb/2004:19:51:45 -0800] "GET /ncaa/pdf/brackets/NCAA%201978.pdf HTTP/1.1" 206 130868 "-" "Mozilla/4.0 (compatible; MSIE 6.0; Windows NT 5.0; T312461)"
130.91.117.254 - - [22/Feb/2004:19:51:46 -0800] "GET /ncaa/pdf/brackets/NCAA%201978.pdf HTTP/1.1" 206 127441 "-" "Mozilla/4.0 (compatible; MSIE 6.0; Windows NT 5.0; T312461)"
32.103.218.93 - - [22/Feb/2004:19:51:46 -0800] "GET /apPopupMenu.class HTTP/1.1" 200 19469 "-" "Java 1.1"
32.103.218.93 - - [22/Feb/2004:19:51:46 -0800] "GET /NCAA2003.jpg HTTP/1.1" 200 84807 "http://www.wrestlingstats.com/" "Mozilla/4.0 (compatible; MSIE 6.0; Windows 98; Win 9x 4.90; YComp 5.0.0.0)"
130.91.117.254 - - [22/Feb/2004:19:51:59 -0800] "GET /ncaa/pdf/brackets/NCAA%201977.pdf HTTP/1.1" 200 225054 "http://www.wrestlingstats.com/ncaa/brackets.htm" "Mozilla/4.0 (compatible; MSIE 6.0; Windows NT 5.0; T312461)"
130.91.117.254 - - [22/Feb/2004:19:52:00 -0800] "GET /ncaa/pdf/brackets/NCAA%201977.pdf HTTP/1.1" 206 220903 "-" "Mozilla/4.0 (compatible; MSIE 6.0; Windows NT 5.0; T312461)"
130.91.117.254 - - [22/Feb/2004:19:55:05 -0800] "GET /ncaa/pdf/brackets/NCAA%201978.pdf HTTP/1.1" 206 126771 "http://www.wrestlingstats.com/ncaa/brackets.htm" "Mozilla/4.0 (compatible; MSIE 6.0; Windows NT 5.0; T312461)"
130.91.117.254 - - [22/Feb/2004:19:55:05 -0800] "GET /ncaa/pdf/brackets/NCAA%201978.pdf HTTP/1.1" 206 126771 "-" "Mozilla/4.0 (compatible; MSIE 6.0; Windows NT 5.0; T312461)"
130.91.117.254 - - [22/Feb/2004:19:55:06 -0800] "GET /ncaa/pdf/brackets/NCAA%201978.pdf HTTP/1.1" 206 123345 "-" "Mozilla/4.0 (compatible; MSIE 6.0; Windows NT 5.0; T312461)"
130.91.117.254 - - [22/Feb/2004:19:56:53 -0800] "GET /ncaa/pdf/brackets/NCAA%201976.pdf HTTP/1.1" 200 131072 "http://www.wrestlingstats.com/ncaa/brackets.htm" "Mozilla/4.0 (compatible; MSIE 6.0; Windows NT 5.0; T312461)"
130.91.117.254 - - [22/Feb/2004:19:56:53 -0800] "GET /ncaa/pdf/brackets/NCAA%201976.pdf HTTP/1.1" 206 211612 "-" "Mozilla/4.0 (compatible; MSIE 6.0; Windows NT 5.0; T312461)"
130.91.117.254 - - [22/Feb/2004:19:56:53 -0800] "GET /ncaa/pdf/brackets/NCAA%201976.pdf HTTP/1.1" 206 208373 "-" "Mozilla/4.0 (compatible; MSIE 6.0; Windows NT 5.0; T312461)"
130.91.117.254 - - [22/Feb/2004:19:57:28 -0800] "GET /ncaa/pdf/brackets/NCAA%201975.pdf HTTP/1.1" 206 211061 "http://www.wrestlingstats.com/ncaa/brackets.htm" "Mozilla/4.0 (compatible; MSIE 6.0; Windows NT 5.0; T312461)"
130.91.117.254 - - [22/Feb/2004:19:57:28 -0800] "GET /ncaa/pdf/brackets/NCAA%201975.pdf HTTP/1.1" 206 211061 "-" "Mozilla/4.0 (compatible; MSIE 6.0; Windows NT 5.0; T312461)"
130.91.117.254 - - [22/Feb/2004:19:57:28 -0800] "GET /ncaa/pdf/brackets/NCAA%201975.pdf HTTP/1.1" 206 207917 "-" "Mozilla/4.0 (compatible; MSIE 6.0; Windows NT 5.0; T312461)"
130.91.117.254 - - [22/Feb/2004:19:57:53 -0800] "GET /lehigh/index.html HTTP/1.1" 200 839 "-" "Mozilla/4.0 (compatible; MSIE 6.0; Windows NT 5.0; T312461)"
130.91.117.254 - - [22/Feb/2004:19:57:53 -0800] "GET /lehigh/home.php HTTP/1.1" 200 1701 "-" "Mozilla/4.0 (compatible; MSIE 6.0; Windows NT 5.0; T312461)"
130.91.117.254 - - [22/Feb/2004:19:57:54 -0800] "GET /lehigh/EIWAChamps.jpg HTTP/1.1" 200 42637 "http://www.wrestlingstats.com/lehigh/home.php" "Mozilla/4.0 (compatible; MSIE 6.0; Windows NT 5.0; T312461)"
130.91.117.254 - - [22/Feb/2004:19:57:54 -0800] "GET /lehigh/apPopupMenu.class HTTP/1.1" 200 19469 "-" "Mozilla/4.0 (compatible; MSIE 6.0; Win32)"
130.91.117.254 - - [22/Feb/2004:19:57:54 -0800] "GET /lehigh/pix/home.gif HTTP/1.1" 200 215 "-" "Mozilla/4.0 (compatible; MSIE 6.0; Win32)"
130.91.117.254 - - [22/Feb/2004:19:57:55 -0800] "GET /lehigh/pix/apbfind.gif HTTP/1.1" 200 89 "-" "Mozilla/4.0 (compatible; MSIE 6.0; Win32)"
130.91.117.254 - - [22/Feb/2004:19:58:17 -0800] "GET /lehigh/home.php HTTP/1.1" 200 1701 "-" "Mozilla/4.0 (compatible; MSIE 6.0; Windows NT 5.0; T312461)"
130.91.117.254 - - [22/Feb/2004:19:58:22 -0800] "GET /lehigh/home.php HTTP/1.1" 200 1701 "-" "Mozilla/4.0 (compatible; MSIE 6.0; Windows NT 5.0; T312461)"
130.91.117.254 - - [22/Feb/2004:19:58:24 -0800] "GET /lehigh/home.php HTTP/1.1" 200 1701 "-" "Mozilla/4.0 (compatible; MSIE 6.0; Windows NT 5.0; T312461)"
32.103.218.93 - - [22/Feb/2004:19:58:26 -0800] "GET /NCAA2003.jpg HTTP/1.1" 206 72166 "http://www.wrestlingstats.com/" "Mozilla/4.0 (compatible; MSIE 6.0; Windows 98; Win 9x 4.90; YComp 5.0.0.0)"
32.103.218.93 - - [22/Feb/2004:19:58:27 -0800] "GET /images/home32.gif HTTP/1.1" 200 287 "-" "Java 1.1"
32.103.218.93 - - [22/Feb/2004:19:58:31 -0800] "GET /images/mail32.gif HTTP/1.1" 200 317 "-" "Java 1.1"
32.103.218.93 - - [22/Feb/2004:19:58:40 -0800] "GET /lehigh/index.html HTTP/1.1" 200 838 "-" "Mozilla/4.0 (compatible; MSIE 6.0; Windows 98; Win 9x 4.90; YComp 5.0.0.0)"
32.103.218.93 - - [22/Feb/2004:19:58:43 -0800] "GET /lehigh/home.php HTTP/1.1" 200 2019 "-" "Mozilla/4.0 (compatible; MSIE 6.0; Windows 98; Win 9x 4.90; YComp 5.0.0.0)"
32.103.218.93 - - [22/Feb/2004:19:58:45 -0800] "GET /lehigh/apPopupMenu.class HTTP/1.1" 200 19469 "-" "Java 1.1"
32.103.218.93 - - [22/Feb/2004:19:58:45 -0800] "GET /lehigh/EIWAChamps.jpg HTTP/1.1" 200 42637 "http://www.wrestlingstats.com/lehigh/home.php" "Mozilla/4.0 (compatible; MSIE 6.0; Windows 98; Win 9x 4.90; YComp 5.0.0.0)"
32.103.218.93 - - [22/Feb/2004:19:59:12 -0800] "GET /lehigh/pix/home.gif HTTP/1.1" 200 215 "-" "Java 1.1"
32.103.218.93 - - [22/Feb/2004:19:59:13 -0800] "GET /lehigh/pix/apbfind.gif HTTP/1.1" 200 89 "-" "Java 1.1"
32.103.218.93 - - [22/Feb/2004:19:59:16 -0800] "GET /lehigh/wrestlers.php HTTP/1.1" 200 1934 "-" "Mozilla/4.0 (compatible; MSIE 6.0; Windows 98; Win 9x 4.90; YComp 5.0.0.0)"
32.103.218.93 - - [22/Feb/2004:19:59:30 -0800] "POST /lehigh/view_all_wrestlers.php HTTP/1.1" 200 2028 "http://www.wrestlingstats.com/lehigh/wrestlers.php" "Mozilla/4.0 (compatible; MSIE 6.0; Windows 98; Win 9x 4.90; YComp 5.0.0.0)"
