63.127.56.70 - - [24/Feb/2004:19:01:52 -0800] "GET /eiwa/brackets.htm HTTP/1.1" 304 - "-" "Mozilla/4.0 (compatible; MSIE 6.0; Windows 98; Win 9x 4.90)"
63.127.56.70 - - [24/Feb/2004:19:02:11 -0800] "GET /eiwa/pdf/brackets/EIWA%201960.pdf HTTP/1.1" 200 52246 "http://www.wrestlingstats.com/eiwa/brackets.htm" "Mozilla/4.0 (compatible; MSIE 6.0; Windows 98; Win 9x 4.90)"
63.127.56.70 - - [24/Feb/2004:19:02:11 -0800] "GET /eiwa/pdf/brackets/EIWA%201960.pdf HTTP/1.1" 206 44054 "-" "Mozilla/4.0 (compatible; MSIE 6.0; Windows 98; Win 9x 4.90)"
64.68.82.167 - - [24/Feb/2004:19:02:23 -0800] "GET /robots.txt HTTP/1.0" 404 363 "-" "Googlebot/2.1 (+http://www.googlebot.com/bot.html)"
64.68.82.167 - - [24/Feb/2004:19:02:23 -0800] "GET /ncaa/brackets.htm HTTP/1.0" 200 12926 "-" "Googlebot/2.1 (+http://www.googlebot.com/bot.html)"
208.162.254.86 - - [24/Feb/2004:19:02:50 -0800] "GET /ncaa/pdf/brackets/NCAA%201993.pdf HTTP/1.1" 200 228307 "http://www.google.com/search?q=%22Lincoln+McIlravy%22&hl=en&lr=&ie=UTF-8&oe=UTF-8&start=50&sa=N" "Mozilla/5.0 (Windows; U; Windows NT 5.1; en-US; rv:1.5) Gecko/20031007"
63.127.56.70 - - [24/Feb/2004:19:03:27 -0800] "GET /eiwa/brackets.htm HTTP/1.1" 304 - "-" "Mozilla/4.0 (compatible; MSIE 6.0; Windows 98; Win 9x 4.90)"
63.127.56.70 - - [24/Feb/2004:19:03:36 -0800] "GET /eiwa/pdf/brackets/EIWA%201964.pdf HTTP/1.1" 200 121504 "http://www.wrestlingstats.com/eiwa/brackets.htm" "Mozilla/4.0 (compatible; MSIE 6.0; Windows 98; Win 9x 4.90)"
63.127.56.70 - - [24/Feb/2004:19:03:37 -0800] "GET /eiwa/pdf/brackets/EIWA%201964.pdf HTTP/1.1" 206 113312 "-" "Mozilla/4.0 (compatible; MSIE 6.0; Windows 98; Win 9x 4.90)"
63.127.56.70 - - [24/Feb/2004:19:06:18 -0800] "GET /eiwa/pdf/brackets/EIWA%201963.pdf HTTP/1.1" 200 122047 "http://www.wrestlingstats.com/eiwa/brackets.htm" "Mozilla/4.0 (compatible; MSIE 6.0; Windows 98; Win 9x 4.90)"
63.127.56.70 - - [24/Feb/2004:19:06:18 -0800] "GET /eiwa/pdf/brackets/EIWA%201963.pdf HTTP/1.1" 206 117895 "-" "Mozilla/4.0 (compatible; MSIE 6.0; Windows 98; Win 9x 4.90)"
63.127.56.70 - - [24/Feb/2004:19:07:09 -0800] "GET /eiwa/pdf/brackets/EIWA%201965.pdf HTTP/1.1" 200 120079 "http://www.wrestlingstats.com/eiwa/brackets.htm" "Mozilla/4.0 (compatible; MSIE 6.0; Windows 98; Win 9x 4.90)"
63.127.56.70 - - [24/Feb/2004:19:07:10 -0800] "GET /eiwa/pdf/brackets/EIWA%201965.pdf HTTP/1.1" 206 111887 "-" "Mozilla/4.0 (compatible; MSIE 6.0; Windows 98; Win 9x 4.90)"
63.127.56.70 - - [24/Feb/2004:19:08:09 -0800] "GET /eiwa/pdf/brackets/EIWA%201966.pdf HTTP/1.1" 200 123838 "http://www.wrestlingstats.com/eiwa/brackets.htm" "Mozilla/4.0 (compatible; MSIE 6.0; Windows 98; Win 9x 4.90)"
63.127.56.70 - - [24/Feb/2004:19:08:09 -0800] "GET /eiwa/pdf/brackets/EIWA%201966.pdf HTTP/1.1" 206 119686 "-" "Mozilla/4.0 (compatible; MSIE 6.0; Windows 98; Win 9x 4.90)"
63.127.56.70 - - [24/Feb/2004:19:08:59 -0800] "GET /eiwa/pdf/brackets/EIWA%201967.pdf HTTP/1.1" 200 127392 "http://www.wrestlingstats.com/eiwa/brackets.htm" "Mozilla/4.0 (compatible; MSIE 6.0; Windows 98; Win 9x 4.90)"
63.127.56.70 - - [24/Feb/2004:19:09:00 -0800] "GET /eiwa/pdf/brackets/EIWA%201967.pdf HTTP/1.1" 206 119200 "-" "Mozilla/4.0 (compatible; MSIE 6.0; Windows 98; Win 9x 4.90)"
63.127.56.70 - - [24/Feb/2004:19:09:47 -0800] "GET /eiwa/pdf/brackets/EIWA%201961.pdf HTTP/1.1" 200 121353 "http://www.wrestlingstats.com/eiwa/brackets.htm" "Mozilla/4.0 (compatible; MSIE 6.0; Windows 98; Win 9x 4.90)"
63.127.56.70 - - [24/Feb/2004:19:09:48 -0800] "GET /eiwa/pdf/brackets/EIWA%201961.pdf HTTP/1.1" 206 113161 "-" "Mozilla/4.0 (compatible; MSIE 6.0; Windows 98; Win 9x 4.90)"
66.24.4.208 - - [24/Feb/2004:19:10:08 -0800] "GET /eiwa/brackets.htm HTTP/1.0" 200 11529 "-" "Mozilla/4.0 (compatible; MSIE 5.5; Windows 98; Win 9x 4.90; Hotbar 4.4.2.0)"
63.127.56.70 - - [24/Feb/2004:19:10:18 -0800] "GET /eiwa/pdf/brackets/EIWA%201962.pdf HTTP/1.1" 200 199756 "http://www.wrestlingstats.com/eiwa/brackets.htm" "Mozilla/4.0 (compatible; MSIE 6.0; Windows 98; Win 9x 4.90)"
63.127.56.70 - - [24/Feb/2004:19:10:19 -0800] "GET /eiwa/pdf/brackets/EIWA%201962.pdf HTTP/1.1" 206 191564 "-" "Mozilla/4.0 (compatible; MSIE 6.0; Windows 98; Win 9x 4.90)"
66.24.4.208 - - [24/Feb/2004:19:10:20 -0800] "GET /apPopupMenu.class HTTP/1.0" 200 19469 "-" "Java 1.1"
66.24.4.208 - - [24/Feb/2004:19:10:21 -0800] "GET /images/home32.gif HTTP/1.0" 200 287 "-" "Java 1.1"
66.24.4.208 - - [24/Feb/2004:19:10:22 -0800] "GET /images/mail32.gif HTTP/1.0" 200 317 "-" "Java 1.1"
63.127.56.70 - - [24/Feb/2004:19:10:39 -0800] "GET /eiwa/pdf/brackets/EIWA%201968.pdf HTTP/1.1" 200 65553 "http://www.wrestlingstats.com/eiwa/brackets.htm" "Mozilla/4.0 (compatible; MSIE 6.0; Windows 98; Win 9x 4.90)"
63.127.56.70 - - [24/Feb/2004:19:10:40 -0800] "GET /eiwa/pdf/brackets/EIWA%201968.pdf HTTP/1.1" 206 57361 "-" "Mozilla/4.0 (compatible; MSIE 6.0; Windows 98; Win 9x 4.90)"
63.127.56.70 - - [24/Feb/2004:19:10:40 -0800] "GET /eiwa/pdf/brackets/EIWA%201968.pdf HTTP/1.1" 206 53650 "-" "Mozilla/4.0 (compatible; MSIE 6.0; Windows 98; Win 9x 4.90)"
66.24.4.208 - - [24/Feb/2004:19:10:41 -0800] "GET /eiwa/pdf/brackets/EIWA%201976.pdf HTTP/1.0" 200 69927 "http://www.wrestlingstats.com/eiwa/brackets.htm" "Mozilla/4.0 (compatible; MSIE 5.5; Windows 98; Win 9x 4.90; Hotbar 4.4.2.0)"
63.127.56.70 - - [24/Feb/2004:19:11:25 -0800] "GET /eiwa/pdf/brackets/EIWA%201969.pdf HTTP/1.1" 200 65198 "http://www.wrestlingstats.com/eiwa/brackets.htm" "Mozilla/4.0 (compatible; MSIE 6.0; Windows 98; Win 9x 4.90)"
63.127.56.70 - - [24/Feb/2004:19:11:25 -0800] "GET /eiwa/pdf/brackets/EIWA%201969.pdf HTTP/1.1" 206 57006 "-" "Mozilla/4.0 (compatible; MSIE 6.0; Windows 98; Win 9x 4.90)"
63.127.56.70 - - [24/Feb/2004:19:11:26 -0800] "GET /eiwa/pdf/brackets/EIWA%201969.pdf HTTP/1.1" 206 48914 "-" "Mozilla/4.0 (compatible; MSIE 6.0; Windows 98; Win 9x 4.90)"
63.127.56.70 - - [24/Feb/2004:19:12:21 -0800] "GET /eiwa/pdf/brackets/EIWA%201970.pdf HTTP/1.1" 200 64644 "http://www.wrestlingstats.com/eiwa/brackets.htm" "Mozilla/4.0 (compatible; MSIE 6.0; Windows 98; Win 9x 4.90)"
63.127.56.70 - - [24/Feb/2004:19:12:21 -0800] "GET /eiwa/pdf/brackets/EIWA%201970.pdf HTTP/1.1" 206 56452 "-" "Mozilla/4.0 (compatible; MSIE 6.0; Windows 98; Win 9x 4.90)"
63.127.56.70 - - [24/Feb/2004:19:12:22 -0800] "GET /eiwa/pdf/brackets/EIWA%201970.pdf HTTP/1.1" 206 52739 "-" "Mozilla/4.0 (compatible; MSIE 6.0; Windows 98; Win 9x 4.90)"
63.127.56.70 - - [24/Feb/2004:19:13:11 -0800] "GET /eiwa/pdf/brackets/EIWA%201971.pdf HTTP/1.1" 200 64082 "http://www.wrestlingstats.com/eiwa/brackets.htm" "Mozilla/4.0 (compatible; MSIE 6.0; Windows 98; Win 9x 4.90)"
63.127.56.70 - - [24/Feb/2004:19:13:11 -0800] "GET /eiwa/pdf/brackets/EIWA%201971.pdf HTTP/1.1" 206 55890 "-" "Mozilla/4.0 (compatible; MSIE 6.0; Windows 98; Win 9x 4.90)"
63.127.56.70 - - [24/Feb/2004:19:13:12 -0800] "GET /eiwa/pdf/brackets/EIWA%201971.pdf HTTP/1.1" 206 52177 "-" "Mozilla/4.0 (compatible; MSIE 6.0; Windows 98; Win 9x 4.90)"
63.127.56.70 - - [24/Feb/2004:19:14:04 -0800] "GET /eiwa/pdf/brackets/EIWA%201972.pdf HTTP/1.1" 200 69919 "http://www.wrestlingstats.com/eiwa/brackets.htm" "Mozilla/4.0 (compatible; MSIE 6.0; Windows 98; Win 9x 4.90)"
63.127.56.70 - - [24/Feb/2004:19:14:04 -0800] "GET /eiwa/pdf/brackets/EIWA%201972.pdf HTTP/1.1" 206 65766 "-" "Mozilla/4.0 (compatible; MSIE 6.0; Windows 98; Win 9x 4.90)"
63.127.56.70 - - [24/Feb/2004:19:14:04 -0800] "GET /eiwa/pdf/brackets/EIWA%201972.pdf HTTP/1.1" 206 62145 "-" "Mozilla/4.0 (compatible; MSIE 6.0; Windows 98; Win 9x 4.90)"
67.162.54.78 - - [24/Feb/2004:19:14:50 -0800] "GET /ncaa/pdf/brackets/NCAA%201952.pdf HTTP/1.1" 200 86275 "http://www.google.com/search?hl=en&lr=&ie=UTF-8&oe=UTF-8&q=bill+weick" "Mozilla/4.0 (compatible; MSIE 6.0; Windows NT 5.1; .NET CLR 1.0.3705)"
67.162.54.78 - - [24/Feb/2004:19:14:51 -0800] "GET /ncaa/pdf/brackets/NCAA%201952.pdf HTTP/1.1" 200 86275 "-" "Mozilla/4.0 (compatible; MSIE 6.0; Windows NT 5.1; .NET CLR 1.0.3705)"
63.127.56.70 - - [24/Feb/2004:19:15:03 -0800] "GET /eiwa/pdf/brackets/EIWA%201974.pdf HTTP/1.1" 200 69936 "http://www.wrestlingstats.com/eiwa/brackets.htm" "Mozilla/4.0 (compatible; MSIE 6.0; Windows 98; Win 9x 4.90)"
63.127.56.70 - - [24/Feb/2004:19:15:03 -0800] "GET /eiwa/pdf/brackets/EIWA%201974.pdf HTTP/1.1" 206 65783 "-" "Mozilla/4.0 (compatible; MSIE 6.0; Windows 98; Win 9x 4.90)"
63.127.56.70 - - [24/Feb/2004:19:15:03 -0800] "GET /eiwa/pdf/brackets/EIWA%201974.pdf HTTP/1.1" 206 62162 "-" "Mozilla/4.0 (compatible; MSIE 6.0; Windows 98; Win 9x 4.90)"
67.162.54.78 - - [24/Feb/2004:19:15:36 -0800] "GET /ncaa/pdf/brackets/NCAA%201955.pdf HTTP/1.1" 200 93633 "http://www.google.com/search?hl=en&lr=&ie=UTF-8&oe=UTF-8&q=bill+weick" "Mozilla/4.0 (compatible; MSIE 6.0; Windows NT 5.1; .NET CLR 1.0.3705)"
67.162.54.78 - - [24/Feb/2004:19:15:36 -0800] "GET /ncaa/pdf/brackets/NCAA%201955.pdf HTTP/1.1" 200 93633 "-" "Mozilla/4.0 (compatible; MSIE 6.0; Windows NT 5.1; .NET CLR 1.0.3705)"
67.162.54.78 - - [24/Feb/2004:19:15:36 -0800] "GET /ncaa/pdf/brackets/NCAA%201955.pdf HTTP/1.1" 206 89955 "-" "Mozilla/4.0 (compatible; MSIE 6.0; Windows NT 5.1; .NET CLR 1.0.3705)"
63.127.56.70 - - [24/Feb/2004:19:16:01 -0800] "GET /eiwa/pdf/brackets/EIWA%201975.pdf HTTP/1.1" 200 69463 "http://www.wrestlingstats.com/eiwa/brackets.htm" "Mozilla/4.0 (compatible; MSIE 6.0; Windows 98; Win 9x 4.90)"
63.127.56.70 - - [24/Feb/2004:19:16:01 -0800] "GET /eiwa/pdf/brackets/EIWA%201975.pdf HTTP/1.1" 206 65311 "-" "Mozilla/4.0 (compatible; MSIE 6.0; Windows 98; Win 9x 4.90)"
63.127.56.70 - - [24/Feb/2004:19:16:01 -0800] "GET /eiwa/pdf/brackets/EIWA%201975.pdf HTTP/1.1" 206 61691 "-" "Mozilla/4.0 (compatible; MSIE 6.0; Windows 98; Win 9x 4.90)"
24.14.101.44 - - [24/Feb/2004:19:16:05 -0800] "GET /ncaa/pdf/brackets/NCAA%201982.pdf HTTP/1.1" 200 131072 "http://www.google.com/search?q=ed+giese&hl=en&lr=&ie=UTF-8&oe=UTF-8&start=200&sa=N" "Mozilla/4.0 (compatible; MSIE 6.0; Windows NT 5.1)"
24.14.101.44 - - [24/Feb/2004:19:16:05 -0800] "GET /ncaa/pdf/brackets/NCAA%201982.pdf HTTP/1.1" 206 196608 "-" "Mozilla/4.0 (compatible; MSIE 6.0; Windows NT 5.1)"
24.14.101.44 - - [24/Feb/2004:19:16:05 -0800] "GET /ncaa/pdf/brackets/NCAA%201982.pdf HTTP/1.1" 206 236775 "-" "Mozilla/4.0 (compatible; MSIE 6.0; Windows NT 5.1)"
66.24.4.208 - - [24/Feb/2004:19:16:59 -0800] "GET /eiwa/brackets.htm HTTP/1.0" 200 11529 "-" "Mozilla/4.0 (compatible; MSIE 5.5; Windows 98; Win 9x 4.90; Hotbar 4.4.2.0)"
63.127.56.70 - - [24/Feb/2004:19:17:02 -0800] "GET /eiwa/pdf/brackets/EIWA%201976.pdf HTTP/1.1" 206 57635 "http://www.wrestlingstats.com/eiwa/brackets.htm" "Mozilla/4.0 (compatible; MSIE 6.0; Windows 98; Win 9x 4.90)"
63.127.56.70 - - [24/Feb/2004:19:17:02 -0800] "GET /eiwa/pdf/brackets/EIWA%201976.pdf HTTP/1.1" 206 57635 "-" "Mozilla/4.0 (compatible; MSIE 6.0; Windows 98; Win 9x 4.90)"
63.127.56.70 - - [24/Feb/2004:19:17:02 -0800] "GET /eiwa/pdf/brackets/EIWA%201976.pdf HTTP/1.1" 206 54017 "-" "Mozilla/4.0 (compatible; MSIE 6.0; Windows 98; Win 9x 4.90)"
66.24.4.208 - - [24/Feb/2004:19:17:06 -0800] "GET /apPopupMenu.class HTTP/1.0" 200 19469 "-" "Java 1.1"
66.24.4.208 - - [24/Feb/2004:19:17:07 -0800] "GET /images/home32.gif HTTP/1.0" 200 287 "-" "Java 1.1"
66.24.4.208 - - [24/Feb/2004:19:17:08 -0800] "GET /images/mail32.gif HTTP/1.0" 200 317 "-" "Java 1.1"
66.24.4.208 - - [24/Feb/2004:19:17:16 -0800] "GET /eiwa/pdf/brackets/EIWA%201976.pdf HTTP/1.0" 200 69927 "http://www.wrestlingstats.com/eiwa/brackets.htm" "Mozilla/4.0 (compatible; MSIE 5.5; Windows 98; Win 9x 4.90; Hotbar 4.4.2.0)"
66.24.4.208 - - [24/Feb/2004:19:17:17 -0800] "GET /eiwa/pdf/brackets/EIWA%201976.pdf HTTP/1.0" 206 61735 "-" "contype"
66.24.4.208 - - [24/Feb/2004:19:17:29 -0800] "GET /eiwa/pdf/brackets/EIWA%201977.pdf HTTP/1.0" 200 131879 "http://www.wrestlingstats.com/eiwa/brackets.htm" "Mozilla/4.0 (compatible; MSIE 5.5; Windows 98; Win 9x 4.90; Hotbar 4.4.2.0)"
66.24.4.208 - - [24/Feb/2004:19:17:30 -0800] "GET /eiwa/pdf/brackets/EIWA%201977.pdf HTTP/1.0" 206 123687 "-" "contype"
66.24.4.208 - - [24/Feb/2004:19:17:48 -0800] "GET /eiwa/pdf/brackets/EIWA%201978.pdf HTTP/1.0" 200 70304 "http://www.wrestlingstats.com/eiwa/brackets.htm" "Mozilla/4.0 (compatible; MSIE 5.5; Windows 98; Win 9x 4.90; Hotbar 4.4.2.0)"
66.24.4.208 - - [24/Feb/2004:19:17:49 -0800] "GET /eiwa/pdf/brackets/EIWA%201978.pdf HTTP/1.0" 206 66152 "-" "contype"
63.127.56.70 - - [24/Feb/2004:19:17:53 -0800] "GET /eiwa/pdf/brackets/EIWA%201977.pdf HTTP/1.1" 304 - "http://www.wrestlingstats.com/eiwa/brackets.htm" "Mozilla/4.0 (compatible; MSIE 6.0; Windows 98; Win 9x 4.90)"
66.24.4.208 - - [24/Feb/2004:19:17:53 -0800] "GET /eiwa/pdf/brackets/EIWA%202003.pdf HTTP/1.0" 200 70502 "http://www.wrestlingstats.com/eiwa/brackets.htm" "Mozilla/4.0 (compatible; MSIE 5.5; Windows 98; Win 9x 4.90; Hotbar 4.4.2.0)"
66.24.4.208 - - [24/Feb/2004:19:17:54 -0800] "GET /eiwa/pdf/brackets/EIWA%202003.pdf HTTP/1.0" 206 66633 "-" "contype"
64.68.82.172 - - [24/Feb/2004:19:18:03 -0800] "GET / HTTP/1.0" 200 2887 "-" "Googlebot/2.1 (+http://www.googlebot.com/bot.html)"
66.24.4.208 - - [24/Feb/2004:19:18:27 -0800] "GET /eiwa/pdf/brackets/EIWA%201976.pdf HTTP/1.0" 206 61735 "http://www.wrestlingstats.com/eiwa/brackets.htm" "Mozilla/4.0 (compatible; MSIE 5.5; Windows 98; Win 9x 4.90; Hotbar 4.4.2.0)"
66.24.4.208 - - [24/Feb/2004:19:18:27 -0800] "GET /eiwa/pdf/brackets/EIWA%201976.pdf HTTP/1.0" 206 61735 "-" "contype"
63.127.56.70 - - [24/Feb/2004:19:19:18 -0800] "GET /eiwa/pdf/brackets/EIWA%201979.pdf HTTP/1.1" 200 130961 "http://www.wrestlingstats.com/eiwa/brackets.htm" "Mozilla/4.0 (compatible; MSIE 6.0; Windows 98; Win 9x 4.90)"
63.127.56.70 - - [24/Feb/2004:19:19:18 -0800] "GET /eiwa/pdf/brackets/EIWA%201979.pdf HTTP/1.1" 206 126810 "-" "Mozilla/4.0 (compatible; MSIE 6.0; Windows 98; Win 9x 4.90)"
63.127.56.70 - - [24/Feb/2004:19:20:06 -0800] "GET /eiwa/pdf/brackets/EIWA%201980.pdf HTTP/1.1" 200 131505 "http://www.wrestlingstats.com/eiwa/brackets.htm" "Mozilla/4.0 (compatible; MSIE 6.0; Windows 98; Win 9x 4.90)"
63.127.56.70 - - [24/Feb/2004:19:20:06 -0800] "GET /eiwa/pdf/brackets/EIWA%201980.pdf HTTP/1.1" 206 127353 "-" "Mozilla/4.0 (compatible; MSIE 6.0; Windows 98; Win 9x 4.90)"
63.127.56.70 - - [24/Feb/2004:19:20:48 -0800] "GET /eiwa/pdf/brackets/EIWA%201981.pdf HTTP/1.1" 200 131236 "http://www.wrestlingstats.com/eiwa/brackets.htm" "Mozilla/4.0 (compatible; MSIE 6.0; Windows 98; Win 9x 4.90)"
63.127.56.70 - - [24/Feb/2004:19:20:49 -0800] "GET /eiwa/pdf/brackets/EIWA%201981.pdf HTTP/1.1" 206 127085 "-" "Mozilla/4.0 (compatible; MSIE 6.0; Windows 98; Win 9x 4.90)"
63.127.56.70 - - [24/Feb/2004:19:22:22 -0800] "GET /eiwa/pdf/brackets/EIWA%201982.pdf HTTP/1.1" 200 132086 "http://www.wrestlingstats.com/eiwa/brackets.htm" "Mozilla/4.0 (compatible; MSIE 6.0; Windows 98; Win 9x 4.90)"
63.127.56.70 - - [24/Feb/2004:19:22:23 -0800] "GET /eiwa/pdf/brackets/EIWA%201982.pdf HTTP/1.1" 206 127934 "-" "Mozilla/4.0 (compatible; MSIE 6.0; Windows 98; Win 9x 4.90)"
63.127.56.70 - - [24/Feb/2004:19:23:17 -0800] "GET /eiwa/pdf/brackets/EIWA%201983.pdf HTTP/1.1" 200 131512 "http://www.wrestlingstats.com/eiwa/brackets.htm" "Mozilla/4.0 (compatible; MSIE 6.0; Windows 98; Win 9x 4.90)"
63.127.56.70 - - [24/Feb/2004:19:23:17 -0800] "GET /eiwa/pdf/brackets/EIWA%201983.pdf HTTP/1.1" 206 127360 "-" "Mozilla/4.0 (compatible; MSIE 6.0; Windows 98; Win 9x 4.90)"
63.127.56.70 - - [24/Feb/2004:19:24:00 -0800] "GET /eiwa/pdf/brackets/EIWA%201984.pdf HTTP/1.1" 200 69151 "http://www.wrestlingstats.com/eiwa/brackets.htm" "Mozilla/4.0 (compatible; MSIE 6.0; Windows 98; Win 9x 4.90)"
63.127.56.70 - - [24/Feb/2004:19:24:00 -0800] "GET /eiwa/pdf/brackets/EIWA%201984.pdf HTTP/1.1" 206 64998 "-" "Mozilla/4.0 (compatible; MSIE 6.0; Windows 98; Win 9x 4.90)"
63.127.56.70 - - [24/Feb/2004:19:24:00 -0800] "GET /eiwa/pdf/brackets/EIWA%201984.pdf HTTP/1.1" 206 61285 "-" "Mozilla/4.0 (compatible; MSIE 6.0; Windows 98; Win 9x 4.90)"
63.127.56.70 - - [24/Feb/2004:19:24:53 -0800] "GET /eiwa/pdf/brackets/EIWA%201985.pdf HTTP/1.1" 200 70276 "http://www.wrestlingstats.com/eiwa/brackets.htm" "Mozilla/4.0 (compatible; MSIE 6.0; Windows 98; Win 9x 4.90)"
63.127.56.70 - - [24/Feb/2004:19:24:54 -0800] "GET /eiwa/pdf/brackets/EIWA%201985.pdf HTTP/1.1" 206 66123 "-" "Mozilla/4.0 (compatible; MSIE 6.0; Windows 98; Win 9x 4.90)"
63.127.56.70 - - [24/Feb/2004:19:24:54 -0800] "GET /eiwa/pdf/brackets/EIWA%201985.pdf HTTP/1.1" 206 62502 "-" "Mozilla/4.0 (compatible; MSIE 6.0; Windows 98; Win 9x 4.90)"
63.127.56.70 - - [24/Feb/2004:19:25:56 -0800] "GET /eiwa/pdf/brackets/EIWA%201986.pdf HTTP/1.1" 200 71328 "http://www.wrestlingstats.com/eiwa/brackets.htm" "Mozilla/4.0 (compatible; MSIE 6.0; Windows 98; Win 9x 4.90)"
63.127.56.70 - - [24/Feb/2004:19:25:56 -0800] "GET /eiwa/pdf/brackets/EIWA%201986.pdf HTTP/1.1" 206 67176 "-" "Mozilla/4.0 (compatible; MSIE 6.0; Windows 98; Win 9x 4.90)"
63.127.56.70 - - [24/Feb/2004:19:25:56 -0800] "GET /eiwa/pdf/brackets/EIWA%201986.pdf HTTP/1.1" 206 63556 "-" "Mozilla/4.0 (compatible; MSIE 6.0; Windows 98; Win 9x 4.90)"
63.127.56.70 - - [24/Feb/2004:19:26:53 -0800] "GET /eiwa/pdf/brackets/EIWA%201987.pdf HTTP/1.1" 200 71264 "http://www.wrestlingstats.com/eiwa/brackets.htm" "Mozilla/4.0 (compatible; MSIE 6.0; Windows 98; Win 9x 4.90)"
63.127.56.70 - - [24/Feb/2004:19:26:53 -0800] "GET /eiwa/pdf/brackets/EIWA%201987.pdf HTTP/1.1" 206 67112 "-" "Mozilla/4.0 (compatible; MSIE 6.0; Windows 98; Win 9x 4.90)"
63.127.56.70 - - [24/Feb/2004:19:26:53 -0800] "GET /eiwa/pdf/brackets/EIWA%201987.pdf HTTP/1.1" 206 63492 "-" "Mozilla/4.0 (compatible; MSIE 6.0; Windows 98; Win 9x 4.90)"
4.64.71.117 - - [24/Feb/2004:19:27:08 -0800] "GET /ncaa/brackets.htm HTTP/1.1" 304 - "http://www.wrestlinghalloffame.com/champions/?names&wrestler=1774" "Mozilla/4.0 (compatible; MSIE 6.0; MSN 2.5; Windows 98; VZ_IE5)"
4.64.71.117 - - [24/Feb/2004:19:27:15 -0800] "GET /apPopupMenu.class HTTP/1.1" 304 - "-" "Java 1.1"
4.64.71.117 - - [24/Feb/2004:19:27:17 -0800] "GET /images/home32.gif HTTP/1.1" 304 - "-" "Java 1.1"
4.64.71.117 - - [24/Feb/2004:19:27:18 -0800] "GET /images/mail32.gif HTTP/1.1" 304 - "-" "Java 1.1"
4.64.71.117 - - [24/Feb/2004:19:27:19 -0800] "GET /ncaa/pdf/brackets/NCAA%201991.pdf HTTP/1.1" 304 - "http://www.wrestlingstats.com/ncaa/brackets.htm" "Mozilla/4.0 (compatible; MSIE 6.0; MSN 2.5; Windows 98; VZ_IE5)"
63.127.56.70 - - [24/Feb/2004:19:27:48 -0800] "GET /eiwa/pdf/brackets/EIWA%202002.pdf HTTP/1.1" 200 70105 "http://www.wrestlingstats.com/eiwa/brackets.htm" "Mozilla/4.0 (compatible; MSIE 6.0; Windows 98; Win 9x 4.90)"
63.127.56.70 - - [24/Feb/2004:19:27:48 -0800] "GET /eiwa/pdf/brackets/EIWA%202002.pdf HTTP/1.1" 206 65953 "-" "Mozilla/4.0 (compatible; MSIE 6.0; Windows 98; Win 9x 4.90)"
63.127.56.70 - - [24/Feb/2004:19:27:48 -0800] "GET /eiwa/pdf/brackets/EIWA%202002.pdf HTTP/1.1" 206 62333 "-" "Mozilla/4.0 (compatible; MSIE 6.0; Windows 98; Win 9x 4.90)"
63.127.56.70 - - [24/Feb/2004:19:28:19 -0800] "GET /eiwa/pdf/brackets/EIWA%202001.pdf HTTP/1.1" 200 71223 "http://www.wrestlingstats.com/eiwa/brackets.htm" "Mozilla/4.0 (compatible; MSIE 6.0; Windows 98; Win 9x 4.90)"
63.127.56.70 - - [24/Feb/2004:19:28:19 -0800] "GET /eiwa/pdf/brackets/EIWA%202001.pdf HTTP/1.1" 206 67071 "-" "Mozilla/4.0 (compatible; MSIE 6.0; Windows 98; Win 9x 4.90)"
63.127.56.70 - - [24/Feb/2004:19:28:20 -0800] "GET /eiwa/pdf/brackets/EIWA%202001.pdf HTTP/1.1" 206 63451 "-" "Mozilla/4.0 (compatible; MSIE 6.0; Windows 98; Win 9x 4.90)"
64.12.113.34 - - [24/Feb/2004:19:28:45 -0800] "GET / HTTP/1.0" 200 1792 "-" "Mozilla/4.0 (compatible; MSIE 6.0; AOL 8.0; Windows NT 5.1)"
64.12.96.6 - - [24/Feb/2004:19:28:46 -0800] "GET /NCAA2003.jpg HTTP/1.0" 200 84807 "http://www.wrestlingstats.com/" "Mozilla/4.0 (compatible; MSIE 6.0; AOL 8.0; Windows NT 5.1)"
64.12.113.34 - - [24/Feb/2004:19:28:47 -0800] "GET /apPopupMenu.class HTTP/1.1" 304 - "-" "Java 1.1"
64.12.113.34 - - [24/Feb/2004:19:28:47 -0800] "GET /images/home32.gif HTTP/1.1" 304 - "-" "Java 1.1"
64.12.113.34 - - [24/Feb/2004:19:28:50 -0800] "GET /images/mail32.gif HTTP/1.1" 304 - "-" "Java 1.1"
63.127.56.70 - - [24/Feb/2004:19:28:51 -0800] "GET /eiwa/pdf/brackets/EIWA%202000.pdf HTTP/1.1" 200 70894 "http://www.wrestlingstats.com/eiwa/brackets.htm" "Mozilla/4.0 (compatible; MSIE 6.0; Windows 98; Win 9x 4.90)"
63.127.56.70 - - [24/Feb/2004:19:28:51 -0800] "GET /eiwa/pdf/brackets/EIWA%202000.pdf HTTP/1.1" 206 66742 "-" "Mozilla/4.0 (compatible; MSIE 6.0; Windows 98; Win 9x 4.90)"
63.127.56.70 - - [24/Feb/2004:19:28:52 -0800] "GET /eiwa/pdf/brackets/EIWA%202000.pdf HTTP/1.1" 206 58743 "-" "Mozilla/4.0 (compatible; MSIE 6.0; Windows 98; Win 9x 4.90)"
64.12.113.34 - - [24/Feb/2004:19:29:04 -0800] "GET /lehigh/index.html HTTP/1.1" 200 899 "-" "Mozilla/4.0 (compatible; MSIE 6.0; AOL 8.0; Windows NT 5.1)"
64.12.113.34 - - [24/Feb/2004:19:29:07 -0800] "GET /lehigh/home.php HTTP/1.1" 200 2123 "-" "Mozilla/4.0 (compatible; MSIE 6.0; AOL 8.0; Windows NT 5.1)"
64.12.96.168 - - [24/Feb/2004:19:29:09 -0800] "GET /lehigh/EIWAChamps.jpg HTTP/1.0" 200 42637 "http://www.wrestlingstats.com/lehigh/home.php" "Mozilla/4.0 (compatible; MSIE 6.0; AOL 8.0; Windows NT 5.1)"
64.12.96.78 - - [24/Feb/2004:19:29:21 -0800] "GET /lehigh/view_current.php?type=1 HTTP/1.0" 200 3439 "-" "Mozilla/4.0 (compatible; MSIE 6.0; AOL 8.0; Windows NT 5.1)"
63.127.56.70 - - [24/Feb/2004:19:29:36 -0800] "GET /eiwa/pdf/brackets/EIWA%201999.pdf HTTP/1.1" 200 70161 "http://www.wrestlingstats.com/eiwa/brackets.htm" "Mozilla/4.0 (compatible; MSIE 6.0; Windows 98; Win 9x 4.90)"
63.127.56.70 - - [24/Feb/2004:19:29:37 -0800] "GET /eiwa/pdf/brackets/EIWA%201999.pdf HTTP/1.1" 206 66008 "-" "Mozilla/4.0 (compatible; MSIE 6.0; Windows 98; Win 9x 4.90)"
63.127.56.70 - - [24/Feb/2004:19:29:37 -0800] "GET /eiwa/pdf/brackets/EIWA%201999.pdf HTTP/1.1" 206 62387 "-" "Mozilla/4.0 (compatible; MSIE 6.0; Windows 98; Win 9x 4.90)"
63.127.56.70 - - [24/Feb/2004:19:30:13 -0800] "GET /eiwa/pdf/brackets/EIWA%201998.pdf HTTP/1.1" 200 70550 "http://www.wrestlingstats.com/eiwa/brackets.htm" "Mozilla/4.0 (compatible; MSIE 6.0; Windows 98; Win 9x 4.90)"
63.127.56.70 - - [24/Feb/2004:19:30:13 -0800] "GET /eiwa/pdf/brackets/EIWA%201998.pdf HTTP/1.1" 206 66398 "-" "Mozilla/4.0 (compatible; MSIE 6.0; Windows 98; Win 9x 4.90)"
63.127.56.70 - - [24/Feb/2004:19:30:13 -0800] "GET /eiwa/pdf/brackets/EIWA%201998.pdf HTTP/1.1" 206 62778 "-" "Mozilla/4.0 (compatible; MSIE 6.0; Windows 98; Win 9x 4.90)"
63.127.56.70 - - [24/Feb/2004:19:31:08 -0800] "GET /eiwa/pdf/brackets/EIWA%201997.pdf HTTP/1.1" 200 70255 "http://www.wrestlingstats.com/eiwa/brackets.htm" "Mozilla/4.0 (compatible; MSIE 6.0; Windows 98; Win 9x 4.90)"
63.127.56.70 - - [24/Feb/2004:19:31:08 -0800] "GET /eiwa/pdf/brackets/EIWA%201997.pdf HTTP/1.1" 206 66103 "-" "Mozilla/4.0 (compatible; MSIE 6.0; Windows 98; Win 9x 4.90)"
63.127.56.70 - - [24/Feb/2004:19:31:09 -0800] "GET /eiwa/pdf/brackets/EIWA%201997.pdf HTTP/1.1" 206 62483 "-" "Mozilla/4.0 (compatible; MSIE 6.0; Windows 98; Win 9x 4.90)"
63.127.56.70 - - [24/Feb/2004:19:32:00 -0800] "GET /eiwa/pdf/brackets/EIWA%201996.pdf HTTP/1.1" 200 70479 "http://www.wrestlingstats.com/eiwa/brackets.htm" "Mozilla/4.0 (compatible; MSIE 6.0; Windows 98; Win 9x 4.90)"
63.127.56.70 - - [24/Feb/2004:19:32:01 -0800] "GET /eiwa/pdf/brackets/EIWA%201996.pdf HTTP/1.1" 206 66327 "-" "Mozilla/4.0 (compatible; MSIE 6.0; Windows 98; Win 9x 4.90)"
63.127.56.70 - - [24/Feb/2004:19:32:01 -0800] "GET /eiwa/pdf/brackets/EIWA%201996.pdf HTTP/1.1" 206 62707 "-" "Mozilla/4.0 (compatible; MSIE 6.0; Windows 98; Win 9x 4.90)"
63.127.56.70 - - [24/Feb/2004:19:32:52 -0800] "GET /eiwa/pdf/brackets/EIWA%201995.pdf HTTP/1.1" 200 70895 "http://www.wrestlingstats.com/eiwa/brackets.htm" "Mozilla/4.0 (compatible; MSIE 6.0; Windows 98; Win 9x 4.90)"
63.127.56.70 - - [24/Feb/2004:19:32:53 -0800] "GET /eiwa/pdf/brackets/EIWA%201995.pdf HTTP/1.1" 206 66742 "-" "Mozilla/4.0 (compatible; MSIE 6.0; Windows 98; Win 9x 4.90)"
63.127.56.70 - - [24/Feb/2004:19:32:53 -0800] "GET /eiwa/pdf/brackets/EIWA%201995.pdf HTTP/1.1" 206 63121 "-" "Mozilla/4.0 (compatible; MSIE 6.0; Windows 98; Win 9x 4.90)"
63.127.56.70 - - [24/Feb/2004:19:33:35 -0800] "GET /eiwa/pdf/brackets/EIWA%201994.pdf HTTP/1.1" 200 71165 "http://www.wrestlingstats.com/eiwa/brackets.htm" "Mozilla/4.0 (compatible; MSIE 6.0; Windows 98; Win 9x 4.90)"
63.127.56.70 - - [24/Feb/2004:19:33:36 -0800] "GET /eiwa/pdf/brackets/EIWA%201994.pdf HTTP/1.1" 206 67013 "-" "Mozilla/4.0 (compatible; MSIE 6.0; Windows 98; Win 9x 4.90)"
63.127.56.70 - - [24/Feb/2004:19:33:36 -0800] "GET /eiwa/pdf/brackets/EIWA%201994.pdf HTTP/1.1" 206 63393 "-" "Mozilla/4.0 (compatible; MSIE 6.0; Windows 98; Win 9x 4.90)"
152.163.252.194 - - [24/Feb/2004:19:35:01 -0800] "GET /ncaa/brackets.htm HTTP/1.0" 200 2834 "http://aolsearch.aol.com/aol/search?encquery=F3CACC597FEE7E61C8CFE5AC246C4824B1A7C1DEEB25E1D36F45C8F8F7A37EF9&invocationType=keyword_rollover&ie=ISO-8859-1" "Mozilla/4.0 (compatible; MSIE 6.0; AOL 9.0; Windows NT 5.1)"
152.163.252.38 - - [24/Feb/2004:19:35:07 -0800] "GET /ncaa/pdf/brackets/NCAA%202001.pdf HTTP/1.0" 200 144227 "http://www.wrestlingstats.com/ncaa/brackets.htm" "Mozilla/4.0 (compatible; MSIE 6.0; AOL 9.0; Windows NT 5.1)"
152.163.252.38 - - [24/Feb/2004:19:35:07 -0800] "GET /ncaa/pdf/brackets/NCAA%202001.pdf HTTP/1.0" 200 144227 "-" "Mozilla/4.0 (compatible; MSIE 6.0; AOL 9.0; Windows NT 5.1)"
152.163.252.38 - - [24/Feb/2004:19:35:10 -0800] "GET /ncaa/pdf/brackets/NCAA%202001.pdf HTTP/1.0" 206 83847 "-" "Mozilla/4.0 (compatible; MSIE 6.0; AOL 9.0; Windows NT 5.1)"
24.56.60.50 - - [24/Feb/2004:19:36:38 -0800] "GET /ncaa/brackets.htm HTTP/1.1" 200 2796 "http://www.google.com/search?q=Arizona+state+wrestling+brackets&hl=en&lr=&ie=UTF-8&oe=UTF-8&X=1" "Mozilla/4.0 (compatible; MSIE 6.0; Windows NT 5.1; .NET CLR 1.1.4322)"
24.56.60.50 - - [24/Feb/2004:19:36:48 -0800] "GET /ncaa/pdf/brackets/NCAA%202003.pdf HTTP/1.1" 200 144218 "http://www.wrestlingstats.com/ncaa/brackets.htm" "Mozilla/4.0 (compatible; MSIE 6.0; Windows NT 5.1; .NET CLR 1.1.4322)"
24.56.60.50 - - [24/Feb/2004:19:36:50 -0800] "GET /ncaa/pdf/brackets/NCAA%202003.pdf HTTP/1.1" 206 136026 "-" "Mozilla/4.0 (compatible; MSIE 6.0; Windows NT 5.1; .NET CLR 1.1.4322)"
24.56.60.50 - - [24/Feb/2004:19:36:55 -0800] "GET /ncaa/brackets.htm HTTP/1.1" 304 - "http://www.google.com/search?q=Arizona+state+wrestling+brackets&hl=en&lr=&ie=UTF-8&oe=UTF-8&X=1" "Mozilla/4.0 (compatible; MSIE 6.0; Windows NT 5.1; .NET CLR 1.1.4322)"
64.12.96.168 - - [24/Feb/2004:19:37:33 -0800] "GET /lehigh/EIWAChamps.jpg HTTP/1.0" 200 42637 "http://www.wrestlingstats.com/lehigh/home.php" "Mozilla/4.0 (compatible; MSIE 6.0; AOL 8.0; Windows NT 5.1)"
64.12.113.34 - - [24/Feb/2004:19:37:48 -0800] "GET /lehigh/active.php HTTP/1.1" 200 2848 "-" "Mozilla/4.0 (compatible; MSIE 6.0; AOL 8.0; Windows NT 5.1)"
64.12.96.13 - - [24/Feb/2004:19:38:01 -0800] "POST /lehigh/view_wrestlers.php HTTP/1.0" 200 2203 "http://www.wrestlingstats.com/lehigh/active.php" "Mozilla/4.0 (compatible; MSIE 6.0; AOL 8.0; Windows NT 5.1)"
64.12.96.202 - - [24/Feb/2004:19:38:05 -0800] "GET /lehigh/view_wrestler_bouts.php?wrestler=752&season=2004 HTTP/1.0" 200 2396 "http://www.wrestlingstats.com/lehigh/view_wrestlers.php" "Mozilla/4.0 (compatible; MSIE 6.0; AOL 8.0; Windows NT 5.1)"
172.174.197.55 - - [24/Feb/2004:19:38:26 -0800] "GET /lehigh/view_wrestlers.php?wrestler=760 HTTP/1.1" 200 2122 "-" "Mozilla/4.0 (compatible; MSIE 6.0; Windows NT 5.1)"
64.12.96.13 - - [24/Feb/2004:19:38:38 -0800] "POST /lehigh/view_wrestlers.php HTTP/1.0" 200 2204 "http://www.wrestlingstats.com/lehigh/active.php" "Mozilla/4.0 (compatible; MSIE 6.0; AOL 8.0; Windows NT 5.1)"
64.12.96.202 - - [24/Feb/2004:19:38:41 -0800] "GET /lehigh/view_wrestler_bouts.php?wrestler=760&season=2004 HTTP/1.0" 200 2198 "http://www.wrestlingstats.com/lehigh/view_wrestlers.php" "Mozilla/4.0 (compatible; MSIE 6.0; AOL 8.0; Windows NT 5.1)"
64.12.96.78 - - [24/Feb/2004:19:38:52 -0800] "GET /lehigh/view_current.php?type=2 HTTP/1.0" 200 3198 "-" "Mozilla/4.0 (compatible; MSIE 6.0; AOL 8.0; Windows NT 5.1)"
205.188.209.11 - - [24/Feb/2004:19:39:04 -0800] "GET / HTTP/1.0" 200 2887 "http://www.wrestlingreport.com/" "Mozilla/4.0 (compatible; MSIE 6.0; AOL 8.0; Windows NT 5.1; .NET CLR 1.0.3705)"
205.188.208.5 - - [24/Feb/2004:19:39:07 -0800] "GET /NCAA2003.jpg HTTP/1.0" 200 84807 "http://www.wrestlingstats.com/" "Mozilla/4.0 (compatible; MSIE 6.0; AOL 8.0; Windows NT 5.1; .NET CLR 1.0.3705)"
205.188.208.70 - - [24/Feb/2004:19:45:42 -0800] "GET /ncaa/pdf/brackets/NCAA%201991.pdf HTTP/1.0" 200 229431 "http://aolsearch.aol.com/aol/search?query=derengowski&page=3&invocationType=keyword_rollover" "Mozilla/4.0 (compatible; MSIE 6.0; AOL 9.0; Windows NT 5.1)"
205.188.208.70 - - [24/Feb/2004:19:45:42 -0800] "GET /ncaa/pdf/brackets/NCAA%201991.pdf HTTP/1.0" 200 229431 "-" "Mozilla/4.0 (compatible; MSIE 6.0; AOL 9.0; Windows NT 5.1)"
205.188.208.70 - - [24/Feb/2004:19:45:52 -0800] "GET /ncaa/pdf/brackets/NCAA%201991.pdf HTTP/1.0" 206 2214 "-" "Mozilla/4.0 (compatible; MSIE 6.0; AOL 9.0; Windows NT 5.1)"
205.188.208.70 - - [24/Feb/2004:19:45:54 -0800] "GET /ncaa/pdf/brackets/NCAA%201991.pdf HTTP/1.0" 206 38645 "-" "Mozilla/4.0 (compatible; MSIE 6.0; AOL 9.0; Windows NT 5.1)"
64.12.96.78 - - [24/Feb/2004:19:46:39 -0800] "GET /lehigh/view_current.php?type=1 HTTP/1.0" 200 3439 "-" "Mozilla/4.0 (compatible; MSIE 6.0; AOL 8.0; Windows NT 5.1)"
152.163.252.39 - - [24/Feb/2004:19:55:47 -0800] "GET /ncaa/pdf/brackets/NCAA%201981.pdf HTTP/1.0" 200 228281 "http://aolsearch.aol.com/aol/search?query=Thomas+Landrum+oklahoma+state&page=5" "Mozilla/4.0 (compatible; MSIE 6.0; AOL 9.0; Windows NT 5.1; .NET CLR 1.0.3705)"
152.163.252.39 - - [24/Feb/2004:19:55:50 -0800] "GET /ncaa/pdf/brackets/NCAA%201981.pdf HTTP/1.0" 200 228281 "-" "Mozilla/4.0 (compatible; MSIE 6.0; AOL 9.0; Windows NT 5.1; .NET CLR 1.0.3705)"
152.163.252.39 - - [24/Feb/2004:19:56:04 -0800] "GET /ncaa/pdf/brackets/NCAA%201981.pdf HTTP/1.0" 206 74423 "-" "Mozilla/4.0 (compatible; MSIE 6.0; AOL 9.0; Windows NT 5.1; .NET CLR 1.0.3705)"
152.163.252.39 - - [24/Feb/2004:19:56:47 -0800] "GET /ncaa/pdf/brackets/NCAA%201981.pdf HTTP/1.0" 206 57617 "-" "Mozilla/4.0 (compatible; MSIE 6.0; AOL 9.0; Windows NT 5.1; .NET CLR 1.0.3705)"
67.242.145.25 - - [24/Feb/2004:19:59:07 -0800] "GET /eiwa/brackets.htm HTTP/1.1" 200 2415 "http://wrestlingreport.com/Forums/EIWA.mv?parm_func=showmsg+parm_msgnum=1000148" "Mozilla/4.0 (compatible; MSIE 6.0; Windows 98; Win 9x 4.90; MSN 8.0; MSN 8.5; MSNbMSNI; MSNmen-us; MSNcIA)"
67.242.145.25 - - [24/Feb/2004:19:59:09 -0800] "GET /apPopupMenu.class HTTP/1.1" 200 19469 "-" "Mozilla/4.0 (compatible; MSIE 6.0; Win32)"
67.242.145.25 - - [24/Feb/2004:19:59:14 -0800] "GET /images/home32.gif HTTP/1.1" 200 287 "-" "Mozilla/4.0 (compatible; MSIE 6.0; Win32)"
67.242.145.25 - - [24/Feb/2004:19:59:15 -0800] "GET /images/mail32.gif HTTP/1.1" 200 317 "-" "Mozilla/4.0 (compatible; MSIE 6.0; Win32)"
67.242.145.25 - - [24/Feb/2004:19:59:16 -0800] "GET /eiwa/pdf/brackets/EIWA%202003.pdf HTTP/1.1" 200 70502 "http://www.wrestlingstats.com/eiwa/brackets.htm" "Mozilla/4.0 (compatible; MSIE 6.0; Windows 98; Win 9x 4.90; MSN 8.0; MSN 8.5; MSNbMSNI; MSNmen-us; MSNcIA)"
67.242.145.25 - - [24/Feb/2004:19:59:19 -0800] "GET /eiwa/pdf/brackets/EIWA%202003.pdf HTTP/1.1" 206 65905 "-" "Mozilla/4.0 (compatible; MSIE 6.0; Windows 98; Win 9x 4.90; MSN 8.0; MSN 8.5; MSNbMSNI; MSNmen-us; MSNcIA)"
67.242.145.25 - - [24/Feb/2004:19:59:22 -0800] "GET /eiwa/pdf/brackets/EIWA%202003.pdf HTTP/1.1" 206 61834 "-" "Mozilla/4.0 (compatible; MSIE 6.0; Windows 98; Win 9x 4.90; MSN 8.0; MSN 8.5; MSNbMSNI; MSNmen-us; MSNcIA)"
67.242.145.25 - - [24/Feb/2004:20:00:18 -0800] "GET /eiwa/pdf/brackets/EIWA%201971.pdf HTTP/1.1" 200 64082 "http://www.wrestlingstats.com/eiwa/brackets.htm" "Mozilla/4.0 (compatible; MSIE 6.0; Windows 98; Win 9x 4.90; MSN 8.0; MSN 8.5; MSNbMSNI; MSNmen-us; MSNcIA)"
67.242.145.25 - - [24/Feb/2004:20:00:21 -0800] "GET /eiwa/pdf/brackets/EIWA%201971.pdf HTTP/1.1" 206 59484 "-" "Mozilla/4.0 (compatible; MSIE 6.0; Windows 98; Win 9x 4.90; MSN 8.0; MSN 8.5; MSNbMSNI; MSNmen-us; MSNcIA)"
67.242.145.25 - - [24/Feb/2004:20:00:24 -0800] "GET /eiwa/pdf/brackets/EIWA%201971.pdf HTTP/1.1" 206 55321 "-" "Mozilla/4.0 (compatible; MSIE 6.0; Windows 98; Win 9x 4.90; MSN 8.0; MSN 8.5; MSNbMSNI; MSNmen-us; MSNcIA)"
67.242.145.25 - - [24/Feb/2004:20:02:02 -0800] "GET /eiwa/pdf/brackets/EIWA%201967.pdf HTTP/1.1" 200 127392 "http://www.wrestlingstats.com/eiwa/brackets.htm" "Mozilla/4.0 (compatible; MSIE 6.0; Windows 98; Win 9x 4.90; MSN 8.0; MSN 8.5; MSNbMSNI; MSNmen-us; MSNcIA)"
67.242.145.25 - - [24/Feb/2004:20:02:05 -0800] "GET /eiwa/pdf/brackets/EIWA%201967.pdf HTTP/1.1" 206 122797 "-" "Mozilla/4.0 (compatible; MSIE 6.0; Windows 98; Win 9x 4.90; MSN 8.0; MSN 8.5; MSNbMSNI; MSNmen-us; MSNcIA)"
67.242.145.25 - - [24/Feb/2004:20:02:09 -0800] "GET /eiwa/pdf/brackets/EIWA%201967.pdf HTTP/1.1" 206 96645 "-" "Mozilla/4.0 (compatible; MSIE 6.0; Windows 98; Win 9x 4.90; MSN 8.0; MSN 8.5; MSNbMSNI; MSNmen-us; MSNcIA)"
67.242.145.25 - - [24/Feb/2004:20:02:09 -0800] "GET /eiwa/pdf/brackets/EIWA%201967.pdf HTTP/1.1" 206 978 "-" "Mozilla/4.0 (compatible; MSIE 6.0; Windows 98; Win 9x 4.90; MSN 8.0; MSN 8.5; MSNbMSNI; MSNmen-us; MSNcIA)"
67.242.145.25 - - [24/Feb/2004:20:02:12 -0800] "GET /eiwa/pdf/brackets/EIWA%201967.pdf HTTP/1.1" 206 1024 "-" "Mozilla/4.0 (compatible; MSIE 6.0; Windows 98; Win 9x 4.90; MSN 8.0; MSN 8.5; MSNbMSNI; MSNmen-us; MSNcIA)"
67.242.145.25 - - [24/Feb/2004:20:02:15 -0800] "GET /eiwa/pdf/brackets/EIWA%201967.pdf HTTP/1.1" 206 379 "-" "Mozilla/4.0 (compatible; MSIE 6.0; Windows 98; Win 9x 4.90; MSN 8.0; MSN 8.5; MSNbMSNI; MSNmen-us; MSNcIA)"
67.242.145.25 - - [24/Feb/2004:20:03:45 -0800] "GET /eiwa/pdf/brackets/EIWA%201965.pdf HTTP/1.1" 200 120079 "http://www.wrestlingstats.com/eiwa/brackets.htm" "Mozilla/4.0 (compatible; MSIE 6.0; Windows 98; Win 9x 4.90; MSN 8.0; MSN 8.5; MSNbMSNI; MSNmen-us; MSNcIA)"
67.242.145.25 - - [24/Feb/2004:20:03:48 -0800] "GET /eiwa/pdf/brackets/EIWA%201965.pdf HTTP/1.1" 206 115483 "-" "Mozilla/4.0 (compatible; MSIE 6.0; Windows 98; Win 9x 4.90; MSN 8.0; MSN 8.5; MSNbMSNI; MSNmen-us; MSNcIA)"
67.242.145.25 - - [24/Feb/2004:20:03:52 -0800] "GET /eiwa/pdf/brackets/EIWA%201965.pdf HTTP/1.1" 206 92457 "-" "Mozilla/4.0 (compatible; MSIE 6.0; Windows 98; Win 9x 4.90; MSN 8.0; MSN 8.5; MSNbMSNI; MSNmen-us; MSNcIA)"
67.242.145.25 - - [24/Feb/2004:20:04:24 -0800] "GET /eiwa/pdf/brackets/EIWA%201965.pdf HTTP/1.1" 206 1024 "-" "Mozilla/4.0 (compatible; MSIE 6.0; Windows 98; Win 9x 4.90; MSN 8.0; MSN 8.5; MSNbMSNI; MSNmen-us; MSNcIA)"
67.242.145.25 - - [24/Feb/2004:20:04:25 -0800] "GET /eiwa/pdf/brackets/EIWA%201965.pdf HTTP/1.1" 206 379 "-" "Mozilla/4.0 (compatible; MSIE 6.0; Windows 98; Win 9x 4.90; MSN 8.0; MSN 8.5; MSNbMSNI; MSNmen-us; MSNcIA)"
67.242.145.25 - - [24/Feb/2004:20:05:39 -0800] "GET /eiwa/pdf/brackets/EIWA%201966.pdf HTTP/1.1" 200 123838 "http://www.wrestlingstats.com/eiwa/brackets.htm" "Mozilla/4.0 (compatible; MSIE 6.0; Windows 98; Win 9x 4.90; MSN 8.0; MSN 8.5; MSNbMSNI; MSNmen-us; MSNcIA)"
67.242.145.25 - - [24/Feb/2004:20:05:43 -0800] "GET /eiwa/pdf/brackets/EIWA%201966.pdf HTTP/1.1" 206 119242 "-" "Mozilla/4.0 (compatible; MSIE 6.0; Windows 98; Win 9x 4.90; MSN 8.0; MSN 8.5; MSNbMSNI; MSNmen-us; MSNcIA)"
67.242.145.25 - - [24/Feb/2004:20:05:47 -0800] "GET /eiwa/pdf/brackets/EIWA%201966.pdf HTTP/1.1" 206 93009 "-" "Mozilla/4.0 (compatible; MSIE 6.0; Windows 98; Win 9x 4.90; MSN 8.0; MSN 8.5; MSNbMSNI; MSNmen-us; MSNcIA)"
67.242.145.25 - - [24/Feb/2004:20:05:47 -0800] "GET /eiwa/pdf/brackets/EIWA%201966.pdf HTTP/1.1" 206 978 "-" "Mozilla/4.0 (compatible; MSIE 6.0; Windows 98; Win 9x 4.90; MSN 8.0; MSN 8.5; MSNbMSNI; MSNmen-us; MSNcIA)"
67.242.145.25 - - [24/Feb/2004:20:05:49 -0800] "GET /eiwa/pdf/brackets/EIWA%201966.pdf HTTP/1.1" 206 1024 "-" "Mozilla/4.0 (compatible; MSIE 6.0; Windows 98; Win 9x 4.90; MSN 8.0; MSN 8.5; MSNbMSNI; MSNmen-us; MSNcIA)"
67.242.145.25 - - [24/Feb/2004:20:05:55 -0800] "GET /eiwa/pdf/brackets/EIWA%201966.pdf HTTP/1.1" 206 379 "-" "Mozilla/4.0 (compatible; MSIE 6.0; Windows 98; Win 9x 4.90; MSN 8.0; MSN 8.5; MSNbMSNI; MSNmen-us; MSNcIA)"
208.8.57.2 - - [24/Feb/2004:20:11:10 -0800] "GET /ncaa/pdf/brackets/NCAA%201991.pdf HTTP/1.0" 304 - "http://www.google.com/search?q=Anthony+Pendolino+NCAA&btnG=Google+Search&hl=en&lr=&ie=UTF-8&oe=UTF-8" "Mozilla/4.0 (compatible; MSIE 5.5; Windows NT 4.0; T312461)"
208.8.57.2 - - [24/Feb/2004:20:11:17 -0800] "GET /ncaa/pdf/brackets/NCAA%201991.pdf HTTP/1.0" 304 - "-" "Mozilla/4.0 (compatible; MSIE 5.5; Windows NT 4.0; T312461)"
68.40.25.233 - - [24/Feb/2004:20:18:22 -0800] "GET /ncaa/pdf/brackets/NCAA%201962.pdf HTTP/1.1" 200 96564 "http://www.google.com/search?hl=en&ie=UTF-8&oe=UTF-8&q=Ball+State+1962&btnG=Google+Search" "Mozilla/4.0 (compatible; MSIE 6.0; Windows NT 5.1; Q312461; .NET CLR 1.1.4322)"
67.193.66.165 - - [24/Feb/2004:20:24:21 -0800] "GET /eiwa/brackets.htm HTTP/1.1" 200 2414 "http://wrestlingreport.com/Forums/EIWA.mv?parm_func=showmsg+parm_msgnum=1000148" "Mozilla/4.0 (compatible; MSIE 5.5; Windows 98)"
67.193.66.165 - - [24/Feb/2004:20:24:26 -0800] "GET /apPopupMenu.class HTTP/1.1" 200 19469 "-" "Mozilla/4.0 (compatible; MSIE 5.0; Win32)"
67.193.66.165 - - [24/Feb/2004:20:24:31 -0800] "GET /eiwa/pdf/brackets/EIWA%201998.pdf HTTP/1.1" 200 70550 "http://www.wrestlingstats.com/eiwa/brackets.htm" "Mozilla/4.0 (compatible; MSIE 5.5; Windows 98)"
67.193.66.165 - - [24/Feb/2004:20:24:32 -0800] "GET /images/home32.gif HTTP/1.1" 200 287 "-" "Mozilla/4.0 (compatible; MSIE 5.0; Win32)"
67.193.66.165 - - [24/Feb/2004:20:24:33 -0800] "GET /images/mail32.gif HTTP/1.1" 200 317 "-" "Mozilla/4.0 (compatible; MSIE 5.0; Win32)"
67.193.66.165 - - [24/Feb/2004:20:24:35 -0800] "GET /eiwa/pdf/brackets/EIWA%201998.pdf HTTP/1.1" 206 65954 "-" "Mozilla/4.0 (compatible; MSIE 5.5; Windows 98)"
67.193.66.165 - - [24/Feb/2004:20:24:46 -0800] "GET /eiwa/pdf/brackets/EIWA%201998.pdf HTTP/1.1" 206 44197 "-" "Mozilla/4.0 (compatible; MSIE 5.5; Windows 98)"
24.236.239.164 - - [24/Feb/2004:20:29:26 -0800] "GET /ncaa/brackets.htm HTTP/1.1" 200 2797 "-" "Mozilla/4.0 (compatible; MSIE 6.0; Windows NT 5.1; AT&T CSM6.0; .NET CLR 1.1.4322)"
24.236.239.164 - - [24/Feb/2004:20:29:29 -0800] "GET /apPopupMenu.class HTTP/1.1" 200 19469 "-" "Mozilla/4.0 (Windows XP 5.1) Java/1.4.2"
24.236.239.164 - - [24/Feb/2004:20:29:30 -0800] "GET /images/home32.gif HTTP/1.1" 200 287 "-" "Mozilla/4.0 (Windows XP 5.1) Java/1.4.2"
24.236.239.164 - - [24/Feb/2004:20:29:30 -0800] "GET /images/mail32.gif HTTP/1.1" 200 317 "-" "Mozilla/4.0 (Windows XP 5.1) Java/1.4.2"
67.193.66.165 - - [24/Feb/2004:20:30:03 -0800] "GET /ncaa/brackets.htm HTTP/1.1" 200 2796 "-" "Mozilla/4.0 (compatible; MSIE 5.5; Windows 98)"
67.193.66.165 - - [24/Feb/2004:20:30:36 -0800] "GET /ncaa/pdf/brackets/NCAA%201998.pdf HTTP/1.1" 200 231756 "http://www.wrestlingstats.com/ncaa/brackets.htm" "Mozilla/4.0 (compatible; MSIE 5.5; Windows 98)"
67.193.66.165 - - [24/Feb/2004:20:30:37 -0800] "GET /ncaa/pdf/brackets/NCAA%201998.pdf HTTP/1.1" 206 227162 "-" "Mozilla/4.0 (compatible; MSIE 5.5; Windows 98)"
67.193.66.165 - - [24/Feb/2004:20:30:41 -0800] "GET /ncaa/pdf/brackets/NCAA%201998.pdf HTTP/1.1" 206 100269 "-" "Mozilla/4.0 (compatible; MSIE 5.5; Windows 98)"
67.193.66.165 - - [24/Feb/2004:20:31:24 -0800] "GET /ncaa/pdf/brackets/NCAA%201998.pdf HTTP/1.1" 206 57215 "-" "Mozilla/4.0 (compatible; MSIE 5.5; Windows 98)"
67.193.66.165 - - [24/Feb/2004:20:31:51 -0800] "GET /ncaa/pdf/brackets/NCAA%201998.pdf HTTP/1.1" 206 3405 "-" "Mozilla/4.0 (compatible; MSIE 5.5; Windows 98)"
67.193.66.165 - - [24/Feb/2004:20:31:56 -0800] "GET /ncaa/pdf/brackets/NCAA%201998.pdf HTTP/1.1" 206 4908 "-" "Mozilla/4.0 (compatible; MSIE 5.5; Windows 98)"
67.193.66.165 - - [24/Feb/2004:20:32:26 -0800] "GET /ncaa/pdf/brackets/NCAA%201998.pdf HTTP/1.1" 206 3007 "-" "Mozilla/4.0 (compatible; MSIE 5.5; Windows 98)"
67.193.66.165 - - [24/Feb/2004:20:32:30 -0800] "GET /ncaa/pdf/brackets/NCAA%201998.pdf HTTP/1.1" 206 853 "-" "Mozilla/4.0 (compatible; MSIE 5.5; Windows 98)"
67.193.66.165 - - [24/Feb/2004:20:32:36 -0800] "GET /ncaa/pdf/brackets/NCAA%201998.pdf HTTP/1.1" 206 2778 "-" "Mozilla/4.0 (compatible; MSIE 5.5; Windows 98)"
67.193.66.165 - - [24/Feb/2004:20:32:48 -0800] "GET /ncaa/pdf/brackets/NCAA%201998.pdf HTTP/1.1" 206 2944 "-" "Mozilla/4.0 (compatible; MSIE 5.5; Windows 98)"
67.193.66.165 - - [24/Feb/2004:20:32:59 -0800] "GET /ncaa/pdf/brackets/NCAA%201998.pdf HTTP/1.1" 206 1015 "-" "Mozilla/4.0 (compatible; MSIE 5.5; Windows 98)"
67.193.66.165 - - [24/Feb/2004:20:33:05 -0800] "GET /ncaa/pdf/brackets/NCAA%201998.pdf HTTP/1.1" 206 2791 "-" "Mozilla/4.0 (compatible; MSIE 5.5; Windows 98)"
67.193.66.165 - - [24/Feb/2004:20:33:15 -0800] "GET /ncaa/pdf/brackets/NCAA%201998.pdf HTTP/1.1" 206 3039 "-" "Mozilla/4.0 (compatible; MSIE 5.5; Windows 98)"
67.193.66.165 - - [24/Feb/2004:20:33:26 -0800] "GET /ncaa/pdf/brackets/NCAA%201998.pdf HTTP/1.1" 206 865 "-" "Mozilla/4.0 (compatible; MSIE 5.5; Windows 98)"
67.193.66.165 - - [24/Feb/2004:20:33:36 -0800] "GET /ncaa/pdf/brackets/NCAA%201998.pdf HTTP/1.1" 206 2759 "-" "Mozilla/4.0 (compatible; MSIE 5.5; Windows 98)"
67.193.66.165 - - [24/Feb/2004:20:33:48 -0800] "GET /ncaa/pdf/brackets/NCAA%201998.pdf HTTP/1.1" 206 3014 "-" "Mozilla/4.0 (compatible; MSIE 5.5; Windows 98)"
67.193.66.165 - - [24/Feb/2004:20:33:53 -0800] "GET /ncaa/pdf/brackets/NCAA%201998.pdf HTTP/1.1" 206 1041 "-" "Mozilla/4.0 (compatible; MSIE 5.5; Windows 98)"
67.193.66.165 - - [24/Feb/2004:20:34:01 -0800] "GET /ncaa/pdf/brackets/NCAA%201998.pdf HTTP/1.1" 206 2745 "-" "Mozilla/4.0 (compatible; MSIE 5.5; Windows 98)"
67.193.66.165 - - [24/Feb/2004:20:34:16 -0800] "GET /ncaa/pdf/brackets/NCAA%201998.pdf HTTP/1.1" 206 2977 "-" "Mozilla/4.0 (compatible; MSIE 5.5; Windows 98)"
67.193.66.165 - - [24/Feb/2004:20:34:19 -0800] "GET /ncaa/pdf/brackets/NCAA%201998.pdf HTTP/1.1" 206 1002 "-" "Mozilla/4.0 (compatible; MSIE 5.5; Windows 98)"
67.193.66.165 - - [24/Feb/2004:20:34:24 -0800] "GET /ncaa/pdf/brackets/NCAA%201998.pdf HTTP/1.1" 206 2785 "-" "Mozilla/4.0 (compatible; MSIE 5.5; Windows 98)"
67.193.66.165 - - [24/Feb/2004:20:34:38 -0800] "GET /ncaa/pdf/brackets/NCAA%201998.pdf HTTP/1.1" 206 2996 "-" "Mozilla/4.0 (compatible; MSIE 5.5; Windows 98)"
67.193.66.165 - - [24/Feb/2004:20:34:44 -0800] "GET /ncaa/pdf/brackets/NCAA%201998.pdf HTTP/1.1" 206 1182 "-" "Mozilla/4.0 (compatible; MSIE 5.5; Windows 98)"
67.193.66.165 - - [24/Feb/2004:20:34:50 -0800] "GET /ncaa/pdf/brackets/NCAA%201998.pdf HTTP/1.1" 206 2738 "-" "Mozilla/4.0 (compatible; MSIE 5.5; Windows 98)"
67.193.66.165 - - [24/Feb/2004:20:35:26 -0800] "GET /ncaa/pdf/brackets/NCAA%201998.pdf HTTP/1.1" 206 3023 "-" "Mozilla/4.0 (compatible; MSIE 5.5; Windows 98)"
67.193.66.165 - - [24/Feb/2004:20:35:28 -0800] "GET /ncaa/pdf/brackets/NCAA%201998.pdf HTTP/1.1" 206 861 "-" "Mozilla/4.0 (compatible; MSIE 5.5; Windows 98)"
67.193.66.165 - - [24/Feb/2004:20:35:32 -0800] "GET /ncaa/pdf/brackets/NCAA%201998.pdf HTTP/1.1" 206 2783 "-" "Mozilla/4.0 (compatible; MSIE 5.5; Windows 98)"
67.193.66.165 - - [24/Feb/2004:20:35:47 -0800] "GET /ncaa/pdf/brackets/NCAA%201998.pdf HTTP/1.1" 206 2991 "-" "Mozilla/4.0 (compatible; MSIE 5.5; Windows 98)"
67.193.66.165 - - [24/Feb/2004:20:35:52 -0800] "GET /ncaa/pdf/brackets/NCAA%201998.pdf HTTP/1.1" 206 606 "-" "Mozilla/4.0 (compatible; MSIE 5.5; Windows 98)"
67.193.66.165 - - [24/Feb/2004:20:35:57 -0800] "GET /ncaa/pdf/brackets/NCAA%201998.pdf HTTP/1.1" 206 2776 "-" "Mozilla/4.0 (compatible; MSIE 5.5; Windows 98)"
67.193.66.165 - - [24/Feb/2004:20:36:13 -0800] "GET /ncaa/pdf/brackets/NCAA%201998.pdf HTTP/1.1" 206 3007 "-" "Mozilla/4.0 (compatible; MSIE 5.5; Windows 98)"
67.193.66.165 - - [24/Feb/2004:20:36:27 -0800] "GET /ncaa/pdf/brackets/NCAA%201998.pdf HTTP/1.1" 206 878 "-" "Mozilla/4.0 (compatible; MSIE 5.5; Windows 98)"
67.193.66.165 - - [24/Feb/2004:20:36:44 -0800] "GET /ncaa/pdf/brackets/NCAA%201998.pdf HTTP/1.1" 206 2715 "-" "Mozilla/4.0 (compatible; MSIE 5.5; Windows 98)"
67.193.66.165 - - [24/Feb/2004:20:37:04 -0800] "GET /ncaa/pdf/brackets/NCAA%202002.pdf HTTP/1.1" 200 230468 "http://www.wrestlingstats.com/ncaa/brackets.htm" "Mozilla/4.0 (compatible; MSIE 5.5; Windows 98)"
152.163.252.39 - - [24/Feb/2004:20:37:04 -0800] "GET /ncaa/pdf/brackets/NCAA%201980.pdf HTTP/1.0" 200 222124 "http://aolsearch.aol.com/aol/search?invocationType=topsearchbox.%2Faol%2Fjsp%2Fsearch.jsp&query=thomas+landrum++wrestling&x=16&y=0" "Mozilla/4.0 (compatible; MSIE 6.0; AOL 9.0; Windows NT 5.1; .NET CLR 1.0.3705)"
32.102.170.178 - - [24/Feb/2004:20:37:05 -0800] "GET / HTTP/1.1" 200 1755 "http://www.wrestlingreport.com/" "Mozilla/4.0 (compatible; MSIE 6.0; Windows 98; Win 9x 4.90; YComp 5.0.0.0)"
67.193.66.165 - - [24/Feb/2004:20:37:06 -0800] "GET /ncaa/pdf/brackets/NCAA%202002.pdf HTTP/1.1" 206 225873 "-" "Mozilla/4.0 (compatible; MSIE 5.5; Windows 98)"
32.102.170.178 - - [24/Feb/2004:20:37:06 -0800] "GET /NCAA2003.jpg HTTP/1.1" 200 84807 "http://www.wrestlingstats.com/" "Mozilla/4.0 (compatible; MSIE 6.0; Windows 98; Win 9x 4.90; YComp 5.0.0.0)"
152.163.252.39 - - [24/Feb/2004:20:37:07 -0800] "GET /ncaa/pdf/brackets/NCAA%201980.pdf HTTP/1.0" 200 222124 "-" "Mozilla/4.0 (compatible; MSIE 6.0; AOL 9.0; Windows NT 5.1; .NET CLR 1.0.3705)"
32.102.170.178 - - [24/Feb/2004:20:37:09 -0800] "GET /apPopupMenu.class HTTP/1.1" 200 19469 "-" "Java 1.1"
67.193.66.165 - - [24/Feb/2004:20:37:09 -0800] "GET /ncaa/pdf/brackets/NCAA%202002.pdf HTTP/1.1" 206 100284 "-" "Mozilla/4.0 (compatible; MSIE 5.5; Windows 98)"
32.102.170.178 - - [24/Feb/2004:20:37:25 -0800] "GET /images/home32.gif HTTP/1.1" 200 287 "-" "Java 1.1"
32.102.170.178 - - [24/Feb/2004:20:37:29 -0800] "GET /images/mail32.gif HTTP/1.1" 200 317 "-" "Java 1.1"
24.191.102.140 - - [24/Feb/2004:20:37:31 -0800] "GET / HTTP/1.1" 304 - "-" "Mozilla/4.0 (compatible; MSIE 6.0; Windows NT 5.1; YComp 5.0.0.0; Hotbar 4.4.2.0; .NET CLR 1.0.3705; .NET CLR 1.1.4322)"
24.191.102.140 - - [24/Feb/2004:20:37:31 -0800] "GET /NCAA2003.jpg HTTP/1.1" 304 - "http://www.wrestlingstats.com/" "Mozilla/4.0 (compatible; MSIE 6.0; Windows NT 5.1; YComp 5.0.0.0; Hotbar 4.4.2.0; .NET CLR 1.0.3705; .NET CLR 1.1.4322)"
24.191.102.140 - - [24/Feb/2004:20:37:32 -0800] "GET /apPopupMenu.class HTTP/1.1" 304 - "-" "Java 1.1"
24.191.102.140 - - [24/Feb/2004:20:37:32 -0800] "GET /images/home32.gif HTTP/1.1" 304 - "-" "Java 1.1"
24.191.102.140 - - [24/Feb/2004:20:37:33 -0800] "GET /images/mail32.gif HTTP/1.1" 304 - "-" "Java 1.1"
32.102.170.178 - - [24/Feb/2004:20:37:35 -0800] "GET /lehigh/index.html HTTP/1.1" 200 841 "-" "Mozilla/4.0 (compatible; MSIE 6.0; Windows 98; Win 9x 4.90; YComp 5.0.0.0)"
32.102.170.178 - - [24/Feb/2004:20:37:37 -0800] "GET /lehigh/home.php HTTP/1.1" 200 2019 "-" "Mozilla/4.0 (compatible; MSIE 6.0; Windows 98; Win 9x 4.90; YComp 5.0.0.0)"
32.102.170.178 - - [24/Feb/2004:20:37:39 -0800] "GET /lehigh/apPopupMenu.class HTTP/1.1" 200 19469 "-" "Java 1.1"
32.102.170.178 - - [24/Feb/2004:20:37:39 -0800] "GET /lehigh/EIWAChamps.jpg HTTP/1.1" 200 42637 "http://www.wrestlingstats.com/lehigh/home.php" "Mozilla/4.0 (compatible; MSIE 6.0; Windows 98; Win 9x 4.90; YComp 5.0.0.0)"
24.191.102.140 - - [24/Feb/2004:20:37:40 -0800] "GET /ncaa/ncaa.htm HTTP/1.1" 304 - "-" "Mozilla/4.0 (compatible; MSIE 6.0; Windows NT 5.1; YComp 5.0.0.0; Hotbar 4.4.2.0; .NET CLR 1.0.3705; .NET CLR 1.1.4322)"
24.191.102.140 - - [24/Feb/2004:20:37:42 -0800] "GET /ncaa/brackets.htm HTTP/1.1" 304 - "http://www.wrestlingstats.com/ncaa/ncaa.htm" "Mozilla/4.0 (compatible; MSIE 6.0; Windows NT 5.1; YComp 5.0.0.0; Hotbar 4.4.2.0; .NET CLR 1.0.3705; .NET CLR 1.1.4322)"
24.191.102.140 - - [24/Feb/2004:20:37:45 -0800] "GET /ncaa/pdf/brackets/NCAA%202000.pdf HTTP/1.1" 200 131072 "http://www.wrestlingstats.com/ncaa/brackets.htm" "Mozilla/4.0 (compatible; MSIE 6.0; Windows NT 5.1; YComp 5.0.0.0; Hotbar 4.4.2.0; .NET CLR 1.0.3705; .NET CLR 1.1.4322)"
24.191.102.140 - - [24/Feb/2004:20:37:45 -0800] "GET /ncaa/pdf/brackets/NCAA%202000.pdf HTTP/1.1" 206 227761 "-" "Mozilla/4.0 (compatible; MSIE 6.0; Windows NT 5.1; YComp 5.0.0.0; Hotbar 4.4.2.0; .NET CLR 1.0.3705; .NET CLR 1.1.4322)"
24.191.102.140 - - [24/Feb/2004:20:37:46 -0800] "GET /ncaa/pdf/brackets/NCAA%202000.pdf HTTP/1.1" 206 182758 "-" "Mozilla/4.0 (compatible; MSIE 6.0; Windows NT 5.1; YComp 5.0.0.0; Hotbar 4.4.2.0; .NET CLR 1.0.3705; .NET CLR 1.1.4322)"
32.102.170.178 - - [24/Feb/2004:20:37:52 -0800] "GET /lehigh/pix/home.gif HTTP/1.1" 200 215 "-" "Java 1.1"
32.102.170.178 - - [24/Feb/2004:20:37:54 -0800] "GET /lehigh/pix/apbfind.gif HTTP/1.1" 200 89 "-" "Java 1.1"
67.193.66.165 - - [24/Feb/2004:20:37:55 -0800] "GET /ncaa/pdf/brackets/NCAA%202002.pdf HTTP/1.1" 206 56538 "-" "Mozilla/4.0 (compatible; MSIE 5.5; Windows 98)"
32.102.170.178 - - [24/Feb/2004:20:37:58 -0800] "GET /lehigh/wrestlers.php HTTP/1.1" 200 1934 "-" "Mozilla/4.0 (compatible; MSIE 6.0; Windows 98; Win 9x 4.90; YComp 5.0.0.0)"
32.102.170.178 - - [24/Feb/2004:20:38:06 -0800] "POST /lehigh/view_all_wrestlers.php HTTP/1.1" 200 2198 "http://www.wrestlingstats.com/lehigh/wrestlers.php" "Mozilla/4.0 (compatible; MSIE 6.0; Windows 98; Win 9x 4.90; YComp 5.0.0.0)"
32.102.170.178 - - [24/Feb/2004:20:38:11 -0800] "GET /lehigh/view_wrestlers.php?wrestler=756 HTTP/1.1" 200 2096 "http://www.wrestlingstats.com/lehigh/view_all_wrestlers.php" "Mozilla/4.0 (compatible; MSIE 6.0; Windows 98; Win 9x 4.90; YComp 5.0.0.0)"
32.102.170.178 - - [24/Feb/2004:20:38:18 -0800] "GET /lehigh/EIWAChamps.jpg HTTP/1.1" 206 8555 "http://www.wrestlingstats.com/lehigh/home.php" "Mozilla/4.0 (compatible; MSIE 6.0; Windows 98; Win 9x 4.90; YComp 5.0.0.0)"
67.193.66.165 - - [24/Feb/2004:20:38:18 -0800] "GET /ncaa/pdf/brackets/NCAA%202002.pdf HTTP/1.1" 206 3181 "-" "Mozilla/4.0 (compatible; MSIE 5.5; Windows 98)"
