64.157.83.164 - - [24/Feb/2004:08:52:00 -0800] "GET /eiwa/pdf/brackets/EIWA%201965.pdf HTTP/1.1" 206 3854 "-" "Mozilla/4.0 (compatible; MSIE 6.0; Windows 98; Win 9x 4.90; MSN 8.0; MSN 8.5; MSNbMSNI; MSNmen-us; MSNcIA)"
216.162.27.1 - - [24/Feb/2004:08:52:02 -0800] "GET /ncaa/pdf/brackets/NCAA%201928.pdf HTTP/1.1" 206 5257 "-" "Mozilla/4.0 (compatible; MSIE 5.0; Windows 98; DigExt)"
64.157.83.164 - - [24/Feb/2004:08:52:10 -0800] "GET /eiwa/pdf/brackets/EIWA%201965.pdf HTTP/1.1" 206 2026 "-" "Mozilla/4.0 (compatible; MSIE 6.0; Windows 98; Win 9x 4.90; MSN 8.0; MSN 8.5; MSNbMSNI; MSNmen-us; MSNcIA)"
216.162.27.1 - - [24/Feb/2004:08:52:16 -0800] "GET /ncaa/pdf/brackets/NCAA%201928.pdf HTTP/1.1" 206 6084 "-" "Mozilla/4.0 (compatible; MSIE 5.0; Windows 98; DigExt)"
64.157.83.164 - - [24/Feb/2004:08:52:18 -0800] "GET /eiwa/pdf/brackets/EIWA%201965.pdf HTTP/1.1" 206 2044 "-" "Mozilla/4.0 (compatible; MSIE 6.0; Windows 98; Win 9x 4.90; MSN 8.0; MSN 8.5; MSNbMSNI; MSNmen-us; MSNcIA)"
64.157.83.164 - - [24/Feb/2004:08:52:29 -0800] "GET /eiwa/pdf/brackets/EIWA%201965.pdf HTTP/1.1" 206 3299 "-" "Mozilla/4.0 (compatible; MSIE 6.0; Windows 98; Win 9x 4.90; MSN 8.0; MSN 8.5; MSNbMSNI; MSNmen-us; MSNcIA)"
216.162.27.1 - - [24/Feb/2004:08:53:50 -0800] "GET /ncaa/pdf/brackets/NCAA%201929.pdf HTTP/1.1" 200 55438 "http://www.mysearch.com/jsp/GGmain.jsp?searchfor=Earl+McCready" "Mozilla/4.0 (compatible; MSIE 5.0; Windows 98; DigExt)"
216.162.27.1 - - [24/Feb/2004:08:53:52 -0800] "GET /ncaa/pdf/brackets/NCAA%201929.pdf HTTP/1.1" 206 51285 "-" "contype"
216.162.27.1 - - [24/Feb/2004:08:53:54 -0800] "GET /ncaa/pdf/brackets/NCAA%201929.pdf HTTP/1.1" 206 51285 "-" "Mozilla/4.0 (compatible; MSIE 5.0; Windows 98; DigExt)"
216.162.27.1 - - [24/Feb/2004:08:53:55 -0800] "GET /ncaa/pdf/brackets/NCAA%201929.pdf HTTP/1.1" 206 20905 "-" "Mozilla/4.0 (compatible; MSIE 5.0; Windows 98; DigExt)"
12.23.30.130 - - [24/Feb/2004:08:54:10 -0800] "GET /apPopupMenu.class HTTP/1.1" 200 19469 "-" "Mozilla/4.0 (compatible; MSIE 5.0; Mac_PowerPC)"
12.23.30.130 - - [24/Feb/2004:08:54:12 -0800] "GET /images/home32.gif HTTP/1.1" 200 287 "-" "Mozilla/4.0 (compatible; MSIE 5.0; Mac_PowerPC)"
12.23.30.130 - - [24/Feb/2004:08:54:12 -0800] "GET /images/mail32.gif HTTP/1.1" 200 317 "-" "Mozilla/4.0 (compatible; MSIE 5.0; Mac_PowerPC)"
12.23.30.130 - - [24/Feb/2004:08:54:20 -0800] "GET /ncaa/pdf/brackets/NCAA%201988.pdf HTTP/1.1" 200 229279 "http://www.wrestlingstats.com/ncaa/brackets.htm" "Mozilla/4.0 (compatible; MSIE 5.0; Mac_PowerPC)"
12.23.30.130 - - [24/Feb/2004:08:54:23 -0800] "GET /ncaa/pdf/brackets/NCAA%201988.pdf HTTP/1.1" 206 227560 "http://www.wrestlingstats.com/ncaa/pdf/brackets/NCAA%201988.pdf" "Mozilla/4.0 (compatible; MSIE 5.0; Mac_PowerPC)"
64.157.83.164 - - [24/Feb/2004:08:55:07 -0800] "GET /eiwa/pdf/brackets/EIWA%201965.pdf HTTP/1.1" 206 2030 "-" "Mozilla/4.0 (compatible; MSIE 6.0; Windows 98; Win 9x 4.90; MSN 8.0; MSN 8.5; MSNbMSNI; MSNmen-us; MSNcIA)"
12.23.30.130 - - [24/Feb/2004:08:57:02 -0800] "GET /apPopupMenu.class HTTP/1.1" 200 19469 "-" "Mozilla/4.0 (compatible; MSIE 5.0; Mac_PowerPC)"
12.23.30.130 - - [24/Feb/2004:08:57:04 -0800] "GET /images/home32.gif HTTP/1.1" 200 287 "-" "Mozilla/4.0 (compatible; MSIE 5.0; Mac_PowerPC)"
12.23.30.130 - - [24/Feb/2004:08:57:04 -0800] "GET /images/mail32.gif HTTP/1.1" 200 317 "-" "Mozilla/4.0 (compatible; MSIE 5.0; Mac_PowerPC)"
64.157.83.164 - - [24/Feb/2004:08:57:07 -0800] "GET /eiwa/pdf/brackets/EIWA%201965.pdf HTTP/1.1" 206 2073 "-" "Mozilla/4.0 (compatible; MSIE 6.0; Windows 98; Win 9x 4.90; MSN 8.0; MSN 8.5; MSNbMSNI; MSNmen-us; MSNcIA)"
12.23.30.130 - - [24/Feb/2004:08:57:20 -0800] "GET /ncaa/pdf/brackets/NCAA%201986.pdf HTTP/1.1" 200 227750 "http://www.wrestlingstats.com/ncaa/brackets.htm" "Mozilla/4.0 (compatible; MSIE 5.0; Mac_PowerPC)"
12.23.30.130 - - [24/Feb/2004:08:57:22 -0800] "GET /ncaa/pdf/brackets/NCAA%201986.pdf HTTP/1.1" 206 226031 "http://www.wrestlingstats.com/ncaa/pdf/brackets/NCAA%201986.pdf" "Mozilla/4.0 (compatible; MSIE 5.0; Mac_PowerPC)"
64.157.83.164 - - [24/Feb/2004:08:58:24 -0800] "GET /eiwa/pdf/brackets/EIWA%201965.pdf HTTP/1.1" 206 1032 "-" "Mozilla/4.0 (compatible; MSIE 6.0; Windows 98; Win 9x 4.90; MSN 8.0; MSN 8.5; MSNbMSNI; MSNmen-us; MSNcIA)"
64.157.83.164 - - [24/Feb/2004:09:03:03 -0800] "GET /eiwa/pdf/brackets/EIWA%201965.pdf HTTP/1.1" 206 2273 "-" "Mozilla/4.0 (compatible; MSIE 6.0; Windows 98; Win 9x 4.90; MSN 8.0; MSN 8.5; MSNbMSNI; MSNmen-us; MSNcIA)"
64.157.83.164 - - [24/Feb/2004:09:03:06 -0800] "GET /eiwa/pdf/brackets/EIWA%201965.pdf HTTP/1.1" 206 1055 "-" "Mozilla/4.0 (compatible; MSIE 6.0; Windows 98; Win 9x 4.90; MSN 8.0; MSN 8.5; MSNbMSNI; MSNmen-us; MSNcIA)"
204.27.156.146 - - [24/Feb/2004:09:04:05 -0800] "GET /eiwa/brackets.htm HTTP/1.1" 200 2414 "-" "Mozilla/4.0 (compatible; MSIE 6.0; Windows NT 5.0; H010818; .NET CLR 1.0.3705; .NET CLR 1.1.4322)"
204.27.156.146 - - [24/Feb/2004:09:04:07 -0800] "GET /apPopupMenu.class HTTP/1.1" 200 19469 "-" "Mozilla/4.0 (compatible; MSIE 6.0; Win32)"
204.27.156.146 - - [24/Feb/2004:09:04:07 -0800] "GET /images/home32.gif HTTP/1.1" 200 287 "-" "Mozilla/4.0 (compatible; MSIE 6.0; Win32)"
204.27.156.146 - - [24/Feb/2004:09:04:08 -0800] "GET /images/mail32.gif HTTP/1.1" 200 317 "-" "Mozilla/4.0 (compatible; MSIE 6.0; Win32)"
204.27.156.146 - - [24/Feb/2004:09:04:18 -0800] "GET /eiwa/pdf/brackets/EIWA%202003.pdf HTTP/1.1" 200 70502 "-" "Mozilla/4.0 (compatible; MSIE 6.0; Windows NT 5.0; H010818; .NET CLR 1.0.3705; .NET CLR 1.1.4322)"
204.27.156.146 - - [24/Feb/2004:09:04:18 -0800] "GET /eiwa/pdf/brackets/EIWA%202003.pdf HTTP/1.1" 206 66589 "-" "Mozilla/4.0 (compatible; MSIE 6.0; Windows NT 5.0; H010818; .NET CLR 1.0.3705; .NET CLR 1.1.4322)"
209.10.155.130 - - [24/Feb/2004:09:04:54 -0800] "GET /eiwa/brackets.htm HTTP/1.0" 200 2392 "http://wrestlingreport.com/Forums/EIWA.mv?parm_func=showmsg+parm_msgnum=1000148" "Mozilla/4.0 (compatible; MSIE 6.0; Windows NT 5.1; .NET CLR 1.1.4322)"
209.10.155.130 - - [24/Feb/2004:09:04:56 -0800] "GET /apPopupMenu.class HTTP/1.0" 200 19469 "-" "Mozilla/4.0 (compatible; MSIE 6.0; Win32)"
209.10.155.130 - - [24/Feb/2004:09:04:57 -0800] "GET /images/home32.gif HTTP/1.0" 200 287 "-" "Mozilla/4.0 (compatible; MSIE 6.0; Win32)"
209.10.155.130 - - [24/Feb/2004:09:04:57 -0800] "GET /images/mail32.gif HTTP/1.0" 200 317 "-" "Mozilla/4.0 (compatible; MSIE 6.0; Win32)"
209.10.155.130 - - [24/Feb/2004:09:05:02 -0800] "GET /eiwa/pdf/brackets/EIWA%202003.pdf HTTP/1.0" 200 70502 "http://www.wrestlingstats.com/eiwa/brackets.htm" "Mozilla/4.0 (compatible; MSIE 6.0; Windows NT 5.1; .NET CLR 1.1.4322)"
209.10.155.130 - - [24/Feb/2004:09:05:02 -0800] "GET /eiwa/pdf/brackets/EIWA%202003.pdf HTTP/1.0" 200 70502 "-" "Mozilla/4.0 (compatible; MSIE 6.0; Windows NT 5.1; .NET CLR 1.1.4322)"
209.10.155.130 - - [24/Feb/2004:09:05:05 -0800] "GET /eiwa/brackets.htm HTTP/1.0" 200 11529 "-" "Mozilla/4.0 (compatible; MSIE 5.5; Windows NT 5.0)"
209.10.155.130 - - [24/Feb/2004:09:05:05 -0800] "GET / HTTP/1.0" 200 2887 "-" "Mozilla/4.0 (compatible; MSIE 5.5; Windows NT 5.0)"
64.157.83.164 - - [24/Feb/2004:09:06:33 -0800] "GET / HTTP/1.1" 200 1754 "-" "Mozilla/4.0 (compatible; MSIE 6.0; Windows 98; Win 9x 4.90; MSN 8.0; MSN 8.5; MSNbMSNI; MSNmen-us; MSNcIA)"
64.157.83.164 - - [24/Feb/2004:09:06:35 -0800] "GET /NCAA2003.jpg HTTP/1.1" 200 84807 "http://www.wrestlingstats.com/" "Mozilla/4.0 (compatible; MSIE 6.0; Windows 98; Win 9x 4.90; MSN 8.0; MSN 8.5; MSNbMSNI; MSNmen-us; MSNcIA)"
24.94.56.28 - - [24/Feb/2004:09:07:10 -0800] "GET /eiwa/brackets.htm HTTP/1.1" 200 11529 "-" "Mozilla/4.0 (compatible; MSIE 6.0; Windows 98; .NET CLR 1.1.4322)"
24.94.56.28 - - [24/Feb/2004:09:07:11 -0800] "GET /apPopupMenu.class HTTP/1.1" 200 19469 "-" "Mozilla/4.0 (compatible; MSIE 6.0; Win32)"
24.94.56.28 - - [24/Feb/2004:09:07:12 -0800] "GET /images/home32.gif HTTP/1.1" 200 287 "-" "Mozilla/4.0 (compatible; MSIE 6.0; Win32)"
24.94.56.28 - - [24/Feb/2004:09:07:12 -0800] "GET /images/mail32.gif HTTP/1.1" 200 317 "-" "Mozilla/4.0 (compatible; MSIE 6.0; Win32)"
24.94.56.28 - - [24/Feb/2004:09:07:17 -0800] "GET /eiwa/pdf/brackets/EIWA%202003.pdf HTTP/1.1" 200 70502 "-" "Mozilla/4.0 (compatible; MSIE 6.0; Windows 98; .NET CLR 1.1.4322)"
24.94.56.28 - - [24/Feb/2004:09:07:18 -0800] "GET /eiwa/pdf/brackets/EIWA%202003.pdf HTTP/1.1" 206 62310 "-" "Mozilla/4.0 (compatible; MSIE 6.0; Windows 98; .NET CLR 1.1.4322)"
64.157.83.164 - - [24/Feb/2004:09:07:21 -0800] "GET /favicon.ico HTTP/1.1" 404 363 "-" "Mozilla/4.0 (compatible; MSIE 6.0; Windows 98; Win 9x 4.90; MSN 8.0; MSN 8.5; MSNbMSNI; MSNmen-us; MSNcIA)"
209.123.120.202 - - [24/Feb/2004:09:08:29 -0800] "GET /lehigh/show_leaders.php?term=C&leader=1 HTTP/1.0" 200 2627 "http://www.lehighwrestling.com/Lehigh/Stats/Lehigh%20Individual/individual.htm" "Mozilla/5.0 (Windows; U; Windows NT 5.1; en-US; rv:1.4) Gecko/20030624"
209.123.120.202 - - [24/Feb/2004:09:08:42 -0800] "GET /lehigh/apPopupMenu.class HTTP/1.0" 200 19469 "-" "Mozilla/4.0 (Windows XP 5.1) Java/1.4.1_04"
209.123.120.202 - - [24/Feb/2004:09:08:43 -0800] "GET /lehigh/pix/home.gif HTTP/1.0" 200 215 "-" "Mozilla/4.0 (Windows XP 5.1) Java/1.4.1_04"
209.123.120.202 - - [24/Feb/2004:09:08:44 -0800] "GET /lehigh/pix/apbfind.gif HTTP/1.0" 200 89 "-" "Mozilla/4.0 (Windows XP 5.1) Java/1.4.1_04"
24.94.56.28 - - [24/Feb/2004:09:09:43 -0800] "GET /apPopupMenuBeanInfo.class HTTP/1.1" 404 363 "-" "Mozilla/4.0 (compatible; MSIE 6.0; Win32)"
24.94.56.28 - - [24/Feb/2004:09:09:43 -0800] "GET /apPopupMenu$COMClassObject.class HTTP/1.1" 404 363 "-" "Mozilla/4.0 (compatible; MSIE 6.0; Win32)"
162.127.13.25 - - [24/Feb/2004:09:12:03 -0800] "GET /ncaa/brackets.htm HTTP/1.0" 200 12926 "http://www.wrestlinghalloffame.org/champions/" "Mozilla/4.0 (compatible; MSIE 6.0; Windows NT 5.1)"
66.194.6.73 - - [24/Feb/2004:09:12:58 -0800] "GET /ncaa/brackets.htm HTTP/1.1" 200 12926 "-" "Mozilla/5.0 (compatible; Konqueror/3.0-rc6; i686 Linux; 20020620)"
68.223.143.198 - - [24/Feb/2004:09:34:47 -0800] "GET /ncaa/brackets.htm HTTP/1.1" 200 2797 "http://www.wrestlinghalloffame.org/awards/?dshsea&year=2001" "Mozilla/4.0 (compatible; MSIE 6.0; Windows 98)"
68.223.143.198 - - [24/Feb/2004:09:34:48 -0800] "GET /apPopupMenu.class HTTP/1.1" 200 19469 "-" "Mozilla/4.0 (compatible; MSIE 6.0; Win32)"
68.223.143.198 - - [24/Feb/2004:09:34:49 -0800] "GET /images/home32.gif HTTP/1.1" 200 287 "-" "Mozilla/4.0 (compatible; MSIE 6.0; Win32)"
68.223.143.198 - - [24/Feb/2004:09:34:50 -0800] "GET /images/mail32.gif HTTP/1.1" 200 317 "-" "Mozilla/4.0 (compatible; MSIE 6.0; Win32)"
68.223.143.198 - - [24/Feb/2004:09:35:05 -0800] "GET /ncaa/pdf/brackets/NCAA%202001.pdf HTTP/1.1" 200 144227 "http://www.wrestlingstats.com/ncaa/brackets.htm" "Mozilla/4.0 (compatible; MSIE 6.0; Windows 98)"
68.223.143.198 - - [24/Feb/2004:09:36:07 -0800] "GET /ncaa/pdf/brackets/NCAA%202000.pdf HTTP/1.1" 200 231911 "http://www.wrestlingstats.com/ncaa/brackets.htm" "Mozilla/4.0 (compatible; MSIE 6.0; Windows 98)"
12.149.1.195 - - [24/Feb/2004:09:40:36 -0800] "GET /ncaa/brackets.htm HTTP/1.1" 200 2797 "http://www.wrestlinghalloffame.org/champions/?names&wrestler=397" "Mozilla/4.0 (compatible; MSIE 6.0; Windows NT 5.0)"
12.149.1.195 - - [24/Feb/2004:09:40:37 -0800] "GET /apPopupMenu.class HTTP/1.1" 200 19469 "-" "Mozilla/4.0 (compatible; MSIE 6.0; Win32)"
12.149.1.195 - - [24/Feb/2004:09:40:37 -0800] "GET /images/home32.gif HTTP/1.1" 200 287 "-" "Mozilla/4.0 (compatible; MSIE 6.0; Win32)"
12.149.1.195 - - [24/Feb/2004:09:40:37 -0800] "GET /images/mail32.gif HTTP/1.1" 200 317 "-" "Mozilla/4.0 (compatible; MSIE 6.0; Win32)"
12.149.1.195 - - [24/Feb/2004:09:40:48 -0800] "GET /ncaa/pdf/brackets/NCAA%201976.pdf HTTP/1.1" 200 215763 "http://www.wrestlingstats.com/ncaa/brackets.htm" "Mozilla/4.0 (compatible; MSIE 6.0; Windows NT 5.0)"
12.149.1.195 - - [24/Feb/2004:09:40:48 -0800] "GET /ncaa/pdf/brackets/NCAA%201976.pdf HTTP/1.1" 206 211852 "-" "Mozilla/4.0 (compatible; MSIE 6.0; Windows NT 5.0)"
66.194.6.73 - - [24/Feb/2004:09:40:50 -0800] "GET /big10/big10.htm HTTP/1.1" 200 8941 "-" "Mozilla/5.0 (compatible; Konqueror/3.0-rc6; i686 Linux; 20020608)"
12.149.1.195 - - [24/Feb/2004:09:40:59 -0800] "GET /ncaa/pdf/brackets/NCAA%201976.pdf HTTP/1.1" 206 109931 "-" "Mozilla/4.0 (compatible; MSIE 6.0; Windows NT 5.0)"
128.190.240.90 - - [24/Feb/2004:09:42:28 -0800] "GET /eiwa/brackets.htm HTTP/1.1" 200 2414 "http://wrestlingreport.com/Forums/EIWA.mv?parm_func=showmsg+parm_msgnum=1000148" "Mozilla/4.0 (compatible; MSIE 6.0; Windows NT 5.1; .NET CLR 1.0.3705; .NET CLR 1.1.4322)"
128.190.240.90 - - [24/Feb/2004:09:42:30 -0800] "GET /apPopupMenu.class HTTP/1.1" 200 19469 "-" "Mozilla/4.0 (compatible; MSIE 6.0; Win32)"
128.190.240.90 - - [24/Feb/2004:09:42:31 -0800] "GET /images/home32.gif HTTP/1.1" 200 287 "-" "Mozilla/4.0 (compatible; MSIE 6.0; Win32)"
128.190.240.90 - - [24/Feb/2004:09:42:32 -0800] "GET /images/mail32.gif HTTP/1.1" 200 317 "-" "Mozilla/4.0 (compatible; MSIE 6.0; Win32)"
68.42.101.162 - - [24/Feb/2004:09:49:06 -0800] "GET /ncaa/brackets.htm HTTP/1.1" 304 - "-" "Mozilla/4.0 (compatible; MSIE 6.0; Windows NT 5.1; DigExt; .NET CLR 1.1.4322)"
68.42.101.162 - - [24/Feb/2004:09:49:07 -0800] "GET /apPopupMenu.class HTTP/1.1" 304 - "-" "Mozilla/4.0 (compatible; MSIE 6.0; Win32)"
68.42.101.162 - - [24/Feb/2004:09:49:07 -0800] "GET /images/home32.gif HTTP/1.1" 304 - "-" "Mozilla/4.0 (compatible; MSIE 6.0; Win32)"
68.42.101.162 - - [24/Feb/2004:09:49:07 -0800] "GET /images/mail32.gif HTTP/1.1" 304 - "-" "Mozilla/4.0 (compatible; MSIE 6.0; Win32)"
68.42.101.162 - - [24/Feb/2004:09:49:19 -0800] "GET /ncaa/pdf/brackets/NCAA%201996.pdf HTTP/1.1" 200 230299 "-" "Mozilla/4.0 (compatible; MSIE 6.0; Windows NT 5.1; DigExt; .NET CLR 1.1.4322)"
68.42.101.162 - - [24/Feb/2004:09:49:20 -0800] "GET /ncaa/pdf/brackets/NCAA%201996.pdf HTTP/1.1" 206 222107 "-" "Mozilla/4.0 (compatible; MSIE 6.0; Windows NT 5.1; DigExt; .NET CLR 1.1.4322)"
68.42.101.162 - - [24/Feb/2004:09:49:22 -0800] "GET /ncaa/pdf/brackets/NCAA%201996.pdf HTTP/1.1" 206 161658 "-" "Mozilla/4.0 (compatible; MSIE 6.0; Windows NT 5.1; DigExt; .NET CLR 1.1.4322)"
68.42.101.162 - - [24/Feb/2004:09:49:55 -0800] "GET /ncaa/pdf/brackets/NCAA%201995.pdf HTTP/1.1" 200 227502 "-" "Mozilla/4.0 (compatible; MSIE 6.0; Windows NT 5.1; DigExt; .NET CLR 1.1.4322)"
68.42.101.162 - - [24/Feb/2004:09:49:55 -0800] "GET /ncaa/pdf/brackets/NCAA%201995.pdf HTTP/1.1" 206 219310 "-" "Mozilla/4.0 (compatible; MSIE 6.0; Windows NT 5.1; DigExt; .NET CLR 1.1.4322)"
68.42.101.162 - - [24/Feb/2004:09:52:24 -0800] "GET /ncaa/pdf/brackets/NCAA%201996.pdf HTTP/1.1" 206 161070 "-" "Mozilla/4.0 (compatible; MSIE 6.0; Windows NT 5.1; DigExt; .NET CLR 1.1.4322)"
68.42.101.162 - - [24/Feb/2004:09:52:24 -0800] "GET /ncaa/pdf/brackets/NCAA%201996.pdf HTTP/1.1" 206 161070 "-" "Mozilla/4.0 (compatible; MSIE 6.0; Windows NT 5.1; DigExt; .NET CLR 1.1.4322)"
68.42.101.162 - - [24/Feb/2004:09:52:38 -0800] "GET /ncaa/pdf/brackets/NCAA%201997.pdf HTTP/1.1" 304 - "-" "Mozilla/4.0 (compatible; MSIE 6.0; Windows NT 5.1; DigExt; .NET CLR 1.1.4322)"
24.213.134.6 - - [24/Feb/2004:09:56:47 -0800] "GET /ncaa/brackets.htm HTTP/1.1" 200 2797 "http://www.wrestlinghalloffame.com/champions?events&event=165" "Mozilla/4.0 (compatible; MSIE 6.0; Windows NT 5.1; .NET CLR 1.1.4322)"
24.213.134.6 - - [24/Feb/2004:09:56:48 -0800] "GET /apPopupMenu.class HTTP/1.1" 200 19469 "-" "Mozilla/4.0 (compatible; MSIE 6.0; Win32)"
24.213.134.6 - - [24/Feb/2004:09:56:49 -0800] "GET /images/home32.gif HTTP/1.1" 200 287 "-" "Mozilla/4.0 (compatible; MSIE 6.0; Win32)"
24.213.134.6 - - [24/Feb/2004:09:56:49 -0800] "GET /images/mail32.gif HTTP/1.1" 200 317 "-" "Mozilla/4.0 (compatible; MSIE 6.0; Win32)"
24.213.134.6 - - [24/Feb/2004:09:56:57 -0800] "GET /ncaa/pdf/brackets/NCAA%201978.pdf HTTP/1.1" 200 135019 "http://www.wrestlingstats.com/ncaa/brackets.htm" "Mozilla/4.0 (compatible; MSIE 6.0; Windows NT 5.1; .NET CLR 1.1.4322)"
24.213.134.6 - - [24/Feb/2004:09:56:57 -0800] "GET /ncaa/pdf/brackets/NCAA%201978.pdf HTTP/1.1" 206 132488 "-" "Mozilla/4.0 (compatible; MSIE 6.0; Windows NT 5.1; .NET CLR 1.1.4322)"
24.213.134.6 - - [24/Feb/2004:09:56:58 -0800] "GET /ncaa/pdf/brackets/NCAA%201978.pdf HTTP/1.1" 206 129309 "-" "Mozilla/4.0 (compatible; MSIE 6.0; Windows NT 5.1; .NET CLR 1.1.4322)"
24.213.134.6 - - [24/Feb/2004:09:57:28 -0800] "GET /ncaa/pdf/brackets/NCAA%201979.pdf HTTP/1.1" 200 221713 "http://www.wrestlingstats.com/ncaa/brackets.htm" "Mozilla/4.0 (compatible; MSIE 6.0; Windows NT 5.1; .NET CLR 1.1.4322)"
24.213.134.6 - - [24/Feb/2004:09:57:29 -0800] "GET /ncaa/pdf/brackets/NCAA%201979.pdf HTTP/1.1" 206 219182 "-" "Mozilla/4.0 (compatible; MSIE 6.0; Windows NT 5.1; .NET CLR 1.1.4322)"
24.213.134.6 - - [24/Feb/2004:09:57:29 -0800] "GET /ncaa/pdf/brackets/NCAA%201979.pdf HTTP/1.1" 206 216288 "-" "Mozilla/4.0 (compatible; MSIE 6.0; Windows NT 5.1; .NET CLR 1.1.4322)"
216.15.67.52 - - [24/Feb/2004:09:58:53 -0800] "GET / HTTP/1.1" 304 - "-" "Mozilla/4.0 (compatible; MSIE 6.0; Windows 98; sureseeker.com)"
216.15.67.52 - - [24/Feb/2004:09:58:53 -0800] "GET /NCAA2003.jpg HTTP/1.1" 200 84807 "http://wrestlingstats.com/" "Mozilla/4.0 (compatible; MSIE 6.0; Windows 98; sureseeker.com)"
216.15.67.52 - - [24/Feb/2004:09:59:04 -0800] "GET /ncaa/ncaa.htm HTTP/1.1" 304 - "-" "Mozilla/4.0 (compatible; MSIE 6.0; Windows 98; sureseeker.com)"
216.15.67.52 - - [24/Feb/2004:09:59:06 -0800] "GET /ncaa/brackets.htm HTTP/1.1" 304 - "http://wrestlingstats.com/ncaa/ncaa.htm" "Mozilla/4.0 (compatible; MSIE 6.0; Windows 98; sureseeker.com)"
216.15.67.52 - - [24/Feb/2004:09:59:08 -0800] "GET /ncaa/pdf/brackets/NCAA%202003.pdf HTTP/1.1" 200 144218 "http://wrestlingstats.com/ncaa/brackets.htm" "Mozilla/4.0 (compatible; MSIE 6.0; Windows 98; sureseeker.com)"
216.15.67.52 - - [24/Feb/2004:09:59:09 -0800] "GET /ncaa/pdf/brackets/NCAA%202003.pdf HTTP/1.1" 200 144218 "-" "Mozilla/4.0 (compatible; MSIE 6.0; Windows 98; sureseeker.com)"
216.15.67.52 - - [24/Feb/2004:09:59:10 -0800] "GET /ncaa/pdf/brackets/NCAA%202003.pdf HTTP/1.1" 206 140745 "-" "Mozilla/4.0 (compatible; MSIE 6.0; Windows 98; sureseeker.com)"
216.37.168.2 - - [24/Feb/2004:10:01:25 -0800] "GET / HTTP/1.0" 304 - "-" "Mozilla/4.0 (compatible; MSIE 5.01; Windows NT 5.0)"
216.37.168.2 - - [24/Feb/2004:10:01:25 -0800] "GET /NCAA2003.jpg HTTP/1.0" 304 - "http://www.wrestlingstats.com/" "Mozilla/4.0 (compatible; MSIE 5.01; Windows NT 5.0)"
216.37.168.2 - - [24/Feb/2004:10:01:28 -0800] "GET /apPopupMenu.class HTTP/1.0" 304 - "-" "Mozilla/4.0 (compatible; MSIE 5.0; Win32)"
216.37.168.2 - - [24/Feb/2004:10:01:29 -0800] "GET /images/home32.gif HTTP/1.0" 304 - "-" "Mozilla/4.0 (compatible; MSIE 5.0; Win32)"
216.37.168.2 - - [24/Feb/2004:10:01:29 -0800] "GET /images/mail32.gif HTTP/1.0" 304 - "-" "Mozilla/4.0 (compatible; MSIE 5.0; Win32)"
216.37.168.2 - - [24/Feb/2004:10:01:39 -0800] "GET /lehigh/index.html HTTP/1.0" 304 - "-" "Mozilla/4.0 (compatible; MSIE 5.01; Windows NT 5.0)"
216.37.168.2 - - [24/Feb/2004:10:01:40 -0800] "GET /lehigh/home.php HTTP/1.0" 200 1997 "-" "Mozilla/4.0 (compatible; MSIE 5.01; Windows NT 5.0)"
216.37.168.2 - - [24/Feb/2004:10:01:40 -0800] "GET /lehigh/apPopupMenu.class HTTP/1.0" 304 - "-" "Mozilla/4.0 (compatible; MSIE 5.0; Win32)"
216.37.168.2 - - [24/Feb/2004:10:01:41 -0800] "GET /lehigh/EIWAChamps.jpg HTTP/1.0" 304 - "http://www.wrestlingstats.com/lehigh/home.php" "Mozilla/4.0 (compatible; MSIE 5.01; Windows NT 5.0)"
216.37.168.2 - - [24/Feb/2004:10:01:41 -0800] "GET /lehigh/pix/home.gif HTTP/1.0" 304 - "-" "Mozilla/4.0 (compatible; MSIE 5.0; Win32)"
216.37.168.2 - - [24/Feb/2004:10:01:41 -0800] "GET /lehigh/pix/apbfind.gif HTTP/1.0" 304 - "-" "Mozilla/4.0 (compatible; MSIE 5.0; Win32)"
216.37.168.2 - - [24/Feb/2004:10:02:03 -0800] "GET /ncaa/brackets.htm HTTP/1.0" 200 2776 "-" "Mozilla/4.0 (compatible; MSIE 5.01; Windows NT 5.0)"
171.72.5.12 - - [24/Feb/2004:10:05:58 -0800] "GET /eiwa/brackets.htm HTTP/1.0" 200 11529 "http://wrestlingreport.com/Forums/EIWA.mv?parm_func=showmsg+parm_msgnum=1000148" "Mozilla/4.0 (compatible; MSIE 5.5; Windows NT 5.0)"
171.72.5.12 - - [24/Feb/2004:10:05:59 -0800] "GET /apPopupMenu.class HTTP/1.0" 200 19469 "-" "Mozilla/4.0 (compatible; MSIE 5.0; Win32)"
171.72.5.12 - - [24/Feb/2004:10:06:00 -0800] "GET /images/home32.gif HTTP/1.0" 200 287 "-" "Mozilla/4.0 (compatible; MSIE 5.0; Win32)"
171.72.5.12 - - [24/Feb/2004:10:06:00 -0800] "GET /images/mail32.gif HTTP/1.0" 200 317 "-" "Mozilla/4.0 (compatible; MSIE 5.0; Win32)"
171.72.5.12 - - [24/Feb/2004:10:06:06 -0800] "GET /eiwa/pdf/brackets/EIWA%202003.pdf HTTP/1.0" 200 70502 "http://www.wrestlingstats.com/eiwa/brackets.htm" "Mozilla/4.0 (compatible; MSIE 5.5; Windows NT 5.0)"
171.72.5.12 - - [24/Feb/2004:10:06:07 -0800] "GET /eiwa/pdf/brackets/EIWA%202003.pdf HTTP/1.0" 200 70502 "-" "Mozilla/4.0 (compatible; MSIE 5.5; Windows NT 5.0)"
171.72.5.12 - - [24/Feb/2004:10:06:07 -0800] "GET /eiwa/pdf/brackets/EIWA%202003.pdf HTTP/1.0" 206 69601 "-" "Mozilla/4.0 (compatible; MSIE 5.5; Windows NT 5.0)"
208.255.67.201 - - [24/Feb/2004:10:10:19 -0800] "GET /eiwa/brackets.htm HTTP/1.1" 200 2414 "http://wrestlingreport.com/Forums/EIWA.mv?parm_func=showmsg+parm_msgnum=1000148" "Mozilla/4.0 (compatible; MSIE 6.0; Windows NT 5.0; .NET CLR 1.0.3705)"
208.255.67.201 - - [24/Feb/2004:10:10:22 -0800] "GET /apPopupMenu.class HTTP/1.1" 200 19469 "-" "Mozilla/4.0 (compatible; MSIE 6.0; Win32)"
208.255.67.201 - - [24/Feb/2004:10:10:24 -0800] "GET /images/home32.gif HTTP/1.1" 200 287 "-" "Mozilla/4.0 (compatible; MSIE 6.0; Win32)"
208.255.67.201 - - [24/Feb/2004:10:10:25 -0800] "GET /images/mail32.gif HTTP/1.1" 200 317 "-" "Mozilla/4.0 (compatible; MSIE 6.0; Win32)"
67.193.66.6 - - [24/Feb/2004:10:18:13 -0800] "GET /eiwa/brackets.htm HTTP/1.1" 200 2415 "http://wrestlingreport.com/Forums/EIWA.mv?parm_func=showmsg+parm_msgnum=1000148" "Mozilla/4.0 (compatible; MSIE 5.01; Windows 95)"
67.193.66.6 - - [24/Feb/2004:10:18:16 -0800] "GET /apPopupMenu.class HTTP/1.1" 200 19469 "-" "Mozilla/4.0 (compatible; MSIE 5.0; Win32)"
67.193.66.6 - - [24/Feb/2004:10:18:22 -0800] "GET /images/home32.gif HTTP/1.1" 200 287 "-" "Mozilla/4.0 (compatible; MSIE 5.0; Win32)"
67.193.66.6 - - [24/Feb/2004:10:18:24 -0800] "GET /images/mail32.gif HTTP/1.1" 304 - "-" "Mozilla/4.0 (compatible; MSIE 5.0; Win32)"
67.193.66.6 - - [24/Feb/2004:10:18:28 -0800] "GET /eiwa/pdf/brackets/EIWA%201999.pdf HTTP/1.1" 200 70161 "http://www.wrestlingstats.com/eiwa/brackets.htm" "Mozilla/4.0 (compatible; MSIE 5.01; Windows 95)"
67.193.66.6 - - [24/Feb/2004:10:18:32 -0800] "GET /eiwa/pdf/brackets/EIWA%201999.pdf HTTP/1.1" 206 66008 "-" "contype"
67.193.66.6 - - [24/Feb/2004:10:18:35 -0800] "GET /eiwa/pdf/brackets/EIWA%201999.pdf HTTP/1.1" 206 66008 "-" "Mozilla/4.0 (compatible; MSIE 5.01; Windows 95)"
67.193.66.6 - - [24/Feb/2004:10:19:11 -0800] "GET /eiwa/pdf/brackets/EIWA%201999.pdf HTTP/1.1" 206 43408 "-" "Mozilla/4.0 (compatible; MSIE 5.01; Windows 95)"
209.232.148.110 - - [24/Feb/2004:10:21:13 -0800] "GET /ncaa/pdf/NCAA%20Bout%20Scoring.pdf HTTP/1.0" 200 46083 "http://www.google.com/search?hl=en&lr=&ie=UTF-8&oe=UTF-8&q=Olympic+wrestling+rules" "Mozilla/4.0 (compatible; MSIE 6.0; Windows NT 5.0; .NET CLR 1.1.4322)"
67.193.66.6 - - [24/Feb/2004:10:21:14 -0800] "GET /eiwa/pdf/brackets/EIWA%202000.pdf HTTP/1.1" 200 70894 "http://www.wrestlingstats.com/eiwa/brackets.htm" "Mozilla/4.0 (compatible; MSIE 5.01; Windows 95)"
67.193.66.6 - - [24/Feb/2004:10:21:19 -0800] "GET /eiwa/pdf/brackets/EIWA%202000.pdf HTTP/1.1" 206 62702 "-" "contype"
67.193.66.6 - - [24/Feb/2004:10:21:22 -0800] "GET /eiwa/pdf/brackets/EIWA%202000.pdf HTTP/1.1" 206 62702 "-" "Mozilla/4.0 (compatible; MSIE 5.01; Windows 95)"
67.193.66.6 - - [24/Feb/2004:10:21:25 -0800] "GET /eiwa/pdf/brackets/EIWA%202000.pdf HTTP/1.1" 206 62002 "-" "Mozilla/4.0 (compatible; MSIE 5.01; Windows 95)"
138.89.111.101 - - [24/Feb/2004:10:22:15 -0800] "GET /ncaa/pdf/brackets/NCAA%201991.pdf HTTP/1.1" 200 229431 "-" "Mozilla/4.0 (compatible; MSIE 5.01; Windows NT 5.0)"
138.89.111.101 - - [24/Feb/2004:10:22:15 -0800] "GET /ncaa/pdf/brackets/NCAA%201991.pdf HTTP/1.1" 206 226880 "-" "Mozilla/4.0 (compatible; MSIE 5.01; Windows NT 5.0)"
138.89.111.101 - - [24/Feb/2004:10:22:19 -0800] "GET /ncaa/pdf/brackets/NCAA%201991.pdf HTTP/1.1" 206 200128 "-" "Mozilla/4.0 (compatible; MSIE 5.01; Windows NT 5.0)"
67.193.66.6 - - [24/Feb/2004:10:22:58 -0800] "GET /ncaa/brackets.htm HTTP/1.1" 200 2798 "-" "Mozilla/4.0 (compatible; MSIE 5.01; Windows 95)"
67.193.66.6 - - [24/Feb/2004:10:23:08 -0800] "GET /ncaa/pdf/brackets/NCAA%202000.pdf HTTP/1.1" 200 231911 "http://www.wrestlingstats.com/ncaa/brackets.htm" "Mozilla/4.0 (compatible; MSIE 5.01; Windows 95)"
67.193.66.6 - - [24/Feb/2004:10:23:10 -0800] "GET /ncaa/pdf/brackets/NCAA%202000.pdf HTTP/1.1" 206 229221 "-" "contype"
67.193.66.6 - - [24/Feb/2004:10:23:14 -0800] "GET /ncaa/pdf/brackets/NCAA%202000.pdf HTTP/1.1" 206 229221 "-" "Mozilla/4.0 (compatible; MSIE 5.01; Windows 95)"
67.193.66.6 - - [24/Feb/2004:10:23:21 -0800] "GET /ncaa/pdf/brackets/NCAA%202000.pdf HTTP/1.1" 206 98934 "-" "Mozilla/4.0 (compatible; MSIE 5.01; Windows 95)"
67.193.66.6 - - [24/Feb/2004:10:24:22 -0800] "GET /ncaa/pdf/brackets/NCAA%202000.pdf HTTP/1.1" 206 57392 "-" "Mozilla/4.0 (compatible; MSIE 5.01; Windows 95)"
67.193.66.6 - - [24/Feb/2004:10:24:57 -0800] "GET /ncaa/pdf/brackets/NCAA%202000.pdf HTTP/1.1" 206 3133 "-" "Mozilla/4.0 (compatible; MSIE 5.01; Windows 95)"
67.193.66.6 - - [24/Feb/2004:10:25:01 -0800] "GET /ncaa/pdf/brackets/NCAA%202000.pdf HTTP/1.1" 206 4848 "-" "Mozilla/4.0 (compatible; MSIE 5.01; Windows 95)"
67.193.66.6 - - [24/Feb/2004:10:25:25 -0800] "GET /ncaa/pdf/brackets/NCAA%202000.pdf HTTP/1.1" 206 3065 "-" "Mozilla/4.0 (compatible; MSIE 5.01; Windows 95)"
67.193.66.6 - - [24/Feb/2004:10:25:45 -0800] "GET /ncaa/pdf/brackets/NCAA%202000.pdf HTTP/1.1" 206 599 "-" "Mozilla/4.0 (compatible; MSIE 5.01; Windows 95)"
67.193.66.6 - - [24/Feb/2004:10:25:50 -0800] "GET /ncaa/pdf/brackets/NCAA%202000.pdf HTTP/1.1" 206 2738 "-" "Mozilla/4.0 (compatible; MSIE 5.01; Windows 95)"
199.106.91.138 - - [24/Feb/2004:10:26:01 -0800] "GET /lehigh/show_leaders_pct.php?type=1 HTTP/1.1" 200 2635 "http://www.lehighwrestling.com/Lehigh/Stats/Lehigh%20Individual/individual.htm" "Mozilla/4.0 (compatible; MSIE 6.0; Windows NT 5.1; .NET CLR 1.0.3705)"
199.106.91.138 - - [24/Feb/2004:10:26:02 -0800] "GET /lehigh/apPopupMenu.class HTTP/1.1" 200 19469 "-" "Mozilla/4.0 (compatible; MSIE 6.0; Win32)"
199.106.91.138 - - [24/Feb/2004:10:26:02 -0800] "GET /lehigh/pix/home.gif HTTP/1.1" 200 215 "-" "Mozilla/4.0 (compatible; MSIE 6.0; Win32)"
199.106.91.138 - - [24/Feb/2004:10:26:03 -0800] "GET /lehigh/pix/apbfind.gif HTTP/1.1" 200 89 "-" "Mozilla/4.0 (compatible; MSIE 6.0; Win32)"
67.193.66.6 - - [24/Feb/2004:10:26:13 -0800] "GET /ncaa/pdf/brackets/NCAA%202000.pdf HTTP/1.1" 206 2968 "-" "Mozilla/4.0 (compatible; MSIE 5.01; Windows 95)"
67.193.66.6 - - [24/Feb/2004:10:26:28 -0800] "GET /ncaa/pdf/brackets/NCAA%202000.pdf HTTP/1.1" 206 600 "-" "Mozilla/4.0 (compatible; MSIE 5.01; Windows 95)"
67.193.66.6 - - [24/Feb/2004:10:26:54 -0800] "GET /ncaa/pdf/brackets/NCAA%202000.pdf HTTP/1.1" 206 2757 "-" "Mozilla/4.0 (compatible; MSIE 5.01; Windows 95)"
199.106.91.138 - - [24/Feb/2004:10:26:57 -0800] "GET / HTTP/1.1" 200 1755 "-" "Mozilla/4.0 (compatible; MSIE 6.0; Windows NT 5.1; .NET CLR 1.0.3705)"
199.106.91.138 - - [24/Feb/2004:10:26:57 -0800] "GET /NCAA2003.jpg HTTP/1.1" 304 - "http://www.wrestlingstats.com/" "Mozilla/4.0 (compatible; MSIE 6.0; Windows NT 5.1; .NET CLR 1.0.3705)"
199.106.91.138 - - [24/Feb/2004:10:26:57 -0800] "GET /apPopupMenu.class HTTP/1.1" 200 19469 "-" "Mozilla/4.0 (compatible; MSIE 6.0; Win32)"
199.106.91.138 - - [24/Feb/2004:10:26:58 -0800] "GET /images/home32.gif HTTP/1.1" 200 287 "-" "Mozilla/4.0 (compatible; MSIE 6.0; Win32)"
199.106.91.138 - - [24/Feb/2004:10:26:58 -0800] "GET /images/mail32.gif HTTP/1.1" 200 317 "-" "Mozilla/4.0 (compatible; MSIE 6.0; Win32)"
199.106.91.138 - - [24/Feb/2004:10:27:00 -0800] "GET /lehigh/index.html HTTP/1.1" 200 836 "-" "Mozilla/4.0 (compatible; MSIE 6.0; Windows NT 5.1; .NET CLR 1.0.3705)"
199.106.91.138 - - [24/Feb/2004:10:27:01 -0800] "GET /lehigh/home.php HTTP/1.1" 200 2019 "-" "Mozilla/4.0 (compatible; MSIE 6.0; Windows NT 5.1; .NET CLR 1.0.3705)"
199.106.91.138 - - [24/Feb/2004:10:27:01 -0800] "GET /lehigh/EIWAChamps.jpg HTTP/1.1" 200 42637 "http://www.wrestlingstats.com/lehigh/home.php" "Mozilla/4.0 (compatible; MSIE 6.0; Windows NT 5.1; .NET CLR 1.0.3705)"
199.106.91.138 - - [24/Feb/2004:10:27:05 -0800] "GET /lehigh/seasons.php HTTP/1.1" 200 3348 "-" "Mozilla/4.0 (compatible; MSIE 6.0; Windows NT 5.1; .NET CLR 1.0.3705)"
199.106.91.138 - - [24/Feb/2004:10:27:14 -0800] "POST /lehigh/view_seasons.php HTTP/1.1" 200 3435 "http://www.wrestlingstats.com/lehigh/seasons.php" "Mozilla/4.0 (compatible; MSIE 6.0; Windows NT 5.1; .NET CLR 1.0.3705)"
67.193.66.6 - - [24/Feb/2004:10:27:17 -0800] "GET /ncaa/pdf/brackets/NCAA%202000.pdf HTTP/1.1" 206 3003 "-" "Mozilla/4.0 (compatible; MSIE 5.01; Windows 95)"
199.106.91.138 - - [24/Feb/2004:10:27:33 -0800] "POST /lehigh/view_seasons.php HTTP/1.1" 200 3222 "http://www.wrestlingstats.com/lehigh/seasons.php" "Mozilla/4.0 (compatible; MSIE 6.0; Windows NT 5.1; .NET CLR 1.0.3705)"
152.163.252.195 - - [24/Feb/2004:10:27:41 -0800] "GET /eiwa/brackets.htm HTTP/1.0" 200 2453 "http://wrestlingreport.com/Forums/EIWA.mv?parm_func=showmsg+parm_msgnum=1000148" "Mozilla/4.0 (compatible; MSIE 6.0; AOL 8.0; Windows NT 5.1; .NET CLR 1.1.4322)"
152.163.252.197 - - [24/Feb/2004:10:27:44 -0800] "GET /apPopupMenu.class HTTP/1.0" 304 - "-" "Java 1.1"
152.163.252.65 - - [24/Feb/2004:10:27:47 -0800] "GET /eiwa/pdf/brackets/EIWA%202003.pdf HTTP/1.0" 200 70502 "http://www.wrestlingstats.com/eiwa/brackets.htm" "Mozilla/4.0 (compatible; MSIE 6.0; AOL 8.0; Windows NT 5.1; .NET CLR 1.1.4322)"
67.193.66.6 - - [24/Feb/2004:10:27:47 -0800] "GET /ncaa/pdf/brackets/NCAA%202000.pdf HTTP/1.1" 206 1180 "-" "Mozilla/4.0 (compatible; MSIE 5.01; Windows 95)"
152.163.252.163 - - [24/Feb/2004:10:27:48 -0800] "GET /images/home32.gif HTTP/1.0" 304 - "-" "Java 1.1"
152.163.252.65 - - [24/Feb/2004:10:27:49 -0800] "GET /eiwa/pdf/brackets/EIWA%202003.pdf HTTP/1.1" 200 70502 "-" "Mozilla/4.0 (compatible; MSIE 6.0; AOL 8.0; Windows NT 5.1; .NET CLR 1.1.4322)"
199.106.91.138 - - [24/Feb/2004:10:27:53 -0800] "POST /lehigh/view_seasons.php HTTP/1.1" 200 3253 "http://www.wrestlingstats.com/lehigh/seasons.php" "Mozilla/4.0 (compatible; MSIE 6.0; Windows NT 5.1; .NET CLR 1.0.3705)"
152.163.252.65 - - [24/Feb/2004:10:27:57 -0800] "GET /eiwa/pdf/brackets/EIWA%202003.pdf HTTP/1.0" 206 4829 "-" "Mozilla/4.0 (compatible; MSIE 6.0; AOL 8.0; Windows NT 5.1; .NET CLR 1.1.4322)"
67.193.66.6 - - [24/Feb/2004:10:27:59 -0800] "GET /ncaa/pdf/brackets/NCAA%202000.pdf HTTP/1.1" 206 2735 "-" "Mozilla/4.0 (compatible; MSIE 5.01; Windows 95)"
199.106.91.138 - - [24/Feb/2004:10:28:07 -0800] "GET /lehigh/home.php HTTP/1.1" 200 2019 "-" "Mozilla/4.0 (compatible; MSIE 6.0; Windows NT 5.1; .NET CLR 1.0.3705)"
199.106.91.138 - - [24/Feb/2004:10:28:09 -0800] "GET /lehigh/home.php HTTP/1.1" 200 2019 "-" "Mozilla/4.0 (compatible; MSIE 6.0; Windows NT 5.1; .NET CLR 1.0.3705)"
152.163.252.65 - - [24/Feb/2004:10:28:11 -0800] "GET /eiwa/pdf/brackets/EIWA%202003.pdf HTTP/1.0" 206 7008 "-" "Mozilla/4.0 (compatible; MSIE 6.0; AOL 8.0; Windows NT 5.1; .NET CLR 1.1.4322)"
199.106.91.138 - - [24/Feb/2004:10:28:17 -0800] "GET /ncaa/brackets.htm HTTP/1.1" 304 - "-" "Mozilla/4.0 (compatible; MSIE 6.0; Windows NT 5.1; .NET CLR 1.0.3705)"
152.163.252.65 - - [24/Feb/2004:10:28:18 -0800] "GET /eiwa/pdf/brackets/EIWA%202003.pdf HTTP/1.1" 206 30015 "-" "Mozilla/4.0 (compatible; MSIE 6.0; AOL 8.0; Windows NT 5.1; .NET CLR 1.1.4322)"
199.106.91.138 - - [24/Feb/2004:10:28:20 -0800] "GET /ncaa/pdf/brackets/NCAA%202000.pdf HTTP/1.1" 200 231911 "http://www.wrestlingstats.com/ncaa/brackets.htm" "Mozilla/4.0 (compatible; MSIE 6.0; Windows NT 5.1; .NET CLR 1.0.3705)"
199.106.91.138 - - [24/Feb/2004:10:28:21 -0800] "GET /ncaa/pdf/brackets/NCAA%202000.pdf HTTP/1.1" 206 228001 "-" "Mozilla/4.0 (compatible; MSIE 6.0; Windows NT 5.1; .NET CLR 1.0.3705)"
199.106.91.138 - - [24/Feb/2004:10:28:23 -0800] "GET /ncaa/pdf/brackets/NCAA%202000.pdf HTTP/1.1" 206 154346 "-" "Mozilla/4.0 (compatible; MSIE 6.0; Windows NT 5.1; .NET CLR 1.0.3705)"
67.193.66.6 - - [24/Feb/2004:10:28:36 -0800] "GET /ncaa/pdf/brackets/NCAA%202000.pdf HTTP/1.1" 206 3001 "-" "Mozilla/4.0 (compatible; MSIE 5.01; Windows 95)"
152.163.252.163 - - [24/Feb/2004:10:28:38 -0800] "GET /images/mail32.gif HTTP/1.0" 304 - "-" "Java 1.1"
152.163.252.66 - - [24/Feb/2004:10:28:41 -0800] "GET /eiwa/pdf/brackets/EIWA%201989.pdf HTTP/1.0" 200 70692 "http://www.wrestlingstats.com/eiwa/brackets.htm" "Mozilla/4.0 (compatible; MSIE 6.0; AOL 8.0; Windows NT 5.1; .NET CLR 1.1.4322)"
152.163.252.66 - - [24/Feb/2004:10:28:42 -0800] "GET /eiwa/pdf/brackets/EIWA%201989.pdf HTTP/1.0" 200 70692 "-" "Mozilla/4.0 (compatible; MSIE 6.0; AOL 8.0; Windows NT 5.1; .NET CLR 1.1.4322)"
67.193.66.6 - - [24/Feb/2004:10:28:52 -0800] "GET /ncaa/pdf/brackets/NCAA%202000.pdf HTTP/1.1" 206 1006 "-" "Mozilla/4.0 (compatible; MSIE 5.01; Windows 95)"
67.193.66.6 - - [24/Feb/2004:10:29:30 -0800] "GET /ncaa/pdf/brackets/NCAA%202000.pdf HTTP/1.1" 206 2745 "-" "Mozilla/4.0 (compatible; MSIE 5.01; Windows 95)"
152.163.253.35 - - [24/Feb/2004:10:30:33 -0800] "GET /eiwa/pdf/brackets/EIWA%201988.pdf HTTP/1.0" 200 71590 "http://www.wrestlingstats.com/eiwa/brackets.htm" "Mozilla/4.0 (compatible; MSIE 6.0; AOL 8.0; Windows NT 5.1; .NET CLR 1.1.4322)"
152.163.253.35 - - [24/Feb/2004:10:30:34 -0800] "GET /eiwa/pdf/brackets/EIWA%201988.pdf HTTP/1.0" 200 71590 "-" "Mozilla/4.0 (compatible; MSIE 6.0; AOL 8.0; Windows NT 5.1; .NET CLR 1.1.4322)"
67.193.66.6 - - [24/Feb/2004:10:30:43 -0800] "GET /ncaa/pdf/brackets/NCAA%202000.pdf HTTP/1.1" 206 2990 "-" "Mozilla/4.0 (compatible; MSIE 5.01; Windows 95)"
67.193.66.6 - - [24/Feb/2004:10:30:48 -0800] "GET /ncaa/pdf/brackets/NCAA%202000.pdf HTTP/1.1" 206 1160 "-" "Mozilla/4.0 (compatible; MSIE 5.01; Windows 95)"
67.193.66.6 - - [24/Feb/2004:10:30:59 -0800] "GET /ncaa/pdf/brackets/NCAA%202000.pdf HTTP/1.1" 206 2783 "-" "Mozilla/4.0 (compatible; MSIE 5.01; Windows 95)"
64.136.26.230 - - [24/Feb/2004:10:31:12 -0800] "GET / HTTP/1.1" 200 2887 "-" "Mozilla/4.0 (compatible; MSIE 6.0; Windows NT 5.1; Hotbar 4.3.5.0)"
64.136.26.230 - - [24/Feb/2004:10:31:14 -0800] "GET /NCAA2003.jpg HTTP/1.1" 200 84807 "http://www.wrestlingstats.com/" "Mozilla/4.0 (compatible; MSIE 6.0; Windows NT 5.1; Hotbar 4.3.5.0)"
64.136.26.230 - - [24/Feb/2004:10:31:16 -0800] "GET /apPopupMenu.class HTTP/1.1" 200 19469 "-" "Java 1.1"
64.136.26.230 - - [24/Feb/2004:10:31:22 -0800] "GET /images/home32.gif HTTP/1.1" 200 287 "-" "Java 1.1"
64.136.26.230 - - [24/Feb/2004:10:31:26 -0800] "GET /images/mail32.gif HTTP/1.1" 200 317 "-" "Java 1.1"
67.193.66.6 - - [24/Feb/2004:10:31:41 -0800] "GET /ncaa/pdf/brackets/NCAA%202000.pdf HTTP/1.1" 206 2983 "-" "Mozilla/4.0 (compatible; MSIE 5.01; Windows 95)"
152.163.252.66 - - [24/Feb/2004:10:31:46 -0800] "GET /eiwa/pdf/brackets/EIWA%201986.pdf HTTP/1.0" 200 71328 "http://www.wrestlingstats.com/eiwa/brackets.htm" "Mozilla/4.0 (compatible; MSIE 6.0; AOL 8.0; Windows NT 5.1; .NET CLR 1.1.4322)"
152.163.252.66 - - [24/Feb/2004:10:31:47 -0800] "GET /eiwa/pdf/brackets/EIWA%201986.pdf HTTP/1.0" 200 71328 "-" "Mozilla/4.0 (compatible; MSIE 6.0; AOL 8.0; Windows NT 5.1; .NET CLR 1.1.4322)"
67.193.66.6 - - [24/Feb/2004:10:31:54 -0800] "GET /ncaa/pdf/brackets/NCAA%202000.pdf HTTP/1.1" 206 1149 "-" "Mozilla/4.0 (compatible; MSIE 5.01; Windows 95)"
67.193.66.6 - - [24/Feb/2004:10:32:03 -0800] "GET /ncaa/pdf/brackets/NCAA%202000.pdf HTTP/1.1" 206 2774 "-" "Mozilla/4.0 (compatible; MSIE 5.01; Windows 95)"
67.193.66.6 - - [24/Feb/2004:10:33:02 -0800] "GET /ncaa/pdf/brackets/NCAA%202000.pdf HTTP/1.1" 206 3038 "-" "Mozilla/4.0 (compatible; MSIE 5.01; Windows 95)"
67.193.66.6 - - [24/Feb/2004:10:33:19 -0800] "GET /ncaa/pdf/brackets/NCAA%202000.pdf HTTP/1.1" 206 1017 "-" "Mozilla/4.0 (compatible; MSIE 5.01; Windows 95)"
67.193.66.6 - - [24/Feb/2004:10:34:00 -0800] "GET /ncaa/pdf/brackets/NCAA%202000.pdf HTTP/1.1" 206 2764 "-" "Mozilla/4.0 (compatible; MSIE 5.01; Windows 95)"
67.193.66.6 - - [24/Feb/2004:10:34:22 -0800] "GET /ncaa/pdf/brackets/NCAA%202000.pdf HTTP/1.1" 206 2998 "-" "Mozilla/4.0 (compatible; MSIE 5.01; Windows 95)"
67.193.66.6 - - [24/Feb/2004:10:34:26 -0800] "GET /ncaa/pdf/brackets/NCAA%202000.pdf HTTP/1.1" 206 602 "-" "Mozilla/4.0 (compatible; MSIE 5.01; Windows 95)"
216.15.67.52 - - [24/Feb/2004:10:34:29 -0800] "GET /ncaa/pdf/brackets/NCAA%201993.pdf HTTP/1.1" 206 131072 "http://wrestlingstats.com/ncaa/brackets.htm" "Mozilla/4.0 (compatible; MSIE 6.0; Windows 98; sureseeker.com)"
216.15.67.52 - - [24/Feb/2004:10:34:29 -0800] "GET /ncaa/pdf/brackets/NCAA%201993.pdf HTTP/1.1" 200 228307 "-" "Mozilla/4.0 (compatible; MSIE 6.0; Windows 98; sureseeker.com)"
216.15.67.52 - - [24/Feb/2004:10:34:29 -0800] "GET /ncaa/pdf/brackets/NCAA%201993.pdf HTTP/1.1" 206 104057 "-" "Mozilla/4.0 (compatible; MSIE 6.0; Windows 98; sureseeker.com)"
216.15.67.52 - - [24/Feb/2004:10:34:30 -0800] "GET /ncaa/pdf/brackets/NCAA%201993.pdf HTTP/1.1" 206 839 "-" "Mozilla/4.0 (compatible; MSIE 6.0; Windows 98; sureseeker.com)"
216.15.67.52 - - [24/Feb/2004:10:34:30 -0800] "GET /ncaa/pdf/brackets/NCAA%201993.pdf HTTP/1.1" 206 1024 "-" "Mozilla/4.0 (compatible; MSIE 6.0; Windows 98; sureseeker.com)"
67.193.66.6 - - [24/Feb/2004:10:34:30 -0800] "GET /ncaa/pdf/brackets/NCAA%202000.pdf HTTP/1.1" 206 2739 "-" "Mozilla/4.0 (compatible; MSIE 5.01; Windows 95)"
216.15.67.52 - - [24/Feb/2004:10:34:30 -0800] "GET /ncaa/pdf/brackets/NCAA%201993.pdf HTTP/1.1" 206 382 "-" "Mozilla/4.0 (compatible; MSIE 6.0; Windows 98; sureseeker.com)"
67.193.66.6 - - [24/Feb/2004:10:34:47 -0800] "GET /ncaa/pdf/brackets/NCAA%202000.pdf HTTP/1.1" 206 3013 "-" "Mozilla/4.0 (compatible; MSIE 5.01; Windows 95)"
216.15.67.52 - - [24/Feb/2004:10:34:51 -0800] "GET /ncaa/pdf/brackets/NCAA%201993.pdf HTTP/1.1" 206 57409 "-" "Mozilla/4.0 (compatible; MSIE 6.0; Windows 98; sureseeker.com)"
216.15.67.52 - - [24/Feb/2004:10:35:08 -0800] "GET /ncaa/pdf/brackets/NCAA%201993.pdf HTTP/1.1" 206 3396 "-" "Mozilla/4.0 (compatible; MSIE 6.0; Windows 98; sureseeker.com)"
216.15.67.52 - - [24/Feb/2004:10:35:15 -0800] "GET /ncaa/pdf/brackets/NCAA%201993.pdf HTTP/1.1" 206 4957 "-" "Mozilla/4.0 (compatible; MSIE 6.0; Windows 98; sureseeker.com)"
67.193.66.6 - - [24/Feb/2004:10:35:15 -0800] "GET /ncaa/pdf/brackets/NCAA%202000.pdf HTTP/1.1" 206 606 "-" "Mozilla/4.0 (compatible; MSIE 5.01; Windows 95)"
67.193.66.6 - - [24/Feb/2004:10:35:18 -0800] "GET /ncaa/pdf/brackets/NCAA%202000.pdf HTTP/1.1" 206 2770 "-" "Mozilla/4.0 (compatible; MSIE 5.01; Windows 95)"
152.163.253.35 - - [24/Feb/2004:10:35:26 -0800] "GET /eiwa/pdf/brackets/EIWA%201988.pdf HTTP/1.1" 200 71590 "http://www.wrestlingstats.com/eiwa/brackets.htm" "Mozilla/4.0 (compatible; MSIE 6.0; AOL 8.0; Windows NT 5.1; .NET CLR 1.1.4322)"
152.163.253.35 - - [24/Feb/2004:10:35:27 -0800] "GET /eiwa/pdf/brackets/EIWA%201988.pdf HTTP/1.0" 200 71590 "-" "Mozilla/4.0 (compatible; MSIE 6.0; AOL 8.0; Windows NT 5.1; .NET CLR 1.1.4322)"
152.163.253.35 - - [24/Feb/2004:10:35:29 -0800] "GET /eiwa/pdf/brackets/EIWA%201988.pdf HTTP/1.0" 206 41461 "-" "Mozilla/4.0 (compatible; MSIE 6.0; AOL 8.0; Windows NT 5.1; .NET CLR 1.1.4322)"
152.163.253.35 - - [24/Feb/2004:10:35:34 -0800] "GET /eiwa/pdf/brackets/EIWA%201988.pdf HTTP/1.0" 206 1337 "-" "Mozilla/4.0 (compatible; MSIE 6.0; AOL 8.0; Windows NT 5.1; .NET CLR 1.1.4322)"
216.15.67.52 - - [24/Feb/2004:10:35:38 -0800] "GET /ncaa/pdf/brackets/NCAA%201993.pdf HTTP/1.1" 206 2487 "-" "Mozilla/4.0 (compatible; MSIE 6.0; Windows 98; sureseeker.com)"
152.163.253.35 - - [24/Feb/2004:10:35:41 -0800] "GET /eiwa/pdf/brackets/EIWA%201988.pdf HTTP/1.0" 206 3471 "-" "Mozilla/4.0 (compatible; MSIE 6.0; AOL 8.0; Windows NT 5.1; .NET CLR 1.1.4322)"
216.15.67.52 - - [24/Feb/2004:10:35:41 -0800] "GET /ncaa/pdf/brackets/NCAA%201993.pdf HTTP/1.1" 206 841 "-" "Mozilla/4.0 (compatible; MSIE 6.0; Windows 98; sureseeker.com)"
216.15.67.52 - - [24/Feb/2004:10:35:42 -0800] "GET /ncaa/pdf/brackets/NCAA%201993.pdf HTTP/1.1" 206 2802 "-" "Mozilla/4.0 (compatible; MSIE 6.0; Windows 98; sureseeker.com)"
152.163.253.35 - - [24/Feb/2004:10:35:45 -0800] "GET /eiwa/pdf/brackets/EIWA%201988.pdf HTTP/1.0" 206 24548 "-" "Mozilla/4.0 (compatible; MSIE 6.0; AOL 8.0; Windows NT 5.1; .NET CLR 1.1.4322)"
67.193.66.6 - - [24/Feb/2004:10:35:57 -0800] "GET /ncaa/pdf/brackets/NCAA%202000.pdf HTTP/1.1" 206 2999 "-" "Mozilla/4.0 (compatible; MSIE 5.01; Windows 95)"
216.15.67.52 - - [24/Feb/2004:10:36:29 -0800] "GET /ncaa/pdf/brackets/NCAA%201993.pdf HTTP/1.1" 206 2462 "-" "Mozilla/4.0 (compatible; MSIE 6.0; Windows 98; sureseeker.com)"
216.15.67.52 - - [24/Feb/2004:10:36:36 -0800] "GET /ncaa/pdf/brackets/NCAA%201993.pdf HTTP/1.1" 206 861 "-" "Mozilla/4.0 (compatible; MSIE 6.0; Windows 98; sureseeker.com)"
216.15.67.52 - - [24/Feb/2004:10:36:41 -0800] "GET /ncaa/pdf/brackets/NCAA%201993.pdf HTTP/1.1" 206 2854 "-" "Mozilla/4.0 (compatible; MSIE 6.0; Windows 98; sureseeker.com)"
139.78.35.121 - - [24/Feb/2004:10:36:50 -0800] "GET / HTTP/1.1" 200 1755 "-" "Mozilla/4.0 (compatible; MSIE 6.0; Windows NT 5.1)"
139.78.35.121 - - [24/Feb/2004:10:36:50 -0800] "GET /NCAA2003.jpg HTTP/1.1" 200 84807 "http://wrestlingstats.com/" "Mozilla/4.0 (compatible; MSIE 6.0; Windows NT 5.1)"
139.78.35.121 - - [24/Feb/2004:10:36:54 -0800] "GET /apPopupMenu.class HTTP/1.1" 200 19469 "-" "Mozilla/4.0 (Windows XP 5.1) Java/1.4.1_02"
139.78.35.121 - - [24/Feb/2004:10:36:55 -0800] "GET /images/home32.gif HTTP/1.1" 200 287 "-" "Mozilla/4.0 (Windows XP 5.1) Java/1.4.1_02"
139.78.35.121 - - [24/Feb/2004:10:36:55 -0800] "GET /images/home32.gif HTTP/1.1" 200 287 "-" "Mozilla/4.0 (Windows XP 5.1) Java/1.4.1_02"
139.78.35.121 - - [24/Feb/2004:10:36:55 -0800] "GET /images/mail32.gif HTTP/1.1" 200 317 "-" "Mozilla/4.0 (Windows XP 5.1) Java/1.4.1_02"
152.163.252.66 - - [24/Feb/2004:10:37:08 -0800] "GET /eiwa/pdf/brackets/EIWA%201989.pdf HTTP/1.0" 200 70692 "http://www.wrestlingstats.com/eiwa/brackets.htm" "Mozilla/4.0 (compatible; MSIE 6.0; AOL 8.0; Windows NT 5.1; .NET CLR 1.1.4322)"
152.163.252.66 - - [24/Feb/2004:10:37:09 -0800] "GET /eiwa/pdf/brackets/EIWA%201989.pdf HTTP/1.0" 200 70692 "-" "Mozilla/4.0 (compatible; MSIE 6.0; AOL 8.0; Windows NT 5.1; .NET CLR 1.1.4322)"
152.163.252.66 - - [24/Feb/2004:10:37:11 -0800] "GET /eiwa/pdf/brackets/EIWA%201989.pdf HTTP/1.0" 206 41150 "-" "Mozilla/4.0 (compatible; MSIE 6.0; AOL 8.0; Windows NT 5.1; .NET CLR 1.1.4322)"
152.163.252.66 - - [24/Feb/2004:10:37:27 -0800] "GET /eiwa/pdf/brackets/EIWA%201989.pdf HTTP/1.0" 206 28365 "-" "Mozilla/4.0 (compatible; MSIE 6.0; AOL 8.0; Windows NT 5.1; .NET CLR 1.1.4322)"
216.15.67.52 - - [24/Feb/2004:10:37:59 -0800] "GET /ncaa/pdf/brackets/NCAA%201993.pdf HTTP/1.1" 206 602 "-" "Mozilla/4.0 (compatible; MSIE 6.0; Windows 98; sureseeker.com)"
216.15.67.52 - - [24/Feb/2004:10:38:02 -0800] "GET /ncaa/pdf/brackets/NCAA%201993.pdf HTTP/1.1" 206 2858 "-" "Mozilla/4.0 (compatible; MSIE 6.0; Windows 98; sureseeker.com)"
216.15.67.52 - - [24/Feb/2004:10:38:10 -0800] "GET /ncaa/pdf/brackets/NCAA%201993.pdf HTTP/1.1" 206 2503 "-" "Mozilla/4.0 (compatible; MSIE 6.0; Windows 98; sureseeker.com)"
216.15.67.52 - - [24/Feb/2004:10:38:15 -0800] "GET /ncaa/pdf/brackets/NCAA%201993.pdf HTTP/1.1" 206 1282 "-" "Mozilla/4.0 (compatible; MSIE 6.0; Windows 98; sureseeker.com)"
139.78.35.121 - - [24/Feb/2004:10:38:20 -0800] "GET /ncaa/brackets.htm HTTP/1.1" 200 2798 "-" "Mozilla/4.0 (compatible; MSIE 6.0; Windows NT 5.1)"
216.15.67.52 - - [24/Feb/2004:10:38:22 -0800] "GET /ncaa/pdf/brackets/NCAA%201993.pdf HTTP/1.1" 206 2822 "-" "Mozilla/4.0 (compatible; MSIE 6.0; Windows 98; sureseeker.com)"
216.15.67.52 - - [24/Feb/2004:10:38:29 -0800] "GET /ncaa/pdf/brackets/NCAA%201993.pdf HTTP/1.1" 206 2505 "-" "Mozilla/4.0 (compatible; MSIE 6.0; Windows 98; sureseeker.com)"
216.15.67.52 - - [24/Feb/2004:10:38:31 -0800] "GET /ncaa/pdf/brackets/NCAA%201993.pdf HTTP/1.1" 206 1079 "-" "Mozilla/4.0 (compatible; MSIE 6.0; Windows 98; sureseeker.com)"
139.78.35.121 - - [24/Feb/2004:10:38:34 -0800] "GET /ncaa/pdf/brackets/NCAA%202003.pdf HTTP/1.1" 200 144218 "http://wrestlingstats.com/ncaa/brackets.htm" "Mozilla/4.0 (compatible; MSIE 6.0; Windows NT 5.1)"
216.15.67.52 - - [24/Feb/2004:10:38:34 -0800] "GET /ncaa/pdf/brackets/NCAA%201993.pdf HTTP/1.1" 206 2833 "-" "Mozilla/4.0 (compatible; MSIE 6.0; Windows 98; sureseeker.com)"
139.78.35.121 - - [24/Feb/2004:10:38:34 -0800] "GET /ncaa/pdf/brackets/NCAA%202003.pdf HTTP/1.1" 206 140067 "-" "Mozilla/4.0 (compatible; MSIE 6.0; Windows NT 5.1)"
216.15.67.52 - - [24/Feb/2004:10:38:48 -0800] "GET /ncaa/pdf/brackets/NCAA%201993.pdf HTTP/1.1" 206 2512 "-" "Mozilla/4.0 (compatible; MSIE 6.0; Windows 98; sureseeker.com)"
216.15.67.52 - - [24/Feb/2004:10:38:52 -0800] "GET /ncaa/pdf/brackets/NCAA%201993.pdf HTTP/1.1" 206 1180 "-" "Mozilla/4.0 (compatible; MSIE 6.0; Windows 98; sureseeker.com)"
139.78.35.121 - - [24/Feb/2004:10:38:53 -0800] "GET /ncaa/pdf/brackets/NCAA%202002.pdf HTTP/1.1" 200 230468 "http://wrestlingstats.com/ncaa/brackets.htm" "Mozilla/4.0 (compatible; MSIE 6.0; Windows NT 5.1)"
139.78.35.121 - - [24/Feb/2004:10:38:53 -0800] "GET /ncaa/pdf/brackets/NCAA%202002.pdf HTTP/1.1" 206 226317 "-" "Mozilla/4.0 (compatible; MSIE 6.0; Windows NT 5.1)"
216.15.67.52 - - [24/Feb/2004:10:38:56 -0800] "GET /ncaa/pdf/brackets/NCAA%201993.pdf HTTP/1.1" 206 2773 "-" "Mozilla/4.0 (compatible; MSIE 6.0; Windows 98; sureseeker.com)"
66.14.197.121 - - [24/Feb/2004:10:39:28 -0800] "GET /ncaa/pdf/brackets/NCAA%201967.pdf HTTP/1.1" 200 216170 "http://www.google.com/search?q=%22John+Zwolinski%22&hl=en&lr=&ie=UTF-8&oe=UTF-8&start=20&sa=N" "Mozilla/4.0 (compatible; MSIE 6.0; Windows NT 5.0)"
66.14.197.121 - - [24/Feb/2004:10:39:29 -0800] "GET /ncaa/pdf/brackets/NCAA%201967.pdf HTTP/1.1" 206 212343 "-" "Mozilla/4.0 (compatible; MSIE 6.0; Windows NT 5.0)"
216.15.67.52 - - [24/Feb/2004:10:39:32 -0800] "GET /ncaa/pdf/brackets/NCAA%201993.pdf HTTP/1.1" 206 2505 "-" "Mozilla/4.0 (compatible; MSIE 6.0; Windows 98; sureseeker.com)"
216.15.67.52 - - [24/Feb/2004:10:39:38 -0800] "GET /ncaa/pdf/brackets/NCAA%201993.pdf HTTP/1.1" 206 603 "-" "Mozilla/4.0 (compatible; MSIE 6.0; Windows 98; sureseeker.com)"
216.15.67.52 - - [24/Feb/2004:10:39:40 -0800] "GET /ncaa/pdf/brackets/NCAA%201993.pdf HTTP/1.1" 206 2782 "-" "Mozilla/4.0 (compatible; MSIE 6.0; Windows 98; sureseeker.com)"
66.14.197.121 - - [24/Feb/2004:10:39:44 -0800] "GET /ncaa/pdf/brackets/NCAA%201967.pdf HTTP/1.1" 206 176122 "-" "Mozilla/4.0 (compatible; MSIE 6.0; Windows NT 5.0)"
152.163.252.65 - - [24/Feb/2004:10:40:14 -0800] "GET /eiwa/pdf/brackets/EIWA%202003.pdf HTTP/1.0" 200 70502 "http://www.wrestlingstats.com/eiwa/brackets.htm" "Mozilla/4.0 (compatible; MSIE 6.0; AOL 8.0; Windows NT 5.1; .NET CLR 1.1.4322)"
152.163.252.65 - - [24/Feb/2004:10:40:15 -0800] "GET /eiwa/pdf/brackets/EIWA%202003.pdf HTTP/1.0" 200 70502 "-" "Mozilla/4.0 (compatible; MSIE 6.0; AOL 8.0; Windows NT 5.1; .NET CLR 1.1.4322)"
216.15.67.52 - - [24/Feb/2004:10:40:17 -0800] "GET /ncaa/pdf/brackets/NCAA%201993.pdf HTTP/1.1" 206 2492 "-" "Mozilla/4.0 (compatible; MSIE 6.0; Windows 98; sureseeker.com)"
152.163.252.65 - - [24/Feb/2004:10:40:17 -0800] "GET /eiwa/pdf/brackets/EIWA%202003.pdf HTTP/1.0" 206 39136 "-" "Mozilla/4.0 (compatible; MSIE 6.0; AOL 8.0; Windows NT 5.1; .NET CLR 1.1.4322)"
216.15.67.52 - - [24/Feb/2004:10:40:19 -0800] "GET /ncaa/pdf/brackets/NCAA%201993.pdf HTTP/1.1" 206 604 "-" "Mozilla/4.0 (compatible; MSIE 6.0; Windows 98; sureseeker.com)"
216.15.67.52 - - [24/Feb/2004:10:40:22 -0800] "GET /ncaa/pdf/brackets/NCAA%201993.pdf HTTP/1.1" 206 2727 "-" "Mozilla/4.0 (compatible; MSIE 6.0; Windows 98; sureseeker.com)"
152.163.252.65 - - [24/Feb/2004:10:40:27 -0800] "GET /eiwa/pdf/brackets/EIWA%202003.pdf HTTP/1.0" 206 3487 "-" "Mozilla/4.0 (compatible; MSIE 6.0; AOL 8.0; Windows NT 5.1; .NET CLR 1.1.4322)"
152.163.252.65 - - [24/Feb/2004:10:40:42 -0800] "GET /eiwa/pdf/brackets/EIWA%202003.pdf HTTP/1.0" 206 26824 "-" "Mozilla/4.0 (compatible; MSIE 6.0; AOL 8.0; Windows NT 5.1; .NET CLR 1.1.4322)"
152.163.252.66 - - [24/Feb/2004:10:41:26 -0800] "GET /eiwa/pdf/brackets/EIWA%201989.pdf HTTP/1.0" 200 70692 "http://www.wrestlingstats.com/eiwa/brackets.htm" "Mozilla/4.0 (compatible; MSIE 6.0; AOL 8.0; Windows NT 5.1; .NET CLR 1.1.4322)"
152.163.252.66 - - [24/Feb/2004:10:41:27 -0800] "GET /eiwa/pdf/brackets/EIWA%201989.pdf HTTP/1.0" 200 70692 "-" "Mozilla/4.0 (compatible; MSIE 6.0; AOL 8.0; Windows NT 5.1; .NET CLR 1.1.4322)"
152.163.252.66 - - [24/Feb/2004:10:41:28 -0800] "GET /eiwa/pdf/brackets/EIWA%201989.pdf HTTP/1.0" 206 41318 "-" "Mozilla/4.0 (compatible; MSIE 6.0; AOL 8.0; Windows NT 5.1; .NET CLR 1.1.4322)"
152.163.252.66 - - [24/Feb/2004:10:41:32 -0800] "GET /eiwa/pdf/brackets/EIWA%201989.pdf HTTP/1.0" 206 2363 "-" "Mozilla/4.0 (compatible; MSIE 6.0; AOL 8.0; Windows NT 5.1; .NET CLR 1.1.4322)"
152.163.252.66 - - [24/Feb/2004:10:41:40 -0800] "GET /eiwa/pdf/brackets/EIWA%201989.pdf HTTP/1.0" 206 3417 "-" "Mozilla/4.0 (compatible; MSIE 6.0; AOL 8.0; Windows NT 5.1; .NET CLR 1.1.4322)"
152.163.252.66 - - [24/Feb/2004:10:41:43 -0800] "GET /eiwa/pdf/brackets/EIWA%201989.pdf HTTP/1.0" 206 3450 "-" "Mozilla/4.0 (compatible; MSIE 6.0; AOL 8.0; Windows NT 5.1; .NET CLR 1.1.4322)"
152.163.252.66 - - [24/Feb/2004:10:41:45 -0800] "GET /eiwa/pdf/brackets/EIWA%201989.pdf HTTP/1.0" 206 19777 "-" "Mozilla/4.0 (compatible; MSIE 6.0; AOL 8.0; Windows NT 5.1; .NET CLR 1.1.4322)"
