65.84.183.162 - - [23/Feb/2004:17:31:41 -0800] "GET /eiwa/pdf/brackets/EIWA%202002.pdf HTTP/1.1" 206 68873 "-" "Mozilla/4.0 (compatible; MSIE 6.0; Windows NT 5.1)"
65.84.183.162 - - [23/Feb/2004:17:31:41 -0800] "GET /eiwa/pdf/brackets/EIWA%202002.pdf HTTP/1.1" 206 68167 "-" "Mozilla/4.0 (compatible; MSIE 6.0; Windows NT 5.1)"
64.12.96.43 - - [23/Feb/2004:17:32:35 -0800] "GET /eiwa/pdf/brackets/EIWA%201989.pdf HTTP/1.0" 200 70692 "http://www.wrestlingstats.com/eiwa/brackets.htm" "Mozilla/4.0 (compatible; MSIE 6.0; AOL 8.0; Windows NT 5.1; .NET CLR 1.0.3705; .NET CLR 1.1.4322)"
64.12.96.43 - - [23/Feb/2004:17:32:36 -0800] "GET /eiwa/pdf/brackets/EIWA%201989.pdf HTTP/1.0" 200 70692 "-" "Mozilla/4.0 (compatible; MSIE 6.0; AOL 8.0; Windows NT 5.1; .NET CLR 1.0.3705; .NET CLR 1.1.4322)"
64.12.96.43 - - [23/Feb/2004:17:32:38 -0800] "GET /eiwa/pdf/brackets/EIWA%201989.pdf HTTP/1.1" 206 68872 "-" "Mozilla/4.0 (compatible; MSIE 6.0; AOL 8.0; Windows NT 5.1; .NET CLR 1.0.3705; .NET CLR 1.1.4322)"
199.224.107.161 - - [23/Feb/2004:17:32:42 -0800] "GET /ncaa/brackets.htm HTTP/1.1" 200 2797 "http://www.wrestlinghalloffame.com/champions?names&wrestler=1989" "Mozilla/4.0 (compatible; MSIE 5.0; Windows 98; DigExt)"
199.224.107.161 - - [23/Feb/2004:17:32:46 -0800] "GET /apPopupMenu.class HTTP/1.1" 200 19469 "-" "Mozilla/4.0 (compatible; MSIE 5.0; Win32)"
199.224.107.161 - - [23/Feb/2004:17:32:50 -0800] "GET /images/home32.gif HTTP/1.1" 200 287 "-" "Mozilla/4.0 (compatible; MSIE 5.0; Win32)"
199.224.107.161 - - [23/Feb/2004:17:32:51 -0800] "GET /images/mail32.gif HTTP/1.1" 200 317 "-" "Mozilla/4.0 (compatible; MSIE 5.0; Win32)"
64.12.96.43 - - [23/Feb/2004:17:33:12 -0800] "GET /eiwa/pdf/brackets/EIWA%201990.pdf HTTP/1.0" 200 71627 "http://www.wrestlingstats.com/eiwa/brackets.htm" "Mozilla/4.0 (compatible; MSIE 6.0; AOL 8.0; Windows NT 5.1; .NET CLR 1.0.3705; .NET CLR 1.1.4322)"
64.12.96.43 - - [23/Feb/2004:17:33:14 -0800] "GET /eiwa/pdf/brackets/EIWA%201990.pdf HTTP/1.0" 200 71627 "-" "Mozilla/4.0 (compatible; MSIE 6.0; AOL 8.0; Windows NT 5.1; .NET CLR 1.0.3705; .NET CLR 1.1.4322)"
64.12.96.43 - - [23/Feb/2004:17:33:15 -0800] "GET /eiwa/pdf/brackets/EIWA%201990.pdf HTTP/1.1" 206 69806 "-" "Mozilla/4.0 (compatible; MSIE 6.0; AOL 8.0; Windows NT 5.1; .NET CLR 1.0.3705; .NET CLR 1.1.4322)"
65.73.65.244 - - [23/Feb/2004:17:33:30 -0800] "GET / HTTP/1.1" 304 - "-" "Mozilla/4.0 (compatible; MSIE 6.0; Windows NT 5.1)"
65.73.65.244 - - [23/Feb/2004:17:33:31 -0800] "GET /apPopupMenu.class HTTP/1.1" 304 - "-" "Mozilla/4.0 (compatible; MSIE 6.0; Win32)"
65.73.65.244 - - [23/Feb/2004:17:33:31 -0800] "GET /images/home32.gif HTTP/1.1" 304 - "-" "Mozilla/4.0 (compatible; MSIE 6.0; Win32)"
65.73.65.244 - - [23/Feb/2004:17:33:32 -0800] "GET /images/mail32.gif HTTP/1.1" 304 - "-" "Mozilla/4.0 (compatible; MSIE 6.0; Win32)"
64.12.96.43 - - [23/Feb/2004:17:33:54 -0800] "GET /eiwa/pdf/brackets/EIWA%201991.pdf HTTP/1.0" 200 71310 "http://www.wrestlingstats.com/eiwa/brackets.htm" "Mozilla/4.0 (compatible; MSIE 6.0; AOL 8.0; Windows NT 5.1; .NET CLR 1.0.3705; .NET CLR 1.1.4322)"
64.12.96.43 - - [23/Feb/2004:17:33:56 -0800] "GET /eiwa/pdf/brackets/EIWA%201991.pdf HTTP/1.0" 200 71310 "-" "Mozilla/4.0 (compatible; MSIE 6.0; AOL 8.0; Windows NT 5.1; .NET CLR 1.0.3705; .NET CLR 1.1.4322)"
64.12.96.43 - - [23/Feb/2004:17:33:57 -0800] "GET /eiwa/pdf/brackets/EIWA%201991.pdf HTTP/1.0" 206 69490 "-" "Mozilla/4.0 (compatible; MSIE 6.0; AOL 8.0; Windows NT 5.1; .NET CLR 1.0.3705; .NET CLR 1.1.4322)"
199.224.107.161 - - [23/Feb/2004:17:33:58 -0800] "GET /ncaa/pdf/brackets/NCAA%201991.pdf HTTP/1.1" 200 229431 "http://www.wrestlingstats.com/ncaa/brackets.htm" "Mozilla/4.0 (compatible; MSIE 5.0; Windows 98; DigExt)"
199.224.107.161 - - [23/Feb/2004:17:34:01 -0800] "GET /ncaa/pdf/brackets/NCAA%201991.pdf HTTP/1.1" 206 224836 "-" "contype"
199.224.107.161 - - [23/Feb/2004:17:34:05 -0800] "GET /ncaa/pdf/brackets/NCAA%201991.pdf HTTP/1.1" 206 224836 "-" "Mozilla/4.0 (compatible; MSIE 5.0; Windows 98; DigExt)"
199.224.107.161 - - [23/Feb/2004:17:34:08 -0800] "GET /ncaa/pdf/brackets/NCAA%201991.pdf HTTP/1.1" 206 97661 "-" "Mozilla/4.0 (compatible; MSIE 5.0; Windows 98; DigExt)"
199.224.107.161 - - [23/Feb/2004:17:34:08 -0800] "GET /ncaa/pdf/brackets/NCAA%201991.pdf HTTP/1.1" 206 899 "-" "Mozilla/4.0 (compatible; MSIE 5.0; Windows 98; DigExt)"
199.224.107.161 - - [23/Feb/2004:17:34:10 -0800] "GET /ncaa/pdf/brackets/NCAA%201991.pdf HTTP/1.1" 206 1024 "-" "Mozilla/4.0 (compatible; MSIE 5.0; Windows 98; DigExt)"
199.224.107.161 - - [23/Feb/2004:17:34:12 -0800] "GET /ncaa/pdf/brackets/NCAA%201991.pdf HTTP/1.1" 206 382 "-" "Mozilla/4.0 (compatible; MSIE 5.0; Windows 98; DigExt)"
65.84.183.162 - - [23/Feb/2004:17:34:44 -0800] "GET /eiwa/pdf/brackets/EIWA%202001.pdf HTTP/1.1" 200 71223 "http://www.wrestlingstats.com/eiwa/brackets.htm" "Mozilla/4.0 (compatible; MSIE 6.0; Windows NT 5.1)"
65.84.183.162 - - [23/Feb/2004:17:34:45 -0800] "GET /eiwa/pdf/brackets/EIWA%202001.pdf HTTP/1.1" 206 69991 "-" "Mozilla/4.0 (compatible; MSIE 6.0; Windows NT 5.1)"
65.84.183.162 - - [23/Feb/2004:17:34:45 -0800] "GET /eiwa/pdf/brackets/EIWA%202001.pdf HTTP/1.1" 206 67825 "-" "Mozilla/4.0 (compatible; MSIE 6.0; Windows NT 5.1)"
64.12.96.199 - - [23/Feb/2004:17:35:19 -0800] "GET /eiwa/pdf/brackets/EIWA%201992.pdf HTTP/1.0" 200 70726 "http://www.wrestlingstats.com/eiwa/brackets.htm" "Mozilla/4.0 (compatible; MSIE 6.0; AOL 8.0; Windows NT 5.1; .NET CLR 1.0.3705; .NET CLR 1.1.4322)"
64.12.96.199 - - [23/Feb/2004:17:35:21 -0800] "GET /eiwa/pdf/brackets/EIWA%201992.pdf HTTP/1.0" 200 70726 "-" "Mozilla/4.0 (compatible; MSIE 6.0; AOL 8.0; Windows NT 5.1; .NET CLR 1.0.3705; .NET CLR 1.1.4322)"
64.12.96.199 - - [23/Feb/2004:17:35:22 -0800] "GET /eiwa/pdf/brackets/EIWA%201992.pdf HTTP/1.0" 206 68900 "-" "Mozilla/4.0 (compatible; MSIE 6.0; AOL 8.0; Windows NT 5.1; .NET CLR 1.0.3705; .NET CLR 1.1.4322)"
199.224.107.161 - - [23/Feb/2004:17:36:01 -0800] "GET /ncaa/pdf/brackets/NCAA%201991.pdf HTTP/1.1" 206 9179 "-" "Mozilla/4.0 (compatible; MSIE 5.0; Windows 98; DigExt)"
65.84.183.162 - - [23/Feb/2004:17:36:04 -0800] "GET /index.html HTTP/1.1" 200 1753 "-" "Mozilla/4.0 (compatible; MSIE 6.0; Windows NT 5.1)"
65.84.183.162 - - [23/Feb/2004:17:36:05 -0800] "GET /NCAA2003.jpg HTTP/1.1" 200 84807 "http://www.wrestlingstats.com/index.html" "Mozilla/4.0 (compatible; MSIE 6.0; Windows NT 5.1)"
199.224.107.161 - - [23/Feb/2004:17:36:09 -0800] "GET /ncaa/pdf/brackets/NCAA%201991.pdf HTTP/1.1" 206 843 "-" "Mozilla/4.0 (compatible; MSIE 5.0; Windows 98; DigExt)"
199.224.107.161 - - [23/Feb/2004:17:36:11 -0800] "GET /ncaa/pdf/brackets/NCAA%201991.pdf HTTP/1.1" 206 2830 "-" "Mozilla/4.0 (compatible; MSIE 5.0; Windows 98; DigExt)"
199.224.107.161 - - [23/Feb/2004:17:36:18 -0800] "GET /ncaa/pdf/brackets/NCAA%201991.pdf HTTP/1.1" 206 2554 "-" "Mozilla/4.0 (compatible; MSIE 5.0; Windows 98; DigExt)"
199.224.107.161 - - [23/Feb/2004:17:36:19 -0800] "GET /ncaa/pdf/brackets/NCAA%201991.pdf HTTP/1.1" 206 2262 "-" "Mozilla/4.0 (compatible; MSIE 5.0; Windows 98; DigExt)"
199.224.107.161 - - [23/Feb/2004:17:36:21 -0800] "GET /ncaa/pdf/brackets/NCAA%201991.pdf HTTP/1.1" 206 2833 "-" "Mozilla/4.0 (compatible; MSIE 5.0; Windows 98; DigExt)"
199.224.107.161 - - [23/Feb/2004:17:36:26 -0800] "GET /ncaa/pdf/brackets/NCAA%201991.pdf HTTP/1.1" 206 2541 "-" "Mozilla/4.0 (compatible; MSIE 5.0; Windows 98; DigExt)"
199.224.107.161 - - [23/Feb/2004:17:36:26 -0800] "GET /ncaa/pdf/brackets/NCAA%201991.pdf HTTP/1.1" 206 2171 "-" "Mozilla/4.0 (compatible; MSIE 5.0; Windows 98; DigExt)"
199.224.107.161 - - [23/Feb/2004:17:36:29 -0800] "GET /ncaa/pdf/brackets/NCAA%201991.pdf HTTP/1.1" 206 2837 "-" "Mozilla/4.0 (compatible; MSIE 5.0; Windows 98; DigExt)"
199.224.107.161 - - [23/Feb/2004:17:36:30 -0800] "GET /ncaa/pdf/brackets/NCAA%201991.pdf HTTP/1.1" 206 3645 "-" "Mozilla/4.0 (compatible; MSIE 5.0; Windows 98; DigExt)"
65.84.183.162 - - [23/Feb/2004:17:36:31 -0800] "GET /eiwa/pdf/brackets/EIWA%201929.pdf HTTP/1.1" 200 41843 "http://www.wrestlingstats.com/eiwa/brackets.htm" "Mozilla/4.0 (compatible; MSIE 6.0; Windows NT 5.1)"
65.84.183.162 - - [23/Feb/2004:17:36:31 -0800] "GET /eiwa/pdf/brackets/EIWA%201929.pdf HTTP/1.1" 206 40610 "-" "Mozilla/4.0 (compatible; MSIE 6.0; Windows NT 5.1)"
65.84.183.162 - - [23/Feb/2004:17:36:31 -0800] "GET /eiwa/pdf/brackets/EIWA%201929.pdf HTTP/1.1" 206 38352 "-" "Mozilla/4.0 (compatible; MSIE 6.0; Windows NT 5.1)"
199.224.107.161 - - [23/Feb/2004:17:36:32 -0800] "GET /ncaa/pdf/brackets/NCAA%201991.pdf HTTP/1.1" 206 1107 "-" "Mozilla/4.0 (compatible; MSIE 5.0; Windows 98; DigExt)"
199.224.107.161 - - [23/Feb/2004:17:36:33 -0800] "GET /ncaa/pdf/brackets/NCAA%201991.pdf HTTP/1.1" 206 2826 "-" "Mozilla/4.0 (compatible; MSIE 5.0; Windows 98; DigExt)"
199.224.107.161 - - [23/Feb/2004:17:36:34 -0800] "GET /ncaa/pdf/brackets/NCAA%201991.pdf HTTP/1.1" 206 3645 "-" "Mozilla/4.0 (compatible; MSIE 5.0; Windows 98; DigExt)"
199.224.107.161 - - [23/Feb/2004:17:36:49 -0800] "GET /ncaa/pdf/brackets/NCAA%201991.pdf HTTP/1.1" 206 1096 "-" "Mozilla/4.0 (compatible; MSIE 5.0; Windows 98; DigExt)"
64.12.96.43 - - [23/Feb/2004:17:36:50 -0800] "GET /eiwa/pdf/brackets/EIWA%201993.pdf HTTP/1.1" 200 70712 "http://www.wrestlingstats.com/eiwa/brackets.htm" "Mozilla/4.0 (compatible; MSIE 6.0; AOL 8.0; Windows NT 5.1; .NET CLR 1.0.3705; .NET CLR 1.1.4322)"
64.12.96.43 - - [23/Feb/2004:17:36:52 -0800] "GET /eiwa/pdf/brackets/EIWA%201993.pdf HTTP/1.0" 200 70712 "-" "Mozilla/4.0 (compatible; MSIE 6.0; AOL 8.0; Windows NT 5.1; .NET CLR 1.0.3705; .NET CLR 1.1.4322)"
64.12.96.43 - - [23/Feb/2004:17:36:54 -0800] "GET /eiwa/pdf/brackets/EIWA%201993.pdf HTTP/1.0" 206 68880 "-" "Mozilla/4.0 (compatible; MSIE 6.0; AOL 8.0; Windows NT 5.1; .NET CLR 1.0.3705; .NET CLR 1.1.4322)"
199.224.107.161 - - [23/Feb/2004:17:37:02 -0800] "GET /ncaa/pdf/brackets/NCAA%201991.pdf HTTP/1.1" 206 2766 "-" "Mozilla/4.0 (compatible; MSIE 5.0; Windows 98; DigExt)"
199.224.107.161 - - [23/Feb/2004:17:37:15 -0800] "GET /ncaa/pdf/brackets/NCAA%201991.pdf HTTP/1.1" 206 2471 "-" "Mozilla/4.0 (compatible; MSIE 5.0; Windows 98; DigExt)"
199.224.107.161 - - [23/Feb/2004:17:37:26 -0800] "GET /ncaa/pdf/brackets/NCAA%201991.pdf HTTP/1.1" 206 597 "-" "Mozilla/4.0 (compatible; MSIE 5.0; Windows 98; DigExt)"
199.224.107.161 - - [23/Feb/2004:17:37:33 -0800] "GET /ncaa/pdf/brackets/NCAA%201991.pdf HTTP/1.1" 206 2801 "-" "Mozilla/4.0 (compatible; MSIE 5.0; Windows 98; DigExt)"
64.12.96.43 - - [23/Feb/2004:17:38:33 -0800] "GET /eiwa/pdf/brackets/EIWA%201996.pdf HTTP/1.1" 200 70479 "http://www.wrestlingstats.com/eiwa/brackets.htm" "Mozilla/4.0 (compatible; MSIE 6.0; AOL 8.0; Windows NT 5.1; .NET CLR 1.0.3705; .NET CLR 1.1.4322)"
64.12.96.43 - - [23/Feb/2004:17:38:34 -0800] "GET /eiwa/pdf/brackets/EIWA%201996.pdf HTTP/1.0" 200 70479 "-" "Mozilla/4.0 (compatible; MSIE 6.0; AOL 8.0; Windows NT 5.1; .NET CLR 1.0.3705; .NET CLR 1.1.4322)"
64.12.96.43 - - [23/Feb/2004:17:38:36 -0800] "GET /eiwa/pdf/brackets/EIWA%201996.pdf HTTP/1.0" 206 68653 "-" "Mozilla/4.0 (compatible; MSIE 6.0; AOL 8.0; Windows NT 5.1; .NET CLR 1.0.3705; .NET CLR 1.1.4322)"
207.172.244.244 - - [23/Feb/2004:17:38:41 -0800] "GET /ncaa/pdf/brackets/NCAA%201966.pdf HTTP/1.1" 200 184930 "http://msxml.excite.com/info.xcite/search/web/pychinka" "Mozilla/4.0 (compatible; MSIE 6.0; Windows NT 5.1; Q312461; YComp 5.0.0.0)"
207.172.244.244 - - [23/Feb/2004:17:38:44 -0800] "GET /ncaa/pdf/brackets/NCAA%201966.pdf HTTP/1.1" 206 180779 "-" "Mozilla/4.0 (compatible; MSIE 6.0; Windows NT 5.1; Q312461; YComp 5.0.0.0)"
207.172.244.244 - - [23/Feb/2004:17:38:44 -0800] "GET /ncaa/pdf/brackets/NCAA%201966.pdf HTTP/1.1" 206 177446 "-" "Mozilla/4.0 (compatible; MSIE 6.0; Windows NT 5.1; Q312461; YComp 5.0.0.0)"
199.224.107.161 - - [23/Feb/2004:17:38:49 -0800] "GET /ncaa/pdf/brackets/NCAA%201991.pdf HTTP/1.1" 206 2506 "-" "Mozilla/4.0 (compatible; MSIE 5.0; Windows 98; DigExt)"
199.224.107.161 - - [23/Feb/2004:17:39:45 -0800] "GET /ncaa/brackets.htm HTTP/1.1" 200 2798 "http://www.wrestlinghalloffame.com/champions?names&wrestler=1989" "Mozilla/4.0 (compatible; MSIE 5.0; Windows 98; DigExt)"
199.224.107.161 - - [23/Feb/2004:17:39:50 -0800] "GET /ncaa/pdf/brackets/NCAA%201992.pdf HTTP/1.1" 200 225940 "http://www.wrestlingstats.com/ncaa/brackets.htm" "Mozilla/4.0 (compatible; MSIE 5.0; Windows 98; DigExt)"
199.224.107.161 - - [23/Feb/2004:17:39:52 -0800] "GET /ncaa/pdf/brackets/NCAA%201992.pdf HTTP/1.1" 200 225940 "-" "contype"
199.224.107.161 - - [23/Feb/2004:17:39:54 -0800] "GET /ncaa/pdf/brackets/NCAA%201992.pdf HTTP/1.1" 200 225940 "-" "Mozilla/4.0 (compatible; MSIE 5.0; Windows 98; DigExt)"
68.67.104.61 - - [23/Feb/2004:17:39:56 -0800] "GET / HTTP/1.1" 200 1754 "-" "Mozilla/4.0 (compatible; MSIE 6.0; Windows NT 5.1; Q312461)"
199.224.107.161 - - [23/Feb/2004:17:39:56 -0800] "GET /ncaa/pdf/brackets/NCAA%201992.pdf HTTP/1.1" 206 103084 "-" "Mozilla/4.0 (compatible; MSIE 5.0; Windows 98; DigExt)"
199.224.107.161 - - [23/Feb/2004:17:39:56 -0800] "GET /ncaa/pdf/brackets/NCAA%201992.pdf HTTP/1.1" 206 839 "-" "Mozilla/4.0 (compatible; MSIE 5.0; Windows 98; DigExt)"
68.67.104.61 - - [23/Feb/2004:17:39:57 -0800] "GET /NCAA2003.jpg HTTP/1.1" 200 84807 "http://www.wrestlingstats.com/" "Mozilla/4.0 (compatible; MSIE 6.0; Windows NT 5.1; Q312461)"
68.67.104.61 - - [23/Feb/2004:17:39:57 -0800] "GET /apPopupMenu.class HTTP/1.1" 200 19469 "-" "Mozilla/4.0 (Windows XP 5.1) Java/1.4.1_01"
68.67.104.61 - - [23/Feb/2004:17:39:58 -0800] "GET /images/home32.gif HTTP/1.1" 200 287 "-" "Mozilla/4.0 (Windows XP 5.1) Java/1.4.1_01"
199.224.107.161 - - [23/Feb/2004:17:39:58 -0800] "GET /ncaa/pdf/brackets/NCAA%201992.pdf HTTP/1.1" 206 1024 "-" "Mozilla/4.0 (compatible; MSIE 5.0; Windows 98; DigExt)"
68.67.104.61 - - [23/Feb/2004:17:40:00 -0800] "GET /images/mail32.gif HTTP/1.1" 200 317 "-" "Mozilla/4.0 (Windows XP 5.1) Java/1.4.1_01"
199.224.107.161 - - [23/Feb/2004:17:40:00 -0800] "GET /ncaa/pdf/brackets/NCAA%201992.pdf HTTP/1.1" 206 382 "-" "Mozilla/4.0 (compatible; MSIE 5.0; Windows 98; DigExt)"
68.67.104.61 - - [23/Feb/2004:17:40:24 -0800] "GET /favicon.ico HTTP/1.1" 404 363 "-" "Mozilla/4.0 (compatible; MSIE 6.0; Windows NT 5.1; Q312461)"
68.67.104.61 - - [23/Feb/2004:17:40:29 -0800] "GET /ncaa/ncaa.htm HTTP/1.1" 200 1797 "-" "Mozilla/4.0 (compatible; MSIE 6.0; Windows NT 5.1; Q312461)"
199.224.107.161 - - [23/Feb/2004:17:40:31 -0800] "GET /ncaa/pdf/brackets/NCAA%201992.pdf HTTP/1.1" 206 56393 "-" "Mozilla/4.0 (compatible; MSIE 5.0; Windows 98; DigExt)"
68.67.104.61 - - [23/Feb/2004:17:40:32 -0800] "GET /ncaa/pdf/NCAA%20Wrestling%20Tournament%20Summary.pdf HTTP/1.1" 200 12017 "http://www.wrestlingstats.com/ncaa/ncaa.htm" "Mozilla/4.0 (compatible; MSIE 6.0; Windows NT 5.1; Q312461)"
68.67.104.61 - - [23/Feb/2004:17:40:32 -0800] "GET /ncaa/pdf/NCAA%20Wrestling%20Tournament%20Summary.pdf HTTP/1.1" 206 8068 "-" "Mozilla/4.0 (compatible; MSIE 6.0; Windows NT 5.1; Q312461)"
199.224.107.161 - - [23/Feb/2004:17:40:36 -0800] "GET /ncaa/pdf/brackets/NCAA%201992.pdf HTTP/1.1" 206 43461 "-" "Mozilla/4.0 (compatible; MSIE 5.0; Windows 98; DigExt)"
199.224.107.161 - - [23/Feb/2004:17:40:48 -0800] "GET /ncaa/pdf/brackets/NCAA%201992.pdf HTTP/1.1" 206 6106 "-" "Mozilla/4.0 (compatible; MSIE 5.0; Windows 98; DigExt)"
199.224.107.161 - - [23/Feb/2004:17:40:53 -0800] "GET /ncaa/pdf/brackets/NCAA%201992.pdf HTTP/1.1" 206 1922 "-" "Mozilla/4.0 (compatible; MSIE 5.0; Windows 98; DigExt)"
199.224.107.161 - - [23/Feb/2004:17:40:55 -0800] "GET /ncaa/pdf/brackets/NCAA%201992.pdf HTTP/1.1" 206 1497 "-" "Mozilla/4.0 (compatible; MSIE 5.0; Windows 98; DigExt)"
68.67.104.61 - - [23/Feb/2004:17:40:58 -0800] "GET /ncaa/brackets.htm HTTP/1.1" 200 2796 "http://www.wrestlingstats.com/ncaa/ncaa.htm" "Mozilla/4.0 (compatible; MSIE 6.0; Windows NT 5.1; Q312461)"
199.224.107.161 - - [23/Feb/2004:17:41:00 -0800] "GET /ncaa/pdf/brackets/NCAA%201992.pdf HTTP/1.1" 206 3920 "-" "Mozilla/4.0 (compatible; MSIE 5.0; Windows 98; DigExt)"
64.12.96.232 - - [23/Feb/2004:17:41:00 -0800] "GET /eiwa/pdf/brackets/EIWA%201997.pdf HTTP/1.0" 200 70255 "http://www.wrestlingstats.com/eiwa/brackets.htm" "Mozilla/4.0 (compatible; MSIE 6.0; AOL 8.0; Windows NT 5.1; .NET CLR 1.0.3705; .NET CLR 1.1.4322)"
68.67.104.61 - - [23/Feb/2004:17:41:01 -0800] "GET /ncaa/pdf/brackets/NCAA%202003.pdf HTTP/1.1" 200 144218 "http://www.wrestlingstats.com/ncaa/brackets.htm" "Mozilla/4.0 (compatible; MSIE 6.0; Windows NT 5.1; Q312461)"
68.67.104.61 - - [23/Feb/2004:17:41:01 -0800] "GET /ncaa/pdf/brackets/NCAA%202003.pdf HTTP/1.1" 206 140271 "-" "Mozilla/4.0 (compatible; MSIE 6.0; Windows NT 5.1; Q312461)"
64.12.96.232 - - [23/Feb/2004:17:41:01 -0800] "GET /eiwa/pdf/brackets/EIWA%201997.pdf HTTP/1.0" 200 70255 "-" "Mozilla/4.0 (compatible; MSIE 6.0; AOL 8.0; Windows NT 5.1; .NET CLR 1.0.3705; .NET CLR 1.1.4322)"
68.67.104.61 - - [23/Feb/2004:17:41:02 -0800] "GET /ncaa/pdf/brackets/NCAA%202003.pdf HTTP/1.1" 206 137056 "-" "Mozilla/4.0 (compatible; MSIE 6.0; Windows NT 5.1; Q312461)"
199.224.107.161 - - [23/Feb/2004:17:41:07 -0800] "GET /ncaa/pdf/brackets/NCAA%201992.pdf HTTP/1.1" 206 3882 "-" "Mozilla/4.0 (compatible; MSIE 5.0; Windows 98; DigExt)"
64.12.96.232 - - [23/Feb/2004:17:41:08 -0800] "GET /eiwa/pdf/brackets/EIWA%201997.pdf HTTP/1.0" 206 60270 "-" "Mozilla/4.0 (compatible; MSIE 6.0; AOL 8.0; Windows NT 5.1; .NET CLR 1.0.3705; .NET CLR 1.1.4322)"
199.224.107.161 - - [23/Feb/2004:17:41:28 -0800] "GET /ncaa/pdf/brackets/NCAA%201992.pdf HTTP/1.1" 206 2512 "-" "Mozilla/4.0 (compatible; MSIE 5.0; Windows 98; DigExt)"
199.224.107.161 - - [23/Feb/2004:17:41:29 -0800] "GET /ncaa/pdf/brackets/NCAA%201992.pdf HTTP/1.1" 206 2364 "-" "Mozilla/4.0 (compatible; MSIE 5.0; Windows 98; DigExt)"
199.224.107.161 - - [23/Feb/2004:17:41:38 -0800] "GET /ncaa/pdf/brackets/NCAA%201992.pdf HTTP/1.1" 206 2796 "-" "Mozilla/4.0 (compatible; MSIE 5.0; Windows 98; DigExt)"
207.5.209.58 - - [23/Feb/2004:17:42:29 -0800] "GET /ncaa/brackets.htm HTTP/1.1" 200 2798 "http://www.google.com/search?hl=en&lr=&ie=UTF-8&oe=UTF-8&q=+wrestling+tournament+brackets&btnG=Google+Search" "Mozilla/4.0 (compatible; MSIE 6.0; Windows 98; Win 9x 4.90; .NET CLR 1.1.4322)"
207.5.209.58 - - [23/Feb/2004:17:42:30 -0800] "GET /apPopupMenu.class HTTP/1.1" 200 19469 "-" "Java 1.1"
207.5.209.58 - - [23/Feb/2004:17:42:32 -0800] "GET /images/home32.gif HTTP/1.1" 200 287 "-" "Java 1.1"
207.5.209.58 - - [23/Feb/2004:17:42:32 -0800] "GET /images/mail32.gif HTTP/1.1" 200 317 "-" "Java 1.1"
64.12.116.209 - - [23/Feb/2004:17:43:24 -0800] "GET /eiwa/brackets.htm HTTP/1.0" 200 2452 "http://wrestlingreport.com/Forums/EIWA.mv?parm_func=showmsg+parm_msgnum=1000148" "Mozilla/4.0 (compatible; MSIE 6.0; AOL 8.0; Windows NT 5.1; .NET CLR 1.0.3705; .NET CLR 1.1.4322)"
199.224.107.161 - - [23/Feb/2004:17:43:47 -0800] "GET /ncaa/pdf/brackets/NCAA%201992.pdf HTTP/1.1" 206 2456 "-" "Mozilla/4.0 (compatible; MSIE 5.0; Windows 98; DigExt)"
199.224.107.161 - - [23/Feb/2004:17:44:46 -0800] "GET /ncaa/brackets.htm HTTP/1.1" 200 2798 "http://www.wrestlinghalloffame.com/champions?names&wrestler=1989" "Mozilla/4.0 (compatible; MSIE 5.0; Windows 98; DigExt)"
199.224.107.161 - - [23/Feb/2004:17:44:50 -0800] "GET /ncaa/pdf/brackets/NCAA%201993.pdf HTTP/1.1" 200 228307 "http://www.wrestlingstats.com/ncaa/brackets.htm" "Mozilla/4.0 (compatible; MSIE 5.0; Windows 98; DigExt)"
199.224.107.161 - - [23/Feb/2004:17:44:52 -0800] "GET /ncaa/pdf/brackets/NCAA%201993.pdf HTTP/1.1" 206 223711 "-" "contype"
199.224.107.161 - - [23/Feb/2004:17:44:55 -0800] "GET /ncaa/pdf/brackets/NCAA%201993.pdf HTTP/1.1" 206 223711 "-" "Mozilla/4.0 (compatible; MSIE 5.0; Windows 98; DigExt)"
199.224.107.161 - - [23/Feb/2004:17:44:58 -0800] "GET /ncaa/pdf/brackets/NCAA%201993.pdf HTTP/1.1" 206 99071 "-" "Mozilla/4.0 (compatible; MSIE 5.0; Windows 98; DigExt)"
199.224.107.161 - - [23/Feb/2004:17:44:58 -0800] "GET /ncaa/pdf/brackets/NCAA%201993.pdf HTTP/1.1" 206 839 "-" "Mozilla/4.0 (compatible; MSIE 5.0; Windows 98; DigExt)"
199.224.107.161 - - [23/Feb/2004:17:44:59 -0800] "GET /ncaa/pdf/brackets/NCAA%201993.pdf HTTP/1.1" 206 1024 "-" "Mozilla/4.0 (compatible; MSIE 5.0; Windows 98; DigExt)"
199.224.107.161 - - [23/Feb/2004:17:45:02 -0800] "GET /ncaa/pdf/brackets/NCAA%201993.pdf HTTP/1.1" 206 382 "-" "Mozilla/4.0 (compatible; MSIE 5.0; Windows 98; DigExt)"
199.224.107.161 - - [23/Feb/2004:17:45:28 -0800] "GET /ncaa/pdf/brackets/NCAA%201993.pdf HTTP/1.1" 206 9427 "-" "Mozilla/4.0 (compatible; MSIE 5.0; Windows 98; DigExt)"
199.224.107.161 - - [23/Feb/2004:17:45:54 -0800] "GET /ncaa/pdf/brackets/NCAA%201993.pdf HTTP/1.1" 206 2512 "-" "Mozilla/4.0 (compatible; MSIE 5.0; Windows 98; DigExt)"
199.224.107.161 - - [23/Feb/2004:17:45:55 -0800] "GET /ncaa/pdf/brackets/NCAA%201993.pdf HTTP/1.1" 206 2600 "-" "Mozilla/4.0 (compatible; MSIE 5.0; Windows 98; DigExt)"
199.224.107.161 - - [23/Feb/2004:17:45:59 -0800] "GET /ncaa/pdf/brackets/NCAA%201993.pdf HTTP/1.1" 206 2773 "-" "Mozilla/4.0 (compatible; MSIE 5.0; Windows 98; DigExt)"
199.224.107.161 - - [23/Feb/2004:17:46:42 -0800] "GET /ncaa/pdf/brackets/NCAA%201993.pdf HTTP/1.1" 206 2505 "-" "Mozilla/4.0 (compatible; MSIE 5.0; Windows 98; DigExt)"
199.224.107.161 - - [23/Feb/2004:17:47:38 -0800] "GET /ncaa/brackets.htm HTTP/1.1" 200 2798 "http://www.wrestlinghalloffame.com/champions?names&wrestler=1989" "Mozilla/4.0 (compatible; MSIE 5.0; Windows 98; DigExt)"
199.224.107.161 - - [23/Feb/2004:17:47:43 -0800] "GET /ncaa/pdf/brackets/NCAA%201994.pdf HTTP/1.1" 200 226551 "http://www.wrestlingstats.com/ncaa/brackets.htm" "Mozilla/4.0 (compatible; MSIE 5.0; Windows 98; DigExt)"
199.224.107.161 - - [23/Feb/2004:17:47:45 -0800] "GET /ncaa/pdf/brackets/NCAA%201994.pdf HTTP/1.1" 200 226551 "-" "contype"
199.224.107.161 - - [23/Feb/2004:17:47:48 -0800] "GET /ncaa/pdf/brackets/NCAA%201994.pdf HTTP/1.1" 200 226551 "-" "Mozilla/4.0 (compatible; MSIE 5.0; Windows 98; DigExt)"
199.224.107.161 - - [23/Feb/2004:17:47:50 -0800] "GET /ncaa/pdf/brackets/NCAA%201994.pdf HTTP/1.1" 206 101933 "-" "Mozilla/4.0 (compatible; MSIE 5.0; Windows 98; DigExt)"
199.224.107.161 - - [23/Feb/2004:17:47:50 -0800] "GET /ncaa/pdf/brackets/NCAA%201994.pdf HTTP/1.1" 206 839 "-" "Mozilla/4.0 (compatible; MSIE 5.0; Windows 98; DigExt)"
199.224.107.161 - - [23/Feb/2004:17:47:51 -0800] "GET /ncaa/pdf/brackets/NCAA%201994.pdf HTTP/1.1" 206 1024 "-" "Mozilla/4.0 (compatible; MSIE 5.0; Windows 98; DigExt)"
199.224.107.161 - - [23/Feb/2004:17:47:53 -0800] "GET /ncaa/pdf/brackets/NCAA%201994.pdf HTTP/1.1" 206 382 "-" "Mozilla/4.0 (compatible; MSIE 5.0; Windows 98; DigExt)"
12.76.26.137 - - [23/Feb/2004:17:48:07 -0800] "GET /eiwa/brackets.htm HTTP/1.1" 200 2415 "http://wrestlingreport.com/Forums/EIWA.mv?parm_func=showmsg+parm_msgnum=1000148" "Mozilla/4.0 (compatible; MSIE 6.0; Windows 98)"
67.80.148.247 - - [23/Feb/2004:17:48:19 -0800] "GET /eiwa/brackets.htm HTTP/1.1" 200 2415 "http://wrestlingreport.com/Forums/EIWA.mv?parm_func=showmsg+parm_msgnum=1000148" "Mozilla/5.0 (Windows; U; Windows NT 5.1; en-US; rv:1.4) Gecko/20030624 Netscape/7.1 (ax)"
199.224.107.161 - - [23/Feb/2004:17:48:25 -0800] "GET /ncaa/pdf/brackets/NCAA%201994.pdf HTTP/1.1" 206 9429 "-" "Mozilla/4.0 (compatible; MSIE 5.0; Windows 98; DigExt)"
67.80.148.247 - - [23/Feb/2004:17:48:30 -0800] "GET /favicon.ico HTTP/1.1" 404 363 "-" "Mozilla/5.0 (Windows; U; Windows NT 5.1; en-US; rv:1.4) Gecko/20030624 Netscape/7.1 (ax)"
67.80.148.247 - - [23/Feb/2004:17:48:32 -0800] "GET /eiwa/pdf/brackets/EIWA%202003.pdf HTTP/1.1" 200 70502 "http://www.wrestlingstats.com/eiwa/brackets.htm" "Mozilla/5.0 (Windows; U; Windows NT 5.1; en-US; rv:1.4) Gecko/20030624 Netscape/7.1 (ax)"
67.80.148.247 - - [23/Feb/2004:17:48:34 -0800] "GET /apPopupMenu.class HTTP/1.1" 200 19469 "-" "Mozilla/4.0 (Windows XP 5.1) Java/1.4.1_02"
12.76.26.137 - - [23/Feb/2004:17:48:38 -0800] "GET /eiwa/pdf/brackets/EIWA%202003.pdf HTTP/1.1" 200 70502 "http://www.wrestlingstats.com/eiwa/brackets.htm" "Mozilla/4.0 (compatible; MSIE 6.0; Windows 98)"
12.76.26.137 - - [23/Feb/2004:17:48:42 -0800] "GET /eiwa/pdf/brackets/EIWA%202003.pdf HTTP/1.1" 206 65905 "-" "Mozilla/4.0 (compatible; MSIE 6.0; Windows 98)"
12.76.26.137 - - [23/Feb/2004:17:48:45 -0800] "GET /eiwa/pdf/brackets/EIWA%202003.pdf HTTP/1.1" 206 62783 "-" "Mozilla/4.0 (compatible; MSIE 6.0; Windows 98)"
199.224.107.161 - - [23/Feb/2004:17:48:50 -0800] "GET /ncaa/pdf/brackets/NCAA%201994.pdf HTTP/1.1" 206 2516 "-" "Mozilla/4.0 (compatible; MSIE 5.0; Windows 98; DigExt)"
199.224.107.161 - - [23/Feb/2004:17:48:51 -0800] "GET /ncaa/pdf/brackets/NCAA%201994.pdf HTTP/1.1" 206 2366 "-" "Mozilla/4.0 (compatible; MSIE 5.0; Windows 98; DigExt)"
199.224.107.161 - - [23/Feb/2004:17:48:57 -0800] "GET /ncaa/pdf/brackets/NCAA%201994.pdf HTTP/1.1" 206 2758 "-" "Mozilla/4.0 (compatible; MSIE 5.0; Windows 98; DigExt)"
65.25.6.100 - - [23/Feb/2004:17:49:00 -0800] "GET /ncaa/brackets.htm HTTP/1.1" 200 2798 "XXXX:++++++++++++++++++++++++++++++++++++++++++++++++++++++++++++++++" "Mozilla/4.0 (compatible; MSIE 6.0; Windows NT 5.1)"
65.25.6.100 - - [23/Feb/2004:17:49:01 -0800] "GET /apPopupMenu.class HTTP/1.1" 200 19469 "-" "Mozilla/4.0 (compatible; MSIE 6.0; Win32)"
65.25.6.100 - - [23/Feb/2004:17:49:02 -0800] "GET /images/home32.gif HTTP/1.1" 200 287 "-" "Mozilla/4.0 (compatible; MSIE 6.0; Win32)"
65.25.6.100 - - [23/Feb/2004:17:49:02 -0800] "GET /images/mail32.gif HTTP/1.1" 200 317 "-" "Mozilla/4.0 (compatible; MSIE 6.0; Win32)"
199.224.107.161 - - [23/Feb/2004:17:49:30 -0800] "GET /ncaa/pdf/brackets/NCAA%201994.pdf HTTP/1.1" 206 2464 "-" "Mozilla/4.0 (compatible; MSIE 5.0; Windows 98; DigExt)"
67.80.148.247 - - [23/Feb/2004:17:49:59 -0800] "GET /images/home32.gif HTTP/1.1" 200 287 "-" "Mozilla/4.0 (Windows XP 5.1) Java/1.4.1_02"
199.224.107.161 - - [23/Feb/2004:17:49:59 -0800] "GET /ncaa/pdf/brackets/NCAA%201994.pdf HTTP/1.1" 206 601 "-" "Mozilla/4.0 (compatible; MSIE 5.0; Windows 98; DigExt)"
67.80.148.247 - - [23/Feb/2004:17:49:59 -0800] "GET /images/mail32.gif HTTP/1.1" 200 317 "-" "Mozilla/4.0 (Windows XP 5.1) Java/1.4.1_02"
199.224.107.161 - - [23/Feb/2004:17:50:28 -0800] "GET /ncaa/brackets.htm HTTP/1.1" 200 2798 "http://www.wrestlinghalloffame.com/champions?names&wrestler=1989" "Mozilla/4.0 (compatible; MSIE 5.0; Windows 98; DigExt)"
199.224.107.161 - - [23/Feb/2004:17:50:45 -0800] "GET /ncaa/pdf/brackets/NCAA%201984.pdf HTTP/1.1" 200 222683 "http://www.wrestlingstats.com/ncaa/brackets.htm" "Mozilla/4.0 (compatible; MSIE 5.0; Windows 98; DigExt)"
199.224.107.161 - - [23/Feb/2004:17:50:47 -0800] "GET /ncaa/pdf/brackets/NCAA%201984.pdf HTTP/1.1" 206 218088 "-" "contype"
199.224.107.161 - - [23/Feb/2004:17:50:50 -0800] "GET /ncaa/pdf/brackets/NCAA%201984.pdf HTTP/1.1" 206 218088 "-" "Mozilla/4.0 (compatible; MSIE 5.0; Windows 98; DigExt)"
199.224.107.161 - - [23/Feb/2004:17:50:53 -0800] "GET /ncaa/pdf/brackets/NCAA%201984.pdf HTTP/1.1" 206 214499 "-" "Mozilla/4.0 (compatible; MSIE 5.0; Windows 98; DigExt)"
64.12.116.209 - - [23/Feb/2004:17:51:41 -0800] "GET /eiwa/brackets.htm HTTP/1.0" 200 2453 "http://wrestlingreport.com/Forums/EIWA.mv?parm_func=showmsg+parm_msgnum=1000148" "Mozilla/4.0 (compatible; MSIE 6.0; AOL 8.0; Windows 98; Win 9x 4.90; AtHome020; YComp 5.0.0.0)"
64.12.116.203 - - [23/Feb/2004:17:51:47 -0800] "GET /images/home32.gif HTTP/1.0" 200 287 "-" "Java 1.1"
64.12.116.202 - - [23/Feb/2004:17:51:48 -0800] "GET /images/mail32.gif HTTP/1.0" 200 317 "-" "Java 1.1"
64.12.96.42 - - [23/Feb/2004:17:52:44 -0800] "GET /eiwa/pdf/brackets/EIWA%202003.pdf HTTP/1.0" 200 70502 "http://www.wrestlingstats.com/eiwa/brackets.htm" "Mozilla/4.0 (compatible; MSIE 6.0; AOL 8.0; Windows 98; Win 9x 4.90; AtHome020; YComp 5.0.0.0)"
64.12.96.42 - - [23/Feb/2004:17:52:45 -0800] "GET /eiwa/pdf/brackets/EIWA%202003.pdf HTTP/1.0" 200 70502 "-" "Mozilla/4.0 (compatible; MSIE 6.0; AOL 8.0; Windows 98; Win 9x 4.90; AtHome020; YComp 5.0.0.0)"
64.12.96.42 - - [23/Feb/2004:17:52:56 -0800] "GET /eiwa/pdf/brackets/EIWA%202003.pdf HTTP/1.0" 206 62783 "-" "Mozilla/4.0 (compatible; MSIE 6.0; AOL 8.0; Windows 98; Win 9x 4.90; AtHome020; YComp 5.0.0.0)"
199.224.107.161 - - [23/Feb/2004:17:53:24 -0800] "GET /ncaa/brackets.htm HTTP/1.1" 200 2797 "http://www.wrestlinghalloffame.com/champions?names&wrestler=1989" "Mozilla/4.0 (compatible; MSIE 5.0; Windows 98; DigExt)"
165.123.131.63 - - [23/Feb/2004:17:53:40 -0800] "GET /eiwa/brackets.htm HTTP/1.1" 200 2414 "http://wrestlingreport.com/Forums/EIWA.mv?parm_func=showmsg+parm_msgnum=1000148" "Mozilla/4.0 (compatible; MSIE 6.0; Windows NT 5.1)"
165.123.131.63 - - [23/Feb/2004:17:53:46 -0800] "GET /apPopupMenu.class HTTP/1.1" 200 19469 "-" "Mozilla/4.0 (Windows XP 5.1)"
165.123.131.63 - - [23/Feb/2004:17:53:48 -0800] "GET /images/home32.gif HTTP/1.1" 200 287 "-" "Mozilla/4.0 (Windows XP 5.1)"
165.123.131.63 - - [23/Feb/2004:17:53:48 -0800] "GET /images/mail32.gif HTTP/1.1" 200 317 "-" "Mozilla/4.0 (Windows XP 5.1)"
165.123.131.63 - - [23/Feb/2004:17:53:49 -0800] "GET /eiwa/pdf/brackets/EIWA%202003.pdf HTTP/1.1" 200 70502 "http://www.wrestlingstats.com/eiwa/brackets.htm" "Mozilla/4.0 (compatible; MSIE 6.0; Windows NT 5.1)"
165.123.131.63 - - [23/Feb/2004:17:54:02 -0800] "GET /ncaa/brackets.htm HTTP/1.1" 200 2796 "-" "Mozilla/4.0 (compatible; MSIE 6.0; Windows NT 5.1)"
165.123.131.63 - - [23/Feb/2004:17:54:10 -0800] "GET /ncaa/pdf/brackets/NCAA%201999.pdf HTTP/1.1" 304 - "http://www.wrestlingstats.com/ncaa/brackets.htm" "Mozilla/4.0 (compatible; MSIE 6.0; Windows NT 5.1)"
199.224.107.161 - - [23/Feb/2004:17:54:18 -0800] "GET /ncaa/pdf/brackets/NCAA%201974.pdf HTTP/1.1" 200 221153 "http://www.wrestlingstats.com/ncaa/brackets.htm" "Mozilla/4.0 (compatible; MSIE 5.0; Windows 98; DigExt)"
199.224.107.161 - - [23/Feb/2004:17:54:20 -0800] "GET /ncaa/pdf/brackets/NCAA%201974.pdf HTTP/1.1" 200 221153 "-" "contype"
199.224.107.161 - - [23/Feb/2004:17:54:23 -0800] "GET /ncaa/pdf/brackets/NCAA%201974.pdf HTTP/1.1" 200 221153 "-" "Mozilla/4.0 (compatible; MSIE 5.0; Windows 98; DigExt)"
12.76.26.137 - - [23/Feb/2004:17:54:25 -0800] "GET /eiwa/pdf/brackets/EIWA%202002.pdf HTTP/1.1" 200 70105 "http://www.wrestlingstats.com/eiwa/brackets.htm" "Mozilla/4.0 (compatible; MSIE 6.0; Windows 98)"
199.224.107.161 - - [23/Feb/2004:17:54:26 -0800] "GET /ncaa/pdf/brackets/NCAA%201974.pdf HTTP/1.1" 206 217510 "-" "Mozilla/4.0 (compatible; MSIE 5.0; Windows 98; DigExt)"
12.76.26.137 - - [23/Feb/2004:17:54:28 -0800] "GET /eiwa/pdf/brackets/EIWA%202002.pdf HTTP/1.1" 206 68725 "-" "Mozilla/4.0 (compatible; MSIE 6.0; Windows 98)"
12.76.26.137 - - [23/Feb/2004:17:54:30 -0800] "GET /eiwa/pdf/brackets/EIWA%202002.pdf HTTP/1.1" 206 64655 "-" "Mozilla/4.0 (compatible; MSIE 6.0; Windows 98)"
199.224.107.161 - - [23/Feb/2004:17:55:12 -0800] "GET /ncaa/brackets.htm HTTP/1.1" 200 2798 "http://www.wrestlinghalloffame.com/champions?names&wrestler=1989" "Mozilla/4.0 (compatible; MSIE 5.0; Windows 98; DigExt)"
199.224.107.161 - - [23/Feb/2004:17:55:16 -0800] "GET /ncaa/pdf/brackets/NCAA%201975.pdf HTTP/1.1" 200 219309 "http://www.wrestlingstats.com/ncaa/brackets.htm" "Mozilla/4.0 (compatible; MSIE 5.0; Windows 98; DigExt)"
199.224.107.161 - - [23/Feb/2004:17:55:18 -0800] "GET /ncaa/pdf/brackets/NCAA%201975.pdf HTTP/1.1" 200 219309 "-" "contype"
199.224.107.161 - - [23/Feb/2004:17:55:21 -0800] "GET /ncaa/pdf/brackets/NCAA%201975.pdf HTTP/1.1" 200 219309 "-" "Mozilla/4.0 (compatible; MSIE 5.0; Windows 98; DigExt)"
199.224.107.161 - - [23/Feb/2004:17:55:23 -0800] "GET /ncaa/pdf/brackets/NCAA%201975.pdf HTTP/1.1" 206 215666 "-" "Mozilla/4.0 (compatible; MSIE 5.0; Windows 98; DigExt)"
12.76.26.137 - - [23/Feb/2004:17:56:29 -0800] "GET /eiwa/pdf/brackets/EIWA%202001.pdf HTTP/1.1" 200 71223 "http://www.wrestlingstats.com/eiwa/brackets.htm" "Mozilla/4.0 (compatible; MSIE 6.0; Windows 98)"
12.76.26.137 - - [23/Feb/2004:17:56:31 -0800] "GET /eiwa/pdf/brackets/EIWA%202001.pdf HTTP/1.1" 206 66627 "-" "Mozilla/4.0 (compatible; MSIE 6.0; Windows 98)"
12.76.26.137 - - [23/Feb/2004:17:56:34 -0800] "GET /eiwa/pdf/brackets/EIWA%202001.pdf HTTP/1.1" 206 62557 "-" "Mozilla/4.0 (compatible; MSIE 6.0; Windows 98)"
68.37.194.133 - - [23/Feb/2004:17:56:49 -0800] "GET /eiwa/brackets.htm HTTP/1.1" 200 2414 "http://wrestlingreport.com/Forums/EIWA.mv?parm_func=showmsg+parm_msgnum=1000148" "Mozilla/4.0 (compatible; MSIE 6.0; Windows NT 5.0)"
68.37.194.133 - - [23/Feb/2004:17:56:50 -0800] "GET /apPopupMenu.class HTTP/1.1" 304 - "-" "Mozilla/4.0 (compatible; MSIE 6.0; Win32)"
68.37.194.133 - - [23/Feb/2004:17:56:50 -0800] "GET /images/home32.gif HTTP/1.1" 304 - "-" "Mozilla/4.0 (compatible; MSIE 6.0; Win32)"
68.37.194.133 - - [23/Feb/2004:17:56:50 -0800] "GET /images/mail32.gif HTTP/1.1" 304 - "-" "Mozilla/4.0 (compatible; MSIE 6.0; Win32)"
68.37.194.133 - - [23/Feb/2004:17:56:52 -0800] "GET /eiwa/pdf/brackets/EIWA%202003.pdf HTTP/1.1" 200 70502 "http://www.wrestlingstats.com/eiwa/brackets.htm" "Mozilla/4.0 (compatible; MSIE 6.0; Windows NT 5.0)"
68.37.194.133 - - [23/Feb/2004:17:56:53 -0800] "GET /eiwa/pdf/brackets/EIWA%202003.pdf HTTP/1.1" 206 66349 "-" "Mozilla/4.0 (compatible; MSIE 6.0; Windows NT 5.0)"
68.37.194.133 - - [23/Feb/2004:17:56:56 -0800] "GET /eiwa/pdf/brackets/EIWA%202003.pdf HTTP/1.1" 206 27592 "-" "Mozilla/4.0 (compatible; MSIE 6.0; Windows NT 5.0)"
199.224.107.161 - - [23/Feb/2004:17:56:58 -0800] "GET /ncaa/brackets.htm HTTP/1.1" 200 2798 "http://www.wrestlinghalloffame.com/champions?names&wrestler=1989" "Mozilla/4.0 (compatible; MSIE 5.0; Windows 98; DigExt)"
199.224.107.161 - - [23/Feb/2004:17:57:04 -0800] "GET /ncaa/pdf/brackets/NCAA%201976.pdf HTTP/1.1" 200 215763 "http://www.wrestlingstats.com/ncaa/brackets.htm" "Mozilla/4.0 (compatible; MSIE 5.0; Windows 98; DigExt)"
199.224.107.161 - - [23/Feb/2004:17:57:06 -0800] "GET /ncaa/pdf/brackets/NCAA%201976.pdf HTTP/1.1" 206 211168 "-" "contype"
199.224.107.161 - - [23/Feb/2004:17:57:09 -0800] "GET /ncaa/pdf/brackets/NCAA%201976.pdf HTTP/1.1" 206 211168 "-" "Mozilla/4.0 (compatible; MSIE 5.0; Windows 98; DigExt)"
199.224.107.161 - - [23/Feb/2004:17:57:11 -0800] "GET /ncaa/pdf/brackets/NCAA%201976.pdf HTTP/1.1" 206 207485 "-" "Mozilla/4.0 (compatible; MSIE 5.0; Windows 98; DigExt)"
12.76.26.137 - - [23/Feb/2004:17:58:16 -0800] "GET /eiwa/pdf/brackets/EIWA%201989.pdf HTTP/1.1" 200 70692 "http://www.wrestlingstats.com/eiwa/brackets.htm" "Mozilla/4.0 (compatible; MSIE 6.0; Windows 98)"
12.76.26.137 - - [23/Feb/2004:17:58:18 -0800] "GET /eiwa/pdf/brackets/EIWA%201989.pdf HTTP/1.1" 206 66096 "-" "Mozilla/4.0 (compatible; MSIE 6.0; Windows 98)"
12.76.26.137 - - [23/Feb/2004:17:58:21 -0800] "GET /eiwa/pdf/brackets/EIWA%201989.pdf HTTP/1.1" 206 62026 "-" "Mozilla/4.0 (compatible; MSIE 6.0; Windows 98)"
12.76.26.137 - - [23/Feb/2004:17:59:34 -0800] "GET /eiwa/pdf/brackets/EIWA%201988.pdf HTTP/1.1" 200 71590 "http://www.wrestlingstats.com/eiwa/brackets.htm" "Mozilla/4.0 (compatible; MSIE 6.0; Windows 98)"
12.76.26.137 - - [23/Feb/2004:17:59:36 -0800] "GET /eiwa/pdf/brackets/EIWA%201988.pdf HTTP/1.1" 206 66994 "-" "Mozilla/4.0 (compatible; MSIE 6.0; Windows 98)"
12.76.26.137 - - [23/Feb/2004:17:59:39 -0800] "GET /eiwa/pdf/brackets/EIWA%201988.pdf HTTP/1.1" 206 62924 "-" "Mozilla/4.0 (compatible; MSIE 6.0; Windows 98)"
12.76.26.137 - - [23/Feb/2004:18:01:15 -0800] "GET /eiwa/pdf/brackets/EIWA%201987.pdf HTTP/1.1" 200 71264 "http://www.wrestlingstats.com/eiwa/brackets.htm" "Mozilla/4.0 (compatible; MSIE 6.0; Windows 98)"
12.76.26.137 - - [23/Feb/2004:18:01:17 -0800] "GET /eiwa/pdf/brackets/EIWA%201987.pdf HTTP/1.1" 206 66668 "-" "Mozilla/4.0 (compatible; MSIE 6.0; Windows 98)"
12.76.26.137 - - [23/Feb/2004:18:01:20 -0800] "GET /eiwa/pdf/brackets/EIWA%201987.pdf HTTP/1.1" 206 62598 "-" "Mozilla/4.0 (compatible; MSIE 6.0; Windows 98)"
12.76.26.137 - - [23/Feb/2004:18:01:59 -0800] "GET /eiwa/pdf/brackets/EIWA%201986.pdf HTTP/1.1" 200 71328 "http://www.wrestlingstats.com/eiwa/brackets.htm" "Mozilla/4.0 (compatible; MSIE 6.0; Windows 98)"
12.76.26.137 - - [23/Feb/2004:18:02:01 -0800] "GET /eiwa/pdf/brackets/EIWA%201986.pdf HTTP/1.1" 206 66732 "-" "Mozilla/4.0 (compatible; MSIE 6.0; Windows 98)"
12.76.26.137 - - [23/Feb/2004:18:02:04 -0800] "GET /eiwa/pdf/brackets/EIWA%201986.pdf HTTP/1.1" 206 62662 "-" "Mozilla/4.0 (compatible; MSIE 6.0; Windows 98)"
199.224.107.161 - - [23/Feb/2004:18:03:05 -0800] "GET /ncaa/brackets.htm HTTP/1.1" 200 2798 "http://www.wrestlinghalloffame.com/champions?names&wrestler=1989" "Mozilla/4.0 (compatible; MSIE 5.0; Windows 98; DigExt)"
199.224.107.161 - - [23/Feb/2004:18:03:09 -0800] "GET /ncaa/pdf/brackets/NCAA%201974.pdf HTTP/1.1" 206 216558 "http://www.wrestlingstats.com/ncaa/brackets.htm" "Mozilla/4.0 (compatible; MSIE 5.0; Windows 98; DigExt)"
199.224.107.161 - - [23/Feb/2004:18:03:12 -0800] "GET /ncaa/pdf/brackets/NCAA%201974.pdf HTTP/1.1" 206 212961 "-" "contype"
199.224.107.161 - - [23/Feb/2004:18:03:15 -0800] "GET /ncaa/pdf/brackets/NCAA%201974.pdf HTTP/1.1" 206 212961 "-" "Mozilla/4.0 (compatible; MSIE 5.0; Windows 98; DigExt)"
199.224.107.161 - - [23/Feb/2004:18:03:17 -0800] "GET /ncaa/pdf/brackets/NCAA%201974.pdf HTTP/1.1" 206 209373 "-" "Mozilla/4.0 (compatible; MSIE 5.0; Windows 98; DigExt)"
152.163.252.230 - - [23/Feb/2004:18:03:30 -0800] "GET / HTTP/1.0" 200 1792 "-" "Mozilla/4.0 (compatible; MSIE 6.0; AOL 8.0; Windows NT 5.1)"
12.76.26.137 - - [23/Feb/2004:18:03:32 -0800] "GET /eiwa/pdf/brackets/EIWA%201985.pdf HTTP/1.1" 200 70276 "http://www.wrestlingstats.com/eiwa/brackets.htm" "Mozilla/4.0 (compatible; MSIE 6.0; Windows 98)"
12.76.26.137 - - [23/Feb/2004:18:03:35 -0800] "GET /eiwa/pdf/brackets/EIWA%201985.pdf HTTP/1.1" 206 65679 "-" "Mozilla/4.0 (compatible; MSIE 6.0; Windows 98)"
68.193.69.82 - - [23/Feb/2004:18:03:35 -0800] "GET /eiwa/brackets.htm HTTP/1.1" 200 11529 "-" "Mozilla/4.0 (compatible; MSIE 6.0; Windows NT 5.0; .NET CLR 1.1.4322)"
152.163.244.191 - - [23/Feb/2004:18:03:35 -0800] "GET /NCAA2003.jpg HTTP/1.0" 200 84807 "http://www.wrestlingstats.com/" "Mozilla/4.0 (compatible; MSIE 6.0; AOL 8.0; Windows NT 5.1)"
12.76.26.137 - - [23/Feb/2004:18:03:38 -0800] "GET /eiwa/pdf/brackets/EIWA%201985.pdf HTTP/1.1" 206 61608 "-" "Mozilla/4.0 (compatible; MSIE 6.0; Windows 98)"
68.193.69.82 - - [23/Feb/2004:18:03:38 -0800] "GET /apPopupMenu.class HTTP/1.1" 200 19469 "-" "Mozilla/4.0 (Windows 2000 5.0) Java/1.4.2_03"
68.193.69.82 - - [23/Feb/2004:18:03:39 -0800] "GET /images/home32.gif HTTP/1.1" 200 287 "-" "Mozilla/4.0 (Windows 2000 5.0) Java/1.4.2_03"
68.193.69.82 - - [23/Feb/2004:18:03:39 -0800] "GET /images/mail32.gif HTTP/1.1" 200 317 "-" "Mozilla/4.0 (Windows 2000 5.0) Java/1.4.2_03"
68.193.69.82 - - [23/Feb/2004:18:03:39 -0800] "GET /images/mail32.gif HTTP/1.1" 200 317 "-" "Mozilla/4.0 (Windows 2000 5.0) Java/1.4.2_03"
68.193.69.82 - - [23/Feb/2004:18:03:58 -0800] "GET /lehigh/index.html HTTP/1.1" 200 567 "-" "Mozilla/4.0 (compatible; MSIE 6.0; Windows NT 5.0; .NET CLR 1.1.4322)"
68.193.69.82 - - [23/Feb/2004:18:03:58 -0800] "GET /lehigh/home.php HTTP/1.1" 200 5094 "-" "Mozilla/4.0 (compatible; MSIE 6.0; Windows NT 5.0; .NET CLR 1.1.4322)"
68.193.69.82 - - [23/Feb/2004:18:03:59 -0800] "GET /lehigh/EIWAChamps.jpg HTTP/1.1" 200 42637 "-" "Mozilla/4.0 (compatible; MSIE 6.0; Windows NT 5.0; .NET CLR 1.1.4322)"
68.193.69.82 - - [23/Feb/2004:18:03:59 -0800] "GET /lehigh/apPopupMenu.class HTTP/1.1" 200 19469 "-" "Mozilla/4.0 (Windows 2000 5.0) Java/1.4.2_03"
68.193.69.82 - - [23/Feb/2004:18:04:00 -0800] "GET /lehigh/pix/home.gif HTTP/1.1" 200 215 "-" "Mozilla/4.0 (Windows 2000 5.0) Java/1.4.2_03"
68.193.69.82 - - [23/Feb/2004:18:04:00 -0800] "GET /lehigh/pix/apbfind.gif HTTP/1.1" 200 89 "-" "Mozilla/4.0 (Windows 2000 5.0) Java/1.4.2_03"
152.163.252.195 - - [23/Feb/2004:18:04:03 -0800] "GET /lehigh/index.html HTTP/1.0" 200 877 "-" "Mozilla/4.0 (compatible; MSIE 6.0; AOL 8.0; Windows NT 5.1)"
152.163.252.134 - - [23/Feb/2004:18:04:06 -0800] "GET /lehigh/home.php HTTP/1.0" 200 1783 "-" "Mozilla/4.0 (compatible; MSIE 6.0; AOL 8.0; Windows NT 5.1)"
152.163.253.1 - - [23/Feb/2004:18:04:08 -0800] "GET /lehigh/EIWAChamps.jpg HTTP/1.0" 200 42637 "http://www.wrestlingstats.com/lehigh/home.php" "Mozilla/4.0 (compatible; MSIE 6.0; AOL 8.0; Windows NT 5.1)"
68.193.69.82 - - [23/Feb/2004:18:04:09 -0800] "GET /lehigh/home.php HTTP/1.1" 200 5094 "-" "Mozilla/4.0 (compatible; MSIE 6.0; Windows NT 5.0; .NET CLR 1.1.4322)"
152.163.253.8 - - [23/Feb/2004:18:04:13 -0800] "GET /lehigh/wrestlers.php HTTP/1.0" 200 2016 "-" "Mozilla/4.0 (compatible; MSIE 6.0; AOL 8.0; Windows NT 5.1)"
205.188.209.11 - - [23/Feb/2004:18:04:17 -0800] "GET / HTTP/1.0" 200 1793 "http://www.lehighwrestling.com/Lehigh/uploads/links.htm" "Mozilla/4.0 (compatible; MSIE 6.0; AOL 9.0; Windows 98; Win 9x 4.90)"
205.188.208.5 - - [23/Feb/2004:18:04:18 -0800] "GET /NCAA2003.jpg HTTP/1.0" 200 84807 "http://www.wrestlingstats.com/" "Mozilla/4.0 (compatible; MSIE 6.0; AOL 9.0; Windows 98; Win 9x 4.90)"
68.193.69.82 - - [23/Feb/2004:18:04:19 -0800] "GET /eiwa/eiwa.htm HTTP/1.1" 200 3164 "-" "Mozilla/4.0 (compatible; MSIE 6.0; Windows NT 5.0; .NET CLR 1.1.4322)"
68.193.69.82 - - [23/Feb/2004:18:04:19 -0800] "GET /apPopupMenu.class HTTP/1.1" 304 - "-" "Mozilla/4.0 (Windows 2000 5.0) Java/1.4.2_03"
68.193.69.82 - - [23/Feb/2004:18:04:19 -0800] "GET /images/home32.gif HTTP/1.1" 304 - "-" "Mozilla/4.0 (Windows 2000 5.0) Java/1.4.2_03"
68.193.69.82 - - [23/Feb/2004:18:04:20 -0800] "GET /images/mail32.gif HTTP/1.1" 200 317 "-" "Mozilla/4.0 (Windows 2000 5.0) Java/1.4.2_03"
68.193.69.82 - - [23/Feb/2004:18:04:22 -0800] "GET /eiwa/pdf/EIWA%20Tournament%20Summary.pdf HTTP/1.1" 200 25030 "-" "Mozilla/4.0 (compatible; MSIE 6.0; Windows NT 5.0; .NET CLR 1.1.4322)"
68.193.69.82 - - [23/Feb/2004:18:04:22 -0800] "GET /eiwa/pdf/EIWA%20Tournament%20Summary.pdf HTTP/1.1" 206 20878 "-" "Mozilla/4.0 (compatible; MSIE 6.0; Windows NT 5.0; .NET CLR 1.1.4322)"
152.163.252.129 - - [23/Feb/2004:18:04:22 -0800] "POST /lehigh/view_all_wrestlers.php HTTP/1.0" 200 2117 "http://www.wrestlingstats.com/lehigh/wrestlers.php" "Mozilla/4.0 (compatible; MSIE 6.0; AOL 8.0; Windows NT 5.1)"
205.188.208.135 - - [23/Feb/2004:18:04:23 -0800] "GET /apPopupMenuBeanInfo.class HTTP/1.0" 404 363 "-" "Java 1.1"
152.163.252.37 - - [23/Feb/2004:18:04:26 -0800] "GET /lehigh/view_wrestlers.php?wrestler=718 HTTP/1.0" 200 2803 "http://www.wrestlingstats.com/lehigh/view_all_wrestlers.php" "Mozilla/4.0 (compatible; MSIE 6.0; AOL 8.0; Windows NT 5.1)"
205.188.208.170 - - [23/Feb/2004:18:04:27 -0800] "GET /apPopupMenu$COMClassObject.class HTTP/1.0" 404 363 "-" "Java 1.1"
205.188.209.37 - - [23/Feb/2004:18:04:29 -0800] "GET /lehigh/index.html HTTP/1.0" 200 876 "-" "Mozilla/4.0 (compatible; MSIE 6.0; AOL 9.0; Windows 98; Win 9x 4.90)"
205.188.208.169 - - [23/Feb/2004:18:04:31 -0800] "GET /lehigh/home.php HTTP/1.0" 200 2101 "http://www.lehighwrestling.com/Lehigh/LUWC.php" "Mozilla/4.0 (compatible; MSIE 6.0; AOL 9.0; Windows 98; Win 9x 4.90)"
205.188.209.75 - - [23/Feb/2004:18:04:32 -0800] "GET /lehigh/EIWAChamps.jpg HTTP/1.0" 200 42637 "http://www.wrestlingstats.com/lehigh/home.php" "Mozilla/4.0 (compatible; MSIE 6.0; AOL 9.0; Windows 98; Win 9x 4.90)"
205.188.209.8 - - [23/Feb/2004:18:04:34 -0800] "GET /lehigh/apPopupMenuBeanInfo.class HTTP/1.0" 404 363 "-" "Java 1.1"
205.188.209.112 - - [23/Feb/2004:18:04:36 -0800] "GET /lehigh/apPopupMenu$COMClassObject.class HTTP/1.0" 404 363 "-" "Java 1.1"
152.163.252.230 - - [23/Feb/2004:18:04:39 -0800] "GET /lehigh/view_wrestler_bouts.php?wrestler=718&season=0 HTTP/1.0" 200 5026 "http://www.wrestlingstats.com/lehigh/view_wrestlers.php?wrestler=718" "Mozilla/4.0 (compatible; MSIE 6.0; AOL 8.0; Windows NT 5.1)"
12.76.26.137 - - [23/Feb/2004:18:04:39 -0800] "GET /eiwa/pdf/brackets/EIWA%201984.pdf HTTP/1.1" 200 69151 "http://www.wrestlingstats.com/eiwa/brackets.htm" "Mozilla/4.0 (compatible; MSIE 6.0; Windows 98)"
205.188.209.103 - - [23/Feb/2004:18:04:41 -0800] "GET /lehigh/wrestlers.php HTTP/1.0" 200 2016 "-" "Mozilla/4.0 (compatible; MSIE 6.0; AOL 9.0; Windows 98; Win 9x 4.90)"
12.76.26.137 - - [23/Feb/2004:18:04:41 -0800] "GET /eiwa/pdf/brackets/EIWA%201984.pdf HTTP/1.1" 206 64554 "-" "Mozilla/4.0 (compatible; MSIE 6.0; Windows 98)"
68.193.69.82 - - [23/Feb/2004:18:04:43 -0800] "GET /eiwa/pdf/brackets/EIWA%201955.pdf HTTP/1.1" 200 49424 "-" "Mozilla/4.0 (compatible; MSIE 6.0; Windows NT 5.0; .NET CLR 1.1.4322)"
68.193.69.82 - - [23/Feb/2004:18:04:43 -0800] "GET /eiwa/pdf/brackets/EIWA%201955.pdf HTTP/1.1" 206 46731 "-" "Mozilla/4.0 (compatible; MSIE 6.0; Windows NT 5.0; .NET CLR 1.1.4322)"
12.76.26.137 - - [23/Feb/2004:18:04:44 -0800] "GET /eiwa/pdf/brackets/EIWA%201984.pdf HTTP/1.1" 206 60392 "-" "Mozilla/4.0 (compatible; MSIE 6.0; Windows 98)"
208.23.113.78 - - [23/Feb/2004:18:04:55 -0800] "GET /ncaa/pdf/brackets/NCAA%201932.pdf HTTP/1.1" 200 54990 "http://www.google.com/search?sourceid=navclient&q=George+Belshaw" "Mozilla/4.0 (compatible; MSIE 6.0; Windows NT 5.1)"
205.188.193.31 - - [23/Feb/2004:18:04:57 -0800] "POST /lehigh/view_all_wrestlers.php HTTP/1.0" 200 2120 "http://www.wrestlingstats.com/lehigh/wrestlers.php" "Mozilla/4.0 (compatible; MSIE 6.0; AOL 9.0; Windows 98; Win 9x 4.90)"
204.254.175.104 - - [23/Feb/2004:18:05:02 -0800] "GET /eiwa/brackets.htm HTTP/1.0" 200 11529 "http://wrestlingreport.com/Forums/EIWA.mv?parm_func=showmsg+parm_msgnum=1000148" "Mozilla/4.0 (compatible; MSIE 6.0; Windows NT 5.0; T312461; .NET CLR 1.0.3705)"
204.254.175.104 - - [23/Feb/2004:18:05:05 -0800] "GET /apPopupMenu.class HTTP/1.0" 200 19469 "-" "Mozilla/4.0 (compatible; MSIE 6.0; Win32)"
204.254.175.104 - - [23/Feb/2004:18:05:06 -0800] "GET /images/home32.gif HTTP/1.0" 200 287 "-" "Mozilla/4.0 (compatible; MSIE 6.0; Win32)"
204.254.175.104 - - [23/Feb/2004:18:05:07 -0800] "GET /images/mail32.gif HTTP/1.0" 200 317 "-" "Mozilla/4.0 (compatible; MSIE 6.0; Win32)"
204.254.175.104 - - [23/Feb/2004:18:05:11 -0800] "GET /eiwa/pdf/brackets/EIWA%202003.pdf HTTP/1.0" 200 70502 "http://www.wrestlingstats.com/eiwa/brackets.htm" "Mozilla/4.0 (compatible; MSIE 6.0; Windows NT 5.0; T312461; .NET CLR 1.0.3705)"
204.254.175.104 - - [23/Feb/2004:18:05:12 -0800] "GET /eiwa/pdf/brackets/EIWA%202003.pdf HTTP/1.0" 206 66349 "-" "Mozilla/4.0 (compatible; MSIE 6.0; Windows NT 5.0; T312461; .NET CLR 1.0.3705)"
204.254.175.104 - - [23/Feb/2004:18:05:17 -0800] "GET /eiwa/pdf/brackets/EIWA%202003.pdf HTTP/1.0" 206 40443 "-" "Mozilla/4.0 (compatible; MSIE 6.0; Windows NT 5.0; T312461; .NET CLR 1.0.3705)"
205.188.209.103 - - [23/Feb/2004:18:05:19 -0800] "GET /lehigh/view_wrestlers.php?wrestler=3 HTTP/1.0" 200 2723 "http://www.wrestlingstats.com/lehigh/view_all_wrestlers.php" "Mozilla/4.0 (compatible; MSIE 6.0; AOL 9.0; Windows 98; Win 9x 4.90)"
12.76.26.137 - - [23/Feb/2004:18:05:43 -0800] "GET /eiwa/pdf/brackets/EIWA%201983.pdf HTTP/1.1" 200 131512 "http://www.wrestlingstats.com/eiwa/brackets.htm" "Mozilla/4.0 (compatible; MSIE 6.0; Windows 98)"
12.76.26.137 - - [23/Feb/2004:18:05:46 -0800] "GET /eiwa/pdf/brackets/EIWA%201983.pdf HTTP/1.1" 206 126916 "-" "Mozilla/4.0 (compatible; MSIE 6.0; Windows 98)"
12.76.26.137 - - [23/Feb/2004:18:05:49 -0800] "GET /eiwa/pdf/brackets/EIWA%201983.pdf HTTP/1.1" 206 98564 "-" "Mozilla/4.0 (compatible; MSIE 6.0; Windows 98)"
12.76.26.137 - - [23/Feb/2004:18:05:50 -0800] "GET /eiwa/pdf/brackets/EIWA%201983.pdf HTTP/1.1" 206 978 "-" "Mozilla/4.0 (compatible; MSIE 6.0; Windows 98)"
12.76.26.137 - - [23/Feb/2004:18:05:52 -0800] "GET /eiwa/pdf/brackets/EIWA%201983.pdf HTTP/1.1" 206 1024 "-" "Mozilla/4.0 (compatible; MSIE 6.0; Windows 98)"
12.76.26.137 - - [23/Feb/2004:18:05:56 -0800] "GET /eiwa/pdf/brackets/EIWA%201983.pdf HTTP/1.1" 206 379 "-" "Mozilla/4.0 (compatible; MSIE 6.0; Windows 98)"
12.76.26.137 - - [23/Feb/2004:18:06:06 -0800] "GET /eiwa/pdf/brackets/EIWA%201983.pdf HTTP/1.1" 206 122374 "http://www.wrestlingstats.com/eiwa/brackets.htm" "Mozilla/4.0 (compatible; MSIE 6.0; Windows 98)"
12.76.26.137 - - [23/Feb/2004:18:06:10 -0800] "GET /eiwa/pdf/brackets/EIWA%201983.pdf HTTP/1.1" 206 122374 "-" "Mozilla/4.0 (compatible; MSIE 6.0; Windows 98)"
12.76.26.137 - - [23/Feb/2004:18:06:13 -0800] "GET /eiwa/pdf/brackets/EIWA%201983.pdf HTTP/1.1" 206 94023 "-" "Mozilla/4.0 (compatible; MSIE 6.0; Windows 98)"
12.76.26.137 - - [23/Feb/2004:18:06:13 -0800] "GET /eiwa/pdf/brackets/EIWA%201983.pdf HTTP/1.1" 206 978 "-" "Mozilla/4.0 (compatible; MSIE 6.0; Windows 98)"
12.76.26.137 - - [23/Feb/2004:18:06:16 -0800] "GET /eiwa/pdf/brackets/EIWA%201983.pdf HTTP/1.1" 206 1024 "-" "Mozilla/4.0 (compatible; MSIE 6.0; Windows 98)"
204.254.175.104 - - [23/Feb/2004:18:06:16 -0800] "GET /eiwa/pdf/brackets/EIWA%202002.pdf HTTP/1.0" 200 70105 "http://www.wrestlingstats.com/eiwa/brackets.htm" "Mozilla/4.0 (compatible; MSIE 6.0; Windows NT 5.0; T312461; .NET CLR 1.0.3705)"
204.254.175.104 - - [23/Feb/2004:18:06:17 -0800] "GET /eiwa/pdf/brackets/EIWA%202002.pdf HTTP/1.0" 206 65953 "-" "Mozilla/4.0 (compatible; MSIE 6.0; Windows NT 5.0; T312461; .NET CLR 1.0.3705)"
204.254.175.104 - - [23/Feb/2004:18:06:17 -0800] "GET /eiwa/pdf/brackets/EIWA%202002.pdf HTTP/1.0" 206 66427 "-" "Mozilla/4.0 (compatible; MSIE 6.0; Windows NT 5.0; T312461; .NET CLR 1.0.3705)"
12.76.26.137 - - [23/Feb/2004:18:06:20 -0800] "GET /eiwa/pdf/brackets/EIWA%201983.pdf HTTP/1.1" 206 379 "-" "Mozilla/4.0 (compatible; MSIE 6.0; Windows 98)"
204.254.175.104 - - [23/Feb/2004:18:06:45 -0800] "GET /eiwa/pdf/brackets/EIWA%202001.pdf HTTP/1.0" 200 71223 "http://www.wrestlingstats.com/eiwa/brackets.htm" "Mozilla/4.0 (compatible; MSIE 6.0; Windows NT 5.0; T312461; .NET CLR 1.0.3705)"
204.254.175.104 - - [23/Feb/2004:18:06:46 -0800] "GET /eiwa/pdf/brackets/EIWA%202001.pdf HTTP/1.0" 206 67071 "-" "Mozilla/4.0 (compatible; MSIE 6.0; Windows NT 5.0; T312461; .NET CLR 1.0.3705)"
204.254.175.104 - - [23/Feb/2004:18:06:46 -0800] "GET /eiwa/pdf/brackets/EIWA%202001.pdf HTTP/1.0" 206 67545 "-" "Mozilla/4.0 (compatible; MSIE 6.0; Windows NT 5.0; T312461; .NET CLR 1.0.3705)"
