216.15.67.52 - - [23/Feb/2004:10:05:41 -0800] "GET /ncaa/pdf/brackets/NCAA%202000.pdf HTTP/1.1" 200 231911 "-" "Mozilla/4.0 (compatible; MSIE 6.0; Windows 98; sureseeker.com)"
216.15.67.52 - - [23/Feb/2004:10:05:42 -0800] "GET /ncaa/pdf/brackets/NCAA%202000.pdf HTTP/1.1" 206 103564 "-" "Mozilla/4.0 (compatible; MSIE 6.0; Windows 98; sureseeker.com)"
216.15.67.52 - - [23/Feb/2004:10:05:44 -0800] "GET /ncaa/pdf/brackets/NCAA%202000.pdf HTTP/1.1" 206 1024 "-" "Mozilla/4.0 (compatible; MSIE 6.0; Windows 98; sureseeker.com)"
216.15.67.52 - - [23/Feb/2004:10:05:44 -0800] "GET /ncaa/pdf/brackets/NCAA%202000.pdf HTTP/1.1" 206 382 "-" "Mozilla/4.0 (compatible; MSIE 6.0; Windows 98; sureseeker.com)"
209.23.1.32 - - [23/Feb/2004:10:07:45 -0800] "GET / HTTP/1.1" 200 1754 "http://www.geocities.com/Colosseum/Sideline/9563/wrescoll.html" "Mozilla/4.0 (compatible; MSIE 6.0; Windows NT 5.1; .NET CLR 1.1.4322)"
209.23.1.32 - - [23/Feb/2004:10:07:46 -0800] "GET /NCAA2003.jpg HTTP/1.1" 200 84807 "http://www.wrestlingstats.com/" "Mozilla/4.0 (compatible; MSIE 6.0; Windows NT 5.1; .NET CLR 1.1.4322)"
209.23.1.32 - - [23/Feb/2004:10:07:55 -0800] "GET /apPopupMenu.class HTTP/1.1" 200 19469 "-" "Mozilla/4.0 (Windows XP 5.1) Java/1.4.2"
209.23.1.32 - - [23/Feb/2004:10:08:13 -0800] "GET /images/home32.gif HTTP/1.1" 200 287 "-" "Mozilla/4.0 (Windows XP 5.1) Java/1.4.2"
209.23.1.32 - - [23/Feb/2004:10:08:15 -0800] "GET /images/mail32.gif HTTP/1.1" 200 317 "-" "Mozilla/4.0 (Windows XP 5.1) Java/1.4.2"
209.23.1.32 - - [23/Feb/2004:10:08:34 -0800] "GET /ncaa/ncaa.htm HTTP/1.1" 200 1797 "-" "Mozilla/4.0 (compatible; MSIE 6.0; Windows NT 5.1; .NET CLR 1.1.4322)"
65.68.110.30 - - [23/Feb/2004:10:08:38 -0800] "GET /ncaa/brackets.htm HTTP/1.1" 200 12926 "http://ms101.mysearch.com/jsp/GGmain.jsp?searchfor=WRESTLING+TOURNAMENT+BRACKETS" "Mozilla/4.0 (compatible; MSIE 5.01; Windows NT 5.0)"
65.68.110.30 - - [23/Feb/2004:10:08:40 -0800] "GET /apPopupMenu.class HTTP/1.1" 200 19469 "-" "Mozilla/4.0 (compatible; MSIE 5.0; Win32)"
65.68.110.30 - - [23/Feb/2004:10:08:41 -0800] "GET /images/home32.gif HTTP/1.1" 200 287 "-" "Mozilla/4.0 (compatible; MSIE 5.0; Win32)"
65.68.110.30 - - [23/Feb/2004:10:08:42 -0800] "GET /images/mail32.gif HTTP/1.1" 200 317 "-" "Mozilla/4.0 (compatible; MSIE 5.0; Win32)"
209.23.1.32 - - [23/Feb/2004:10:08:46 -0800] "GET / HTTP/1.1" 304 - "http://www.geocities.com/Colosseum/Sideline/9563/wrescoll.html" "Mozilla/4.0 (compatible; MSIE 6.0; Windows NT 5.1; .NET CLR 1.1.4322)"
216.15.67.52 - - [23/Feb/2004:10:10:51 -0800] "GET /eiwa/pdf/brackets/EIWA%201999.pdf HTTP/1.1" 200 70161 "http://wrestlingstats.com/eiwa/brackets.htm" "Mozilla/4.0 (compatible; MSIE 6.0; Windows 98; sureseeker.com)"
216.15.67.52 - - [23/Feb/2004:10:10:51 -0800] "GET /eiwa/pdf/brackets/EIWA%201999.pdf HTTP/1.1" 200 70161 "-" "Mozilla/4.0 (compatible; MSIE 6.0; Windows 98; sureseeker.com)"
216.15.67.52 - - [23/Feb/2004:10:10:52 -0800] "GET /eiwa/pdf/brackets/EIWA%201999.pdf HTTP/1.1" 206 66482 "-" "Mozilla/4.0 (compatible; MSIE 6.0; Windows 98; sureseeker.com)"
216.15.67.52 - - [23/Feb/2004:10:11:17 -0800] "GET /eiwa/pdf/brackets/EIWA%202000.pdf HTTP/1.1" 200 70894 "http://wrestlingstats.com/eiwa/brackets.htm" "Mozilla/4.0 (compatible; MSIE 6.0; Windows 98; sureseeker.com)"
216.15.67.52 - - [23/Feb/2004:10:11:17 -0800] "GET /eiwa/pdf/brackets/EIWA%202000.pdf HTTP/1.1" 200 70894 "-" "Mozilla/4.0 (compatible; MSIE 6.0; Windows 98; sureseeker.com)"
216.15.67.52 - - [23/Feb/2004:10:11:17 -0800] "GET /eiwa/pdf/brackets/EIWA%202000.pdf HTTP/1.1" 206 67216 "-" "Mozilla/4.0 (compatible; MSIE 6.0; Windows 98; sureseeker.com)"
216.15.67.52 - - [23/Feb/2004:10:11:32 -0800] "GET /eiwa/pdf/brackets/EIWA%202001.pdf HTTP/1.1" 200 71223 "http://wrestlingstats.com/eiwa/brackets.htm" "Mozilla/4.0 (compatible; MSIE 6.0; Windows 98; sureseeker.com)"
216.15.67.52 - - [23/Feb/2004:10:11:33 -0800] "GET /eiwa/pdf/brackets/EIWA%202001.pdf HTTP/1.1" 200 71223 "-" "Mozilla/4.0 (compatible; MSIE 6.0; Windows 98; sureseeker.com)"
216.15.67.52 - - [23/Feb/2004:10:11:33 -0800] "GET /eiwa/pdf/brackets/EIWA%202001.pdf HTTP/1.1" 206 67545 "-" "Mozilla/4.0 (compatible; MSIE 6.0; Windows 98; sureseeker.com)"
216.15.67.52 - - [23/Feb/2004:10:11:51 -0800] "GET /eiwa/pdf/brackets/EIWA%202002.pdf HTTP/1.1" 200 70105 "http://wrestlingstats.com/eiwa/brackets.htm" "Mozilla/4.0 (compatible; MSIE 6.0; Windows 98; sureseeker.com)"
216.15.67.52 - - [23/Feb/2004:10:11:51 -0800] "GET /eiwa/pdf/brackets/EIWA%202002.pdf HTTP/1.1" 200 70105 "-" "Mozilla/4.0 (compatible; MSIE 6.0; Windows 98; sureseeker.com)"
216.15.67.52 - - [23/Feb/2004:10:11:52 -0800] "GET /eiwa/pdf/brackets/EIWA%202002.pdf HTTP/1.1" 206 66427 "-" "Mozilla/4.0 (compatible; MSIE 6.0; Windows 98; sureseeker.com)"
216.15.67.52 - - [23/Feb/2004:10:13:11 -0800] "GET /eiwa/pdf/brackets/EIWA%201999.pdf HTTP/1.1" 200 70161 "http://wrestlingstats.com/eiwa/brackets.htm" "Mozilla/4.0 (compatible; MSIE 6.0; Windows 98; sureseeker.com)"
216.15.67.52 - - [23/Feb/2004:10:13:11 -0800] "GET /eiwa/pdf/brackets/EIWA%201999.pdf HTTP/1.1" 200 70161 "-" "Mozilla/4.0 (compatible; MSIE 6.0; Windows 98; sureseeker.com)"
216.15.67.52 - - [23/Feb/2004:10:13:11 -0800] "GET /eiwa/pdf/brackets/EIWA%201999.pdf HTTP/1.1" 206 66482 "-" "Mozilla/4.0 (compatible; MSIE 6.0; Windows 98; sureseeker.com)"
216.15.67.52 - - [23/Feb/2004:10:13:28 -0800] "GET /eiwa/pdf/brackets/EIWA%202000.pdf HTTP/1.1" 200 70894 "http://wrestlingstats.com/eiwa/brackets.htm" "Mozilla/4.0 (compatible; MSIE 6.0; Windows 98; sureseeker.com)"
216.15.67.52 - - [23/Feb/2004:10:13:28 -0800] "GET /eiwa/pdf/brackets/EIWA%202000.pdf HTTP/1.1" 200 70894 "-" "Mozilla/4.0 (compatible; MSIE 6.0; Windows 98; sureseeker.com)"
216.15.67.52 - - [23/Feb/2004:10:13:28 -0800] "GET /eiwa/pdf/brackets/EIWA%202000.pdf HTTP/1.1" 206 67216 "-" "Mozilla/4.0 (compatible; MSIE 6.0; Windows 98; sureseeker.com)"
216.15.67.52 - - [23/Feb/2004:10:14:52 -0800] "GET /eiwa/pdf/brackets/EIWA%202001.pdf HTTP/1.1" 200 71223 "-" "Mozilla/4.0 (compatible; MSIE 6.0; Windows 98; sureseeker.com)"
216.15.67.52 - - [23/Feb/2004:10:14:52 -0800] "GET /eiwa/pdf/brackets/EIWA%202001.pdf HTTP/1.1" 206 67545 "-" "Mozilla/4.0 (compatible; MSIE 6.0; Windows 98; sureseeker.com)"
152.163.252.194 - - [23/Feb/2004:10:15:07 -0800] "GET /ncaa/brackets.htm HTTP/1.0" 200 2835 "http://www.wrestlinghalloffame.org/tour/" "Mozilla/4.0 (compatible; MSIE 5.5; AOL 8.0; Windows 98; Win 9x 4.90)"
152.163.252.197 - - [23/Feb/2004:10:15:12 -0800] "GET /apPopupMenu.class HTTP/1.0" 200 19469 "-" "Java 1.1"
152.163.252.163 - - [23/Feb/2004:10:15:16 -0800] "GET /images/home32.gif HTTP/1.0" 304 - "-" "Java 1.1"
152.163.252.163 - - [23/Feb/2004:10:15:17 -0800] "GET /images/mail32.gif HTTP/1.0" 304 - "-" "Java 1.1"
152.163.252.39 - - [23/Feb/2004:10:15:25 -0800] "GET /ncaa/pdf/brackets/NCAA%201981.pdf HTTP/1.0" 200 228281 "http://www.wrestlingstats.com/ncaa/brackets.htm" "Mozilla/4.0 (compatible; MSIE 5.5; AOL 8.0; Windows 98; Win 9x 4.90)"
216.15.67.52 - - [23/Feb/2004:10:15:29 -0800] "GET /eiwa/pdf/brackets/EIWA%202002.pdf HTTP/1.1" 200 70105 "http://wrestlingstats.com/eiwa/brackets.htm" "Mozilla/4.0 (compatible; MSIE 6.0; Windows 98; sureseeker.com)"
216.15.67.52 - - [23/Feb/2004:10:15:29 -0800] "GET /eiwa/pdf/brackets/EIWA%202002.pdf HTTP/1.1" 200 70105 "-" "Mozilla/4.0 (compatible; MSIE 6.0; Windows 98; sureseeker.com)"
216.15.67.52 - - [23/Feb/2004:10:15:29 -0800] "GET /eiwa/pdf/brackets/EIWA%202002.pdf HTTP/1.1" 206 66427 "-" "Mozilla/4.0 (compatible; MSIE 6.0; Windows 98; sureseeker.com)"
152.163.252.39 - - [23/Feb/2004:10:15:39 -0800] "GET /ncaa/pdf/brackets/NCAA%201981.pdf HTTP/1.0" 200 228281 "http://www.wrestlingstats.com/ncaa/brackets.htm" "Mozilla/4.0 (compatible; MSIE 5.5; AOL 8.0; Windows 98; Win 9x 4.90)"
152.163.252.39 - - [23/Feb/2004:10:15:52 -0800] "GET /ncaa/pdf/brackets/NCAA%201981.pdf HTTP/1.0" 200 228281 "http://www.wrestlingstats.com/ncaa/brackets.htm" "Mozilla/4.0 (compatible; MSIE 5.5; AOL 8.0; Windows 98; Win 9x 4.90)"
152.163.252.39 - - [23/Feb/2004:10:16:04 -0800] "GET /ncaa/pdf/brackets/NCAA%201981.pdf HTTP/1.0" 200 228281 "http://www.wrestlingstats.com/ncaa/brackets.htm" "Mozilla/4.0 (compatible; MSIE 5.5; AOL 8.0; Windows 98; Win 9x 4.90)"
152.163.252.39 - - [23/Feb/2004:10:16:13 -0800] "GET /ncaa/pdf/brackets/NCAA%201981.pdf HTTP/1.0" 200 228281 "http://www.wrestlingstats.com/ncaa/brackets.htm" "Mozilla/4.0 (compatible; MSIE 5.5; AOL 8.0; Windows 98; Win 9x 4.90)"
152.163.252.39 - - [23/Feb/2004:10:16:18 -0800] "GET /ncaa/pdf/brackets/NCAA%201980.pdf HTTP/1.0" 200 222124 "http://www.wrestlingstats.com/ncaa/brackets.htm" "Mozilla/4.0 (compatible; MSIE 5.5; AOL 8.0; Windows 98; Win 9x 4.90)"
152.163.252.40 - - [23/Feb/2004:10:16:45 -0800] "GET /ncaa/pdf/brackets/NCAA%201979.pdf HTTP/1.0" 200 221713 "http://www.wrestlingstats.com/ncaa/brackets.htm" "Mozilla/4.0 (compatible; MSIE 5.5; AOL 8.0; Windows 98; Win 9x 4.90)"
152.163.252.40 - - [23/Feb/2004:10:17:00 -0800] "GET /ncaa/pdf/brackets/NCAA%201979.pdf HTTP/1.0" 200 221713 "http://www.wrestlingstats.com/ncaa/brackets.htm" "Mozilla/4.0 (compatible; MSIE 5.5; AOL 8.0; Windows 98; Win 9x 4.90)"
152.163.252.39 - - [23/Feb/2004:10:17:13 -0800] "GET /ncaa/pdf/brackets/NCAA%201981.pdf HTTP/1.0" 200 228281 "http://www.wrestlingstats.com/ncaa/brackets.htm" "Mozilla/4.0 (compatible; MSIE 5.5; AOL 8.0; Windows 98; Win 9x 4.90)"
152.163.252.39 - - [23/Feb/2004:10:17:18 -0800] "GET /ncaa/pdf/brackets/NCAA%201981.pdf HTTP/1.1" 200 228281 "http://www.wrestlingstats.com/ncaa/brackets.htm" "Mozilla/4.0 (compatible; MSIE 5.5; AOL 8.0; Windows 98; Win 9x 4.90)"
152.163.252.39 - - [23/Feb/2004:10:17:52 -0800] "GET /ncaa/pdf/brackets/NCAA%201981.pdf HTTP/1.0" 200 228281 "http://www.wrestlingstats.com/ncaa/brackets.htm" "Mozilla/4.0 (compatible; MSIE 5.5; AOL 8.0; Windows 98; Win 9x 4.90)"
152.163.252.38 - - [23/Feb/2004:10:18:06 -0800] "GET /apPopupMenuBeanInfo.class HTTP/1.0" 404 363 "-" "Java 1.1"
152.163.252.135 - - [23/Feb/2004:10:18:08 -0800] "GET /apPopupMenu$COMClassObject.class HTTP/1.0" 404 363 "-" "Java 1.1"
66.72.53.77 - - [23/Feb/2004:10:18:13 -0800] "GET / HTTP/1.1" 304 - "-" "Mozilla/4.0 (compatible; MSIE 6.0; Windows NT 5.0)"
66.72.53.77 - - [23/Feb/2004:10:18:13 -0800] "GET /NCAA2003.jpg HTTP/1.1" 304 - "http://www.wrestlingstats.com/" "Mozilla/4.0 (compatible; MSIE 6.0; Windows NT 5.0)"
152.163.252.34 - - [23/Feb/2004:10:18:13 -0800] "GET /ncaa/pdf/brackets/NCAA%201998.pdf HTTP/1.0" 200 231756 "http://www.wrestlingstats.com/ncaa/brackets.htm" "Mozilla/4.0 (compatible; MSIE 5.5; AOL 8.0; Windows 98; Win 9x 4.90)"
66.72.53.77 - - [23/Feb/2004:10:18:15 -0800] "GET /apPopupMenu.class HTTP/1.1" 304 - "-" "Mozilla/4.0 (compatible; MSIE 6.0; Win32)"
66.72.53.77 - - [23/Feb/2004:10:18:15 -0800] "GET /images/home32.gif HTTP/1.1" 304 - "-" "Mozilla/4.0 (compatible; MSIE 6.0; Win32)"
66.72.53.77 - - [23/Feb/2004:10:18:15 -0800] "GET /images/mail32.gif HTTP/1.1" 304 - "-" "Mozilla/4.0 (compatible; MSIE 6.0; Win32)"
66.72.53.77 - - [23/Feb/2004:10:18:18 -0800] "GET /donations.htm HTTP/1.1" 200 2375 "-" "Mozilla/4.0 (compatible; MSIE 6.0; Windows NT 5.0)"
66.72.53.77 - - [23/Feb/2004:10:18:18 -0800] "GET /images/x-click-but21.gif HTTP/1.1" 200 574 "http://www.wrestlingstats.com/donations.htm" "Mozilla/4.0 (compatible; MSIE 6.0; Windows NT 5.0)"
66.72.53.77 - - [23/Feb/2004:10:18:18 -0800] "GET /images/boomer.jpg HTTP/1.1" 200 40020 "http://www.wrestlingstats.com/donations.htm" "Mozilla/4.0 (compatible; MSIE 6.0; Windows NT 5.0)"
152.163.252.34 - - [23/Feb/2004:10:18:18 -0800] "GET /ncaa/pdf/brackets/NCAA%201998.pdf HTTP/1.0" 200 231756 "http://www.wrestlingstats.com/ncaa/brackets.htm" "Mozilla/4.0 (compatible; MSIE 5.5; AOL 8.0; Windows 98; Win 9x 4.90)"
152.163.252.34 - - [23/Feb/2004:10:18:56 -0800] "GET /ncaa/pdf/brackets/NCAA%201998.pdf HTTP/1.0" 200 231756 "http://www.wrestlingstats.com/ncaa/brackets.htm" "Mozilla/4.0 (compatible; MSIE 5.5; AOL 8.0; Windows 98; Win 9x 4.90)"
138.89.111.101 - - [23/Feb/2004:10:19:19 -0800] "GET /ncaa/pdf/brackets/NCAA%201967.pdf HTTP/1.1" 200 216170 "-" "Mozilla/4.0 (compatible; MSIE 5.01; Windows NT 5.0)"
138.89.111.101 - - [23/Feb/2004:10:19:19 -0800] "GET /ncaa/pdf/brackets/NCAA%201967.pdf HTTP/1.1" 206 215009 "-" "Mozilla/4.0 (compatible; MSIE 5.01; Windows NT 5.0)"
138.89.111.101 - - [23/Feb/2004:10:19:19 -0800] "GET /ncaa/pdf/brackets/NCAA%201967.pdf HTTP/1.1" 206 214770 "-" "Mozilla/4.0 (compatible; MSIE 5.01; Windows NT 5.0)"
66.72.53.77 - - [23/Feb/2004:10:19:20 -0800] "GET /apPopupMenuBeanInfo.class HTTP/1.1" 404 363 "-" "Mozilla/4.0 (compatible; MSIE 6.0; Win32)"
66.72.53.77 - - [23/Feb/2004:10:19:20 -0800] "GET /apPopupMenu$COMClassObject.class HTTP/1.1" 404 363 "-" "Mozilla/4.0 (compatible; MSIE 6.0; Win32)"
66.72.53.77 - - [23/Feb/2004:10:19:20 -0800] "GET /index.html HTTP/1.1" 200 1755 "-" "Mozilla/4.0 (compatible; MSIE 6.0; Windows NT 5.0)"
66.72.53.77 - - [23/Feb/2004:10:19:21 -0800] "GET /NCAA2003.jpg HTTP/1.1" 304 - "http://www.wrestlingstats.com/index.html" "Mozilla/4.0 (compatible; MSIE 6.0; Windows NT 5.0)"
66.72.53.77 - - [23/Feb/2004:10:19:38 -0800] "GET /big10/big10.htm HTTP/1.1" 304 - "-" "Mozilla/4.0 (compatible; MSIE 6.0; Windows NT 5.0)"
152.163.252.194 - - [23/Feb/2004:10:19:47 -0800] "GET /ncaa/brackets.htm HTTP/1.0" 200 2836 "http://www.wrestlinghalloffame.org/champions/?names&wrestler=1196" "Mozilla/4.0 (compatible; MSIE 5.5; AOL 8.0; Windows 98; Win 9x 4.90)"
66.72.53.77 - - [23/Feb/2004:10:19:52 -0800] "GET /big10/pdf/Big%2010-1969.pdf HTTP/1.1" 200 25310 "http://www.wrestlingstats.com/big10/big10.htm" "Mozilla/4.0 (compatible; MSIE 6.0; Windows NT 5.0)"
152.163.252.39 - - [23/Feb/2004:10:19:53 -0800] "GET /ncaa/pdf/brackets/NCAA%201981.pdf HTTP/1.0" 200 228281 "http://www.wrestlingstats.com/ncaa/brackets.htm" "Mozilla/4.0 (compatible; MSIE 5.5; AOL 8.0; Windows 98; Win 9x 4.90)"
152.163.252.39 - - [23/Feb/2004:10:19:54 -0800] "GET /ncaa/pdf/brackets/NCAA%201981.pdf HTTP/1.0" 200 228281 "http://www.wrestlingstats.com/ncaa/brackets.htm" "Mozilla/4.0 (compatible; MSIE 5.5; AOL 8.0; Windows 98; Win 9x 4.90)"
66.72.53.77 - - [23/Feb/2004:10:19:55 -0800] "GET /big10/pdf/Big%2010-1969.pdf HTTP/1.1" 206 21181 "-" "Mozilla/4.0 (compatible; MSIE 6.0; Windows NT 5.0)"
66.72.53.77 - - [23/Feb/2004:10:19:55 -0800] "GET /big10/pdf/Big%2010-1969.pdf HTTP/1.1" 206 17396 "-" "Mozilla/4.0 (compatible; MSIE 6.0; Windows NT 5.0)"
138.89.111.101 - - [23/Feb/2004:10:20:43 -0800] "GET /ncaa/pdf/brackets/NCAA%201967.pdf HTTP/1.1" 206 213902 "-" "Mozilla/4.0 (compatible; MSIE 5.01; Windows NT 5.0)"
138.89.111.101 - - [23/Feb/2004:10:20:43 -0800] "GET /ncaa/pdf/brackets/NCAA%201967.pdf HTTP/1.1" 206 212795 "-" "Mozilla/4.0 (compatible; MSIE 5.01; Windows NT 5.0)"
138.89.111.101 - - [23/Feb/2004:10:20:44 -0800] "GET /ncaa/pdf/brackets/NCAA%201967.pdf HTTP/1.1" 206 211166 "-" "Mozilla/4.0 (compatible; MSIE 5.01; Windows NT 5.0)"
66.72.53.77 - - [23/Feb/2004:10:21:01 -0800] "GET /big10/pdf/Big%2010-1970.pdf HTTP/1.1" 200 25547 "http://www.wrestlingstats.com/big10/big10.htm" "Mozilla/4.0 (compatible; MSIE 6.0; Windows NT 5.0)"
66.72.53.77 - - [23/Feb/2004:10:21:01 -0800] "GET /big10/pdf/Big%2010-1970.pdf HTTP/1.1" 206 24322 "-" "Mozilla/4.0 (compatible; MSIE 6.0; Windows NT 5.0)"
66.72.53.77 - - [23/Feb/2004:10:21:01 -0800] "GET /big10/pdf/Big%2010-1970.pdf HTTP/1.1" 206 23441 "-" "Mozilla/4.0 (compatible; MSIE 6.0; Windows NT 5.0)"
152.163.252.39 - - [23/Feb/2004:10:21:09 -0800] "GET /ncaa/pdf/brackets/NCAA%201981.pdf HTTP/1.0" 200 228281 "http://www.wrestlingstats.com/ncaa/brackets.htm" "Mozilla/4.0 (compatible; MSIE 5.5; AOL 8.0; Windows 98; Win 9x 4.90)"
152.163.252.39 - - [23/Feb/2004:10:21:10 -0800] "GET /ncaa/pdf/brackets/NCAA%201981.pdf HTTP/1.0" 200 228281 "http://www.wrestlingstats.com/ncaa/brackets.htm" "Mozilla/4.0 (compatible; MSIE 5.5; AOL 8.0; Windows 98; Win 9x 4.90)"
152.163.252.39 - - [23/Feb/2004:10:21:12 -0800] "GET /ncaa/pdf/brackets/NCAA%201981.pdf HTTP/1.1" 200 228281 "-" "contype"
151.204.50.73 - - [23/Feb/2004:10:21:55 -0800] "GET / HTTP/1.1" 200 1755 "http://www.lehighwrestling.com/Lehigh/uploads/links.htm" "Mozilla/4.0 (compatible; MSIE 6.0; Windows 98; .NET CLR 1.1.4322)"
151.204.50.73 - - [23/Feb/2004:10:21:56 -0800] "GET /NCAA2003.jpg HTTP/1.1" 200 84807 "http://www.wrestlingstats.com/" "Mozilla/4.0 (compatible; MSIE 6.0; Windows 98; .NET CLR 1.1.4322)"
151.204.50.73 - - [23/Feb/2004:10:21:56 -0800] "GET /apPopupMenu.class HTTP/1.1" 200 19469 "-" "Mozilla/4.0 (compatible; MSIE 6.0; Win32)"
151.204.50.73 - - [23/Feb/2004:10:22:00 -0800] "GET /images/home32.gif HTTP/1.1" 200 287 "-" "Mozilla/4.0 (compatible; MSIE 6.0; Win32)"
151.204.50.73 - - [23/Feb/2004:10:22:00 -0800] "GET /images/mail32.gif HTTP/1.1" 200 317 "-" "Mozilla/4.0 (compatible; MSIE 6.0; Win32)"
66.72.53.77 - - [23/Feb/2004:10:22:07 -0800] "GET /big10/pdf/Big%2010-1971.pdf HTTP/1.1" 200 25431 "http://www.wrestlingstats.com/big10/big10.htm" "Mozilla/4.0 (compatible; MSIE 6.0; Windows NT 5.0)"
66.72.53.77 - - [23/Feb/2004:10:22:08 -0800] "GET /big10/pdf/Big%2010-1971.pdf HTTP/1.1" 206 24206 "-" "Mozilla/4.0 (compatible; MSIE 6.0; Windows NT 5.0)"
66.72.53.77 - - [23/Feb/2004:10:22:08 -0800] "GET /big10/pdf/Big%2010-1971.pdf HTTP/1.1" 206 23325 "-" "Mozilla/4.0 (compatible; MSIE 6.0; Windows NT 5.0)"
151.204.50.73 - - [23/Feb/2004:10:22:10 -0800] "GET /lehigh/index.html HTTP/1.1" 200 838 "-" "Mozilla/4.0 (compatible; MSIE 6.0; Windows 98; .NET CLR 1.1.4322)"
151.204.50.73 - - [23/Feb/2004:10:22:12 -0800] "GET /lehigh/home.php HTTP/1.1" 200 2019 "-" "Mozilla/4.0 (compatible; MSIE 6.0; Windows 98; .NET CLR 1.1.4322)"
151.204.50.73 - - [23/Feb/2004:10:22:12 -0800] "GET /lehigh/EIWAChamps.jpg HTTP/1.1" 200 42637 "http://www.wrestlingstats.com/lehigh/home.php" "Mozilla/4.0 (compatible; MSIE 6.0; Windows 98; .NET CLR 1.1.4322)"
151.204.50.73 - - [23/Feb/2004:10:22:12 -0800] "GET /lehigh/apPopupMenu.class HTTP/1.1" 200 19469 "-" "Mozilla/4.0 (compatible; MSIE 6.0; Win32)"
151.204.50.73 - - [23/Feb/2004:10:22:13 -0800] "GET /lehigh/pix/home.gif HTTP/1.1" 200 215 "-" "Mozilla/4.0 (compatible; MSIE 6.0; Win32)"
151.204.50.73 - - [23/Feb/2004:10:22:14 -0800] "GET /lehigh/pix/apbfind.gif HTTP/1.1" 200 89 "-" "Mozilla/4.0 (compatible; MSIE 6.0; Win32)"
151.204.50.73 - - [23/Feb/2004:10:22:16 -0800] "GET /lehigh/wrestlers.php HTTP/1.1" 200 1934 "-" "Mozilla/4.0 (compatible; MSIE 6.0; Windows 98; .NET CLR 1.1.4322)"
151.204.50.73 - - [23/Feb/2004:10:22:22 -0800] "POST /lehigh/view_all_wrestlers.php HTTP/1.1" 200 2093 "http://www.wrestlingstats.com/lehigh/wrestlers.php" "Mozilla/4.0 (compatible; MSIE 6.0; Windows 98; .NET CLR 1.1.4322)"
151.204.50.73 - - [23/Feb/2004:10:22:29 -0800] "GET /lehigh/view_wrestlers.php?wrestler=699 HTTP/1.1" 200 2716 "http://www.wrestlingstats.com/lehigh/view_all_wrestlers.php" "Mozilla/4.0 (compatible; MSIE 6.0; Windows 98; .NET CLR 1.1.4322)"
66.72.53.77 - - [23/Feb/2004:10:23:04 -0800] "GET /big10/pdf/Big%2010-1972.pdf HTTP/1.1" 200 25590 "http://www.wrestlingstats.com/big10/big10.htm" "Mozilla/4.0 (compatible; MSIE 6.0; Windows NT 5.0)"
66.72.53.77 - - [23/Feb/2004:10:23:05 -0800] "GET /big10/pdf/Big%2010-1972.pdf HTTP/1.1" 206 24365 "-" "Mozilla/4.0 (compatible; MSIE 6.0; Windows NT 5.0)"
66.72.53.77 - - [23/Feb/2004:10:23:05 -0800] "GET /big10/pdf/Big%2010-1972.pdf HTTP/1.1" 206 23484 "-" "Mozilla/4.0 (compatible; MSIE 6.0; Windows NT 5.0)"
151.204.50.73 - - [23/Feb/2004:10:23:17 -0800] "GET /lehigh/wrestlers.php HTTP/1.1" 200 1934 "-" "Mozilla/4.0 (compatible; MSIE 6.0; Windows 98; .NET CLR 1.1.4322)"
151.204.50.73 - - [23/Feb/2004:10:23:24 -0800] "POST /lehigh/view_all_wrestlers.php HTTP/1.1" 200 13285 "http://www.wrestlingstats.com/lehigh/wrestlers.php" "Mozilla/4.0 (compatible; MSIE 6.0; Windows 98; .NET CLR 1.1.4322)"
151.204.50.73 - - [23/Feb/2004:10:24:17 -0800] "GET /lehigh/wrestlers.php HTTP/1.1" 200 1934 "-" "Mozilla/4.0 (compatible; MSIE 6.0; Windows 98; .NET CLR 1.1.4322)"
151.204.50.73 - - [23/Feb/2004:10:24:22 -0800] "POST /lehigh/view_all_wrestlers.php HTTP/1.1" 200 2042 "http://www.wrestlingstats.com/lehigh/wrestlers.php" "Mozilla/4.0 (compatible; MSIE 6.0; Windows 98; .NET CLR 1.1.4322)"
151.204.50.73 - - [23/Feb/2004:10:24:26 -0800] "GET /lehigh/view_wrestlers.php?wrestler=686 HTTP/1.1" 200 2731 "http://www.wrestlingstats.com/lehigh/view_all_wrestlers.php" "Mozilla/4.0 (compatible; MSIE 6.0; Windows 98; .NET CLR 1.1.4322)"
66.72.53.77 - - [23/Feb/2004:10:24:44 -0800] "GET /big10/pdf/Big%2010-1973.pdf HTTP/1.1" 200 25487 "http://www.wrestlingstats.com/big10/big10.htm" "Mozilla/4.0 (compatible; MSIE 6.0; Windows NT 5.0)"
66.72.53.77 - - [23/Feb/2004:10:24:44 -0800] "GET /big10/pdf/Big%2010-1973.pdf HTTP/1.1" 206 22810 "-" "Mozilla/4.0 (compatible; MSIE 6.0; Windows NT 5.0)"
66.72.53.77 - - [23/Feb/2004:10:24:44 -0800] "GET /big10/pdf/Big%2010-1973.pdf HTTP/1.1" 206 21929 "-" "Mozilla/4.0 (compatible; MSIE 6.0; Windows NT 5.0)"
151.204.50.73 - - [23/Feb/2004:10:25:43 -0800] "GET / HTTP/1.1" 200 1754 "http://www.lehighwrestling.com/Lehigh/uploads/links.htm" "Mozilla/4.0 (compatible; MSIE 6.0; Windows 98; .NET CLR 1.1.4322)"
151.204.50.73 - - [23/Feb/2004:10:25:43 -0800] "GET /NCAA2003.jpg HTTP/1.1" 200 84807 "http://www.wrestlingstats.com/" "Mozilla/4.0 (compatible; MSIE 6.0; Windows 98; .NET CLR 1.1.4322)"
66.72.53.77 - - [23/Feb/2004:10:25:53 -0800] "GET /big10/pdf/Big%2010-1974.pdf HTTP/1.1" 200 25525 "http://www.wrestlingstats.com/big10/big10.htm" "Mozilla/4.0 (compatible; MSIE 6.0; Windows NT 5.0)"
151.204.50.73 - - [23/Feb/2004:10:25:53 -0800] "GET /lehigh/index.html HTTP/1.1" 200 840 "-" "Mozilla/4.0 (compatible; MSIE 6.0; Windows 98; .NET CLR 1.1.4322)"
66.72.53.77 - - [23/Feb/2004:10:25:53 -0800] "GET /big10/pdf/Big%2010-1974.pdf HTTP/1.1" 206 22848 "-" "Mozilla/4.0 (compatible; MSIE 6.0; Windows NT 5.0)"
66.72.53.77 - - [23/Feb/2004:10:25:53 -0800] "GET /big10/pdf/Big%2010-1974.pdf HTTP/1.1" 206 21967 "-" "Mozilla/4.0 (compatible; MSIE 6.0; Windows NT 5.0)"
151.204.50.73 - - [23/Feb/2004:10:25:54 -0800] "GET /lehigh/home.php HTTP/1.1" 200 2019 "-" "Mozilla/4.0 (compatible; MSIE 6.0; Windows 98; .NET CLR 1.1.4322)"
151.204.50.73 - - [23/Feb/2004:10:25:55 -0800] "GET /lehigh/EIWAChamps.jpg HTTP/1.1" 200 42637 "http://www.wrestlingstats.com/lehigh/home.php" "Mozilla/4.0 (compatible; MSIE 6.0; Windows 98; .NET CLR 1.1.4322)"
151.204.50.73 - - [23/Feb/2004:10:25:56 -0800] "GET /lehigh/wrestlers.php HTTP/1.1" 200 1934 "-" "Mozilla/4.0 (compatible; MSIE 6.0; Windows 98; .NET CLR 1.1.4322)"
151.204.50.73 - - [23/Feb/2004:10:26:04 -0800] "POST /lehigh/view_all_wrestlers.php HTTP/1.1" 200 2035 "http://www.wrestlingstats.com/lehigh/wrestlers.php" "Mozilla/4.0 (compatible; MSIE 6.0; Windows 98; .NET CLR 1.1.4322)"
151.204.50.73 - - [23/Feb/2004:10:26:07 -0800] "GET /lehigh/view_wrestlers.php?wrestler=730 HTTP/1.1" 200 2355 "http://www.wrestlingstats.com/lehigh/view_all_wrestlers.php" "Mozilla/4.0 (compatible; MSIE 6.0; Windows 98; .NET CLR 1.1.4322)"
151.204.50.73 - - [23/Feb/2004:10:26:15 -0800] "GET /lehigh/wrestlers.php HTTP/1.1" 200 1934 "-" "Mozilla/4.0 (compatible; MSIE 6.0; Windows 98; .NET CLR 1.1.4322)"
66.72.53.77 - - [23/Feb/2004:10:26:43 -0800] "GET /big10/pdf/Big%2010-1975.pdf HTTP/1.1" 200 25435 "http://www.wrestlingstats.com/big10/big10.htm" "Mozilla/4.0 (compatible; MSIE 6.0; Windows NT 5.0)"
66.72.53.77 - - [23/Feb/2004:10:26:43 -0800] "GET /big10/pdf/Big%2010-1975.pdf HTTP/1.1" 206 22758 "-" "Mozilla/4.0 (compatible; MSIE 6.0; Windows NT 5.0)"
66.72.53.77 - - [23/Feb/2004:10:26:43 -0800] "GET /big10/pdf/Big%2010-1975.pdf HTTP/1.1" 206 21877 "-" "Mozilla/4.0 (compatible; MSIE 6.0; Windows NT 5.0)"
151.204.50.73 - - [23/Feb/2004:10:27:02 -0800] "POST /lehigh/view_all_wrestlers.php HTTP/1.1" 200 2041 "http://www.wrestlingstats.com/lehigh/wrestlers.php" "Mozilla/4.0 (compatible; MSIE 6.0; Windows 98; .NET CLR 1.1.4322)"
151.204.50.73 - - [23/Feb/2004:10:27:05 -0800] "GET /lehigh/view_wrestlers.php?wrestler=681 HTTP/1.1" 200 2841 "http://www.wrestlingstats.com/lehigh/view_all_wrestlers.php" "Mozilla/4.0 (compatible; MSIE 6.0; Windows 98; .NET CLR 1.1.4322)"
66.72.53.77 - - [23/Feb/2004:10:27:21 -0800] "GET /ncaa/brackets.htm HTTP/1.1" 304 - "-" "Mozilla/4.0 (compatible; MSIE 6.0; Windows NT 5.0)"
66.72.53.77 - - [23/Feb/2004:10:27:24 -0800] "GET /ncaa/pdf/brackets/NCAA%201975.pdf HTTP/1.1" 200 219309 "http://www.wrestlingstats.com/ncaa/brackets.htm" "Mozilla/4.0 (compatible; MSIE 6.0; Windows NT 5.0)"
66.72.53.77 - - [23/Feb/2004:10:27:24 -0800] "GET /ncaa/pdf/brackets/NCAA%201975.pdf HTTP/1.1" 206 218086 "-" "Mozilla/4.0 (compatible; MSIE 6.0; Windows NT 5.0)"
66.72.53.77 - - [23/Feb/2004:10:27:24 -0800] "GET /ncaa/pdf/brackets/NCAA%201975.pdf HTTP/1.1" 206 217869 "-" "Mozilla/4.0 (compatible; MSIE 6.0; Windows NT 5.0)"
151.204.50.73 - - [23/Feb/2004:10:27:30 -0800] "GET /lehigh/wrestlers.php HTTP/1.1" 200 1934 "-" "Mozilla/4.0 (compatible; MSIE 6.0; Windows 98; .NET CLR 1.1.4322)"
151.204.50.73 - - [23/Feb/2004:10:27:34 -0800] "POST /lehigh/view_all_wrestlers.php HTTP/1.1" 200 2075 "http://www.wrestlingstats.com/lehigh/wrestlers.php" "Mozilla/4.0 (compatible; MSIE 6.0; Windows 98; .NET CLR 1.1.4322)"
151.204.50.73 - - [23/Feb/2004:10:27:36 -0800] "GET /lehigh/view_wrestlers.php?wrestler=696 HTTP/1.1" 200 2784 "http://www.wrestlingstats.com/lehigh/view_all_wrestlers.php" "Mozilla/4.0 (compatible; MSIE 6.0; Windows 98; .NET CLR 1.1.4322)"
151.204.50.73 - - [23/Feb/2004:10:28:13 -0800] "GET /lehigh/wrestlers.php HTTP/1.1" 200 1934 "-" "Mozilla/4.0 (compatible; MSIE 6.0; Windows 98; .NET CLR 1.1.4322)"
151.204.50.73 - - [23/Feb/2004:10:28:26 -0800] "POST /lehigh/view_all_wrestlers.php HTTP/1.1" 200 2042 "http://www.wrestlingstats.com/lehigh/wrestlers.php" "Mozilla/4.0 (compatible; MSIE 6.0; Windows 98; .NET CLR 1.1.4322)"
151.204.50.73 - - [23/Feb/2004:10:28:28 -0800] "GET /lehigh/view_wrestlers.php?wrestler=686 HTTP/1.1" 200 2731 "http://www.wrestlingstats.com/lehigh/view_all_wrestlers.php" "Mozilla/4.0 (compatible; MSIE 6.0; Windows 98; .NET CLR 1.1.4322)"
151.204.50.73 - - [23/Feb/2004:10:29:06 -0800] "GET /lehigh/wrestlers.php HTTP/1.1" 200 1934 "-" "Mozilla/4.0 (compatible; MSIE 6.0; Windows 98; .NET CLR 1.1.4322)"
151.204.50.73 - - [23/Feb/2004:10:29:11 -0800] "POST /lehigh/view_all_wrestlers.php HTTP/1.1" 200 2041 "http://www.wrestlingstats.com/lehigh/wrestlers.php" "Mozilla/4.0 (compatible; MSIE 6.0; Windows 98; .NET CLR 1.1.4322)"
151.204.50.73 - - [23/Feb/2004:10:29:13 -0800] "GET /lehigh/view_wrestlers.php?wrestler=372 HTTP/1.1" 200 2683 "http://www.wrestlingstats.com/lehigh/view_all_wrestlers.php" "Mozilla/4.0 (compatible; MSIE 6.0; Windows 98; .NET CLR 1.1.4322)"
151.204.50.73 - - [23/Feb/2004:10:29:33 -0800] "GET /lehigh/wrestlers.php HTTP/1.1" 200 1934 "-" "Mozilla/4.0 (compatible; MSIE 6.0; Windows 98; .NET CLR 1.1.4322)"
151.204.50.73 - - [23/Feb/2004:10:29:40 -0800] "GET /lehigh/apPopupMenuBeanInfo.class HTTP/1.1" 404 363 "-" "Mozilla/4.0 (compatible; MSIE 6.0; Win32)"
151.204.50.73 - - [23/Feb/2004:10:29:40 -0800] "GET /lehigh/apPopupMenu$COMClassObject.class HTTP/1.1" 404 363 "-" "Mozilla/4.0 (compatible; MSIE 6.0; Win32)"
151.204.50.73 - - [23/Feb/2004:10:29:41 -0800] "GET /lehigh/home.php HTTP/1.1" 200 2019 "-" "Mozilla/4.0 (compatible; MSIE 6.0; Windows 98; .NET CLR 1.1.4322)"
151.204.50.73 - - [23/Feb/2004:10:29:41 -0800] "GET /lehigh/EIWAChamps.jpg HTTP/1.1" 200 42637 "http://www.wrestlingstats.com/lehigh/home.php" "Mozilla/4.0 (compatible; MSIE 6.0; Windows 98; .NET CLR 1.1.4322)"
144.62.17.67 - - [23/Feb/2004:10:31:36 -0800] "GET /ncaa/pdf/brackets/NCAA%201969.pdf HTTP/1.1" 200 219821 "http://www.google.com/search?q=cache:dQ_1pdocnVQJ:www.wrestlingstats.com/ncaa/pdf/brackets/NCAA%25201969.pdf+steve+devries+iowa+wrestling&hl=en&ie=UTF-8" "Mozilla/4.0 (compatible; MSIE 6.0; Windows NT 5.0)"
144.62.17.67 - - [23/Feb/2004:10:31:37 -0800] "GET /ncaa/pdf/brackets/NCAA%201969.pdf HTTP/1.1" 206 215670 "-" "Mozilla/4.0 (compatible; MSIE 6.0; Windows NT 5.0)"
144.62.17.67 - - [23/Feb/2004:10:31:37 -0800] "GET /ncaa/pdf/brackets/NCAA%201969.pdf HTTP/1.1" 206 212536 "-" "Mozilla/4.0 (compatible; MSIE 6.0; Windows NT 5.0)"
144.62.17.67 - - [23/Feb/2004:10:32:35 -0800] "GET /ncaa/pdf/brackets/NCAA HTTP/1.1" 404 363 "http://www.google.com/search?hl=en&ie=UTF-8&oe=UTF-8&q=http%3A%2F%2Fwww.wrestlingstats.com%2Fncaa%2Fpdf%2Fbrackets%2FNCAA&btnG=Google+Search" "Mozilla/4.0 (compatible; MSIE 6.0; Windows NT 5.0)"
144.62.17.67 - - [23/Feb/2004:10:32:37 -0800] "GET / HTTP/1.1" 200 1755 "-" "Mozilla/4.0 (compatible; MSIE 6.0; Windows NT 5.0)"
144.62.17.67 - - [23/Feb/2004:10:32:37 -0800] "GET /NCAA2003.jpg HTTP/1.1" 200 84807 "http://www.wrestlingstats.com/" "Mozilla/4.0 (compatible; MSIE 6.0; Windows NT 5.0)"
144.62.17.67 - - [23/Feb/2004:10:32:40 -0800] "GET /apPopupMenu.class HTTP/1.1" 200 19469 "-" "Mozilla/4.0 (compatible; MSIE 6.0; Win32)"
144.62.17.67 - - [23/Feb/2004:10:32:41 -0800] "GET /images/home32.gif HTTP/1.1" 200 287 "-" "Mozilla/4.0 (compatible; MSIE 6.0; Win32)"
144.62.17.67 - - [23/Feb/2004:10:32:41 -0800] "GET /images/mail32.gif HTTP/1.1" 200 317 "-" "Mozilla/4.0 (compatible; MSIE 6.0; Win32)"
144.62.17.67 - - [23/Feb/2004:10:32:54 -0800] "GET /apPopupMenuBeanInfo.class HTTP/1.1" 404 363 "-" "Mozilla/4.0 (compatible; MSIE 6.0; Win32)"
144.62.17.67 - - [23/Feb/2004:10:32:54 -0800] "GET /apPopupMenu$COMClassObject.class HTTP/1.1" 404 363 "-" "Mozilla/4.0 (compatible; MSIE 6.0; Win32)"
144.62.17.67 - - [23/Feb/2004:10:32:57 -0800] "GET /ncaa/brackets.htm HTTP/1.1" 200 2798 "-" "Mozilla/4.0 (compatible; MSIE 6.0; Windows NT 5.0)"
144.62.17.67 - - [23/Feb/2004:10:33:06 -0800] "GET /ncaa/pdf/brackets/NCAA%201970.pdf HTTP/1.1" 200 131072 "http://www.wrestlingstats.com/ncaa/brackets.htm" "Mozilla/4.0 (compatible; MSIE 6.0; Windows NT 5.0)"
144.62.17.67 - - [23/Feb/2004:10:33:06 -0800] "GET /ncaa/pdf/brackets/NCAA%201970.pdf HTTP/1.1" 206 211690 "-" "Mozilla/4.0 (compatible; MSIE 6.0; Windows NT 5.0)"
144.62.17.67 - - [23/Feb/2004:10:33:07 -0800] "GET /ncaa/pdf/brackets/NCAA%201970.pdf HTTP/1.1" 206 208461 "-" "Mozilla/4.0 (compatible; MSIE 6.0; Windows NT 5.0)"
199.120.91.62 - - [23/Feb/2004:10:34:55 -0800] "GET /ncaa/brackets.htm HTTP/1.1" 200 12926 "http://www.wrestlinghalloffame.com/" "Mozilla/4.0 (compatible; MSIE 5.14; Mac_PowerPC)"
199.120.91.62 - - [23/Feb/2004:10:34:58 -0800] "GET /apPopupMenu.class HTTP/1.1" 200 19469 "-" "Java1.3.1"
199.120.91.62 - - [23/Feb/2004:10:35:01 -0800] "GET /images/home32.gif HTTP/1.1" 200 287 "-" "Java1.3.1"
199.120.91.62 - - [23/Feb/2004:10:35:01 -0800] "GET /images/mail32.gif HTTP/1.1" 200 317 "-" "Java1.3.1"
199.120.91.62 - - [23/Feb/2004:10:35:06 -0800] "GET /ncaa/pdf/brackets/NCAA%202001.pdf HTTP/1.1" 200 144227 "http://www.wrestlingstats.com/ncaa/brackets.htm" "Mozilla/4.0 (compatible; MSIE 5.14; Mac_PowerPC)"
65.68.110.30 - - [23/Feb/2004:10:35:52 -0800] "GET /ncaa/brackets.htm HTTP/1.1" 304 - "http://ms101.mysearch.com/jsp/GGmain.jsp?st=&searchfor=KANSAS+STATE+WRESTLING+TOURNAMENT+BRACKETS&searchBtn=Search" "Mozilla/4.0 (compatible; MSIE 5.01; Windows NT 5.0)"
144.62.17.67 - - [23/Feb/2004:10:37:14 -0800] "GET /ncaa/pdf/brackets/NCAA%201971.pdf HTTP/1.1" 200 193019 "http://www.wrestlingstats.com/ncaa/brackets.htm" "Mozilla/4.0 (compatible; MSIE 6.0; Windows NT 5.0)"
144.62.17.67 - - [23/Feb/2004:10:37:14 -0800] "GET /ncaa/pdf/brackets/NCAA%201971.pdf HTTP/1.1" 206 188868 "-" "Mozilla/4.0 (compatible; MSIE 6.0; Windows NT 5.0)"
144.62.17.67 - - [23/Feb/2004:10:37:14 -0800] "GET /ncaa/pdf/brackets/NCAA%201971.pdf HTTP/1.1" 206 185639 "-" "Mozilla/4.0 (compatible; MSIE 6.0; Windows NT 5.0)"
68.80.208.192 - - [23/Feb/2004:10:39:00 -0800] "GET /ncaa/brackets.htm HTTP/1.1" 200 2797 "http://www.wrestlinghalloffame.org/champions/?teams&team=184" "Mozilla/4.0 (compatible; MSIE 6.0; Windows NT 5.1; .NET CLR 1.1.4322)"
68.80.208.192 - - [23/Feb/2004:10:39:02 -0800] "GET /apPopupMenu.class HTTP/1.1" 200 19469 "-" "Mozilla/4.0 (compatible; MSIE 6.0; Win32)"
68.80.208.192 - - [23/Feb/2004:10:39:03 -0800] "GET /images/home32.gif HTTP/1.1" 200 287 "-" "Mozilla/4.0 (compatible; MSIE 6.0; Win32)"
68.80.208.192 - - [23/Feb/2004:10:39:03 -0800] "GET /images/mail32.gif HTTP/1.1" 200 317 "-" "Mozilla/4.0 (compatible; MSIE 6.0; Win32)"
68.80.208.192 - - [23/Feb/2004:10:39:16 -0800] "GET /ncaa/pdf/brackets/NCAA%201982.pdf HTTP/1.1" 200 196608 "http://www.wrestlingstats.com/ncaa/brackets.htm" "Mozilla/4.0 (compatible; MSIE 6.0; Windows NT 5.1; .NET CLR 1.1.4322)"
68.80.208.192 - - [23/Feb/2004:10:39:16 -0800] "GET /ncaa/pdf/brackets/NCAA%201982.pdf HTTP/1.1" 200 244071 "-" "Mozilla/4.0 (compatible; MSIE 6.0; Windows NT 5.1; .NET CLR 1.1.4322)"
144.62.17.67 - - [23/Feb/2004:10:40:49 -0800] "GET /ncaa/pdf/brackets/NCAA%201948.pdf HTTP/1.1" 200 222230 "http://www.wrestlingstats.com/ncaa/brackets.htm" "Mozilla/4.0 (compatible; MSIE 6.0; Windows NT 5.0)"
144.62.17.67 - - [23/Feb/2004:10:40:50 -0800] "GET /ncaa/pdf/brackets/NCAA%201948.pdf HTTP/1.1" 206 218079 "-" "Mozilla/4.0 (compatible; MSIE 6.0; Windows NT 5.0)"
165.201.93.72 - - [23/Feb/2004:10:42:04 -0800] "GET /ncaa/brackets.htm HTTP/1.0" 200 2775 "http://www.wrestlinghalloffame.org/history/" "Mozilla/4.0 (compatible; MSIE 6.0; Windows NT 5.1; .NET CLR 1.1.4322)"
165.201.93.71 - - [23/Feb/2004:10:42:07 -0800] "GET /apPopupMenu.class HTTP/1.0" 200 19469 "-" "Mozilla/4.0 (compatible; MSIE 6.0; Win32)"
165.201.93.71 - - [23/Feb/2004:10:42:07 -0800] "GET /images/home32.gif HTTP/1.0" 200 287 "-" "Mozilla/4.0 (compatible; MSIE 6.0; Win32)"
165.201.93.72 - - [23/Feb/2004:10:42:07 -0800] "GET /images/mail32.gif HTTP/1.0" 200 317 "-" "Mozilla/4.0 (compatible; MSIE 6.0; Win32)"
68.80.208.192 - - [23/Feb/2004:10:42:08 -0800] "GET /ncaa/brackets.htm HTTP/1.1" 200 2797 "http://www.wrestlinghalloffame.org/champions/?teams&team=184" "Mozilla/4.0 (compatible; MSIE 6.0; Windows NT 5.1; .NET CLR 1.1.4322)"
68.80.208.192 - - [23/Feb/2004:10:42:11 -0800] "GET /ncaa/pdf/brackets/NCAA%201981.pdf HTTP/1.1" 200 228281 "http://www.wrestlingstats.com/ncaa/brackets.htm" "Mozilla/4.0 (compatible; MSIE 6.0; Windows NT 5.1; .NET CLR 1.1.4322)"
68.80.208.192 - - [23/Feb/2004:10:42:11 -0800] "GET /ncaa/pdf/brackets/NCAA%201981.pdf HTTP/1.1" 200 228281 "-" "Mozilla/4.0 (compatible; MSIE 6.0; Windows NT 5.1; .NET CLR 1.1.4322)"
165.201.93.72 - - [23/Feb/2004:10:42:15 -0800] "GET /ncaa/pdf/brackets/NCAA%202000.pdf HTTP/1.0" 200 231911 "http://www.wrestlingstats.com/ncaa/brackets.htm" "Mozilla/4.0 (compatible; MSIE 6.0; Windows NT 5.1; .NET CLR 1.1.4322)"
165.201.93.72 - - [23/Feb/2004:10:42:16 -0800] "GET /ncaa/pdf/brackets/NCAA%202000.pdf HTTP/1.0" 206 230695 "-" "Mozilla/4.0 (compatible; MSIE 6.0; Windows NT 5.1; .NET CLR 1.1.4322)"
144.62.17.67 - - [23/Feb/2004:10:44:01 -0800] "GET /ncaa/pdf/brackets/NCAA%201947.pdf HTTP/1.1" 200 113226 "http://www.wrestlingstats.com/ncaa/brackets.htm" "Mozilla/4.0 (compatible; MSIE 6.0; Windows NT 5.0)"
144.62.17.67 - - [23/Feb/2004:10:44:02 -0800] "GET /ncaa/pdf/brackets/NCAA%201947.pdf HTTP/1.1" 206 109075 "-" "Mozilla/4.0 (compatible; MSIE 6.0; Windows NT 5.0)"
68.80.208.192 - - [23/Feb/2004:10:44:43 -0800] "GET /ncaa/brackets.htm HTTP/1.1" 200 2796 "http://www.wrestlinghalloffame.org/champions/?teams&team=184" "Mozilla/4.0 (compatible; MSIE 6.0; Windows NT 5.1; .NET CLR 1.1.4322)"
68.80.208.192 - - [23/Feb/2004:10:44:46 -0800] "GET /ncaa/pdf/brackets/NCAA%201980.pdf HTTP/1.1" 200 222124 "http://www.wrestlingstats.com/ncaa/brackets.htm" "Mozilla/4.0 (compatible; MSIE 6.0; Windows NT 5.1; .NET CLR 1.1.4322)"
68.80.208.192 - - [23/Feb/2004:10:44:46 -0800] "GET /ncaa/pdf/brackets/NCAA%201980.pdf HTTP/1.1" 200 222124 "-" "Mozilla/4.0 (compatible; MSIE 6.0; Windows NT 5.1; .NET CLR 1.1.4322)"
208.39.153.3 - - [23/Feb/2004:10:45:50 -0800] "GET /ncaa/brackets.htm HTTP/1.1" 200 2796 "http://www.google.com/search?hl=en&lr=&ie=UTF-8&oe=UTF-8&q=+tournament+bracket+sheets" "Mozilla/4.0 (compatible; MSIE 6.0; Windows NT 5.0; .NET CLR 1.1.4322)"
144.62.17.67 - - [23/Feb/2004:10:45:50 -0800] "GET /ncaa/pdf/NCAA%20Bout%20Scoring.pdf HTTP/1.1" 200 46083 "http://www.wrestlingstats.com/ncaa/brackets.htm" "Mozilla/4.0 (compatible; MSIE 6.0; Windows NT 5.0)"
144.62.17.67 - - [23/Feb/2004:10:45:51 -0800] "GET /ncaa/pdf/NCAA%20Bout%20Scoring.pdf HTTP/1.1" 206 41930 "-" "Mozilla/4.0 (compatible; MSIE 6.0; Windows NT 5.0)"
144.62.17.67 - - [23/Feb/2004:10:45:51 -0800] "GET /ncaa/pdf/NCAA%20Bout%20Scoring.pdf HTTP/1.1" 206 38217 "-" "Mozilla/4.0 (compatible; MSIE 6.0; Windows NT 5.0)"
208.39.153.3 - - [23/Feb/2004:10:45:52 -0800] "GET /apPopupMenu.class HTTP/1.1" 200 19469 "-" "Mozilla/4.0 (compatible; MSIE 6.0; Win32)"
208.39.153.3 - - [23/Feb/2004:10:45:53 -0800] "GET /images/home32.gif HTTP/1.1" 200 287 "-" "Mozilla/4.0 (compatible; MSIE 6.0; Win32)"
208.39.153.3 - - [23/Feb/2004:10:45:54 -0800] "GET /images/mail32.gif HTTP/1.1" 200 317 "-" "Mozilla/4.0 (compatible; MSIE 6.0; Win32)"
129.25.28.9 - - [23/Feb/2004:10:45:54 -0800] "GET / HTTP/1.1" 200 1755 "-" "Mozilla/4.0 (compatible; MSIE 6.0; Windows NT 5.0; .NET CLR 1.1.4322)"
129.25.28.9 - - [23/Feb/2004:10:45:54 -0800] "GET /NCAA2003.jpg HTTP/1.1" 200 84807 "http://www.wrestlingstats.com/" "Mozilla/4.0 (compatible; MSIE 6.0; Windows NT 5.0; .NET CLR 1.1.4322)"
129.25.28.9 - - [23/Feb/2004:10:45:55 -0800] "GET /apPopupMenu.class HTTP/1.1" 200 19469 "-" "Mozilla/4.0 (compatible; MSIE 6.0; Win32)"
129.25.28.9 - - [23/Feb/2004:10:45:55 -0800] "GET /images/home32.gif HTTP/1.1" 200 287 "-" "Mozilla/4.0 (compatible; MSIE 6.0; Win32)"
129.25.28.9 - - [23/Feb/2004:10:45:55 -0800] "GET /images/mail32.gif HTTP/1.1" 200 317 "-" "Mozilla/4.0 (compatible; MSIE 6.0; Win32)"
208.39.153.3 - - [23/Feb/2004:10:45:57 -0800] "GET /ncaa/pdf/brackets/NCAA%202003.pdf HTTP/1.1" 200 144218 "http://www.wrestlingstats.com/ncaa/brackets.htm" "Mozilla/4.0 (compatible; MSIE 6.0; Windows NT 5.0; .NET CLR 1.1.4322)"
208.39.153.3 - - [23/Feb/2004:10:45:58 -0800] "GET /ncaa/pdf/brackets/NCAA%202003.pdf HTTP/1.1" 200 144218 "-" "Mozilla/4.0 (compatible; MSIE 6.0; Windows NT 5.0; .NET CLR 1.1.4322)"
208.39.153.3 - - [23/Feb/2004:10:45:58 -0800] "GET /ncaa/pdf/brackets/NCAA%202003.pdf HTTP/1.1" 206 140737 "-" "Mozilla/4.0 (compatible; MSIE 6.0; Windows NT 5.0; .NET CLR 1.1.4322)"
129.25.28.9 - - [23/Feb/2004:10:46:01 -0800] "GET /ncaa/brackets.htm HTTP/1.1" 200 2797 "-" "Mozilla/4.0 (compatible; MSIE 6.0; Windows NT 5.0; .NET CLR 1.1.4322)"
129.25.28.9 - - [23/Feb/2004:10:46:03 -0800] "GET /ncaa/pdf/brackets/NCAA%201989.pdf HTTP/1.1" 200 196608 "http://www.wrestlingstats.com/ncaa/brackets.htm" "Mozilla/4.0 (compatible; MSIE 6.0; Windows NT 5.0; .NET CLR 1.1.4322)"
129.25.28.9 - - [23/Feb/2004:10:46:04 -0800] "GET /ncaa/pdf/brackets/NCAA%201989.pdf HTTP/1.1" 200 253042 "-" "Mozilla/4.0 (compatible; MSIE 6.0; Windows NT 5.0; .NET CLR 1.1.4322)"
208.39.153.3 - - [23/Feb/2004:10:46:07 -0800] "GET /ncaa/brackets.htm HTTP/1.1" 200 2796 "http://www.google.com/search?hl=en&lr=&ie=UTF-8&oe=UTF-8&q=+tournament+bracket+sheets" "Mozilla/4.0 (compatible; MSIE 6.0; Windows NT 5.0; .NET CLR 1.1.4322)"
129.25.28.9 - - [23/Feb/2004:10:46:10 -0800] "GET /ncaa/pdf/brackets/NCAA%201989.pdf HTTP/1.1" 206 138703 "-" "Mozilla/4.0 (compatible; MSIE 6.0; Windows NT 5.0; .NET CLR 1.1.4322)"
68.80.208.192 - - [23/Feb/2004:10:46:44 -0800] "GET /ncaa/brackets.htm HTTP/1.1" 200 2797 "http://www.wrestlinghalloffame.org/champions/?teams&team=184" "Mozilla/4.0 (compatible; MSIE 6.0; Windows NT 5.1; .NET CLR 1.1.4322)"
68.80.208.192 - - [23/Feb/2004:10:46:48 -0800] "GET /ncaa/pdf/brackets/NCAA%201979.pdf HTTP/1.1" 200 221713 "http://www.wrestlingstats.com/ncaa/brackets.htm" "Mozilla/4.0 (compatible; MSIE 6.0; Windows NT 5.1; .NET CLR 1.1.4322)"
68.80.208.192 - - [23/Feb/2004:10:46:49 -0800] "GET /ncaa/pdf/brackets/NCAA%201979.pdf HTTP/1.1" 200 221713 "-" "Mozilla/4.0 (compatible; MSIE 6.0; Windows NT 5.1; .NET CLR 1.1.4322)"
68.80.208.192 - - [23/Feb/2004:10:46:49 -0800] "GET /ncaa/pdf/brackets/NCAA%201979.pdf HTTP/1.1" 206 218525 "-" "Mozilla/4.0 (compatible; MSIE 6.0; Windows NT 5.1; .NET CLR 1.1.4322)"
68.80.208.192 - - [23/Feb/2004:10:47:54 -0800] "GET /ncaa/brackets.htm HTTP/1.1" 200 2797 "http://www.wrestlinghalloffame.org/champions/?teams&team=184" "Mozilla/4.0 (compatible; MSIE 6.0; Windows NT 5.1; .NET CLR 1.1.4322)"
68.80.208.192 - - [23/Feb/2004:10:47:59 -0800] "GET /ncaa/pdf/brackets/NCAA%201978.pdf HTTP/1.1" 200 135019 "http://www.wrestlingstats.com/ncaa/brackets.htm" "Mozilla/4.0 (compatible; MSIE 6.0; Windows NT 5.1; .NET CLR 1.1.4322)"
68.80.208.192 - - [23/Feb/2004:10:47:59 -0800] "GET /ncaa/pdf/brackets/NCAA%201978.pdf HTTP/1.1" 200 135019 "-" "Mozilla/4.0 (compatible; MSIE 6.0; Windows NT 5.1; .NET CLR 1.1.4322)"
68.80.208.192 - - [23/Feb/2004:10:48:00 -0800] "GET /ncaa/pdf/brackets/NCAA%201978.pdf HTTP/1.1" 206 131546 "-" "Mozilla/4.0 (compatible; MSIE 6.0; Windows NT 5.1; .NET CLR 1.1.4322)"
129.25.28.9 - - [23/Feb/2004:10:48:42 -0800] "GET /ncaa/brackets.htm HTTP/1.1" 200 2797 "-" "Mozilla/4.0 (compatible; MSIE 6.0; Windows NT 5.0; .NET CLR 1.1.4322)"
129.25.28.9 - - [23/Feb/2004:10:48:47 -0800] "GET /ncaa/pdf/brackets/NCAA%201990.pdf HTTP/1.1" 200 232154 "http://www.wrestlingstats.com/ncaa/brackets.htm" "Mozilla/4.0 (compatible; MSIE 6.0; Windows NT 5.0; .NET CLR 1.1.4322)"
129.25.28.9 - - [23/Feb/2004:10:48:48 -0800] "GET /ncaa/pdf/brackets/NCAA%201990.pdf HTTP/1.1" 200 232154 "-" "Mozilla/4.0 (compatible; MSIE 6.0; Windows NT 5.0; .NET CLR 1.1.4322)"
129.25.28.9 - - [23/Feb/2004:10:49:24 -0800] "GET /ncaa/brackets.htm HTTP/1.1" 200 2798 "-" "Mozilla/4.0 (compatible; MSIE 6.0; Windows NT 5.0; .NET CLR 1.1.4322)"
144.62.17.67 - - [23/Feb/2004:10:49:26 -0800] "GET /index.html HTTP/1.1" 200 1755 "-" "Mozilla/4.0 (compatible; MSIE 6.0; Windows NT 5.0)"
129.25.28.9 - - [23/Feb/2004:10:49:27 -0800] "GET /ncaa/pdf/brackets/NCAA%201988.pdf HTTP/1.1" 200 196608 "http://www.wrestlingstats.com/ncaa/brackets.htm" "Mozilla/4.0 (compatible; MSIE 6.0; Windows NT 5.0; .NET CLR 1.1.4322)"
129.25.28.9 - - [23/Feb/2004:10:49:27 -0800] "GET /ncaa/pdf/brackets/NCAA%201988.pdf HTTP/1.1" 200 229279 "-" "Mozilla/4.0 (compatible; MSIE 6.0; Windows NT 5.0; .NET CLR 1.1.4322)"
129.25.28.9 - - [23/Feb/2004:10:49:27 -0800] "GET /ncaa/pdf/brackets/NCAA%201988.pdf HTTP/1.1" 206 226080 "-" "Mozilla/4.0 (compatible; MSIE 6.0; Windows NT 5.0; .NET CLR 1.1.4322)"
68.80.208.192 - - [23/Feb/2004:10:49:35 -0800] "GET /ncaa/brackets.htm HTTP/1.1" 200 2797 "http://www.wrestlinghalloffame.org/champions/?teams&team=184" "Mozilla/4.0 (compatible; MSIE 6.0; Windows NT 5.1; .NET CLR 1.1.4322)"
144.62.17.67 - - [23/Feb/2004:10:49:38 -0800] "GET /favicon.ico HTTP/1.1" 404 363 "-" "Mozilla/4.0 (compatible; MSIE 6.0; Windows NT 5.0)"
68.80.208.192 - - [23/Feb/2004:10:49:38 -0800] "GET /ncaa/pdf/brackets/NCAA%201977.pdf HTTP/1.1" 200 131072 "http://www.wrestlingstats.com/ncaa/brackets.htm" "Mozilla/4.0 (compatible; MSIE 6.0; Windows NT 5.1; .NET CLR 1.1.4322)"
68.80.208.192 - - [23/Feb/2004:10:49:38 -0800] "GET /ncaa/pdf/brackets/NCAA%201977.pdf HTTP/1.1" 200 225054 "-" "Mozilla/4.0 (compatible; MSIE 6.0; Windows NT 5.1; .NET CLR 1.1.4322)"
129.25.28.9 - - [23/Feb/2004:10:50:01 -0800] "GET /ncaa/brackets.htm HTTP/1.1" 200 2797 "-" "Mozilla/4.0 (compatible; MSIE 6.0; Windows NT 5.0; .NET CLR 1.1.4322)"
129.25.28.9 - - [23/Feb/2004:10:50:05 -0800] "GET /ncaa/pdf/brackets/NCAA%201987.pdf HTTP/1.1" 200 228177 "http://www.wrestlingstats.com/ncaa/brackets.htm" "Mozilla/4.0 (compatible; MSIE 6.0; Windows NT 5.0; .NET CLR 1.1.4322)"
129.25.28.9 - - [23/Feb/2004:10:50:05 -0800] "GET /ncaa/pdf/brackets/NCAA%201987.pdf HTTP/1.1" 200 228177 "-" "Mozilla/4.0 (compatible; MSIE 6.0; Windows NT 5.0; .NET CLR 1.1.4322)"
129.25.28.9 - - [23/Feb/2004:10:50:05 -0800] "GET /ncaa/pdf/brackets/NCAA%201987.pdf HTTP/1.1" 206 224978 "-" "Mozilla/4.0 (compatible; MSIE 6.0; Windows NT 5.0; .NET CLR 1.1.4322)"
68.80.208.192 - - [23/Feb/2004:10:50:21 -0800] "GET /ncaa/brackets.htm HTTP/1.1" 200 2796 "http://www.wrestlinghalloffame.org/champions/?teams&team=184" "Mozilla/4.0 (compatible; MSIE 6.0; Windows NT 5.1; .NET CLR 1.1.4322)"
129.25.28.9 - - [23/Feb/2004:10:50:24 -0800] "GET /ncaa/brackets.htm HTTP/1.1" 200 2798 "-" "Mozilla/4.0 (compatible; MSIE 6.0; Windows NT 5.0; .NET CLR 1.1.4322)"
68.80.208.192 - - [23/Feb/2004:10:50:26 -0800] "GET /ncaa/pdf/brackets/NCAA%201976.pdf HTTP/1.1" 200 196608 "http://www.wrestlingstats.com/ncaa/brackets.htm" "Mozilla/4.0 (compatible; MSIE 6.0; Windows NT 5.1; .NET CLR 1.1.4322)"
68.80.208.192 - - [23/Feb/2004:10:50:27 -0800] "GET /ncaa/pdf/brackets/NCAA%201976.pdf HTTP/1.1" 200 215763 "-" "Mozilla/4.0 (compatible; MSIE 6.0; Windows NT 5.1; .NET CLR 1.1.4322)"
68.80.208.192 - - [23/Feb/2004:10:50:27 -0800] "GET /ncaa/pdf/brackets/NCAA%201976.pdf HTTP/1.1" 206 212480 "-" "Mozilla/4.0 (compatible; MSIE 6.0; Windows NT 5.1; .NET CLR 1.1.4322)"
129.25.28.9 - - [23/Feb/2004:10:50:59 -0800] "GET / HTTP/1.1" 200 1755 "-" "Mozilla/4.0 (compatible; MSIE 6.0; Windows NT 5.0; .NET CLR 1.1.4322)"
129.25.28.9 - - [23/Feb/2004:10:50:59 -0800] "GET /NCAA2003.jpg HTTP/1.1" 200 84807 "http://www.wrestlingstats.com/" "Mozilla/4.0 (compatible; MSIE 6.0; Windows NT 5.0; .NET CLR 1.1.4322)"
129.25.28.9 - - [23/Feb/2004:10:51:09 -0800] "GET /ncaa/brackets.htm HTTP/1.1" 200 2798 "-" "Mozilla/4.0 (compatible; MSIE 6.0; Windows NT 5.0; .NET CLR 1.1.4322)"
129.25.28.9 - - [23/Feb/2004:10:51:11 -0800] "GET /ncaa/pdf/brackets/NCAA%201998.pdf HTTP/1.1" 200 231756 "http://www.wrestlingstats.com/ncaa/brackets.htm" "Mozilla/4.0 (compatible; MSIE 6.0; Windows NT 5.0; .NET CLR 1.1.4322)"
129.25.28.9 - - [23/Feb/2004:10:51:11 -0800] "GET /ncaa/pdf/brackets/NCAA%201998.pdf HTTP/1.1" 200 231756 "-" "Mozilla/4.0 (compatible; MSIE 6.0; Windows NT 5.0; .NET CLR 1.1.4322)"
68.80.208.192 - - [23/Feb/2004:10:51:18 -0800] "GET /ncaa/brackets.htm HTTP/1.1" 200 2797 "http://www.wrestlinghalloffame.org/champions/?teams&team=184" "Mozilla/4.0 (compatible; MSIE 6.0; Windows NT 5.1; .NET CLR 1.1.4322)"
68.80.208.192 - - [23/Feb/2004:10:51:21 -0800] "GET /ncaa/pdf/brackets/NCAA%201975.pdf HTTP/1.1" 200 219309 "http://www.wrestlingstats.com/ncaa/brackets.htm" "Mozilla/4.0 (compatible; MSIE 6.0; Windows NT 5.1; .NET CLR 1.1.4322)"
68.80.208.192 - - [23/Feb/2004:10:51:21 -0800] "GET /ncaa/pdf/brackets/NCAA%201975.pdf HTTP/1.1" 200 219309 "-" "Mozilla/4.0 (compatible; MSIE 6.0; Windows NT 5.1; .NET CLR 1.1.4322)"
68.80.208.192 - - [23/Feb/2004:10:51:22 -0800] "GET /ncaa/pdf/brackets/NCAA%201975.pdf HTTP/1.1" 206 216121 "-" "Mozilla/4.0 (compatible; MSIE 6.0; Windows NT 5.1; .NET CLR 1.1.4322)"
68.80.208.192 - - [23/Feb/2004:10:52:46 -0800] "GET /ncaa/brackets.htm HTTP/1.1" 200 2796 "http://www.wrestlinghalloffame.org/champions/?teams&team=184" "Mozilla/4.0 (compatible; MSIE 6.0; Windows NT 5.1; .NET CLR 1.1.4322)"
68.80.208.192 - - [23/Feb/2004:11:03:17 -0800] "GET /ncaa/brackets.htm HTTP/1.1" 200 2797 "http://www.wrestlinghalloffame.org/champions/?teams&team=184" "Mozilla/4.0 (compatible; MSIE 6.0; Windows NT 5.1; .NET CLR 1.1.4322)"
68.80.208.192 - - [23/Feb/2004:11:03:25 -0800] "GET /ncaa/pdf/brackets/NCAA%201967.pdf HTTP/1.1" 200 216170 "http://www.wrestlingstats.com/ncaa/brackets.htm" "Mozilla/4.0 (compatible; MSIE 6.0; Windows NT 5.1; .NET CLR 1.1.4322)"
68.80.208.192 - - [23/Feb/2004:11:03:25 -0800] "GET /ncaa/pdf/brackets/NCAA%201967.pdf HTTP/1.1" 200 216170 "-" "Mozilla/4.0 (compatible; MSIE 6.0; Windows NT 5.1; .NET CLR 1.1.4322)"
68.80.208.192 - - [23/Feb/2004:11:03:25 -0800] "GET /ncaa/pdf/brackets/NCAA%201967.pdf HTTP/1.1" 206 212887 "-" "Mozilla/4.0 (compatible; MSIE 6.0; Windows NT 5.1; .NET CLR 1.1.4322)"
67.31.189.14 - - [23/Feb/2004:11:03:30 -0800] "GET /ncaa/pdf/brackets/NCAA%201954.pdf HTTP/1.1" 200 190873 "http://www.google.com/custom?hl=en&lr=&ie=ISO-8859-1&cof=AWFID%3A0e998881b29995b0%3BL%3Ahttp%3A%2F%2Fwww.yourpcpartner.com%2FCastelliniGIF.gif%3BLH%3A113%3BLW%3A130%3BAH%3Acenter%3BS%3Ahttp%3A%2F%2Fwww.yourpcpartner.com%2Fradio.htm%3B&domains=www.yourpcpartner.com&q=bob+broughton%2Cwrestling&btnG=Google+Search&sitesearch=" "Mozilla/4.0 (compatible; MSIE 6.0; Windows NT 5.1; Q312461; YComp 5.0.0.0)"
67.31.189.14 - - [23/Feb/2004:11:03:32 -0800] "GET /ncaa/pdf/brackets/NCAA%201954.pdf HTTP/1.1" 200 190873 "-" "Mozilla/4.0 (compatible; MSIE 6.0; Windows NT 5.1; Q312461; YComp 5.0.0.0)"
67.31.189.14 - - [23/Feb/2004:11:03:39 -0800] "GET /ncaa/pdf/brackets/NCAA%201954.pdf HTTP/1.1" 206 90614 "-" "Mozilla/4.0 (compatible; MSIE 6.0; Windows NT 5.1; Q312461; YComp 5.0.0.0)"
68.80.208.192 - - [23/Feb/2004:11:04:03 -0800] "GET /ncaa/brackets.htm HTTP/1.1" 200 2796 "http://www.wrestlinghalloffame.org/champions/?teams&team=184" "Mozilla/4.0 (compatible; MSIE 6.0; Windows NT 5.1; .NET CLR 1.1.4322)"
68.80.208.192 - - [23/Feb/2004:11:04:06 -0800] "GET /ncaa/pdf/brackets/NCAA%201968.pdf HTTP/1.1" 200 139554 "http://www.wrestlingstats.com/ncaa/brackets.htm" "Mozilla/4.0 (compatible; MSIE 6.0; Windows NT 5.1; .NET CLR 1.1.4322)"
68.80.208.192 - - [23/Feb/2004:11:04:06 -0800] "GET /ncaa/pdf/brackets/NCAA%201968.pdf HTTP/1.1" 200 139554 "-" "Mozilla/4.0 (compatible; MSIE 6.0; Windows NT 5.1; .NET CLR 1.1.4322)"
68.80.208.192 - - [23/Feb/2004:11:04:07 -0800] "GET /ncaa/pdf/brackets/NCAA%201968.pdf HTTP/1.1" 206 136081 "-" "Mozilla/4.0 (compatible; MSIE 6.0; Windows NT 5.1; .NET CLR 1.1.4322)"
67.31.189.14 - - [23/Feb/2004:11:04:22 -0800] "GET /ncaa/pdf/brackets/NCAA%201954.pdf HTTP/1.1" 206 54078 "-" "Mozilla/4.0 (compatible; MSIE 6.0; Windows NT 5.1; Q312461; YComp 5.0.0.0)"
68.80.208.192 - - [23/Feb/2004:11:04:30 -0800] "GET /ncaa/brackets.htm HTTP/1.1" 200 2797 "http://www.wrestlinghalloffame.org/champions/?teams&team=184" "Mozilla/4.0 (compatible; MSIE 6.0; Windows NT 5.1; .NET CLR 1.1.4322)"
