68.49.68.253 - - [25/Feb/2004:20:39:10 -0800] "GET /ncaa/pdf/brackets/NCAA%201991.pdf HTTP/1.1" 206 1024 "-" "Mozilla/4.0 (compatible; MSIE 5.5; Windows 98; Win 9x 4.90; .NET CLR 1.1.4322)"
68.49.68.253 - - [25/Feb/2004:20:39:11 -0800] "GET /ncaa/pdf/brackets/NCAA%201991.pdf HTTP/1.1" 206 382 "-" "Mozilla/4.0 (compatible; MSIE 5.5; Windows 98; Win 9x 4.90; .NET CLR 1.1.4322)"
68.49.68.253 - - [25/Feb/2004:20:39:15 -0800] "GET /ncaa/pdf/brackets/NCAA%201991.pdf HTTP/1.1" 206 57818 "-" "Mozilla/4.0 (compatible; MSIE 5.5; Windows 98; Win 9x 4.90; .NET CLR 1.1.4322)"
68.49.68.253 - - [25/Feb/2004:20:39:18 -0800] "GET /ncaa/pdf/brackets/NCAA%201991.pdf HTTP/1.1" 206 4659 "-" "Mozilla/4.0 (compatible; MSIE 5.5; Windows 98; Win 9x 4.90; .NET CLR 1.1.4322)"
24.169.66.254 - - [25/Feb/2004:20:39:27 -0800] "GET /ncaa/pdf/brackets/NCAA%201937.pdf HTTP/1.1" 200 109358 "http://www.google.com/search?hl=en&ie=UTF-8&oe=UTF-8&q=odanuki+%2B+wrestling" "Mozilla/4.0 (compatible; MSIE 6.0; Windows 98; Win 9x 4.90)"
24.169.66.254 - - [25/Feb/2004:20:39:28 -0800] "GET /ncaa/pdf/brackets/NCAA%201937.pdf HTTP/1.1" 206 105207 "-" "Mozilla/4.0 (compatible; MSIE 6.0; Windows 98; Win 9x 4.90)"
63.117.66.131 - - [25/Feb/2004:20:39:34 -0800] "GET /ncaa/pdf/brackets/NCAA%201991.pdf HTTP/1.1" 200 229431 "-" "Mozilla/4.0 (compatible; MSIE 6.0; Windows NT 5.1; .NET CLR 1.1.4322)"
63.117.66.131 - - [25/Feb/2004:20:39:44 -0800] "GET /ncaa/pdf/brackets/NCAA%201991.pdf HTTP/1.1" 304 - "-" "Mozilla/4.0 (compatible; MSIE 6.0; Windows NT 5.1; .NET CLR 1.1.4322)"
68.49.68.253 - - [25/Feb/2004:20:39:52 -0800] "GET /ncaa/pdf/brackets/NCAA%201991.pdf HTTP/1.1" 206 3599 "-" "Mozilla/4.0 (compatible; MSIE 5.5; Windows 98; Win 9x 4.90; .NET CLR 1.1.4322)"
68.49.68.253 - - [25/Feb/2004:20:39:52 -0800] "GET /ncaa/pdf/brackets/NCAA%201991.pdf HTTP/1.1" 206 1823 "-" "Mozilla/4.0 (compatible; MSIE 5.5; Windows 98; Win 9x 4.90; .NET CLR 1.1.4322)"
68.49.68.253 - - [25/Feb/2004:20:39:58 -0800] "GET /ncaa/pdf/brackets/NCAA%201991.pdf HTTP/1.1" 206 2826 "-" "Mozilla/4.0 (compatible; MSIE 5.5; Windows 98; Win 9x 4.90; .NET CLR 1.1.4322)"
68.49.68.253 - - [25/Feb/2004:20:40:00 -0800] "GET /ncaa/pdf/brackets/NCAA%201991.pdf HTTP/1.1" 206 2527 "-" "Mozilla/4.0 (compatible; MSIE 5.5; Windows 98; Win 9x 4.90; .NET CLR 1.1.4322)"
68.49.68.253 - - [25/Feb/2004:20:40:03 -0800] "GET /ncaa/pdf/brackets/NCAA%201991.pdf HTTP/1.1" 206 3884 "-" "Mozilla/4.0 (compatible; MSIE 5.5; Windows 98; Win 9x 4.90; .NET CLR 1.1.4322)"
68.49.68.253 - - [25/Feb/2004:20:40:05 -0800] "GET /ncaa/pdf/brackets/NCAA%201991.pdf HTTP/1.1" 206 2471 "-" "Mozilla/4.0 (compatible; MSIE 5.5; Windows 98; Win 9x 4.90; .NET CLR 1.1.4322)"
63.117.66.131 - - [25/Feb/2004:20:40:12 -0800] "GET /ncaa/pdf/brackets/NCAA%201991.pdf HTTP/1.1" 304 - "-" "Mozilla/4.0 (compatible; MSIE 6.0; Windows NT 5.1; .NET CLR 1.1.4322)"
24.169.66.254 - - [25/Feb/2004:20:40:33 -0800] "GET /ncaa/pdf/brackets/NCAA%201985.pdf HTTP/1.1" 200 223425 "-" "Mozilla/4.0 (compatible; MSIE 6.0; Windows 98; Win 9x 4.90)"
63.117.66.131 - - [25/Feb/2004:20:40:34 -0800] "GET /ncaa/pdf/brackets/NCAA%201991.pdf HTTP/1.1" 304 - "-" "Mozilla/4.0 (compatible; MSIE 6.0; Windows NT 5.1; .NET CLR 1.1.4322)"
24.169.66.254 - - [25/Feb/2004:20:40:38 -0800] "GET /ncaa/pdf/brackets/NCAA%201985.pdf HTTP/1.1" 206 215233 "-" "Mozilla/4.0 (compatible; MSIE 6.0; Windows 98; Win 9x 4.90)"
68.49.68.253 - - [25/Feb/2004:20:40:39 -0800] "GET /ncaa/pdf/brackets/NCAA%201991.pdf HTTP/1.1" 206 597 "-" "Mozilla/4.0 (compatible; MSIE 5.5; Windows 98; Win 9x 4.90; .NET CLR 1.1.4322)"
63.117.66.131 - - [25/Feb/2004:20:41:35 -0800] "GET /ncaa/pdf/brackets/NCAA%201991.pdf HTTP/1.1" 304 - "-" "Mozilla/4.0 (compatible; MSIE 6.0; Windows NT 5.1; .NET CLR 1.1.4322)"
63.117.66.131 - - [25/Feb/2004:20:41:54 -0800] "GET / HTTP/1.1" 200 1754 "-" "Mozilla/4.0 (compatible; MSIE 6.0; Windows NT 5.1; .NET CLR 1.1.4322)"
63.117.66.131 - - [25/Feb/2004:20:41:54 -0800] "GET /NCAA2003.jpg HTTP/1.1" 200 84807 "http://www.wrestlingstats.com/" "Mozilla/4.0 (compatible; MSIE 6.0; Windows NT 5.1; .NET CLR 1.1.4322)"
63.117.66.131 - - [25/Feb/2004:20:41:55 -0800] "GET /apPopupMenu.class HTTP/1.1" 200 19469 "-" "Java 1.1"
63.117.66.131 - - [25/Feb/2004:20:41:55 -0800] "GET /images/home32.gif HTTP/1.1" 200 287 "-" "Java 1.1"
63.117.66.131 - - [25/Feb/2004:20:41:56 -0800] "GET /images/mail32.gif HTTP/1.1" 200 317 "-" "Java 1.1"
63.117.66.131 - - [25/Feb/2004:20:41:56 -0800] "GET /apPopupMenuBeanInfo.class HTTP/1.1" 404 363 "-" "Java 1.1"
24.169.66.254 - - [25/Feb/2004:20:42:08 -0800] "GET /ncaa/pdf/brackets/NCAA%201986.pdf HTTP/1.1" 200 227750 "-" "Mozilla/4.0 (compatible; MSIE 6.0; Windows 98; Win 9x 4.90)"
24.169.66.254 - - [25/Feb/2004:20:42:08 -0800] "GET /ncaa/pdf/brackets/NCAA%201986.pdf HTTP/1.1" 206 223599 "-" "Mozilla/4.0 (compatible; MSIE 6.0; Windows 98; Win 9x 4.90)"
63.117.66.131 - - [25/Feb/2004:20:42:17 -0800] "GET /apPopupMenu$COMClassObject.class HTTP/1.1" 404 363 "-" "Java 1.1"
63.117.66.131 - - [25/Feb/2004:20:42:19 -0800] "GET /ncaa/brackets.htm HTTP/1.1" 200 2797 "-" "Mozilla/4.0 (compatible; MSIE 6.0; Windows NT 5.1; .NET CLR 1.1.4322)"
68.49.68.253 - - [25/Feb/2004:20:42:25 -0800] "GET /ncaa/pdf/brackets/NCAA%201991.pdf HTTP/1.1" 206 217086 "-" "Mozilla/4.0 (compatible; MSIE 5.5; Windows 98; Win 9x 4.90; .NET CLR 1.1.4322)"
68.49.68.253 - - [25/Feb/2004:20:42:25 -0800] "GET /ncaa/pdf/brackets/NCAA%201991.pdf HTTP/1.1" 206 217086 "-" "contype"
68.49.68.253 - - [25/Feb/2004:20:42:25 -0800] "GET /ncaa/pdf/brackets/NCAA%201991.pdf HTTP/1.1" 206 217086 "-" "Mozilla/4.0 (compatible; MSIE 5.5; Windows 98; Win 9x 4.90; .NET CLR 1.1.4322)"
68.49.68.253 - - [25/Feb/2004:20:42:26 -0800] "GET /ncaa/pdf/brackets/NCAA%201991.pdf HTTP/1.1" 206 899 "-" "Mozilla/4.0 (compatible; MSIE 5.5; Windows 98; Win 9x 4.90; .NET CLR 1.1.4322)"
68.49.68.253 - - [25/Feb/2004:20:42:26 -0800] "GET /ncaa/pdf/brackets/NCAA%201991.pdf HTTP/1.1" 206 90357 "-" "Mozilla/4.0 (compatible; MSIE 5.5; Windows 98; Win 9x 4.90; .NET CLR 1.1.4322)"
68.49.68.253 - - [25/Feb/2004:20:42:27 -0800] "GET /ncaa/pdf/brackets/NCAA%201991.pdf HTTP/1.1" 206 1024 "-" "Mozilla/4.0 (compatible; MSIE 5.5; Windows 98; Win 9x 4.90; .NET CLR 1.1.4322)"
68.49.68.253 - - [25/Feb/2004:20:42:27 -0800] "GET /ncaa/pdf/brackets/NCAA%201991.pdf HTTP/1.1" 206 382 "-" "Mozilla/4.0 (compatible; MSIE 5.5; Windows 98; Win 9x 4.90; .NET CLR 1.1.4322)"
65.169.16.157 - - [25/Feb/2004:20:42:31 -0800] "GET /ncaa/pdf/brackets/NCAA%201963.pdf HTTP/1.1" 200 101917 "http://www.google.com/search?q=Mike+Schonauer&hl=en&lr=&ie=UTF-8&oe=UTF-8" "Mozilla/4.0 (compatible; MSIE 6.0; Windows NT 5.1)"
65.169.16.157 - - [25/Feb/2004:20:42:32 -0800] "GET /ncaa/pdf/brackets/NCAA%201963.pdf HTTP/1.1" 206 98366 "-" "Mozilla/4.0 (compatible; MSIE 6.0; Windows NT 5.1)"
65.169.16.157 - - [25/Feb/2004:20:42:32 -0800] "GET /ncaa/pdf/brackets/NCAA%201963.pdf HTTP/1.1" 206 95442 "-" "Mozilla/4.0 (compatible; MSIE 6.0; Windows NT 5.1)"
63.117.66.131 - - [25/Feb/2004:20:42:48 -0800] "GET /ncaa/pdf/brackets/NCAA%201991.pdf HTTP/1.1" 200 229431 "http://www.wrestlingstats.com/ncaa/brackets.htm" "Mozilla/4.0 (compatible; MSIE 6.0; Windows NT 5.1; .NET CLR 1.1.4322)"
63.117.66.131 - - [25/Feb/2004:20:42:58 -0800] "GET /ncaa/pdf/brackets/NCAA%201992.pdf HTTP/1.1" 200 225940 "http://www.wrestlingstats.com/ncaa/brackets.htm" "Mozilla/4.0 (compatible; MSIE 6.0; Windows NT 5.1; .NET CLR 1.1.4322)"
63.117.66.131 - - [25/Feb/2004:20:43:03 -0800] "GET /ncaa/pdf/brackets/NCAA%201992.pdf HTTP/1.1" 206 143369 "http://www.wrestlingstats.com/ncaa/brackets.htm" "Mozilla/4.0 (compatible; MSIE 6.0; Windows NT 5.1; .NET CLR 1.1.4322)"
63.117.66.131 - - [25/Feb/2004:20:43:24 -0800] "GET /ncaa/pdf/brackets/NCAA%201991.pdf HTTP/1.1" 304 - "-" "Mozilla/4.0 (compatible; MSIE 6.0; Windows NT 5.1; .NET CLR 1.1.4322)"
24.169.66.254 - - [25/Feb/2004:20:43:32 -0800] "GET /ncaa/pdf/brackets/NCAA%201987.pdf HTTP/1.1" 200 228177 "-" "Mozilla/4.0 (compatible; MSIE 6.0; Windows 98; Win 9x 4.90)"
24.169.66.254 - - [25/Feb/2004:20:43:36 -0800] "GET /ncaa/pdf/brackets/NCAA%201987.pdf HTTP/1.1" 206 224026 "-" "Mozilla/4.0 (compatible; MSIE 6.0; Windows 98; Win 9x 4.90)"
63.117.66.131 - - [25/Feb/2004:20:44:02 -0800] "GET / HTTP/1.1" 304 - "-" "Mozilla/4.0 (compatible; MSIE 6.0; Windows NT 5.1; .NET CLR 1.1.4322)"
63.117.66.131 - - [25/Feb/2004:20:44:02 -0800] "GET /NCAA2003.jpg HTTP/1.1" 304 - "http://www.wrestlingstats.com" "Mozilla/4.0 (compatible; MSIE 6.0; Windows NT 5.1; .NET CLR 1.1.4322)"
63.117.66.131 - - [25/Feb/2004:20:44:02 -0800] "GET /apPopupMenu.class HTTP/1.1" 304 - "-" "Java 1.1"
63.117.66.131 - - [25/Feb/2004:20:44:03 -0800] "GET /images/home32.gif HTTP/1.1" 304 - "-" "Java 1.1"
63.117.66.131 - - [25/Feb/2004:20:44:03 -0800] "GET /apPopupMenuBeanInfo.class HTTP/1.1" 404 363 "-" "Java 1.1"
63.117.66.131 - - [25/Feb/2004:20:44:03 -0800] "GET /images/mail32.gif HTTP/1.1" 304 - "-" "Java 1.1"
63.117.66.131 - - [25/Feb/2004:20:44:13 -0800] "GET /apPopupMenu$COMClassObject.class HTTP/1.1" 404 363 "-" "Java 1.1"
63.117.66.131 - - [25/Feb/2004:20:44:14 -0800] "GET /lehigh/index.html HTTP/1.1" 200 836 "-" "Mozilla/4.0 (compatible; MSIE 6.0; Windows NT 5.1; .NET CLR 1.1.4322)"
63.117.66.131 - - [25/Feb/2004:20:44:14 -0800] "GET /lehigh/home.php HTTP/1.1" 200 2019 "-" "Mozilla/4.0 (compatible; MSIE 6.0; Windows NT 5.1; .NET CLR 1.1.4322)"
63.117.66.131 - - [25/Feb/2004:20:44:15 -0800] "GET /lehigh/EIWAChamps.jpg HTTP/1.1" 200 42637 "http://www.wrestlingstats.com/lehigh/home.php" "Mozilla/4.0 (compatible; MSIE 6.0; Windows NT 5.1; .NET CLR 1.1.4322)"
63.117.66.131 - - [25/Feb/2004:20:44:15 -0800] "GET /lehigh/apPopupMenu.class HTTP/1.1" 200 19469 "-" "Java 1.1"
63.117.66.131 - - [25/Feb/2004:20:44:16 -0800] "GET /lehigh/pix/home.gif HTTP/1.1" 200 215 "-" "Java 1.1"
63.117.66.131 - - [25/Feb/2004:20:44:16 -0800] "GET /lehigh/pix/apbfind.gif HTTP/1.1" 200 89 "-" "Java 1.1"
63.117.66.131 - - [25/Feb/2004:20:44:16 -0800] "GET /lehigh/apPopupMenuBeanInfo.class HTTP/1.1" 404 363 "-" "Java 1.1"
63.117.66.131 - - [25/Feb/2004:20:44:22 -0800] "GET /lehigh/home.php HTTP/1.1" 200 2019 "-" "Mozilla/4.0 (compatible; MSIE 6.0; Windows NT 5.1; .NET CLR 1.1.4322)"
63.117.66.131 - - [25/Feb/2004:20:44:38 -0800] "GET /lehigh/home.php HTTP/1.1" 200 2019 "-" "Mozilla/4.0 (compatible; MSIE 6.0; Windows NT 5.1; .NET CLR 1.1.4322)"
152.163.252.194 - - [25/Feb/2004:20:44:40 -0800] "GET /ncaa/brackets.htm HTTP/1.0" 200 2834 "http://aolsearch.aol.com/aol/search?query=Iowa+State+Wrestling+Tournament" "Mozilla/4.0 (compatible; MSIE 6.0; AOL 8.0; Windows NT 5.1; .NET CLR 1.0.3705)"
63.117.66.131 - - [25/Feb/2004:20:44:43 -0800] "GET /lehigh/apPopupMenu$COMClassObject.class HTTP/1.1" 404 363 "-" "Java 1.1"
63.117.66.131 - - [25/Feb/2004:20:45:04 -0800] "GET /apPopupMenu$COMClassObject.class HTTP/1.1" 404 363 "-" "Java 1.1"
63.117.66.131 - - [25/Feb/2004:20:45:06 -0800] "GET /ncaa/home.htm HTTP/1.1" 200 2389 "-" "Mozilla/4.0 (compatible; MSIE 6.0; Windows NT 5.1; .NET CLR 1.1.4322)"
63.117.66.131 - - [25/Feb/2004:20:45:06 -0800] "GET /ncaa/ncaa02.jpg HTTP/1.1" 200 81812 "http://www.wrestlingstats.com/ncaa/home.htm" "Mozilla/4.0 (compatible; MSIE 6.0; Windows NT 5.1; .NET CLR 1.1.4322)"
63.117.66.131 - - [25/Feb/2004:20:45:06 -0800] "GET /ncaa/pix/home.gif HTTP/1.1" 404 363 "-" "Java 1.1"
63.117.66.131 - - [25/Feb/2004:20:45:07 -0800] "GET /ncaa/apbfind.gif HTTP/1.1" 200 89 "-" "Java 1.1"
24.169.66.254 - - [25/Feb/2004:20:45:25 -0800] "GET /ncaa/pdf/brackets/NCAA%201988.pdf HTTP/1.1" 200 229279 "-" "Mozilla/4.0 (compatible; MSIE 6.0; Windows 98; Win 9x 4.90)"
24.169.66.254 - - [25/Feb/2004:20:45:26 -0800] "GET /ncaa/pdf/brackets/NCAA%201988.pdf HTTP/1.1" 206 225128 "-" "Mozilla/4.0 (compatible; MSIE 6.0; Windows 98; Win 9x 4.90)"
24.169.66.254 - - [25/Feb/2004:20:46:46 -0800] "GET /ncaa/pdf/brackets/NCAA%201989.pdf HTTP/1.1" 200 196608 "-" "Mozilla/4.0 (compatible; MSIE 6.0; Windows 98; Win 9x 4.90)"
24.169.66.254 - - [25/Feb/2004:20:46:51 -0800] "GET /ncaa/pdf/brackets/NCAA%201989.pdf HTTP/1.1" 206 196608 "-" "Mozilla/4.0 (compatible; MSIE 6.0; Windows 98; Win 9x 4.90)"
24.169.66.254 - - [25/Feb/2004:20:46:51 -0800] "GET /ncaa/pdf/brackets/NCAA%201989.pdf HTTP/1.1" 206 97340 "-" "Mozilla/4.0 (compatible; MSIE 6.0; Windows 98; Win 9x 4.90)"
24.169.66.254 - - [25/Feb/2004:20:46:54 -0800] "GET /ncaa/pdf/brackets/NCAA%201989.pdf HTTP/1.1" 206 34159 "-" "Mozilla/4.0 (compatible; MSIE 6.0; Windows 98; Win 9x 4.90)"
24.169.66.254 - - [25/Feb/2004:20:46:56 -0800] "GET /ncaa/pdf/brackets/NCAA%201989.pdf HTTP/1.1" 206 28126 "-" "Mozilla/4.0 (compatible; MSIE 6.0; Windows 98; Win 9x 4.90)"
24.169.66.254 - - [25/Feb/2004:20:46:58 -0800] "GET /ncaa/pdf/brackets/NCAA%201989.pdf HTTP/1.1" 206 13230 "-" "Mozilla/4.0 (compatible; MSIE 6.0; Windows 98; Win 9x 4.90)"
24.169.66.254 - - [25/Feb/2004:20:47:00 -0800] "GET /ncaa/pdf/brackets/NCAA%201989.pdf HTTP/1.1" 206 13519 "-" "Mozilla/4.0 (compatible; MSIE 6.0; Windows 98; Win 9x 4.90)"
24.169.66.254 - - [25/Feb/2004:20:47:02 -0800] "GET /ncaa/pdf/brackets/NCAA%201989.pdf HTTP/1.1" 206 14455 "-" "Mozilla/4.0 (compatible; MSIE 6.0; Windows 98; Win 9x 4.90)"
24.169.66.254 - - [25/Feb/2004:20:47:04 -0800] "GET /ncaa/pdf/brackets/NCAA%201989.pdf HTTP/1.1" 206 13914 "-" "Mozilla/4.0 (compatible; MSIE 6.0; Windows 98; Win 9x 4.90)"
24.169.66.254 - - [25/Feb/2004:20:47:06 -0800] "GET /ncaa/pdf/brackets/NCAA%201989.pdf HTTP/1.1" 206 12853 "-" "Mozilla/4.0 (compatible; MSIE 6.0; Windows 98; Win 9x 4.90)"
24.169.66.254 - - [25/Feb/2004:20:47:08 -0800] "GET /ncaa/pdf/brackets/NCAA%201989.pdf HTTP/1.1" 206 13953 "-" "Mozilla/4.0 (compatible; MSIE 6.0; Windows 98; Win 9x 4.90)"
24.169.66.254 - - [25/Feb/2004:20:47:10 -0800] "GET /ncaa/pdf/brackets/NCAA%201989.pdf HTTP/1.1" 206 3825 "-" "Mozilla/4.0 (compatible; MSIE 6.0; Windows 98; Win 9x 4.90)"
24.169.66.254 - - [25/Feb/2004:20:47:11 -0800] "GET /ncaa/pdf/brackets/NCAA%201989.pdf HTTP/1.1" 206 3323 "-" "Mozilla/4.0 (compatible; MSIE 6.0; Windows 98; Win 9x 4.90)"
24.169.66.254 - - [25/Feb/2004:20:48:00 -0800] "GET /ncaa/pdf/brackets/NCAA%201990.pdf HTTP/1.1" 200 232154 "-" "Mozilla/4.0 (compatible; MSIE 6.0; Windows 98; Win 9x 4.90)"
24.169.66.254 - - [25/Feb/2004:20:48:01 -0800] "GET /ncaa/pdf/brackets/NCAA%201990.pdf HTTP/1.1" 206 228003 "-" "Mozilla/4.0 (compatible; MSIE 6.0; Windows 98; Win 9x 4.90)"
65.169.16.157 - - [25/Feb/2004:20:48:10 -0800] "GET /ncaa/pdf/brackets/NCAA%201974.pdf HTTP/1.1" 200 221153 "http://www.google.com/search?q=Mike+Schonauer&hl=en&lr=&ie=UTF-8&oe=UTF-8&start=10&sa=N" "Mozilla/4.0 (compatible; MSIE 6.0; Windows NT 5.1)"
65.169.16.157 - - [25/Feb/2004:20:48:11 -0800] "GET /ncaa/pdf/brackets/NCAA%201974.pdf HTTP/1.1" 206 217602 "-" "Mozilla/4.0 (compatible; MSIE 6.0; Windows NT 5.1)"
65.169.16.157 - - [25/Feb/2004:20:48:11 -0800] "GET /ncaa/pdf/brackets/NCAA%201974.pdf HTTP/1.1" 206 211278 "-" "Mozilla/4.0 (compatible; MSIE 6.0; Windows NT 5.1)"
24.169.66.254 - - [25/Feb/2004:20:48:44 -0800] "GET /ncaa/pdf/brackets/NCAA%201991.pdf HTTP/1.1" 200 229431 "-" "Mozilla/4.0 (compatible; MSIE 6.0; Windows 98; Win 9x 4.90)"
24.169.66.254 - - [25/Feb/2004:20:48:44 -0800] "GET /ncaa/pdf/brackets/NCAA%201991.pdf HTTP/1.1" 206 225280 "-" "Mozilla/4.0 (compatible; MSIE 6.0; Windows 98; Win 9x 4.90)"
57.69.14.130 - - [25/Feb/2004:20:53:15 -0800] "GET / HTTP/1.0" 200 2887 "-" "Mozilla/4.0 (compatible; MSIE 5.5; Windows NT 5.0) Fetch API Request"
24.77.75.219 - - [25/Feb/2004:20:57:32 -0800] "GET /ncaa/pdf/brackets/NCAA%201982.pdf HTTP/1.1" 200 244071 "http://www.google.ca/search?hl=en&ie=UTF-8&oe=UTF-8&q=san+jose+state-jeff+garcia&meta=" "Mozilla/4.0 (compatible; MSIE 6.0; Windows NT 5.1; .NET CLR 1.0.3705; .NET CLR 1.1.4322)"
24.77.75.219 - - [25/Feb/2004:20:57:33 -0800] "GET /ncaa/pdf/brackets/NCAA%201982.pdf HTTP/1.1" 206 239920 "-" "Mozilla/4.0 (compatible; MSIE 6.0; Windows NT 5.1; .NET CLR 1.0.3705; .NET CLR 1.1.4322)"
24.77.75.219 - - [25/Feb/2004:20:57:43 -0800] "GET /ncaa/pdf/brackets/NCAA%201982.pdf HTTP/1.1" 206 170892 "-" "Mozilla/4.0 (compatible; MSIE 6.0; Windows NT 5.1; .NET CLR 1.0.3705; .NET CLR 1.1.4322)"
152.163.252.40 - - [25/Feb/2004:20:58:44 -0800] "GET /ncaa/pdf/brackets/NCAA%201999.pdf HTTP/1.0" 200 231535 "http://aolsearch.aol.com/aol/search?encquery=244494A3F3485F3B2D0F95136AB41CCE&invocationType=keyword_rollover&ie=ISO-8859-1" "Mozilla/4.0 (compatible; MSIE 6.0; AOL 9.0; Windows NT 5.1)"
152.163.252.40 - - [25/Feb/2004:20:58:45 -0800] "GET /ncaa/pdf/brackets/NCAA%201999.pdf HTTP/1.0" 200 231535 "-" "Mozilla/4.0 (compatible; MSIE 6.0; AOL 9.0; Windows NT 5.1)"
152.163.252.40 - - [25/Feb/2004:20:58:56 -0800] "GET /ncaa/pdf/brackets/NCAA%201999.pdf HTTP/1.0" 206 56288 "-" "Mozilla/4.0 (compatible; MSIE 6.0; AOL 9.0; Windows NT 5.1)"
152.163.252.40 - - [25/Feb/2004:20:58:57 -0800] "GET /ncaa/pdf/brackets/NCAA%201999.pdf HTTP/1.0" 206 123006 "-" "Mozilla/4.0 (compatible; MSIE 6.0; AOL 9.0; Windows NT 5.1)"
208.45.165.253 - - [25/Feb/2004:21:01:27 -0800] "GET /ncaa/home.htm. HTTP/1.1" 404 363 "-" "Mozilla/4.0 (compatible; MSIE 6.0; Windows NT 5.1)"
24.92.206.56 - - [25/Feb/2004:21:02:58 -0800] "GET /ncaa/brackets.htm HTTP/1.1" 200 2797 "http://www.google.com/search?hl=en&ie=UTF-8&q=tournament+bracket+sheets&spell=1" "Mozilla/4.0 (compatible; MSIE 6.0; Windows 98; Roadrunner)"
24.92.206.56 - - [25/Feb/2004:21:03:04 -0800] "GET /apPopupMenu.class HTTP/1.1" 200 19469 "-" "Mozilla/4.0 (compatible; MSIE 6.0; Win32)"
24.92.206.56 - - [25/Feb/2004:21:03:05 -0800] "GET /images/home32.gif HTTP/1.1" 200 287 "-" "Mozilla/4.0 (compatible; MSIE 6.0; Win32)"
24.92.206.56 - - [25/Feb/2004:21:03:06 -0800] "GET /images/mail32.gif HTTP/1.1" 200 317 "-" "Mozilla/4.0 (compatible; MSIE 6.0; Win32)"
205.188.197.29 - - [25/Feb/2004:21:03:28 -0800] "GET /ncaa/pdf/brackets/NCAA%201993.pdf HTTP/1.0" 200 228307 "http://aolsearch.aol.com/aol/search?invocationType=topsearchbox.%2Faol%2Fjsp%2Fsearch.jsp&query=seth+dobler+wrestling" "Mozilla/4.0 (compatible; MSIE 6.0; AOL 9.0; Windows NT 5.1; .NET CLR 1.1.4322; .NET CLR 1.0.3705)"
205.188.197.29 - - [25/Feb/2004:21:03:29 -0800] "GET /ncaa/pdf/brackets/NCAA%201993.pdf HTTP/1.1" 200 228307 "-" "Mozilla/4.0 (compatible; MSIE 6.0; AOL 9.0; Windows NT 5.1; .NET CLR 1.1.4322; .NET CLR 1.0.3705)"
205.188.197.29 - - [25/Feb/2004:21:03:31 -0800] "GET /ncaa/pdf/brackets/NCAA%201993.pdf HTTP/1.1" 206 4305 "-" "Mozilla/4.0 (compatible; MSIE 6.0; AOL 9.0; Windows NT 5.1; .NET CLR 1.1.4322; .NET CLR 1.0.3705)"
205.188.197.29 - - [25/Feb/2004:21:03:32 -0800] "GET /ncaa/pdf/brackets/NCAA%201993.pdf HTTP/1.1" 206 86781 "-" "Mozilla/4.0 (compatible; MSIE 6.0; AOL 9.0; Windows NT 5.1; .NET CLR 1.1.4322; .NET CLR 1.0.3705)"
216.15.67.52 - - [25/Feb/2004:21:06:46 -0800] "GET /lehigh/show_coach.php?coachid=4&coach=Thad%20Turner HTTP/1.1" 200 2860 "http://lehighwrestling.com/Lehigh/Stats/Lehigh%20Team/Coaching%20Performance.html" "Mozilla/4.0 (compatible; MSIE 6.0; Windows 98; sureseeker.com)"
216.15.67.52 - - [25/Feb/2004:21:06:48 -0800] "GET /lehigh/apPopupMenu.class HTTP/1.1" 304 - "-" "Java 1.1"
216.15.67.52 - - [25/Feb/2004:21:06:48 -0800] "GET /lehigh/pix/home.gif HTTP/1.1" 304 - "-" "Java 1.1"
216.15.67.52 - - [25/Feb/2004:21:06:48 -0800] "GET /lehigh/pix/apbfind.gif HTTP/1.1" 304 - "-" "Java 1.1"
216.15.67.52 - - [25/Feb/2004:21:07:18 -0800] "GET /lehigh/apPopupMenuBeanInfo.class HTTP/1.1" 404 363 "-" "Java 1.1"
216.15.67.52 - - [25/Feb/2004:21:07:19 -0800] "GET /lehigh/wrestlers.php HTTP/1.1" 200 1934 "-" "Mozilla/4.0 (compatible; MSIE 6.0; Windows 98; sureseeker.com)"
216.15.67.52 - - [25/Feb/2004:21:07:28 -0800] "POST /lehigh/view_all_wrestlers.php HTTP/1.1" 200 2132 "http://www.wrestlingstats.com/lehigh/wrestlers.php" "Mozilla/4.0 (compatible; MSIE 6.0; Windows 98; sureseeker.com)"
216.15.67.52 - - [25/Feb/2004:21:07:35 -0800] "GET /lehigh/view_wrestlers.php?wrestler=617 HTTP/1.1" 200 2651 "http://www.wrestlingstats.com/lehigh/view_all_wrestlers.php" "Mozilla/4.0 (compatible; MSIE 6.0; Windows 98; sureseeker.com)"
216.15.67.52 - - [25/Feb/2004:21:08:13 -0800] "GET /lehigh/show_eiwa_champs.php HTTP/1.1" 200 6143 "-" "Mozilla/4.0 (compatible; MSIE 6.0; Windows 98; sureseeker.com)"
216.15.67.52 - - [25/Feb/2004:21:08:20 -0800] "GET /lehigh/view_wrestlers.php?wrestler=716 HTTP/1.1" 200 2754 "http://www.wrestlingstats.com/lehigh/show_eiwa_champs.php" "Mozilla/4.0 (compatible; MSIE 6.0; Windows 98; sureseeker.com)"
24.191.102.140 - - [25/Feb/2004:21:11:44 -0800] "GET / HTTP/1.1" 304 - "-" "Mozilla/4.0 (compatible; MSIE 6.0; Windows NT 5.1; YComp 5.0.0.0; Hotbar 4.4.2.0; .NET CLR 1.0.3705; .NET CLR 1.1.4322)"
24.191.102.140 - - [25/Feb/2004:21:11:45 -0800] "GET /NCAA2003.jpg HTTP/1.1" 304 - "http://www.wrestlingstats.com/" "Mozilla/4.0 (compatible; MSIE 6.0; Windows NT 5.1; YComp 5.0.0.0; Hotbar 4.4.2.0; .NET CLR 1.0.3705; .NET CLR 1.1.4322)"
24.191.102.140 - - [25/Feb/2004:21:11:45 -0800] "GET /apPopupMenu.class HTTP/1.1" 304 - "-" "Java 1.1"
24.191.102.140 - - [25/Feb/2004:21:11:45 -0800] "GET /images/home32.gif HTTP/1.1" 304 - "-" "Java 1.1"
24.191.102.140 - - [25/Feb/2004:21:11:46 -0800] "GET /images/mail32.gif HTTP/1.1" 304 - "-" "Java 1.1"
24.191.102.140 - - [25/Feb/2004:21:11:48 -0800] "GET /ncaa/brackets.htm HTTP/1.1" 304 - "-" "Mozilla/4.0 (compatible; MSIE 6.0; Windows NT 5.1; YComp 5.0.0.0; Hotbar 4.4.2.0; .NET CLR 1.0.3705; .NET CLR 1.1.4322)"
24.191.102.140 - - [25/Feb/2004:21:11:51 -0800] "GET /ncaa/pdf/brackets/NCAA%201998.pdf HTTP/1.1" 200 231756 "http://www.wrestlingstats.com/ncaa/brackets.htm" "Mozilla/4.0 (compatible; MSIE 6.0; Windows NT 5.1; YComp 5.0.0.0; Hotbar 4.4.2.0; .NET CLR 1.0.3705; .NET CLR 1.1.4322)"
24.191.102.140 - - [25/Feb/2004:21:11:51 -0800] "GET /ncaa/pdf/brackets/NCAA%201998.pdf HTTP/1.1" 206 227606 "-" "Mozilla/4.0 (compatible; MSIE 6.0; Windows NT 5.1; YComp 5.0.0.0; Hotbar 4.4.2.0; .NET CLR 1.0.3705; .NET CLR 1.1.4322)"
24.191.102.140 - - [25/Feb/2004:21:11:57 -0800] "GET /ncaa/pdf/brackets/NCAA%201998.pdf HTTP/1.1" 206 182603 "-" "Mozilla/4.0 (compatible; MSIE 6.0; Windows NT 5.1; YComp 5.0.0.0; Hotbar 4.4.2.0; .NET CLR 1.0.3705; .NET CLR 1.1.4322)"
66.197.211.245 - - [25/Feb/2004:21:28:01 -0800] "GET / HTTP/1.0" 200 2887 "-" "-"
205.188.209.11 - - [25/Feb/2004:21:36:30 -0800] "GET / HTTP/1.0" 200 2887 "-" "Mozilla/4.0 (compatible; MSIE 5.5; AOL 5.0; Windows 98; Win 9x 4.90)"
205.188.208.5 - - [25/Feb/2004:21:36:33 -0800] "GET /NCAA2003.jpg HTTP/1.0" 200 84807 "http://www.wrestlingstats.com/" "Mozilla/4.0 (compatible; MSIE 5.5; AOL 5.0; Windows 98; Win 9x 4.90)"
172.130.227.169 - - [25/Feb/2004:21:36:43 -0800] "GET /apPopupMenu.class HTTP/1.1" 304 - "-" "Mozilla/4.0 (Windows Me 4.90) Java/1.4.1_04"
172.130.227.169 - - [25/Feb/2004:21:36:45 -0800] "GET /images/home32.gif HTTP/1.1" 304 - "-" "Mozilla/4.0 (Windows Me 4.90) Java/1.4.1_04"
172.130.227.169 - - [25/Feb/2004:21:36:46 -0800] "GET /images/mail32.gif HTTP/1.1" 304 - "-" "Mozilla/4.0 (Windows Me 4.90) Java/1.4.1_04"
205.188.208.104 - - [25/Feb/2004:21:36:53 -0800] "GET /big10/big10.htm HTTP/1.0" 200 8941 "-" "Mozilla/4.0 (compatible; MSIE 5.5; AOL 5.0; Windows 98; Win 9x 4.90)"
205.188.209.75 - - [25/Feb/2004:21:37:00 -0800] "GET /big10/pdf/Big%2010-1959.pdf HTTP/1.0" 200 25032 "http://www.wrestlingstats.com/big10/big10.htm" "Mozilla/4.0 (compatible; MSIE 5.5; AOL 5.0; Windows 98; Win 9x 4.90)"
144.92.164.196 - - [25/Feb/2004:21:47:55 -0800] "GET / HTTP/1.0" 200 1732 "-" "Mozilla/4.0 (compatible; MSIE 6.0; Windows NT 5.1; YComp 5.0.0.0)"
144.92.164.196 - - [25/Feb/2004:21:47:56 -0800] "GET /apPopupMenu.class HTTP/1.0" 200 19469 "-" "Mozilla/4.0 (compatible; MSIE 6.0; Windows NT 5.1; YComp 5.0.0.0)"
144.92.164.196 - - [25/Feb/2004:21:47:57 -0800] "GET /NCAA2003.jpg HTTP/1.0" 200 84807 "-" "Mozilla/4.0 (compatible; MSIE 6.0; Windows NT 5.1; YComp 5.0.0.0)"
144.92.164.196 - - [25/Feb/2004:21:48:08 -0800] "GET /images/home32.gif HTTP/1.0" 200 287 "-" "Mozilla/4.0 (compatible; MSIE 6.0; Windows NT 5.1; YComp 5.0.0.0)"
144.92.164.196 - - [25/Feb/2004:21:48:11 -0800] "GET /images/mail32.gif HTTP/1.0" 200 317 "-" "Mozilla/4.0 (compatible; MSIE 6.0; Windows NT 5.1; YComp 5.0.0.0)"
144.92.164.196 - - [25/Feb/2004:21:54:30 -0800] "GET /big10/big10.htm HTTP/1.0" 200 2277 "-" "Mozilla/4.0 (compatible; MSIE 6.0; Windows NT 5.1; YComp 5.0.0.0)"
144.92.164.196 - - [25/Feb/2004:21:54:39 -0800] "GET /big10/pdf/Big%2010-2003.pdf HTTP/1.0" 200 26922 "-" "Mozilla/4.0 (compatible; MSIE 6.0; Windows NT 5.1; YComp 5.0.0.0)"
144.92.164.196 - - [25/Feb/2004:21:55:10 -0800] "GET /big10/big10.htm HTTP/1.0" 200 2278 "-" "Mozilla/4.0 (compatible; MSIE 6.0; Windows NT 5.1; YComp 5.0.0.0)"
144.92.164.196 - - [25/Feb/2004:21:55:13 -0800] "GET / HTTP/1.0" 200 1732 "-" "Mozilla/4.0 (compatible; MSIE 6.0; Windows NT 5.1; YComp 5.0.0.0)"
144.92.164.196 - - [25/Feb/2004:21:55:21 -0800] "GET /favicon.ico HTTP/1.0" 404 363 "-" "Mozilla/4.0 (compatible; MSIE 6.0; Windows NT 5.1; YComp 5.0.0.0)"
144.92.164.196 - - [25/Feb/2004:21:55:23 -0800] "GET /lehigh/index.html HTTP/1.0" 200 815 "-" "Mozilla/4.0 (compatible; MSIE 6.0; Windows NT 5.1; YComp 5.0.0.0)"
144.92.164.196 - - [25/Feb/2004:21:55:33 -0800] "GET /lehigh/home.php HTTP/1.0" 200 1997 "-" "Mozilla/4.0 (compatible; MSIE 6.0; Windows NT 5.1; YComp 5.0.0.0)"
144.92.164.196 - - [25/Feb/2004:21:55:34 -0800] "GET /lehigh/EIWAChamps.jpg HTTP/1.0" 200 42637 "-" "Mozilla/4.0 (compatible; MSIE 6.0; Windows NT 5.1; YComp 5.0.0.0)"
144.92.164.196 - - [25/Feb/2004:21:55:34 -0800] "GET /lehigh/apPopupMenu.class HTTP/1.0" 200 19469 "-" "Mozilla/4.0 (compatible; MSIE 6.0; Windows NT 5.1; YComp 5.0.0.0)"
144.92.164.196 - - [25/Feb/2004:21:55:37 -0800] "GET /lehigh/index.html HTTP/1.0" 200 814 "-" "Mozilla/4.0 (compatible; MSIE 6.0; Windows NT 5.1; YComp 5.0.0.0)"
144.92.164.196 - - [25/Feb/2004:21:55:43 -0800] "GET /lehigh/home.php HTTP/1.0" 200 1997 "-" "Mozilla/4.0 (compatible; MSIE 6.0; Windows NT 5.1; YComp 5.0.0.0)"
144.92.164.196 - - [25/Feb/2004:21:55:44 -0800] "GET /lehigh/pix/home.gif HTTP/1.0" 200 215 "-" "Mozilla/4.0 (compatible; MSIE 6.0; Windows NT 5.1; YComp 5.0.0.0)"
144.92.164.196 - - [25/Feb/2004:21:55:46 -0800] "GET /lehigh/pix/apbfind.gif HTTP/1.0" 200 89 "-" "Mozilla/4.0 (compatible; MSIE 6.0; Windows NT 5.1; YComp 5.0.0.0)"
144.92.164.196 - - [25/Feb/2004:21:55:52 -0800] "GET / HTTP/1.0" 200 1731 "-" "Mozilla/4.0 (compatible; MSIE 6.0; Windows NT 5.1; YComp 5.0.0.0)"
144.92.164.196 - - [25/Feb/2004:21:55:54 -0800] "GET /images/home32.gif HTTP/1.0" 200 287 "-" "Mozilla/4.0 (compatible; MSIE 6.0; Windows NT 5.1; YComp 5.0.0.0)"
64.78.71.171 - - [25/Feb/2004:21:55:54 -0800] "GET / HTTP/1.1" 200 1754 "http://www.lehighwrestling.com/Lehigh/uploads/links.htm" "Mozilla/5.0 (Windows; U; Windows NT 5.1; en-US; rv:1.6) Gecko/20040113"
64.78.71.171 - - [25/Feb/2004:21:55:54 -0800] "GET /NCAA2003.jpg HTTP/1.1" 200 84807 "http://www.wrestlingstats.com/" "Mozilla/5.0 (Windows; U; Windows NT 5.1; en-US; rv:1.6) Gecko/20040113"
144.92.164.196 - - [25/Feb/2004:21:55:56 -0800] "GET /images/mail32.gif HTTP/1.0" 200 317 "-" "Mozilla/4.0 (compatible; MSIE 6.0; Windows NT 5.1; YComp 5.0.0.0)"
144.92.164.196 - - [25/Feb/2004:21:56:05 -0800] "GET /big8/big8.htm HTTP/1.0" 200 2235 "-" "Mozilla/4.0 (compatible; MSIE 6.0; Windows NT 5.1; YComp 5.0.0.0)"
64.78.71.171 - - [25/Feb/2004:21:56:10 -0800] "GET /apPopupMenu.class HTTP/1.1" 200 19469 "-" "Mozilla/4.0 (Windows XP 5.1) Java/1.4.1_02"
144.92.164.196 - - [25/Feb/2004:21:56:11 -0800] "GET /big8/pdf/Big%208-2003.pdf HTTP/1.0" 200 24923 "-" "Mozilla/4.0 (compatible; MSIE 6.0; Windows NT 5.1; YComp 5.0.0.0)"
64.78.71.171 - - [25/Feb/2004:21:56:20 -0800] "GET /images/home32.gif HTTP/1.1" 200 287 "-" "Mozilla/4.0 (Windows XP 5.1) Java/1.4.1_02"
64.78.71.171 - - [25/Feb/2004:21:56:40 -0800] "GET /images/mail32.gif HTTP/1.1" 200 317 "-" "Mozilla/4.0 (Windows XP 5.1) Java/1.4.1_02"
144.92.164.196 - - [25/Feb/2004:21:56:52 -0800] "GET / HTTP/1.0" 200 1731 "-" "Mozilla/4.0 (compatible; MSIE 6.0; Windows NT 5.1; YComp 5.0.0.0)"
144.92.164.196 - - [25/Feb/2004:21:57:12 -0800] "GET /big10/big10.htm HTTP/1.0" 200 2278 "-" "Mozilla/4.0 (compatible; MSIE 6.0; Windows NT 5.1; YComp 5.0.0.0)"
160.39.213.27 - - [25/Feb/2004:22:13:27 -0800] "GET / HTTP/1.1" 200 1751 "-" "Mozilla/4.0 (compatible; MSIE 6.0; Windows NT 5.1)"
160.39.213.27 - - [25/Feb/2004:22:13:28 -0800] "GET /NCAA2003.jpg HTTP/1.1" 200 84807 "http://www.wrestlingstats.com/" "Mozilla/4.0 (compatible; MSIE 6.0; Windows NT 5.1)"
160.39.213.27 - - [25/Feb/2004:22:13:28 -0800] "GET /apPopupMenu.class HTTP/1.1" 200 19469 "-" "Mozilla/4.0 (compatible; MSIE 6.0; Win32)"
160.39.213.27 - - [25/Feb/2004:22:13:28 -0800] "GET /images/home32.gif HTTP/1.1" 200 287 "-" "Mozilla/4.0 (compatible; MSIE 6.0; Win32)"
160.39.213.27 - - [25/Feb/2004:22:13:28 -0800] "GET /images/mail32.gif HTTP/1.1" 200 317 "-" "Mozilla/4.0 (compatible; MSIE 6.0; Win32)"
160.39.213.27 - - [25/Feb/2004:22:13:35 -0800] "GET /big10/big10.htm HTTP/1.1" 200 2299 "-" "Mozilla/4.0 (compatible; MSIE 6.0; Windows NT 5.1)"
160.39.213.27 - - [25/Feb/2004:22:13:37 -0800] "GET /big10/pdf/Big%2010-1995.pdf HTTP/1.1" 200 27026 "http://www.wrestlingstats.com/big10/big10.htm" "Mozilla/4.0 (compatible; MSIE 6.0; Windows NT 5.1)"
160.39.213.27 - - [25/Feb/2004:22:13:37 -0800] "GET /big10/pdf/Big%2010-1995.pdf HTTP/1.1" 206 22873 "-" "Mozilla/4.0 (compatible; MSIE 6.0; Windows NT 5.1)"
160.39.213.27 - - [25/Feb/2004:22:13:38 -0800] "GET /big10/pdf/Big%2010-1995.pdf HTTP/1.1" 206 19068 "-" "Mozilla/4.0 (compatible; MSIE 6.0; Windows NT 5.1)"
64.68.82.182 - - [25/Feb/2004:22:13:45 -0800] "GET /robots.txt HTTP/1.0" 404 363 "-" "Googlebot/2.1 (+http://www.googlebot.com/bot.html)"
64.68.82.182 - - [25/Feb/2004:22:13:45 -0800] "GET / HTTP/1.0" 200 2887 "-" "Googlebot/2.1 (+http://www.googlebot.com/bot.html)"
160.39.213.27 - - [25/Feb/2004:22:14:25 -0800] "GET /big10/pdf/Big%2010-1996.pdf HTTP/1.1" 200 27251 "http://www.wrestlingstats.com/big10/big10.htm" "Mozilla/4.0 (compatible; MSIE 6.0; Windows NT 5.1)"
160.39.213.27 - - [25/Feb/2004:22:14:26 -0800] "GET /big10/pdf/Big%2010-1996.pdf HTTP/1.1" 206 23098 "-" "Mozilla/4.0 (compatible; MSIE 6.0; Windows NT 5.1)"
160.39.213.27 - - [25/Feb/2004:22:14:26 -0800] "GET /big10/pdf/Big%2010-1996.pdf HTTP/1.1" 206 19293 "-" "Mozilla/4.0 (compatible; MSIE 6.0; Windows NT 5.1)"
160.39.213.27 - - [25/Feb/2004:22:14:37 -0800] "GET /big10/pdf/Big%2010-1997.pdf HTTP/1.1" 200 26823 "http://www.wrestlingstats.com/big10/big10.htm" "Mozilla/4.0 (compatible; MSIE 6.0; Windows NT 5.1)"
160.39.213.27 - - [25/Feb/2004:22:14:37 -0800] "GET /big10/pdf/Big%2010-1997.pdf HTTP/1.1" 206 22670 "-" "Mozilla/4.0 (compatible; MSIE 6.0; Windows NT 5.1)"
160.39.213.27 - - [25/Feb/2004:22:14:37 -0800] "GET /big10/pdf/Big%2010-1997.pdf HTTP/1.1" 206 18865 "-" "Mozilla/4.0 (compatible; MSIE 6.0; Windows NT 5.1)"
160.39.213.27 - - [25/Feb/2004:22:14:41 -0800] "GET /big10/pdf/Big%2010-1994.pdf HTTP/1.1" 200 27339 "http://www.wrestlingstats.com/big10/big10.htm" "Mozilla/4.0 (compatible; MSIE 6.0; Windows NT 5.1)"
160.39.213.27 - - [25/Feb/2004:22:14:42 -0800] "GET /big10/pdf/Big%2010-1994.pdf HTTP/1.1" 206 23186 "-" "Mozilla/4.0 (compatible; MSIE 6.0; Windows NT 5.1)"
160.39.213.27 - - [25/Feb/2004:22:14:42 -0800] "GET /big10/pdf/Big%2010-1994.pdf HTTP/1.1" 206 19381 "-" "Mozilla/4.0 (compatible; MSIE 6.0; Windows NT 5.1)"
24.7.141.193 - - [25/Feb/2004:22:29:12 -0800] "GET /ncaa/pdf/brackets/NCAA%201983.pdf HTTP/1.1" 200 230241 "-" "Mozilla/4.0 (compatible; MSIE 6.0; Windows NT 5.1)"
24.7.141.193 - - [25/Feb/2004:22:29:12 -0800] "GET /ncaa/pdf/brackets/NCAA%201983.pdf HTTP/1.1" 206 222049 "-" "Mozilla/4.0 (compatible; MSIE 6.0; Windows NT 5.1)"
64.171.132.185 - - [25/Feb/2004:22:55:41 -0800] "GET / HTTP/1.1" 200 1753 "-" "Mozilla/4.0 (compatible; MSIE 5.5; Windows 98; Win 9x 4.90; YComp 5.0.0.0; yplus 3.01)"
64.171.132.185 - - [25/Feb/2004:22:55:41 -0800] "GET /NCAA2003.jpg HTTP/1.1" 200 84807 "http://www.wrestlingstats.com/" "Mozilla/4.0 (compatible; MSIE 5.5; Windows 98; Win 9x 4.90; YComp 5.0.0.0; yplus 3.01)"
64.171.132.185 - - [25/Feb/2004:22:55:44 -0800] "GET /apPopupMenu.class HTTP/1.1" 200 19469 "-" "Mozilla/4.0 (compatible; MSIE 5.0; Win32)"
64.171.132.185 - - [25/Feb/2004:22:55:44 -0800] "GET /images/home32.gif HTTP/1.1" 200 287 "-" "Mozilla/4.0 (compatible; MSIE 5.0; Win32)"
64.171.132.185 - - [25/Feb/2004:22:55:45 -0800] "GET /images/mail32.gif HTTP/1.1" 200 317 "-" "Mozilla/4.0 (compatible; MSIE 5.0; Win32)"
198.81.26.45 - - [25/Feb/2004:22:55:55 -0800] "GET / HTTP/1.0" 200 1791 "-" "Mozilla/4.0 (compatible; MSIE 6.0; AOL 8.0; Windows NT 5.1)"
198.81.26.6 - - [25/Feb/2004:22:55:58 -0800] "GET /NCAA2003.jpg HTTP/1.0" 200 84807 "http://www.wrestlingstats.com/" "Mozilla/4.0 (compatible; MSIE 6.0; AOL 8.0; Windows NT 5.1)"
198.81.26.44 - - [25/Feb/2004:22:55:59 -0800] "GET /images/home32.gif HTTP/1.0" 200 287 "-" "Java 1.1"
198.81.26.44 - - [25/Feb/2004:22:55:59 -0800] "GET /images/mail32.gif HTTP/1.0" 200 317 "-" "Java 1.1"
198.81.26.7 - - [25/Feb/2004:22:56:18 -0800] "GET /apPopupMenuBeanInfo.class HTTP/1.0" 404 363 "-" "Java 1.1"
198.81.26.42 - - [25/Feb/2004:22:56:18 -0800] "GET /apPopupMenu$COMClassObject.class HTTP/1.0" 404 363 "-" "Java 1.1"
198.81.26.16 - - [25/Feb/2004:22:57:31 -0800] "GET /ncaa/ncaa.htm HTTP/1.0" 200 1833 "-" "Mozilla/4.0 (compatible; MSIE 6.0; AOL 8.0; Windows NT 5.1)"
198.81.26.45 - - [25/Feb/2004:22:57:40 -0800] "GET / HTTP/1.0" 200 1792 "-" "Mozilla/4.0 (compatible; MSIE 6.0; AOL 8.0; Windows NT 5.1)"
198.81.26.6 - - [25/Feb/2004:22:57:41 -0800] "GET /NCAA2003.jpg HTTP/1.0" 200 84807 "http://www.wrestlingstats.com/" "Mozilla/4.0 (compatible; MSIE 6.0; AOL 8.0; Windows NT 5.1)"
64.171.132.185 - - [25/Feb/2004:22:57:46 -0800] "GET /apPopupMenuBeanInfo.class HTTP/1.1" 404 363 "-" "Mozilla/4.0 (compatible; MSIE 5.0; Win32)"
64.171.132.185 - - [25/Feb/2004:22:57:46 -0800] "GET /apPopupMenu$COMClassObject.class HTTP/1.1" 404 363 "-" "Mozilla/4.0 (compatible; MSIE 5.0; Win32)"
198.81.26.47 - - [25/Feb/2004:22:57:51 -0800] "GET /ncaa/brackets.htm HTTP/1.0" 200 2834 "-" "Mozilla/4.0 (compatible; MSIE 6.0; AOL 8.0; Windows NT 5.1)"
64.171.132.185 - - [25/Feb/2004:22:57:51 -0800] "GET /ncaa/brackets.htm HTTP/1.1" 200 2795 "-" "Mozilla/4.0 (compatible; MSIE 5.5; Windows 98; Win 9x 4.90; YComp 5.0.0.0; yplus 3.01)"
198.81.26.12 - - [25/Feb/2004:22:58:07 -0800] "GET /ncaa/pdf/brackets/NCAA%201987.pdf HTTP/1.0" 200 228177 "http://www.wrestlingstats.com/ncaa/brackets.htm" "Mozilla/4.0 (compatible; MSIE 6.0; AOL 8.0; Windows NT 5.1)"
198.81.26.12 - - [25/Feb/2004:22:58:07 -0800] "GET /ncaa/pdf/brackets/NCAA%201987.pdf HTTP/1.0" 200 228177 "-" "Mozilla/4.0 (compatible; MSIE 6.0; AOL 8.0; Windows NT 5.1)"
64.171.132.185 - - [25/Feb/2004:22:58:08 -0800] "GET /ncaa/pdf/brackets/NCAA%201987.pdf HTTP/1.1" 200 228177 "http://www.wrestlingstats.com/ncaa/brackets.htm" "Mozilla/4.0 (compatible; MSIE 5.5; Windows 98; Win 9x 4.90; YComp 5.0.0.0; yplus 3.01)"
64.171.132.185 - - [25/Feb/2004:22:58:08 -0800] "GET /ncaa/pdf/brackets/NCAA%201987.pdf HTTP/1.1" 206 222598 "-" "contype"
64.171.132.185 - - [25/Feb/2004:22:58:11 -0800] "GET /ncaa/pdf/brackets/NCAA%201987.pdf HTTP/1.1" 206 222598 "-" "Mozilla/4.0 (compatible; MSIE 5.5; Windows 98; Win 9x 4.90; YComp 5.0.0.0)"
64.171.132.185 - - [25/Feb/2004:22:58:13 -0800] "GET /ncaa/pdf/brackets/NCAA%201987.pdf HTTP/1.1" 206 218037 "-" "Mozilla/4.0 (compatible; MSIE 5.5; Windows 98; Win 9x 4.90; YComp 5.0.0.0)"
198.81.26.12 - - [25/Feb/2004:22:58:17 -0800] "GET /ncaa/pdf/brackets/NCAA%201987.pdf HTTP/1.0" 206 59132 "-" "Mozilla/4.0 (compatible; MSIE 6.0; AOL 8.0; Windows NT 5.1)"
198.81.26.12 - - [25/Feb/2004:22:58:17 -0800] "GET /ncaa/pdf/brackets/NCAA%201987.pdf HTTP/1.0" 206 1807 "-" "Mozilla/4.0 (compatible; MSIE 6.0; AOL 8.0; Windows NT 5.1)"
198.81.26.12 - - [25/Feb/2004:22:58:18 -0800] "GET /ncaa/pdf/brackets/NCAA%201987.pdf HTTP/1.0" 206 120479 "-" "Mozilla/4.0 (compatible; MSIE 6.0; AOL 8.0; Windows NT 5.1)"
64.171.132.185 - - [25/Feb/2004:23:01:34 -0800] "GET /ncaa/pdf/brackets/NCAA%201987.pdf HTTP/1.1" 206 217073 "-" "contype"
64.171.132.185 - - [25/Feb/2004:23:01:34 -0800] "GET /ncaa/pdf/brackets/NCAA%201987.pdf HTTP/1.1" 206 217073 "-" "Mozilla/4.0 (compatible; MSIE 5.5; Windows 98; Win 9x 4.90; YComp 5.0.0.0)"
64.171.132.185 - - [25/Feb/2004:23:01:34 -0800] "GET /ncaa/pdf/brackets/NCAA%201987.pdf HTTP/1.1" 206 212513 "-" "Mozilla/4.0 (compatible; MSIE 5.5; Windows 98; Win 9x 4.90; YComp 5.0.0.0)"
64.171.132.185 - - [25/Feb/2004:23:04:00 -0800] "GET /ncaa/pdf/brackets/NCAA%201986.pdf HTTP/1.1" 200 227750 "http://www.wrestlingstats.com/ncaa/brackets.htm" "Mozilla/4.0 (compatible; MSIE 5.5; Windows 98; Win 9x 4.90; YComp 5.0.0.0; yplus 3.01)"
64.171.132.185 - - [25/Feb/2004:23:04:00 -0800] "GET /ncaa/pdf/brackets/NCAA%201986.pdf HTTP/1.1" 206 222171 "-" "contype"
64.171.132.185 - - [25/Feb/2004:23:04:00 -0800] "GET /ncaa/pdf/brackets/NCAA%201986.pdf HTTP/1.1" 206 222171 "-" "Mozilla/4.0 (compatible; MSIE 5.5; Windows 98; Win 9x 4.90; YComp 5.0.0.0)"
64.171.132.185 - - [25/Feb/2004:23:04:01 -0800] "GET /ncaa/pdf/brackets/NCAA%201986.pdf HTTP/1.1" 206 217610 "-" "Mozilla/4.0 (compatible; MSIE 5.5; Windows 98; Win 9x 4.90; YComp 5.0.0.0)"
198.81.26.12 - - [25/Feb/2004:23:05:23 -0800] "GET /ncaa/pdf/brackets/NCAA%201986.pdf HTTP/1.1" 200 227750 "http://www.wrestlingstats.com/ncaa/brackets.htm" "Mozilla/4.0 (compatible; MSIE 6.0; AOL 8.0; Windows NT 5.1)"
198.81.26.12 - - [25/Feb/2004:23:05:23 -0800] "GET /ncaa/pdf/brackets/NCAA%201986.pdf HTTP/1.0" 200 227750 "-" "Mozilla/4.0 (compatible; MSIE 6.0; AOL 8.0; Windows NT 5.1)"
198.81.26.12 - - [25/Feb/2004:23:05:24 -0800] "GET /ncaa/pdf/brackets/NCAA%201986.pdf HTTP/1.0" 206 98525 "-" "Mozilla/4.0 (compatible; MSIE 6.0; AOL 8.0; Windows NT 5.1)"
198.81.26.12 - - [25/Feb/2004:23:05:25 -0800] "GET /ncaa/pdf/brackets/NCAA%201986.pdf HTTP/1.0" 206 119283 "-" "Mozilla/4.0 (compatible; MSIE 6.0; AOL 8.0; Windows NT 5.1)"
64.171.132.185 - - [25/Feb/2004:23:11:12 -0800] "GET /ncaa/pdf/brackets/NCAA%201985.pdf HTTP/1.1" 200 223425 "http://www.wrestlingstats.com/ncaa/brackets.htm" "Mozilla/4.0 (compatible; MSIE 5.5; Windows 98; Win 9x 4.90; YComp 5.0.0.0; yplus 3.01)"
64.171.132.185 - - [25/Feb/2004:23:11:12 -0800] "GET /ncaa/pdf/brackets/NCAA%201985.pdf HTTP/1.1" 206 217846 "-" "contype"
64.171.132.185 - - [25/Feb/2004:23:11:12 -0800] "GET /ncaa/pdf/brackets/NCAA%201985.pdf HTTP/1.1" 206 217846 "-" "Mozilla/4.0 (compatible; MSIE 5.5; Windows 98; Win 9x 4.90; YComp 5.0.0.0)"
64.171.132.185 - - [25/Feb/2004:23:11:13 -0800] "GET /ncaa/pdf/brackets/NCAA%201985.pdf HTTP/1.1" 206 213285 "-" "Mozilla/4.0 (compatible; MSIE 5.5; Windows 98; Win 9x 4.90; YComp 5.0.0.0)"
64.171.132.185 - - [25/Feb/2004:23:12:23 -0800] "GET /apPopupMenu$COMClassObject.class HTTP/1.1" 404 363 "-" "Mozilla/4.0 (compatible; MSIE 5.0; Win32)"
198.81.26.15 - - [25/Feb/2004:23:12:35 -0800] "GET /eiwa/brackets.htm HTTP/1.0" 200 2451 "-" "Mozilla/4.0 (compatible; MSIE 6.0; AOL 8.0; Windows NT 5.1)"
64.171.132.185 - - [25/Feb/2004:23:12:35 -0800] "GET /eiwa/brackets.htm HTTP/1.1" 200 2413 "-" "Mozilla/4.0 (compatible; MSIE 5.5; Windows 98; Win 9x 4.90; YComp 5.0.0.0; yplus 3.01)"
64.171.132.185 - - [25/Feb/2004:23:12:44 -0800] "GET /eiwa/pdf/brackets/EIWA%201986.pdf HTTP/1.1" 200 71328 "http://www.wrestlingstats.com/eiwa/brackets.htm" "Mozilla/4.0 (compatible; MSIE 5.5; Windows 98; Win 9x 4.90; YComp 5.0.0.0; yplus 3.01)"
64.171.132.185 - - [25/Feb/2004:23:12:45 -0800] "GET /eiwa/pdf/brackets/EIWA%201986.pdf HTTP/1.1" 206 65748 "-" "contype"
64.171.132.185 - - [25/Feb/2004:23:12:45 -0800] "GET /eiwa/pdf/brackets/EIWA%201986.pdf HTTP/1.1" 206 65748 "-" "Mozilla/4.0 (compatible; MSIE 5.5; Windows 98; Win 9x 4.90; YComp 5.0.0.0)"
64.171.132.185 - - [25/Feb/2004:23:12:45 -0800] "GET /eiwa/pdf/brackets/EIWA%201986.pdf HTTP/1.1" 206 60701 "-" "Mozilla/4.0 (compatible; MSIE 5.5; Windows 98; Win 9x 4.90; YComp 5.0.0.0)"
198.81.26.13 - - [25/Feb/2004:23:12:46 -0800] "GET /eiwa/pdf/brackets/EIWA%201986.pdf HTTP/1.0" 200 71328 "http://www.wrestlingstats.com/eiwa/brackets.htm" "Mozilla/4.0 (compatible; MSIE 6.0; AOL 8.0; Windows NT 5.1)"
198.81.26.13 - - [25/Feb/2004:23:12:46 -0800] "GET /eiwa/pdf/brackets/EIWA%201986.pdf HTTP/1.0" 200 71328 "-" "Mozilla/4.0 (compatible; MSIE 6.0; AOL 8.0; Windows NT 5.1)"
64.171.132.185 - - [25/Feb/2004:23:13:35 -0800] "GET /eiwa/pdf/brackets/EIWA%201988.pdf HTTP/1.1" 200 71590 "http://www.wrestlingstats.com/eiwa/brackets.htm" "Mozilla/4.0 (compatible; MSIE 5.5; Windows 98; Win 9x 4.90; YComp 5.0.0.0; yplus 3.01)"
64.171.132.185 - - [25/Feb/2004:23:13:35 -0800] "GET /eiwa/pdf/brackets/EIWA%201988.pdf HTTP/1.1" 206 66010 "-" "contype"
64.171.132.185 - - [25/Feb/2004:23:13:35 -0800] "GET /eiwa/pdf/brackets/EIWA%201988.pdf HTTP/1.1" 206 66010 "-" "Mozilla/4.0 (compatible; MSIE 5.5; Windows 98; Win 9x 4.90; YComp 5.0.0.0)"
64.171.132.185 - - [25/Feb/2004:23:13:36 -0800] "GET /eiwa/pdf/brackets/EIWA%201988.pdf HTTP/1.1" 206 60963 "-" "Mozilla/4.0 (compatible; MSIE 5.5; Windows 98; Win 9x 4.90; YComp 5.0.0.0)"
198.81.26.13 - - [25/Feb/2004:23:13:36 -0800] "GET /eiwa/pdf/brackets/EIWA%201988.pdf HTTP/1.0" 200 71590 "http://www.wrestlingstats.com/eiwa/brackets.htm" "Mozilla/4.0 (compatible; MSIE 6.0; AOL 8.0; Windows NT 5.1)"
198.81.26.13 - - [25/Feb/2004:23:13:37 -0800] "GET /eiwa/pdf/brackets/EIWA%201988.pdf HTTP/1.0" 200 71590 "-" "Mozilla/4.0 (compatible; MSIE 6.0; AOL 8.0; Windows NT 5.1)"
64.171.132.185 - - [25/Feb/2004:23:13:45 -0800] "GET /eiwa/pdf/brackets/EIWA%201987.pdf HTTP/1.1" 200 71264 "http://www.wrestlingstats.com/eiwa/brackets.htm" "Mozilla/4.0 (compatible; MSIE 5.5; Windows 98; Win 9x 4.90; YComp 5.0.0.0; yplus 3.01)"
64.171.132.185 - - [25/Feb/2004:23:13:46 -0800] "GET /eiwa/pdf/brackets/EIWA%201987.pdf HTTP/1.1" 206 65684 "-" "contype"
64.171.132.185 - - [25/Feb/2004:23:13:46 -0800] "GET /eiwa/pdf/brackets/EIWA%201987.pdf HTTP/1.1" 206 65684 "-" "Mozilla/4.0 (compatible; MSIE 5.5; Windows 98; Win 9x 4.90; YComp 5.0.0.0)"
64.171.132.185 - - [25/Feb/2004:23:13:46 -0800] "GET /eiwa/pdf/brackets/EIWA%201987.pdf HTTP/1.1" 206 60637 "-" "Mozilla/4.0 (compatible; MSIE 5.5; Windows 98; Win 9x 4.90; YComp 5.0.0.0)"
198.81.26.13 - - [25/Feb/2004:23:13:47 -0800] "GET /eiwa/pdf/brackets/EIWA%201987.pdf HTTP/1.0" 200 71264 "http://www.wrestlingstats.com/eiwa/brackets.htm" "Mozilla/4.0 (compatible; MSIE 6.0; AOL 8.0; Windows NT 5.1)"
198.81.26.13 - - [25/Feb/2004:23:13:47 -0800] "GET /eiwa/pdf/brackets/EIWA%201987.pdf HTTP/1.0" 200 71264 "-" "Mozilla/4.0 (compatible; MSIE 6.0; AOL 8.0; Windows NT 5.1)"
64.171.132.185 - - [25/Feb/2004:23:15:05 -0800] "GET /eiwa/pdf/brackets/EIWA%201989.pdf HTTP/1.1" 200 70692 "http://www.wrestlingstats.com/eiwa/brackets.htm" "Mozilla/4.0 (compatible; MSIE 5.5; Windows 98; Win 9x 4.90; YComp 5.0.0.0; yplus 3.01)"
64.171.132.185 - - [25/Feb/2004:23:15:06 -0800] "GET /eiwa/pdf/brackets/EIWA%201989.pdf HTTP/1.1" 206 65112 "-" "contype"
64.171.132.185 - - [25/Feb/2004:23:15:06 -0800] "GET /eiwa/pdf/brackets/EIWA%201989.pdf HTTP/1.1" 206 65112 "-" "Mozilla/4.0 (compatible; MSIE 5.5; Windows 98; Win 9x 4.90; YComp 5.0.0.0)"
64.171.132.185 - - [25/Feb/2004:23:15:06 -0800] "GET /eiwa/pdf/brackets/EIWA%201989.pdf HTTP/1.1" 206 60065 "-" "Mozilla/4.0 (compatible; MSIE 5.5; Windows 98; Win 9x 4.90; YComp 5.0.0.0)"
198.81.26.13 - - [25/Feb/2004:23:15:16 -0800] "GET /eiwa/pdf/brackets/EIWA%201989.pdf HTTP/1.0" 200 70692 "http://www.wrestlingstats.com/eiwa/brackets.htm" "Mozilla/4.0 (compatible; MSIE 6.0; AOL 8.0; Windows NT 5.1)"
198.81.26.13 - - [25/Feb/2004:23:15:16 -0800] "GET /eiwa/pdf/brackets/EIWA%201989.pdf HTTP/1.0" 200 70692 "-" "Mozilla/4.0 (compatible; MSIE 6.0; AOL 8.0; Windows NT 5.1)"
198.81.26.47 - - [25/Feb/2004:23:15:50 -0800] "GET /ncaa/brackets.htm HTTP/1.0" 200 2835 "-" "Mozilla/4.0 (compatible; MSIE 6.0; AOL 8.0; Windows NT 5.1)"
64.171.132.185 - - [25/Feb/2004:23:15:50 -0800] "GET /eiwa/pdf/brackets/EIWA%201990.pdf HTTP/1.1" 200 71627 "http://www.wrestlingstats.com/eiwa/brackets.htm" "Mozilla/4.0 (compatible; MSIE 5.5; Windows 98; Win 9x 4.90; YComp 5.0.0.0; yplus 3.01)"
64.171.132.185 - - [25/Feb/2004:23:15:51 -0800] "GET /eiwa/pdf/brackets/EIWA%201990.pdf HTTP/1.1" 206 66046 "-" "contype"
64.171.132.185 - - [25/Feb/2004:23:15:51 -0800] "GET /eiwa/pdf/brackets/EIWA%201990.pdf HTTP/1.1" 206 66046 "-" "Mozilla/4.0 (compatible; MSIE 5.5; Windows 98; Win 9x 4.90; YComp 5.0.0.0)"
64.171.132.185 - - [25/Feb/2004:23:15:51 -0800] "GET /eiwa/pdf/brackets/EIWA%201990.pdf HTTP/1.1" 206 60998 "-" "Mozilla/4.0 (compatible; MSIE 5.5; Windows 98; Win 9x 4.90; YComp 5.0.0.0)"
198.81.26.12 - - [25/Feb/2004:23:15:54 -0800] "GET /ncaa/pdf/brackets/NCAA%201989.pdf HTTP/1.0" 200 253042 "http://www.wrestlingstats.com/ncaa/brackets.htm" "Mozilla/4.0 (compatible; MSIE 6.0; AOL 8.0; Windows NT 5.1)"
198.81.26.12 - - [25/Feb/2004:23:15:54 -0800] "GET /ncaa/pdf/brackets/NCAA%201989.pdf HTTP/1.1" 200 253042 "-" "Mozilla/4.0 (compatible; MSIE 6.0; AOL 8.0; Windows NT 5.1)"
198.81.26.12 - - [25/Feb/2004:23:15:55 -0800] "GET /ncaa/pdf/brackets/NCAA%201989.pdf HTTP/1.0" 206 102230 "-" "Mozilla/4.0 (compatible; MSIE 6.0; AOL 8.0; Windows NT 5.1)"
198.81.26.12 - - [25/Feb/2004:23:15:56 -0800] "GET /ncaa/pdf/brackets/NCAA%201989.pdf HTTP/1.0" 206 143582 "-" "Mozilla/4.0 (compatible; MSIE 6.0; AOL 8.0; Windows NT 5.1)"
64.171.132.185 - - [25/Feb/2004:23:16:08 -0800] "GET /eiwa/pdf/brackets/EIWA%201999.pdf HTTP/1.1" 200 70161 "http://www.wrestlingstats.com/eiwa/brackets.htm" "Mozilla/4.0 (compatible; MSIE 5.5; Windows 98; Win 9x 4.90; YComp 5.0.0.0; yplus 3.01)"
64.171.132.185 - - [25/Feb/2004:23:16:08 -0800] "GET /eiwa/pdf/brackets/EIWA%201999.pdf HTTP/1.1" 206 64580 "-" "contype"
64.171.132.185 - - [25/Feb/2004:23:16:09 -0800] "GET /eiwa/pdf/brackets/EIWA%201999.pdf HTTP/1.1" 206 64580 "-" "Mozilla/4.0 (compatible; MSIE 5.5; Windows 98; Win 9x 4.90; YComp 5.0.0.0)"
64.171.132.185 - - [25/Feb/2004:23:16:09 -0800] "GET /eiwa/pdf/brackets/EIWA%201999.pdf HTTP/1.1" 206 59532 "-" "Mozilla/4.0 (compatible; MSIE 5.5; Windows 98; Win 9x 4.90; YComp 5.0.0.0)"
64.171.132.185 - - [25/Feb/2004:23:16:22 -0800] "GET /eiwa/pdf/brackets/EIWA%201998.pdf HTTP/1.1" 200 70550 "http://www.wrestlingstats.com/eiwa/brackets.htm" "Mozilla/4.0 (compatible; MSIE 5.5; Windows 98; Win 9x 4.90; YComp 5.0.0.0; yplus 3.01)"
64.171.132.185 - - [25/Feb/2004:23:16:22 -0800] "GET /eiwa/pdf/brackets/EIWA%201998.pdf HTTP/1.1" 206 64970 "-" "contype"
64.171.132.185 - - [25/Feb/2004:23:16:23 -0800] "GET /eiwa/pdf/brackets/EIWA%201998.pdf HTTP/1.1" 206 64970 "-" "Mozilla/4.0 (compatible; MSIE 5.5; Windows 98; Win 9x 4.90; YComp 5.0.0.0)"
64.171.132.185 - - [25/Feb/2004:23:16:23 -0800] "GET /eiwa/pdf/brackets/EIWA%201998.pdf HTTP/1.1" 206 59923 "-" "Mozilla/4.0 (compatible; MSIE 5.5; Windows 98; Win 9x 4.90; YComp 5.0.0.0)"
64.171.132.185 - - [25/Feb/2004:23:16:38 -0800] "GET /eiwa/pdf/brackets/EIWA%201997.pdf HTTP/1.1" 200 70255 "http://www.wrestlingstats.com/eiwa/brackets.htm" "Mozilla/4.0 (compatible; MSIE 5.5; Windows 98; Win 9x 4.90; YComp 5.0.0.0; yplus 3.01)"
64.171.132.185 - - [25/Feb/2004:23:16:38 -0800] "GET /eiwa/pdf/brackets/EIWA%201997.pdf HTTP/1.1" 206 64675 "-" "contype"
64.171.132.185 - - [25/Feb/2004:23:16:39 -0800] "GET /eiwa/pdf/brackets/EIWA%201997.pdf HTTP/1.1" 206 64675 "-" "Mozilla/4.0 (compatible; MSIE 5.5; Windows 98; Win 9x 4.90; YComp 5.0.0.0)"
64.171.132.185 - - [25/Feb/2004:23:16:39 -0800] "GET /eiwa/pdf/brackets/EIWA%201997.pdf HTTP/1.1" 206 59628 "-" "Mozilla/4.0 (compatible; MSIE 5.5; Windows 98; Win 9x 4.90; YComp 5.0.0.0)"
64.171.132.185 - - [25/Feb/2004:23:17:02 -0800] "GET /eiwa/pdf/brackets/EIWA%202000.pdf HTTP/1.1" 200 70894 "http://www.wrestlingstats.com/eiwa/brackets.htm" "Mozilla/4.0 (compatible; MSIE 5.5; Windows 98; Win 9x 4.90; YComp 5.0.0.0; yplus 3.01)"
64.171.132.185 - - [25/Feb/2004:23:17:03 -0800] "GET /eiwa/pdf/brackets/EIWA%202000.pdf HTTP/1.1" 206 65314 "-" "contype"
64.171.132.185 - - [25/Feb/2004:23:17:03 -0800] "GET /eiwa/pdf/brackets/EIWA%202000.pdf HTTP/1.1" 206 65314 "-" "Mozilla/4.0 (compatible; MSIE 5.5; Windows 98; Win 9x 4.90; YComp 5.0.0.0)"
64.171.132.185 - - [25/Feb/2004:23:17:03 -0800] "GET /eiwa/pdf/brackets/EIWA%202000.pdf HTTP/1.1" 206 60267 "-" "Mozilla/4.0 (compatible; MSIE 5.5; Windows 98; Win 9x 4.90; YComp 5.0.0.0)"
198.81.26.15 - - [25/Feb/2004:23:17:45 -0800] "GET /eiwa/brackets.htm HTTP/1.0" 200 2451 "-" "Mozilla/4.0 (compatible; MSIE 6.0; AOL 8.0; Windows NT 5.1)"
198.81.26.12 - - [25/Feb/2004:23:17:47 -0800] "GET /eiwa/pdf/brackets/EIWA%202000.pdf HTTP/1.0" 200 70894 "http://www.wrestlingstats.com/eiwa/brackets.htm" "Mozilla/4.0 (compatible; MSIE 6.0; AOL 8.0; Windows NT 5.1)"
198.81.26.12 - - [25/Feb/2004:23:17:47 -0800] "GET /eiwa/pdf/brackets/EIWA%202000.pdf HTTP/1.0" 200 70894 "-" "Mozilla/4.0 (compatible; MSIE 6.0; AOL 8.0; Windows NT 5.1)"
64.171.132.185 - - [25/Feb/2004:23:18:05 -0800] "GET /apPopupMenu$COMClassObject.class HTTP/1.1" 404 363 "-" "Mozilla/4.0 (compatible; MSIE 5.0; Win32)"
64.171.132.185 - - [25/Feb/2004:23:18:10 -0800] "GET /ncaa/pdf/brackets/NCAA%202000.pdf HTTP/1.1" 200 231911 "http://www.wrestlingstats.com/ncaa/brackets.htm" "Mozilla/4.0 (compatible; MSIE 5.5; Windows 98; Win 9x 4.90; YComp 5.0.0.0; yplus 3.01)"
64.171.132.185 - - [25/Feb/2004:23:18:10 -0800] "GET /ncaa/pdf/brackets/NCAA%202000.pdf HTTP/1.1" 206 226333 "-" "contype"
64.171.132.185 - - [25/Feb/2004:23:18:10 -0800] "GET /ncaa/pdf/brackets/NCAA%202000.pdf HTTP/1.1" 206 226333 "-" "Mozilla/4.0 (compatible; MSIE 5.5; Windows 98; Win 9x 4.90; YComp 5.0.0.0)"
64.171.132.185 - - [25/Feb/2004:23:18:11 -0800] "GET /ncaa/pdf/brackets/NCAA%202000.pdf HTTP/1.1" 206 95685 "-" "Mozilla/4.0 (compatible; MSIE 5.5; Windows 98; Win 9x 4.90; YComp 5.0.0.0)"
