209.92.97.110 - - [26/Feb/2004:17:08:01 -0800] "GET /lehigh/EIWAChamps.jpg HTTP/1.1" 304 - "http://www.wrestlingstats.com/lehigh/home.php" "Mozilla/4.0 (compatible; MSIE 6.0; Windows NT 5.0; .NET CLR 1.1.4322)"
209.92.97.110 - - [26/Feb/2004:17:08:01 -0800] "GET /lehigh/apPopupMenu.class HTTP/1.1" 304 - "-" "Mozilla/4.0 (compatible; MSIE 6.0; Win32)"
209.92.97.110 - - [26/Feb/2004:17:08:02 -0800] "GET /lehigh/pix/home.gif HTTP/1.1" 304 - "-" "Mozilla/4.0 (compatible; MSIE 6.0; Win32)"
204.96.180.65 - - [26/Feb/2004:17:08:02 -0800] "GET /ncaa/brackets.htm HTTP/1.1" 200 2796 "http://www.mywebsearch.com/jsp/GGmain.jsp?searchfor=iowa%20state%20wrestling%20tournament&st=bar&ptnrS=ZSzeb005&tpr=rel0" "Mozilla/4.0 (compatible; MSIE 6.0; Windows NT 5.1; FunWebProducts)"
209.92.97.110 - - [26/Feb/2004:17:08:02 -0800] "GET /lehigh/pix/apbfind.gif HTTP/1.1" 304 - "-" "Mozilla/4.0 (compatible; MSIE 6.0; Win32)"
204.96.180.65 - - [26/Feb/2004:17:08:06 -0800] "GET /apPopupMenu.class HTTP/1.1" 200 19469 "-" "Java 1.1"
64.12.96.41 - - [26/Feb/2004:17:08:08 -0800] "GET /ncaa/pdf/brackets/NCAA%201956.pdf HTTP/1.0" 200 94257 "http://www.wrestlingstats.com/ncaa/brackets.htm" "Mozilla/4.0 (compatible; MSIE 6.0; AOL 9.0; Windows NT 5.1; .NET CLR 1.0.3705)"
64.12.96.41 - - [26/Feb/2004:17:08:10 -0800] "GET /ncaa/pdf/brackets/NCAA%201956.pdf HTTP/1.1" 200 94257 "-" "Mozilla/4.0 (compatible; MSIE 6.0; AOL 9.0; Windows NT 5.1; .NET CLR 1.0.3705)"
64.12.96.41 - - [26/Feb/2004:17:08:16 -0800] "GET /ncaa/pdf/brackets/NCAA%201956.pdf HTTP/1.0" 206 90939 "-" "Mozilla/4.0 (compatible; MSIE 6.0; AOL 9.0; Windows NT 5.1; .NET CLR 1.0.3705)"
209.92.97.110 - - [26/Feb/2004:17:08:26 -0800] "GET /lehigh/show_leaders.php?term=C&leader=5 HTTP/1.1" 200 2663 "-" "Mozilla/4.0 (compatible; MSIE 6.0; Windows NT 5.0; .NET CLR 1.1.4322)"
209.92.97.110 - - [26/Feb/2004:17:09:32 -0800] "GET /lehigh/show_leaders.php?term=C&leader=6 HTTP/1.1" 200 2661 "-" "Mozilla/4.0 (compatible; MSIE 6.0; Windows NT 5.0; .NET CLR 1.1.4322)"
209.92.97.110 - - [26/Feb/2004:17:10:46 -0800] "GET /lehigh/show_leaders.php?term=C&leader=2 HTTP/1.1" 200 2673 "-" "Mozilla/4.0 (compatible; MSIE 6.0; Windows NT 5.0; .NET CLR 1.1.4322)"
209.92.97.110 - - [26/Feb/2004:17:11:30 -0800] "GET /lehigh/show_leaders.php?term=S&leader=2 HTTP/1.1" 200 2470 "-" "Mozilla/4.0 (compatible; MSIE 6.0; Windows NT 5.0; .NET CLR 1.1.4322)"
64.12.116.208 - - [26/Feb/2004:17:11:47 -0800] "GET /ncaa/brackets.htm HTTP/1.0" 200 2835 "http://www.wrestlinghalloffame.org/champions/?teams&team=518" "Mozilla/4.0 (compatible; MSIE 6.0; AOL 9.0; Windows NT 5.1; .NET CLR 1.0.3705)"
64.12.96.41 - - [26/Feb/2004:17:12:06 -0800] "GET /ncaa/pdf/brackets/NCAA%201957.pdf HTTP/1.0" 200 97249 "http://www.wrestlingstats.com/ncaa/brackets.htm" "Mozilla/4.0 (compatible; MSIE 6.0; AOL 9.0; Windows NT 5.1; .NET CLR 1.0.3705)"
64.12.96.41 - - [26/Feb/2004:17:12:09 -0800] "GET /ncaa/pdf/brackets/NCAA%201957.pdf HTTP/1.0" 200 97249 "-" "Mozilla/4.0 (compatible; MSIE 6.0; AOL 9.0; Windows NT 5.1; .NET CLR 1.0.3705)"
64.12.96.41 - - [26/Feb/2004:17:12:13 -0800] "GET /ncaa/pdf/brackets/NCAA%201957.pdf HTTP/1.0" 206 93883 "-" "Mozilla/4.0 (compatible; MSIE 6.0; AOL 9.0; Windows NT 5.1; .NET CLR 1.0.3705)"
209.92.97.110 - - [26/Feb/2004:17:12:26 -0800] "GET /lehigh/show_leaders.php?term=C&leader=3 HTTP/1.1" 200 2653 "-" "Mozilla/4.0 (compatible; MSIE 6.0; Windows NT 5.0; .NET CLR 1.1.4322)"
64.12.116.208 - - [26/Feb/2004:17:13:35 -0800] "GET /ncaa/brackets.htm HTTP/1.0" 200 2835 "http://www.wrestlinghalloffame.org/champions/?teams&team=518" "Mozilla/4.0 (compatible; MSIE 6.0; AOL 9.0; Windows NT 5.1; .NET CLR 1.0.3705)"
64.12.96.41 - - [26/Feb/2004:17:13:45 -0800] "GET /ncaa/pdf/brackets/NCAA%201959.pdf HTTP/1.0" 200 96431 "http://www.wrestlingstats.com/ncaa/brackets.htm" "Mozilla/4.0 (compatible; MSIE 6.0; AOL 9.0; Windows NT 5.1; .NET CLR 1.0.3705)"
64.12.96.41 - - [26/Feb/2004:17:13:47 -0800] "GET /ncaa/pdf/brackets/NCAA%201959.pdf HTTP/1.0" 200 96431 "-" "Mozilla/4.0 (compatible; MSIE 6.0; AOL 9.0; Windows NT 5.1; .NET CLR 1.0.3705)"
64.12.96.41 - - [26/Feb/2004:17:13:52 -0800] "GET /ncaa/pdf/brackets/NCAA%201959.pdf HTTP/1.0" 206 93071 "-" "Mozilla/4.0 (compatible; MSIE 6.0; AOL 9.0; Windows NT 5.1; .NET CLR 1.0.3705)"
64.12.96.40 - - [26/Feb/2004:17:15:06 -0800] "GET /ncaa/pdf/brackets/NCAA%201960.pdf HTTP/1.0" 200 96817 "http://www.wrestlingstats.com/ncaa/brackets.htm" "Mozilla/4.0 (compatible; MSIE 6.0; AOL 9.0; Windows NT 5.1; .NET CLR 1.0.3705)"
64.12.96.40 - - [26/Feb/2004:17:15:12 -0800] "GET /ncaa/pdf/brackets/NCAA%201960.pdf HTTP/1.0" 200 96817 "-" "Mozilla/4.0 (compatible; MSIE 6.0; AOL 9.0; Windows NT 5.1; .NET CLR 1.0.3705)"
64.12.116.208 - - [26/Feb/2004:17:16:19 -0800] "GET /ncaa/brackets.htm HTTP/1.0" 200 2835 "http://www.wrestlinghalloffame.org/champions/?teams&team=518" "Mozilla/4.0 (compatible; MSIE 6.0; AOL 9.0; Windows NT 5.1; .NET CLR 1.0.3705)"
64.12.96.40 - - [26/Feb/2004:17:16:27 -0800] "GET /ncaa/pdf/brackets/NCAA%201961.pdf HTTP/1.0" 200 94434 "http://www.wrestlingstats.com/ncaa/brackets.htm" "Mozilla/4.0 (compatible; MSIE 6.0; AOL 9.0; Windows NT 5.1; .NET CLR 1.0.3705)"
64.12.96.40 - - [26/Feb/2004:17:16:28 -0800] "GET /ncaa/pdf/brackets/NCAA%201961.pdf HTTP/1.0" 200 94434 "http://www.wrestlingstats.com/ncaa/brackets.htm" "Mozilla/4.0 (compatible; MSIE 6.0; AOL 9.0; Windows NT 5.1; .NET CLR 1.0.3705)"
64.12.96.40 - - [26/Feb/2004:17:16:31 -0800] "GET /ncaa/pdf/brackets/NCAA%201961.pdf HTTP/1.0" 200 94434 "http://www.wrestlingstats.com/ncaa/brackets.htm" "Mozilla/4.0 (compatible; MSIE 6.0; AOL 9.0; Windows NT 5.1; .NET CLR 1.0.3705)"
64.12.96.40 - - [26/Feb/2004:17:16:32 -0800] "GET /ncaa/pdf/brackets/NCAA%201961.pdf HTTP/1.0" 200 94434 "http://www.wrestlingstats.com/ncaa/brackets.htm" "Mozilla/4.0 (compatible; MSIE 6.0; AOL 9.0; Windows NT 5.1; .NET CLR 1.0.3705)"
64.12.96.40 - - [26/Feb/2004:17:16:32 -0800] "GET /ncaa/pdf/brackets/NCAA%201961.pdf HTTP/1.0" 200 94434 "http://www.wrestlingstats.com/ncaa/brackets.htm" "Mozilla/4.0 (compatible; MSIE 6.0; AOL 9.0; Windows NT 5.1; .NET CLR 1.0.3705)"
64.12.96.40 - - [26/Feb/2004:17:16:33 -0800] "GET /ncaa/pdf/brackets/NCAA%201961.pdf HTTP/1.0" 200 94434 "http://www.wrestlingstats.com/ncaa/brackets.htm" "Mozilla/4.0 (compatible; MSIE 6.0; AOL 9.0; Windows NT 5.1; .NET CLR 1.0.3705)"
64.12.96.40 - - [26/Feb/2004:17:16:35 -0800] "GET /ncaa/pdf/brackets/NCAA%201961.pdf HTTP/1.0" 200 94434 "-" "Mozilla/4.0 (compatible; MSIE 6.0; AOL 9.0; Windows NT 5.1; .NET CLR 1.0.3705)"
64.12.96.40 - - [26/Feb/2004:17:16:37 -0800] "GET /ncaa/pdf/brackets/NCAA%201961.pdf HTTP/1.0" 206 91068 "-" "Mozilla/4.0 (compatible; MSIE 6.0; AOL 9.0; Windows NT 5.1; .NET CLR 1.0.3705)"
64.12.116.208 - - [26/Feb/2004:17:18:30 -0800] "GET /ncaa/brackets.htm HTTP/1.0" 200 2835 "http://www.wrestlinghalloffame.org/champions/?teams&team=518" "Mozilla/4.0 (compatible; MSIE 6.0; AOL 9.0; Windows NT 5.1; .NET CLR 1.0.3705)"
64.12.96.41 - - [26/Feb/2004:17:18:37 -0800] "GET /ncaa/pdf/brackets/NCAA%201962.pdf HTTP/1.1" 200 96564 "http://www.wrestlingstats.com/ncaa/brackets.htm" "Mozilla/4.0 (compatible; MSIE 6.0; AOL 9.0; Windows NT 5.1; .NET CLR 1.0.3705)"
64.12.96.41 - - [26/Feb/2004:17:18:38 -0800] "GET /ncaa/pdf/brackets/NCAA%201962.pdf HTTP/1.1" 200 96564 "http://www.wrestlingstats.com/ncaa/brackets.htm" "Mozilla/4.0 (compatible; MSIE 6.0; AOL 9.0; Windows NT 5.1; .NET CLR 1.0.3705)"
64.12.96.41 - - [26/Feb/2004:17:18:43 -0800] "GET /ncaa/pdf/brackets/NCAA%201962.pdf HTTP/1.0" 200 96564 "http://www.wrestlingstats.com/ncaa/brackets.htm" "Mozilla/4.0 (compatible; MSIE 6.0; AOL 9.0; Windows NT 5.1; .NET CLR 1.0.3705)"
64.12.96.41 - - [26/Feb/2004:17:18:45 -0800] "GET /ncaa/pdf/brackets/NCAA%201962.pdf HTTP/1.0" 200 96564 "-" "Mozilla/4.0 (compatible; MSIE 6.0; AOL 9.0; Windows NT 5.1; .NET CLR 1.0.3705)"
64.12.96.41 - - [26/Feb/2004:17:18:48 -0800] "GET /ncaa/pdf/brackets/NCAA%201962.pdf HTTP/1.0" 206 93246 "-" "Mozilla/4.0 (compatible; MSIE 6.0; AOL 9.0; Windows NT 5.1; .NET CLR 1.0.3705)"
205.188.208.41 - - [26/Feb/2004:17:25:52 -0800] "GET /ncaa/brackets.htm HTTP/1.0" 200 2835 "http://www.wrestlinghalloffame.org/champions/?events&event=305" "Mozilla/4.0 (compatible; MSIE 6.0; AOL 7.0; Windows NT 5.1; .NET CLR 1.0.3705; .NET CLR 1.1.4322)"
205.188.208.70 - - [26/Feb/2004:17:26:43 -0800] "GET /ncaa/pdf/brackets/NCAA%201962.pdf HTTP/1.1" 200 96564 "http://www.wrestlingstats.com/ncaa/brackets.htm" "Mozilla/4.0 (compatible; MSIE 6.0; AOL 7.0; Windows NT 5.1; .NET CLR 1.0.3705; .NET CLR 1.1.4322)"
205.188.208.70 - - [26/Feb/2004:17:26:44 -0800] "GET /ncaa/pdf/brackets/NCAA%201962.pdf HTTP/1.0" 200 96564 "-" "Mozilla/4.0 (compatible; MSIE 6.0; AOL 7.0; Windows NT 5.1; .NET CLR 1.0.3705; .NET CLR 1.1.4322)"
205.188.208.70 - - [26/Feb/2004:17:26:52 -0800] "GET /ncaa/pdf/brackets/NCAA%201962.pdf HTTP/1.0" 206 75691 "-" "Mozilla/4.0 (compatible; MSIE 6.0; AOL 7.0; Windows NT 5.1; .NET CLR 1.0.3705; .NET CLR 1.1.4322)"
205.188.208.70 - - [26/Feb/2004:17:28:30 -0800] "GET /ncaa/pdf/brackets/NCAA%201961.pdf HTTP/1.0" 200 94434 "http://www.wrestlingstats.com/ncaa/brackets.htm" "Mozilla/4.0 (compatible; MSIE 6.0; AOL 7.0; Windows NT 5.1; .NET CLR 1.0.3705; .NET CLR 1.1.4322)"
205.188.208.70 - - [26/Feb/2004:17:28:31 -0800] "GET /ncaa/pdf/brackets/NCAA%201961.pdf HTTP/1.0" 200 94434 "-" "Mozilla/4.0 (compatible; MSIE 6.0; AOL 7.0; Windows NT 5.1; .NET CLR 1.0.3705; .NET CLR 1.1.4322)"
205.188.208.70 - - [26/Feb/2004:17:28:33 -0800] "GET /ncaa/pdf/brackets/NCAA%201961.pdf HTTP/1.0" 206 92606 "-" "Mozilla/4.0 (compatible; MSIE 6.0; AOL 7.0; Windows NT 5.1; .NET CLR 1.0.3705; .NET CLR 1.1.4322)"
205.188.209.77 - - [26/Feb/2004:17:29:42 -0800] "GET /ncaa/pdf/brackets/NCAA%201960.pdf HTTP/1.0" 200 96817 "http://www.wrestlingstats.com/ncaa/brackets.htm" "Mozilla/4.0 (compatible; MSIE 6.0; AOL 7.0; Windows NT 5.1; .NET CLR 1.0.3705; .NET CLR 1.1.4322)"
205.188.209.77 - - [26/Feb/2004:17:29:43 -0800] "GET /ncaa/pdf/brackets/NCAA%201960.pdf HTTP/1.0" 200 96817 "-" "Mozilla/4.0 (compatible; MSIE 6.0; AOL 7.0; Windows NT 5.1; .NET CLR 1.0.3705; .NET CLR 1.1.4322)"
205.188.208.70 - - [26/Feb/2004:17:31:13 -0800] "GET /ncaa/pdf/brackets/NCAA%201963.pdf HTTP/1.0" 200 101917 "http://www.wrestlingstats.com/ncaa/brackets.htm" "Mozilla/4.0 (compatible; MSIE 6.0; AOL 7.0; Windows NT 5.1; .NET CLR 1.0.3705; .NET CLR 1.1.4322)"
205.188.208.70 - - [26/Feb/2004:17:31:14 -0800] "GET /ncaa/pdf/brackets/NCAA%201963.pdf HTTP/1.0" 200 101917 "-" "Mozilla/4.0 (compatible; MSIE 6.0; AOL 7.0; Windows NT 5.1; .NET CLR 1.0.3705; .NET CLR 1.1.4322)"
205.188.208.70 - - [26/Feb/2004:17:31:16 -0800] "GET /ncaa/pdf/brackets/NCAA%201963.pdf HTTP/1.0" 206 100185 "-" "Mozilla/4.0 (compatible; MSIE 6.0; AOL 7.0; Windows NT 5.1; .NET CLR 1.0.3705; .NET CLR 1.1.4322)"
205.188.208.41 - - [26/Feb/2004:17:32:25 -0800] "GET /ncaa/brackets.htm HTTP/1.0" 200 2836 "http://aolsearch.aol.com/aol/search?invocationType=topsearchbox.%2Faol%2Fjsp%2Fsearch.jsp&query=Iowa+State+wrestling+tournament&x=29&y=10" "Mozilla/4.0 (compatible; MSIE 6.0; AOL 8.0; Windows NT 5.1; DigExt; FunWebProducts)"
205.188.208.70 - - [26/Feb/2004:17:32:49 -0800] "GET /ncaa/pdf/brackets/NCAA%201964.pdf HTTP/1.0" 200 117743 "http://www.wrestlingstats.com/ncaa/brackets.htm" "Mozilla/4.0 (compatible; MSIE 6.0; AOL 7.0; Windows NT 5.1; .NET CLR 1.0.3705; .NET CLR 1.1.4322)"
205.188.208.70 - - [26/Feb/2004:17:32:50 -0800] "GET /ncaa/pdf/brackets/NCAA%201964.pdf HTTP/1.0" 200 117743 "-" "Mozilla/4.0 (compatible; MSIE 6.0; AOL 7.0; Windows NT 5.1; .NET CLR 1.0.3705; .NET CLR 1.1.4322)"
205.188.208.70 - - [26/Feb/2004:17:32:51 -0800] "GET /ncaa/pdf/brackets/NCAA%201964.pdf HTTP/1.0" 206 116020 "-" "Mozilla/4.0 (compatible; MSIE 6.0; AOL 7.0; Windows NT 5.1; .NET CLR 1.0.3705; .NET CLR 1.1.4322)"
205.188.208.103 - - [26/Feb/2004:17:34:15 -0800] "GET /ncaa/pdf/brackets/NCAA%201965.pdf HTTP/1.0" 200 181764 "http://www.wrestlingstats.com/ncaa/brackets.htm" "Mozilla/4.0 (compatible; MSIE 6.0; AOL 7.0; Windows NT 5.1; .NET CLR 1.0.3705; .NET CLR 1.1.4322)"
205.188.208.103 - - [26/Feb/2004:17:34:16 -0800] "GET /ncaa/pdf/brackets/NCAA%201965.pdf HTTP/1.0" 200 181764 "-" "Mozilla/4.0 (compatible; MSIE 6.0; AOL 7.0; Windows NT 5.1; .NET CLR 1.0.3705; .NET CLR 1.1.4322)"
205.188.208.103 - - [26/Feb/2004:17:34:18 -0800] "GET /ncaa/pdf/brackets/NCAA%201965.pdf HTTP/1.0" 206 180222 "-" "Mozilla/4.0 (compatible; MSIE 6.0; AOL 7.0; Windows NT 5.1; .NET CLR 1.0.3705; .NET CLR 1.1.4322)"
67.26.77.113 - - [26/Feb/2004:17:35:09 -0800] "GET /ncaa/brackets.htm HTTP/1.1" 200 2797 "-" "Mozilla/4.0 (compatible; MSIE 6.0; Windows 98; Win 9x 4.90; MSN 8.0; MSN 8.5; MSNbMSNI; MSNmen-us; MSNcIA)"
67.26.77.113 - - [26/Feb/2004:17:35:16 -0800] "GET /apPopupMenu.class HTTP/1.1" 200 19469 "-" "Mozilla/4.0 (compatible; MSIE 6.0; Win32)"
67.26.77.113 - - [26/Feb/2004:17:35:19 -0800] "GET /images/home32.gif HTTP/1.1" 200 287 "-" "Mozilla/4.0 (compatible; MSIE 6.0; Win32)"
67.26.77.113 - - [26/Feb/2004:17:35:20 -0800] "GET /images/mail32.gif HTTP/1.1" 200 317 "-" "Mozilla/4.0 (compatible; MSIE 6.0; Win32)"
205.188.208.70 - - [26/Feb/2004:17:35:31 -0800] "GET /ncaa/pdf/brackets/NCAA%201966.pdf HTTP/1.0" 200 184930 "http://www.wrestlingstats.com/ncaa/brackets.htm" "Mozilla/4.0 (compatible; MSIE 6.0; AOL 7.0; Windows NT 5.1; .NET CLR 1.0.3705; .NET CLR 1.1.4322)"
205.188.208.70 - - [26/Feb/2004:17:35:32 -0800] "GET /ncaa/pdf/brackets/NCAA%201966.pdf HTTP/1.0" 200 184930 "-" "Mozilla/4.0 (compatible; MSIE 6.0; AOL 7.0; Windows NT 5.1; .NET CLR 1.0.3705; .NET CLR 1.1.4322)"
205.188.208.70 - - [26/Feb/2004:17:35:34 -0800] "GET /ncaa/pdf/brackets/NCAA%201966.pdf HTTP/1.0" 206 183372 "-" "Mozilla/4.0 (compatible; MSIE 6.0; AOL 7.0; Windows NT 5.1; .NET CLR 1.0.3705; .NET CLR 1.1.4322)"
207.173.58.19 - - [26/Feb/2004:17:35:52 -0800] "GET /ncaa/pdf/brackets/NCAA%201979.pdf HTTP/1.1" 200 221713 "http://www.google.com/search?sourceid=navclient&ie=UTF-8&oe=UTF-8&q=%22Dan+Zilverberg%22" "Mozilla/4.0 (compatible; MSIE 6.0; Windows NT 5.1; .NET CLR 1.0.3705; .NET CLR 1.1.4322)"
207.173.58.19 - - [26/Feb/2004:17:35:53 -0800] "GET /ncaa/pdf/brackets/NCAA%201979.pdf HTTP/1.1" 200 221713 "-" "Mozilla/4.0 (compatible; MSIE 6.0; Windows NT 5.1; .NET CLR 1.0.3705; .NET CLR 1.1.4322)"
67.26.77.113 - - [26/Feb/2004:17:35:54 -0800] "GET /favicon.ico HTTP/1.1" 404 363 "-" "Mozilla/4.0 (compatible; MSIE 6.0; Windows 98; Win 9x 4.90; MSN 8.0; MSN 8.5; MSNbMSNI; MSNmen-us; MSNcIA)"
207.173.58.19 - - [26/Feb/2004:17:35:58 -0800] "GET /ncaa/pdf/brackets/NCAA%201979.pdf HTTP/1.1" 206 61260 "-" "Mozilla/4.0 (compatible; MSIE 6.0; Windows NT 5.1; .NET CLR 1.0.3705; .NET CLR 1.1.4322)"
67.26.77.113 - - [26/Feb/2004:17:36:33 -0800] "GET /ncaa/pdf/brackets/NCAA%201965.pdf HTTP/1.1" 200 181764 "http://www.wrestlingstats.com/ncaa/brackets.htm" "Mozilla/4.0 (compatible; MSIE 6.0; Windows 98; Win 9x 4.90; MSN 8.0; MSN 8.5; MSNbMSNI; MSNmen-us; MSNcIA)"
67.26.77.113 - - [26/Feb/2004:17:36:42 -0800] "GET /ncaa/pdf/brackets/NCAA%201965.pdf HTTP/1.1" 206 177169 "-" "Mozilla/4.0 (compatible; MSIE 6.0; Windows 98; Win 9x 4.90; MSN 8.0; MSN 8.5; MSNbMSNI; MSNmen-us; MSNcIA)"
67.26.77.113 - - [26/Feb/2004:17:36:44 -0800] "GET /ncaa/pdf/brackets/NCAA%201965.pdf HTTP/1.1" 206 174344 "-" "Mozilla/4.0 (compatible; MSIE 6.0; Windows 98; Win 9x 4.90; MSN 8.0; MSN 8.5; MSNbMSNI; MSNmen-us; MSNcIA)"
205.188.208.70 - - [26/Feb/2004:17:37:32 -0800] "GET /ncaa/pdf/brackets/NCAA%201967.pdf HTTP/1.0" 200 216170 "http://www.wrestlingstats.com/ncaa/brackets.htm" "Mozilla/4.0 (compatible; MSIE 6.0; AOL 7.0; Windows NT 5.1; .NET CLR 1.0.3705; .NET CLR 1.1.4322)"
205.188.208.70 - - [26/Feb/2004:17:37:33 -0800] "GET /ncaa/pdf/brackets/NCAA%201967.pdf HTTP/1.0" 200 216170 "-" "Mozilla/4.0 (compatible; MSIE 6.0; AOL 7.0; Windows NT 5.1; .NET CLR 1.0.3705; .NET CLR 1.1.4322)"
205.188.208.70 - - [26/Feb/2004:17:37:35 -0800] "GET /ncaa/pdf/brackets/NCAA%201967.pdf HTTP/1.0" 206 214722 "-" "Mozilla/4.0 (compatible; MSIE 6.0; AOL 7.0; Windows NT 5.1; .NET CLR 1.0.3705; .NET CLR 1.1.4322)"
207.173.58.19 - - [26/Feb/2004:17:38:34 -0800] "GET /ncaa/pdf/brackets/NCAA%201980.pdf HTTP/1.1" 200 131072 "http://www.google.com/search?sourceid=navclient&ie=UTF-8&oe=UTF-8&q=%22Dan+Zilverberg%22" "Mozilla/4.0 (compatible; MSIE 6.0; Windows NT 5.1; .NET CLR 1.0.3705; .NET CLR 1.1.4322)"
207.173.58.19 - - [26/Feb/2004:17:38:35 -0800] "GET /ncaa/pdf/brackets/NCAA%201980.pdf HTTP/1.1" 200 222124 "-" "Mozilla/4.0 (compatible; MSIE 6.0; Windows NT 5.1; .NET CLR 1.0.3705; .NET CLR 1.1.4322)"
24.12.160.42 - - [26/Feb/2004:17:38:54 -0800] "GET /ncaa/brackets.htm HTTP/1.1" 200 2798 "-" "Mozilla/4.0 (compatible; MSIE 6.0; Windows NT 5.1; .NET CLR 1.0.3705; .NET CLR 1.1.4322)"
24.12.160.42 - - [26/Feb/2004:17:39:04 -0800] "GET /apPopupMenu.class HTTP/1.1" 200 19469 "-" "Mozilla/4.0 (Windows XP 5.1)"
24.12.160.42 - - [26/Feb/2004:17:39:05 -0800] "GET /ncaa/pdf/brackets/NCAA%202000.pdf HTTP/1.1" 200 231911 "http://www.wrestlingstats.com/ncaa/brackets.htm" "Mozilla/4.0 (compatible; MSIE 6.0; Windows NT 5.1; .NET CLR 1.0.3705; .NET CLR 1.1.4322)"
24.12.160.42 - - [26/Feb/2004:17:39:07 -0800] "GET /ncaa/pdf/brackets/NCAA%202000.pdf HTTP/1.1" 206 227761 "-" "Mozilla/4.0 (compatible; MSIE 6.0; Windows NT 5.1; .NET CLR 1.0.3705; .NET CLR 1.1.4322)"
205.188.208.10 - - [26/Feb/2004:17:39:17 -0800] "GET /ncaa/pdf/brackets/NCAA%201968.pdf HTTP/1.0" 200 139554 "http://www.wrestlingstats.com/ncaa/brackets.htm" "Mozilla/4.0 (compatible; MSIE 6.0; AOL 7.0; Windows NT 5.1; .NET CLR 1.0.3705; .NET CLR 1.1.4322)"
205.188.208.10 - - [26/Feb/2004:17:39:18 -0800] "GET /ncaa/pdf/brackets/NCAA%201968.pdf HTTP/1.0" 200 139554 "-" "Mozilla/4.0 (compatible; MSIE 6.0; AOL 7.0; Windows NT 5.1; .NET CLR 1.0.3705; .NET CLR 1.1.4322)"
24.12.160.42 - - [26/Feb/2004:17:39:20 -0800] "GET /ncaa/pdf/brackets/NCAA%202000.pdf HTTP/1.1" 206 197385 "-" "Mozilla/4.0 (compatible; MSIE 6.0; Windows NT 5.1; .NET CLR 1.0.3705; .NET CLR 1.1.4322)"
205.188.208.10 - - [26/Feb/2004:17:39:20 -0800] "GET /ncaa/pdf/brackets/NCAA%201968.pdf HTTP/1.0" 206 137918 "-" "Mozilla/4.0 (compatible; MSIE 6.0; AOL 7.0; Windows NT 5.1; .NET CLR 1.0.3705; .NET CLR 1.1.4322)"
205.188.208.70 - - [26/Feb/2004:17:41:08 -0800] "GET /ncaa/pdf/brackets/NCAA%201969.pdf HTTP/1.0" 200 219821 "http://www.wrestlingstats.com/ncaa/brackets.htm" "Mozilla/4.0 (compatible; MSIE 6.0; AOL 7.0; Windows NT 5.1; .NET CLR 1.0.3705; .NET CLR 1.1.4322)"
205.188.208.70 - - [26/Feb/2004:17:41:09 -0800] "GET /ncaa/pdf/brackets/NCAA%201969.pdf HTTP/1.0" 200 219821 "-" "Mozilla/4.0 (compatible; MSIE 6.0; AOL 7.0; Windows NT 5.1; .NET CLR 1.0.3705; .NET CLR 1.1.4322)"
205.188.208.70 - - [26/Feb/2004:17:41:17 -0800] "GET /ncaa/pdf/brackets/NCAA%201969.pdf HTTP/1.0" 206 203508 "-" "Mozilla/4.0 (compatible; MSIE 6.0; AOL 7.0; Windows NT 5.1; .NET CLR 1.0.3705; .NET CLR 1.1.4322)"
67.26.77.113 - - [26/Feb/2004:17:42:53 -0800] "GET /eiwa/brackets.htm HTTP/1.1" 200 2414 "-" "Mozilla/4.0 (compatible; MSIE 6.0; Windows 98; Win 9x 4.90; MSN 8.0; MSN 8.5; MSNbMSNI; MSNmen-us; MSNcIA)"
205.188.208.70 - - [26/Feb/2004:17:43:08 -0800] "GET /ncaa/pdf/brackets/NCAA%201970.pdf HTTP/1.0" 200 215841 "http://www.wrestlingstats.com/ncaa/brackets.htm" "Mozilla/4.0 (compatible; MSIE 6.0; AOL 7.0; Windows NT 5.1; .NET CLR 1.0.3705; .NET CLR 1.1.4322)"
205.188.208.70 - - [26/Feb/2004:17:43:09 -0800] "GET /ncaa/pdf/brackets/NCAA%201970.pdf HTTP/1.0" 200 215841 "-" "Mozilla/4.0 (compatible; MSIE 6.0; AOL 7.0; Windows NT 5.1; .NET CLR 1.0.3705; .NET CLR 1.1.4322)"
205.188.208.70 - - [26/Feb/2004:17:43:10 -0800] "GET /ncaa/pdf/brackets/NCAA%201970.pdf HTTP/1.0" 206 214393 "-" "Mozilla/4.0 (compatible; MSIE 6.0; AOL 7.0; Windows NT 5.1; .NET CLR 1.0.3705; .NET CLR 1.1.4322)"
67.26.77.113 - - [26/Feb/2004:17:43:38 -0800] "GET /favicon.ico HTTP/1.1" 404 363 "-" "Mozilla/4.0 (compatible; MSIE 6.0; Windows 98; Win 9x 4.90; MSN 8.0; MSN 8.5; MSNbMSNI; MSNmen-us; MSNcIA)"
67.26.77.113 - - [26/Feb/2004:17:44:02 -0800] "GET /favicon.ico HTTP/1.1" 404 363 "-" "Mozilla/4.0 (compatible; MSIE 6.0; Windows 98; Win 9x 4.90; MSN 8.0; MSN 8.5; MSNbMSNI; MSNmen-us; MSNcIA)"
67.26.77.113 - - [26/Feb/2004:17:44:14 -0800] "GET /ncaa/brackets.htm HTTP/1.1" 304 - "-" "Mozilla/4.0 (compatible; MSIE 6.0; Windows 98; Win 9x 4.90; MSN 8.0; MSN 8.5; MSNbMSNI; MSNmen-us; MSNcIA)"
205.188.208.70 - - [26/Feb/2004:17:44:29 -0800] "GET /ncaa/pdf/brackets/NCAA%201971.pdf HTTP/1.0" 200 193019 "http://www.wrestlingstats.com/ncaa/brackets.htm" "Mozilla/4.0 (compatible; MSIE 6.0; AOL 7.0; Windows NT 5.1; .NET CLR 1.0.3705; .NET CLR 1.1.4322)"
205.188.208.70 - - [26/Feb/2004:17:44:30 -0800] "GET /ncaa/pdf/brackets/NCAA%201971.pdf HTTP/1.0" 200 193019 "-" "Mozilla/4.0 (compatible; MSIE 6.0; AOL 7.0; Windows NT 5.1; .NET CLR 1.0.3705; .NET CLR 1.1.4322)"
205.188.208.70 - - [26/Feb/2004:17:44:32 -0800] "GET /ncaa/pdf/brackets/NCAA%201971.pdf HTTP/1.1" 206 191571 "-" "Mozilla/4.0 (compatible; MSIE 6.0; AOL 7.0; Windows NT 5.1; .NET CLR 1.0.3705; .NET CLR 1.1.4322)"
67.26.77.113 - - [26/Feb/2004:17:44:38 -0800] "GET /favicon.ico HTTP/1.1" 404 363 "-" "Mozilla/4.0 (compatible; MSIE 6.0; Windows 98; Win 9x 4.90; MSN 8.0; MSN 8.5; MSNbMSNI; MSNmen-us; MSNcIA)"
64.233.236.233 - - [26/Feb/2004:17:45:26 -0800] "GET / HTTP/1.1" 304 - "-" "Mozilla/4.0 (compatible; MSIE 6.0; Windows NT 5.1)"
64.233.236.233 - - [26/Feb/2004:17:45:26 -0800] "GET /NCAA2003.jpg HTTP/1.1" 304 - "http://www.wrestlingstats.com" "Mozilla/4.0 (compatible; MSIE 6.0; Windows NT 5.1)"
205.188.208.70 - - [26/Feb/2004:17:46:23 -0800] "GET /ncaa/pdf/brackets/NCAA%201972.pdf HTTP/1.0" 200 217006 "http://www.wrestlingstats.com/ncaa/brackets.htm" "Mozilla/4.0 (compatible; MSIE 6.0; AOL 7.0; Windows NT 5.1; .NET CLR 1.0.3705; .NET CLR 1.1.4322)"
205.188.208.70 - - [26/Feb/2004:17:46:24 -0800] "GET /ncaa/pdf/brackets/NCAA%201972.pdf HTTP/1.1" 200 217006 "-" "Mozilla/4.0 (compatible; MSIE 6.0; AOL 7.0; Windows NT 5.1; .NET CLR 1.0.3705; .NET CLR 1.1.4322)"
205.188.208.70 - - [26/Feb/2004:17:46:26 -0800] "GET /ncaa/pdf/brackets/NCAA%201972.pdf HTTP/1.0" 206 215568 "-" "Mozilla/4.0 (compatible; MSIE 6.0; AOL 7.0; Windows NT 5.1; .NET CLR 1.0.3705; .NET CLR 1.1.4322)"
205.188.208.70 - - [26/Feb/2004:17:48:09 -0800] "GET /ncaa/pdf/brackets/NCAA%201973.pdf HTTP/1.0" 200 212304 "http://www.wrestlingstats.com/ncaa/brackets.htm" "Mozilla/4.0 (compatible; MSIE 6.0; AOL 7.0; Windows NT 5.1; .NET CLR 1.0.3705; .NET CLR 1.1.4322)"
205.188.208.70 - - [26/Feb/2004:17:48:10 -0800] "GET /ncaa/pdf/brackets/NCAA%201973.pdf HTTP/1.0" 200 212304 "-" "Mozilla/4.0 (compatible; MSIE 6.0; AOL 7.0; Windows NT 5.1; .NET CLR 1.0.3705; .NET CLR 1.1.4322)"
205.188.208.70 - - [26/Feb/2004:17:48:12 -0800] "GET /ncaa/pdf/brackets/NCAA%201973.pdf HTTP/1.0" 206 210840 "-" "Mozilla/4.0 (compatible; MSIE 6.0; AOL 7.0; Windows NT 5.1; .NET CLR 1.0.3705; .NET CLR 1.1.4322)"
205.188.208.103 - - [26/Feb/2004:17:51:26 -0800] "GET /ncaa/pdf/brackets/NCAA%201974.pdf HTTP/1.0" 200 221153 "http://www.wrestlingstats.com/ncaa/brackets.htm" "Mozilla/4.0 (compatible; MSIE 6.0; AOL 7.0; Windows NT 5.1; .NET CLR 1.0.3705; .NET CLR 1.1.4322)"
205.188.208.103 - - [26/Feb/2004:17:51:27 -0800] "GET /ncaa/pdf/brackets/NCAA%201974.pdf HTTP/1.1" 200 221153 "-" "Mozilla/4.0 (compatible; MSIE 6.0; AOL 7.0; Windows NT 5.1; .NET CLR 1.0.3705; .NET CLR 1.1.4322)"
205.188.208.103 - - [26/Feb/2004:17:51:29 -0800] "GET /ncaa/pdf/brackets/NCAA%201974.pdf HTTP/1.0" 206 219810 "-" "Mozilla/4.0 (compatible; MSIE 6.0; AOL 7.0; Windows NT 5.1; .NET CLR 1.0.3705; .NET CLR 1.1.4322)"
205.188.208.70 - - [26/Feb/2004:17:53:23 -0800] "GET /ncaa/pdf/brackets/NCAA%201975.pdf HTTP/1.1" 200 219309 "http://www.wrestlingstats.com/ncaa/brackets.htm" "Mozilla/4.0 (compatible; MSIE 6.0; AOL 7.0; Windows NT 5.1; .NET CLR 1.0.3705; .NET CLR 1.1.4322)"
205.188.208.70 - - [26/Feb/2004:17:53:23 -0800] "GET /ncaa/pdf/brackets/NCAA%201975.pdf HTTP/1.0" 200 219309 "-" "Mozilla/4.0 (compatible; MSIE 6.0; AOL 7.0; Windows NT 5.1; .NET CLR 1.0.3705; .NET CLR 1.1.4322)"
205.188.208.70 - - [26/Feb/2004:17:53:25 -0800] "GET /ncaa/pdf/brackets/NCAA%201975.pdf HTTP/1.0" 206 217955 "-" "Mozilla/4.0 (compatible; MSIE 6.0; AOL 7.0; Windows NT 5.1; .NET CLR 1.0.3705; .NET CLR 1.1.4322)"
205.188.208.70 - - [26/Feb/2004:17:55:03 -0800] "GET /ncaa/pdf/brackets/NCAA%201976.pdf HTTP/1.0" 200 215763 "http://www.wrestlingstats.com/ncaa/brackets.htm" "Mozilla/4.0 (compatible; MSIE 6.0; AOL 7.0; Windows NT 5.1; .NET CLR 1.0.3705; .NET CLR 1.1.4322)"
205.188.208.70 - - [26/Feb/2004:17:55:04 -0800] "GET /ncaa/pdf/brackets/NCAA%201976.pdf HTTP/1.0" 200 215763 "-" "Mozilla/4.0 (compatible; MSIE 6.0; AOL 7.0; Windows NT 5.1; .NET CLR 1.0.3705; .NET CLR 1.1.4322)"
205.188.208.70 - - [26/Feb/2004:17:55:06 -0800] "GET /ncaa/pdf/brackets/NCAA%201976.pdf HTTP/1.0" 206 214315 "-" "Mozilla/4.0 (compatible; MSIE 6.0; AOL 7.0; Windows NT 5.1; .NET CLR 1.0.3705; .NET CLR 1.1.4322)"
205.188.208.10 - - [26/Feb/2004:17:56:29 -0800] "GET /ncaa/pdf/brackets/NCAA%201977.pdf HTTP/1.0" 200 225054 "http://www.wrestlingstats.com/ncaa/brackets.htm" "Mozilla/4.0 (compatible; MSIE 6.0; AOL 7.0; Windows NT 5.1; .NET CLR 1.0.3705; .NET CLR 1.1.4322)"
205.188.208.10 - - [26/Feb/2004:17:56:30 -0800] "GET /ncaa/pdf/brackets/NCAA%201977.pdf HTTP/1.0" 200 225054 "-" "Mozilla/4.0 (compatible; MSIE 6.0; AOL 7.0; Windows NT 5.1; .NET CLR 1.0.3705; .NET CLR 1.1.4322)"
205.188.208.10 - - [26/Feb/2004:17:56:32 -0800] "GET /ncaa/pdf/brackets/NCAA%201977.pdf HTTP/1.0" 206 105383 "-" "Mozilla/4.0 (compatible; MSIE 6.0; AOL 7.0; Windows NT 5.1; .NET CLR 1.0.3705; .NET CLR 1.1.4322)"
205.188.208.70 - - [26/Feb/2004:17:58:22 -0800] "GET /ncaa/pdf/brackets/NCAA%201978.pdf HTTP/1.0" 200 135019 "http://www.wrestlingstats.com/ncaa/brackets.htm" "Mozilla/4.0 (compatible; MSIE 6.0; AOL 7.0; Windows NT 5.1; .NET CLR 1.0.3705; .NET CLR 1.1.4322)"
205.188.208.70 - - [26/Feb/2004:17:58:23 -0800] "GET /ncaa/pdf/brackets/NCAA%201978.pdf HTTP/1.0" 200 135019 "-" "Mozilla/4.0 (compatible; MSIE 6.0; AOL 7.0; Windows NT 5.1; .NET CLR 1.0.3705; .NET CLR 1.1.4322)"
205.188.208.70 - - [26/Feb/2004:17:58:25 -0800] "GET /ncaa/pdf/brackets/NCAA%201978.pdf HTTP/1.1" 206 133383 "-" "Mozilla/4.0 (compatible; MSIE 6.0; AOL 7.0; Windows NT 5.1; .NET CLR 1.0.3705; .NET CLR 1.1.4322)"
12.216.128.218 - - [26/Feb/2004:17:58:50 -0800] "GET / HTTP/1.1" 200 1757 "http://www.thematforums.com/topic.asp?TOPIC_ID=26466" "Mozilla/4.0 (compatible; MSIE 6.0; Windows NT 5.1)"
12.216.128.218 - - [26/Feb/2004:17:58:50 -0800] "GET /NCAA2003.jpg HTTP/1.1" 200 84807 "http://www.wrestlingstats.com/" "Mozilla/4.0 (compatible; MSIE 6.0; Windows NT 5.1)"
12.216.128.218 - - [26/Feb/2004:17:59:21 -0800] "GET / HTTP/1.1" 304 - "http://www.thematforums.com/topic.asp?TOPIC_ID=26466" "Mozilla/4.0 (compatible; MSIE 6.0; Windows NT 5.1)"
12.216.128.218 - - [26/Feb/2004:17:59:22 -0800] "GET /NCAA2003.jpg HTTP/1.1" 304 - "http://www.wrestlingstats.com/" "Mozilla/4.0 (compatible; MSIE 6.0; Windows NT 5.1)"
205.188.208.70 - - [26/Feb/2004:18:00:36 -0800] "GET /ncaa/pdf/brackets/NCAA%201979.pdf HTTP/1.1" 200 221713 "http://www.wrestlingstats.com/ncaa/brackets.htm" "Mozilla/4.0 (compatible; MSIE 6.0; AOL 7.0; Windows NT 5.1; .NET CLR 1.0.3705; .NET CLR 1.1.4322)"
205.188.208.70 - - [26/Feb/2004:18:00:37 -0800] "GET /ncaa/pdf/brackets/NCAA%201979.pdf HTTP/1.0" 200 221713 "-" "Mozilla/4.0 (compatible; MSIE 6.0; AOL 7.0; Windows NT 5.1; .NET CLR 1.0.3705; .NET CLR 1.1.4322)"
205.188.208.70 - - [26/Feb/2004:18:00:39 -0800] "GET /ncaa/pdf/brackets/NCAA%201979.pdf HTTP/1.0" 206 220359 "-" "Mozilla/4.0 (compatible; MSIE 6.0; AOL 7.0; Windows NT 5.1; .NET CLR 1.0.3705; .NET CLR 1.1.4322)"
205.188.208.70 - - [26/Feb/2004:18:04:57 -0800] "GET /ncaa/pdf/brackets/NCAA%201980.pdf HTTP/1.0" 200 222124 "http://www.wrestlingstats.com/ncaa/brackets.htm" "Mozilla/4.0 (compatible; MSIE 6.0; AOL 7.0; Windows NT 5.1; .NET CLR 1.0.3705; .NET CLR 1.1.4322)"
205.188.208.70 - - [26/Feb/2004:18:04:58 -0800] "GET /ncaa/pdf/brackets/NCAA%201980.pdf HTTP/1.1" 200 222124 "-" "Mozilla/4.0 (compatible; MSIE 6.0; AOL 7.0; Windows NT 5.1; .NET CLR 1.0.3705; .NET CLR 1.1.4322)"
205.188.208.70 - - [26/Feb/2004:18:05:06 -0800] "GET /ncaa/pdf/brackets/NCAA%201980.pdf HTTP/1.0" 206 97679 "-" "Mozilla/4.0 (compatible; MSIE 6.0; AOL 7.0; Windows NT 5.1; .NET CLR 1.0.3705; .NET CLR 1.1.4322)"
68.162.121.76 - - [26/Feb/2004:18:07:06 -0800] "GET / HTTP/1.1" 200 1758 "http://www.lehighwrestling.com/Lehigh/uploads/links.htm" "Mozilla/4.0 (compatible; MSIE 6.0; Windows NT 5.1; .NET CLR 1.1.4322)"
68.162.121.76 - - [26/Feb/2004:18:07:07 -0800] "GET /NCAA2003.jpg HTTP/1.1" 200 84807 "http://www.wrestlingstats.com/" "Mozilla/4.0 (compatible; MSIE 6.0; Windows NT 5.1; .NET CLR 1.1.4322)"
68.162.121.76 - - [26/Feb/2004:18:07:13 -0800] "GET /apPopupMenu.class HTTP/1.1" 200 19469 "-" "Mozilla/4.0 (Windows XP 5.1) Java/1.4.2"
68.162.121.76 - - [26/Feb/2004:18:07:14 -0800] "GET /images/home32.gif HTTP/1.1" 200 287 "-" "Mozilla/4.0 (Windows XP 5.1) Java/1.4.2"
68.162.121.76 - - [26/Feb/2004:18:07:14 -0800] "GET /images/mail32.gif HTTP/1.1" 200 317 "-" "Mozilla/4.0 (Windows XP 5.1) Java/1.4.2"
68.162.121.76 - - [26/Feb/2004:18:07:38 -0800] "GET /lehigh/index.html HTTP/1.1" 200 0 "-" "Mozilla/4.0 (compatible; MSIE 6.0; Windows NT 5.1; .NET CLR 1.1.4322)"
68.162.121.76 - - [26/Feb/2004:18:07:38 -0800] "GET /lehigh/index.html HTTP/1.1" 200 839 "-" "Mozilla/4.0 (compatible; MSIE 6.0; Windows NT 5.1; .NET CLR 1.1.4322)"
68.162.121.76 - - [26/Feb/2004:18:07:39 -0800] "GET /lehigh/home.php HTTP/1.1" 200 2019 "-" "Mozilla/4.0 (compatible; MSIE 6.0; Windows NT 5.1; .NET CLR 1.1.4322)"
68.162.121.76 - - [26/Feb/2004:18:07:39 -0800] "GET /lehigh/EIWAChamps.jpg HTTP/1.1" 200 42637 "http://www.wrestlingstats.com/lehigh/home.php" "Mozilla/4.0 (compatible; MSIE 6.0; Windows NT 5.1; .NET CLR 1.1.4322)"
68.162.121.76 - - [26/Feb/2004:18:07:39 -0800] "GET /lehigh/apPopupMenu.class HTTP/1.1" 200 19469 "-" "Mozilla/4.0 (Windows XP 5.1) Java/1.4.2"
68.162.121.76 - - [26/Feb/2004:18:07:40 -0800] "GET /lehigh/pix/home.gif HTTP/1.1" 200 215 "-" "Mozilla/4.0 (Windows XP 5.1) Java/1.4.2"
68.162.121.76 - - [26/Feb/2004:18:07:40 -0800] "GET /lehigh/pix/apbfind.gif HTTP/1.1" 200 89 "-" "Mozilla/4.0 (Windows XP 5.1) Java/1.4.2"
205.188.208.70 - - [26/Feb/2004:18:08:20 -0800] "GET /ncaa/pdf/brackets/NCAA%201981.pdf HTTP/1.0" 200 228281 "http://www.wrestlingstats.com/ncaa/brackets.htm" "Mozilla/4.0 (compatible; MSIE 6.0; AOL 7.0; Windows NT 5.1; .NET CLR 1.0.3705; .NET CLR 1.1.4322)"
205.188.208.70 - - [26/Feb/2004:18:08:21 -0800] "GET /ncaa/pdf/brackets/NCAA%201981.pdf HTTP/1.1" 200 228281 "-" "Mozilla/4.0 (compatible; MSIE 6.0; AOL 7.0; Windows NT 5.1; .NET CLR 1.0.3705; .NET CLR 1.1.4322)"
205.188.208.70 - - [26/Feb/2004:18:08:23 -0800] "GET /ncaa/pdf/brackets/NCAA%201981.pdf HTTP/1.0" 206 107277 "-" "Mozilla/4.0 (compatible; MSIE 6.0; AOL 7.0; Windows NT 5.1; .NET CLR 1.0.3705; .NET CLR 1.1.4322)"
68.162.121.76 - - [26/Feb/2004:18:09:33 -0800] "GET /lehigh/wrestlers.php HTTP/1.1" 200 1934 "-" "Mozilla/4.0 (compatible; MSIE 6.0; Windows NT 5.1; .NET CLR 1.1.4322)"
68.162.121.76 - - [26/Feb/2004:18:10:03 -0800] "POST /lehigh/view_all_wrestlers.php HTTP/1.1" 200 2038 "http://www.wrestlingstats.com/lehigh/wrestlers.php" "Mozilla/4.0 (compatible; MSIE 6.0; Windows NT 5.1; .NET CLR 1.1.4322)"
68.162.121.76 - - [26/Feb/2004:18:10:23 -0800] "GET /lehigh/view_wrestlers.php?wrestler=717 HTTP/1.1" 200 2694 "http://www.wrestlingstats.com/lehigh/view_all_wrestlers.php" "Mozilla/4.0 (compatible; MSIE 6.0; Windows NT 5.1; .NET CLR 1.1.4322)"
63.161.107.8 - - [26/Feb/2004:18:10:46 -0800] "GET / HTTP/1.1" 200 1756 "-" "Mozilla/4.0 (compatible; MSIE 6.0; Windows 98)"
63.161.107.8 - - [26/Feb/2004:18:10:46 -0800] "GET /NCAA2003.jpg HTTP/1.1" 200 84807 "http://www.wrestlingstats.com/" "Mozilla/4.0 (compatible; MSIE 6.0; Windows 98)"
63.161.107.8 - - [26/Feb/2004:18:10:49 -0800] "GET /apPopupMenu.class HTTP/1.1" 200 19469 "-" "Mozilla/4.0 (compatible; MSIE 6.0; Win32)"
63.161.107.8 - - [26/Feb/2004:18:10:50 -0800] "GET /images/home32.gif HTTP/1.1" 200 287 "-" "Mozilla/4.0 (compatible; MSIE 6.0; Win32)"
63.161.107.8 - - [26/Feb/2004:18:10:51 -0800] "GET /images/mail32.gif HTTP/1.1" 200 317 "-" "Mozilla/4.0 (compatible; MSIE 6.0; Win32)"
205.188.208.70 - - [26/Feb/2004:18:11:10 -0800] "GET /ncaa/pdf/brackets/NCAA%201981.pdf HTTP/1.0" 206 57617 "-" "Mozilla/4.0 (compatible; MSIE 6.0; AOL 7.0; Windows NT 5.1; .NET CLR 1.0.3705; .NET CLR 1.1.4322)"
63.161.107.8 - - [26/Feb/2004:18:11:14 -0800] "GET /ncaa/brackets.htm HTTP/1.1" 200 2798 "-" "Mozilla/4.0 (compatible; MSIE 6.0; Windows 98)"
63.161.107.8 - - [26/Feb/2004:18:11:24 -0800] "GET /ncaa/pdf/brackets/NCAA%202001.pdf HTTP/1.1" 200 144227 "http://www.wrestlingstats.com/ncaa/brackets.htm" "Mozilla/4.0 (compatible; MSIE 6.0; Windows 98)"
63.161.107.8 - - [26/Feb/2004:18:11:25 -0800] "GET /ncaa/pdf/brackets/NCAA%202001.pdf HTTP/1.1" 206 140076 "-" "Mozilla/4.0 (compatible; MSIE 6.0; Windows 98)"
205.188.208.70 - - [26/Feb/2004:18:13:29 -0800] "GET /ncaa/pdf/brackets/NCAA%201982.pdf HTTP/1.0" 200 244071 "http://www.wrestlingstats.com/ncaa/brackets.htm" "Mozilla/4.0 (compatible; MSIE 6.0; AOL 7.0; Windows NT 5.1; .NET CLR 1.0.3705; .NET CLR 1.1.4322)"
205.188.208.70 - - [26/Feb/2004:18:13:31 -0800] "GET /ncaa/pdf/brackets/NCAA%201982.pdf HTTP/1.0" 200 244071 "-" "Mozilla/4.0 (compatible; MSIE 6.0; AOL 7.0; Windows NT 5.1; .NET CLR 1.0.3705; .NET CLR 1.1.4322)"
205.188.208.70 - - [26/Feb/2004:18:13:32 -0800] "GET /ncaa/pdf/brackets/NCAA%201982.pdf HTTP/1.0" 206 242717 "-" "Mozilla/4.0 (compatible; MSIE 6.0; AOL 7.0; Windows NT 5.1; .NET CLR 1.0.3705; .NET CLR 1.1.4322)"
68.162.121.76 - - [26/Feb/2004:18:13:35 -0800] "GET /lehigh/home.php HTTP/1.1" 200 2019 "-" "Mozilla/4.0 (compatible; MSIE 6.0; Windows NT 5.1; .NET CLR 1.1.4322)"
68.162.121.76 - - [26/Feb/2004:18:13:40 -0800] "GET /lehigh/home.php HTTP/1.1" 200 2019 "-" "Mozilla/4.0 (compatible; MSIE 6.0; Windows NT 5.1; .NET CLR 1.1.4322)"
68.162.121.76 - - [26/Feb/2004:18:13:43 -0800] "GET /lehigh/home.php HTTP/1.1" 200 2019 "-" "Mozilla/4.0 (compatible; MSIE 6.0; Windows NT 5.1; .NET CLR 1.1.4322)"
68.162.121.76 - - [26/Feb/2004:18:14:06 -0800] "GET /lehigh/home.php HTTP/1.1" 200 2019 "-" "Mozilla/4.0 (compatible; MSIE 6.0; Windows NT 5.1; .NET CLR 1.1.4322)"
68.162.121.76 - - [26/Feb/2004:18:14:07 -0800] "GET /lehigh/home.php HTTP/1.1" 200 2019 "-" "Mozilla/4.0 (compatible; MSIE 6.0; Windows NT 5.1; .NET CLR 1.1.4322)"
68.162.121.76 - - [26/Feb/2004:18:14:13 -0800] "GET /lehigh/apPopupMenu.class HTTP/1.1" 304 - "-" "Mozilla/4.0 (Windows XP 5.1) Java/1.4.2"
68.162.121.76 - - [26/Feb/2004:18:14:15 -0800] "GET /lehigh/apPopupMenu.class HTTP/1.1" 304 - "-" "Mozilla/4.0 (Windows XP 5.1) Java/1.4.2"
68.162.121.76 - - [26/Feb/2004:18:14:16 -0800] "GET /lehigh/apPopupMenu.class HTTP/1.1" 304 - "-" "Mozilla/4.0 (Windows XP 5.1) Java/1.4.2"
68.162.121.76 - - [26/Feb/2004:18:15:10 -0800] "GET /lehigh/home.php HTTP/1.1" 200 2019 "-" "Mozilla/4.0 (compatible; MSIE 6.0; Windows NT 5.1; .NET CLR 1.1.4322)"
205.188.208.103 - - [26/Feb/2004:18:15:59 -0800] "GET /ncaa/pdf/brackets/NCAA%201983.pdf HTTP/1.0" 200 230241 "http://www.wrestlingstats.com/ncaa/brackets.htm" "Mozilla/4.0 (compatible; MSIE 6.0; AOL 7.0; Windows NT 5.1; .NET CLR 1.0.3705; .NET CLR 1.1.4322)"
205.188.208.103 - - [26/Feb/2004:18:16:00 -0800] "GET /ncaa/pdf/brackets/NCAA%201983.pdf HTTP/1.0" 200 230241 "-" "Mozilla/4.0 (compatible; MSIE 6.0; AOL 7.0; Windows NT 5.1; .NET CLR 1.0.3705; .NET CLR 1.1.4322)"
205.188.208.103 - - [26/Feb/2004:18:16:02 -0800] "GET /ncaa/pdf/brackets/NCAA%201983.pdf HTTP/1.0" 206 108338 "-" "Mozilla/4.0 (compatible; MSIE 6.0; AOL 7.0; Windows NT 5.1; .NET CLR 1.0.3705; .NET CLR 1.1.4322)"
205.188.208.103 - - [26/Feb/2004:18:18:21 -0800] "GET /ncaa/pdf/brackets/NCAA%201983.pdf HTTP/1.0" 206 57777 "-" "Mozilla/4.0 (compatible; MSIE 6.0; AOL 7.0; Windows NT 5.1; .NET CLR 1.0.3705; .NET CLR 1.1.4322)"
207.90.163.1 - - [26/Feb/2004:18:19:32 -0800] "GET /ncaa/pdf/brackets/NCAA%201988.pdf HTTP/1.1" 200 196608 "-" "Mozilla/4.0 (compatible; MSIE 6.0; Windows NT 5.1)"
207.90.163.1 - - [26/Feb/2004:18:19:32 -0800] "GET /ncaa/pdf/brackets/NCAA%201988.pdf HTTP/1.1" 206 228048 "-" "Mozilla/4.0 (compatible; MSIE 6.0; Windows NT 5.1)"
207.90.163.1 - - [26/Feb/2004:18:19:33 -0800] "GET /ncaa/pdf/brackets/NCAA%201988.pdf HTTP/1.1" 206 194152 "-" "Mozilla/4.0 (compatible; MSIE 6.0; Windows NT 5.1)"
205.188.208.70 - - [26/Feb/2004:18:20:42 -0800] "GET /ncaa/pdf/brackets/NCAA%201984.pdf HTTP/1.1" 200 222683 "http://www.wrestlingstats.com/ncaa/brackets.htm" "Mozilla/4.0 (compatible; MSIE 6.0; AOL 7.0; Windows NT 5.1; .NET CLR 1.0.3705; .NET CLR 1.1.4322)"
205.188.208.70 - - [26/Feb/2004:18:20:43 -0800] "GET /ncaa/pdf/brackets/NCAA%201984.pdf HTTP/1.0" 200 222683 "-" "Mozilla/4.0 (compatible; MSIE 6.0; AOL 7.0; Windows NT 5.1; .NET CLR 1.0.3705; .NET CLR 1.1.4322)"
205.188.208.70 - - [26/Feb/2004:18:20:45 -0800] "GET /ncaa/pdf/brackets/NCAA%201984.pdf HTTP/1.1" 206 221329 "-" "Mozilla/4.0 (compatible; MSIE 6.0; AOL 7.0; Windows NT 5.1; .NET CLR 1.0.3705; .NET CLR 1.1.4322)"
207.90.163.1 - - [26/Feb/2004:18:21:07 -0800] "GET /ncaa/pdf/brackets/NCAA%201988.pdf HTTP/1.1" 206 145111 "-" "Mozilla/4.0 (compatible; MSIE 6.0; Windows NT 5.1)"
207.90.163.1 - - [26/Feb/2004:18:21:07 -0800] "GET /ncaa/pdf/brackets/NCAA%201988.pdf HTTP/1.1" 206 145111 "-" "Mozilla/4.0 (compatible; MSIE 6.0; Windows NT 5.1)"
207.90.163.1 - - [26/Feb/2004:18:21:07 -0800] "GET /ncaa/pdf/brackets/NCAA%201988.pdf HTTP/1.1" 206 145880 "-" "Mozilla/4.0 (compatible; MSIE 6.0; Windows NT 5.1)"
207.90.163.1 - - [26/Feb/2004:18:21:09 -0800] "GET /ncaa/pdf/brackets/NCAA%201988.pdf HTTP/1.1" 206 142475 "-" "Mozilla/4.0 (compatible; MSIE 6.0; Windows NT 5.1)"
207.90.163.1 - - [26/Feb/2004:18:21:10 -0800] "GET /ncaa/pdf/brackets/NCAA%201988.pdf HTTP/1.1" 206 142475 "-" "Mozilla/4.0 (compatible; MSIE 6.0; Windows NT 5.1)"
207.90.163.1 - - [26/Feb/2004:18:21:10 -0800] "GET /ncaa/pdf/brackets/NCAA%201988.pdf HTTP/1.1" 206 140608 "-" "Mozilla/4.0 (compatible; MSIE 6.0; Windows NT 5.1)"
207.90.163.1 - - [26/Feb/2004:18:21:21 -0800] "GET /ncaa/pdf/brackets/NCAA%201989.pdf HTTP/1.1" 200 65536 "-" "Mozilla/4.0 (compatible; MSIE 6.0; Windows NT 5.1)"
207.90.163.1 - - [26/Feb/2004:18:21:21 -0800] "GET /ncaa/pdf/brackets/NCAA%201989.pdf HTTP/1.1" 206 131072 "-" "Mozilla/4.0 (compatible; MSIE 6.0; Windows NT 5.1)"
207.90.163.1 - - [26/Feb/2004:18:21:22 -0800] "GET /ncaa/pdf/brackets/NCAA%201989.pdf HTTP/1.1" 206 250220 "-" "Mozilla/4.0 (compatible; MSIE 6.0; Windows NT 5.1)"
207.90.163.1 - - [26/Feb/2004:18:23:07 -0800] "GET /ncaa/pdf/brackets/NCAA%201989.pdf HTTP/1.1" 206 196608 "-" "Mozilla/4.0 (compatible; MSIE 6.0; Windows NT 5.1)"
207.90.163.1 - - [26/Feb/2004:18:23:07 -0800] "GET /ncaa/pdf/brackets/NCAA%201989.pdf HTTP/1.1" 206 196608 "-" "Mozilla/4.0 (compatible; MSIE 6.0; Windows NT 5.1)"
207.90.163.1 - - [26/Feb/2004:18:23:07 -0800] "GET /ncaa/pdf/brackets/NCAA%201989.pdf HTTP/1.1" 206 243487 "-" "Mozilla/4.0 (compatible; MSIE 6.0; Windows NT 5.1)"
192.151.110.119 - - [26/Feb/2004:18:23:31 -0800] "GET /ncaa/pdf/brackets/NCAA%201972.pdf HTTP/1.0" 200 217006 "http://www.google.com/search?num=100&hl=en&lr=&ie=UTF-8&oe=UTF-8&as_qdr=all&q=+%22Larry+Soto%22&btnG=Google+Search" "Mozilla/4.0 (compatible; MSIE 6.0; Windows NT 5.0; .NET CLR 1.1.4322)"
192.151.110.119 - - [26/Feb/2004:18:23:33 -0800] "GET /ncaa/pdf/brackets/NCAA%201972.pdf HTTP/1.0" 206 215869 "-" "Mozilla/4.0 (compatible; MSIE 6.0; Windows NT 5.0; .NET CLR 1.1.4322)"
192.151.110.119 - - [26/Feb/2004:18:24:09 -0800] "GET /ncaa/pdf/brackets/NCAA%201972.pdf HTTP/1.0" 206 95108 "-" "Mozilla/4.0 (compatible; MSIE 6.0; Windows NT 5.0; .NET CLR 1.1.4322)"
205.188.208.70 - - [26/Feb/2004:18:24:11 -0800] "GET /ncaa/pdf/brackets/NCAA%201985.pdf HTTP/1.0" 200 223425 "http://www.wrestlingstats.com/ncaa/brackets.htm" "Mozilla/4.0 (compatible; MSIE 6.0; AOL 7.0; Windows NT 5.1; .NET CLR 1.0.3705; .NET CLR 1.1.4322)"
205.188.208.70 - - [26/Feb/2004:18:24:12 -0800] "GET /ncaa/pdf/brackets/NCAA%201985.pdf HTTP/1.0" 200 223425 "-" "Mozilla/4.0 (compatible; MSIE 6.0; AOL 7.0; Windows NT 5.1; .NET CLR 1.0.3705; .NET CLR 1.1.4322)"
205.188.208.70 - - [26/Feb/2004:18:24:14 -0800] "GET /ncaa/pdf/brackets/NCAA%201985.pdf HTTP/1.0" 206 222082 "-" "Mozilla/4.0 (compatible; MSIE 6.0; AOL 7.0; Windows NT 5.1; .NET CLR 1.0.3705; .NET CLR 1.1.4322)"
205.188.208.10 - - [26/Feb/2004:18:28:45 -0800] "GET /ncaa/pdf/brackets/NCAA%201986.pdf HTTP/1.0" 200 227750 "http://www.wrestlingstats.com/ncaa/brackets.htm" "Mozilla/4.0 (compatible; MSIE 6.0; AOL 7.0; Windows NT 5.1; .NET CLR 1.0.3705; .NET CLR 1.1.4322)"
205.188.208.10 - - [26/Feb/2004:18:28:47 -0800] "GET /ncaa/pdf/brackets/NCAA%201986.pdf HTTP/1.1" 200 227750 "-" "Mozilla/4.0 (compatible; MSIE 6.0; AOL 7.0; Windows NT 5.1; .NET CLR 1.0.3705; .NET CLR 1.1.4322)"
205.188.208.10 - - [26/Feb/2004:18:28:49 -0800] "GET /ncaa/pdf/brackets/NCAA%201986.pdf HTTP/1.0" 206 226407 "-" "Mozilla/4.0 (compatible; MSIE 6.0; AOL 7.0; Windows NT 5.1; .NET CLR 1.0.3705; .NET CLR 1.1.4322)"
205.188.208.70 - - [26/Feb/2004:18:31:18 -0800] "GET /ncaa/pdf/brackets/NCAA%201985.pdf HTTP/1.0" 200 223425 "http://www.wrestlingstats.com/ncaa/brackets.htm" "Mozilla/4.0 (compatible; MSIE 6.0; AOL 7.0; Windows NT 5.1; .NET CLR 1.0.3705; .NET CLR 1.1.4322)"
205.188.208.70 - - [26/Feb/2004:18:31:18 -0800] "GET /ncaa/pdf/brackets/NCAA%201985.pdf HTTP/1.0" 200 223425 "-" "Mozilla/4.0 (compatible; MSIE 6.0; AOL 7.0; Windows NT 5.1; .NET CLR 1.0.3705; .NET CLR 1.1.4322)"
205.188.208.70 - - [26/Feb/2004:18:31:20 -0800] "GET /ncaa/pdf/brackets/NCAA%201985.pdf HTTP/1.0" 206 222071 "-" "Mozilla/4.0 (compatible; MSIE 6.0; AOL 7.0; Windows NT 5.1; .NET CLR 1.0.3705; .NET CLR 1.1.4322)"
205.188.208.70 - - [26/Feb/2004:18:32:06 -0800] "GET /ncaa/pdf/brackets/NCAA%201987.pdf HTTP/1.0" 200 228177 "http://www.wrestlingstats.com/ncaa/brackets.htm" "Mozilla/4.0 (compatible; MSIE 6.0; AOL 7.0; Windows NT 5.1; .NET CLR 1.0.3705; .NET CLR 1.1.4322)"
205.188.208.70 - - [26/Feb/2004:18:32:07 -0800] "GET /ncaa/pdf/brackets/NCAA%201987.pdf HTTP/1.1" 200 228177 "-" "Mozilla/4.0 (compatible; MSIE 6.0; AOL 7.0; Windows NT 5.1; .NET CLR 1.0.3705; .NET CLR 1.1.4322)"
205.188.208.70 - - [26/Feb/2004:18:32:09 -0800] "GET /ncaa/pdf/brackets/NCAA%201987.pdf HTTP/1.1" 206 226823 "-" "Mozilla/4.0 (compatible; MSIE 6.0; AOL 7.0; Windows NT 5.1; .NET CLR 1.0.3705; .NET CLR 1.1.4322)"
205.188.208.70 - - [26/Feb/2004:18:34:21 -0800] "GET /ncaa/pdf/brackets/NCAA%201988.pdf HTTP/1.1" 200 229279 "http://www.wrestlingstats.com/ncaa/brackets.htm" "Mozilla/4.0 (compatible; MSIE 6.0; AOL 7.0; Windows NT 5.1; .NET CLR 1.0.3705; .NET CLR 1.1.4322)"
205.188.208.70 - - [26/Feb/2004:18:34:22 -0800] "GET /ncaa/pdf/brackets/NCAA%201988.pdf HTTP/1.0" 200 229279 "-" "Mozilla/4.0 (compatible; MSIE 6.0; AOL 7.0; Windows NT 5.1; .NET CLR 1.0.3705; .NET CLR 1.1.4322)"
205.188.208.70 - - [26/Feb/2004:18:34:27 -0800] "GET /ncaa/pdf/brackets/NCAA%201988.pdf HTTP/1.1" 206 219766 "-" "Mozilla/4.0 (compatible; MSIE 6.0; AOL 7.0; Windows NT 5.1; .NET CLR 1.0.3705; .NET CLR 1.1.4322)"
205.188.208.70 - - [26/Feb/2004:18:38:29 -0800] "GET /ncaa/pdf/brackets/NCAA%201989.pdf HTTP/1.0" 200 253042 "http://www.wrestlingstats.com/ncaa/brackets.htm" "Mozilla/4.0 (compatible; MSIE 6.0; AOL 7.0; Windows NT 5.1; .NET CLR 1.0.3705; .NET CLR 1.1.4322)"
205.188.208.70 - - [26/Feb/2004:18:38:30 -0800] "GET /ncaa/pdf/brackets/NCAA%201989.pdf HTTP/1.0" 200 253042 "-" "Mozilla/4.0 (compatible; MSIE 6.0; AOL 7.0; Windows NT 5.1; .NET CLR 1.0.3705; .NET CLR 1.1.4322)"
205.188.208.70 - - [26/Feb/2004:18:38:32 -0800] "GET /ncaa/pdf/brackets/NCAA%201989.pdf HTTP/1.0" 206 251782 "-" "Mozilla/4.0 (compatible; MSIE 6.0; AOL 7.0; Windows NT 5.1; .NET CLR 1.0.3705; .NET CLR 1.1.4322)"
205.188.208.70 - - [26/Feb/2004:18:42:24 -0800] "GET /ncaa/pdf/brackets/NCAA%201990.pdf HTTP/1.0" 200 232154 "http://www.wrestlingstats.com/ncaa/brackets.htm" "Mozilla/4.0 (compatible; MSIE 6.0; AOL 7.0; Windows NT 5.1; .NET CLR 1.0.3705; .NET CLR 1.1.4322)"
205.188.208.70 - - [26/Feb/2004:18:42:25 -0800] "GET /ncaa/pdf/brackets/NCAA%201990.pdf HTTP/1.1" 200 232154 "-" "Mozilla/4.0 (compatible; MSIE 6.0; AOL 7.0; Windows NT 5.1; .NET CLR 1.0.3705; .NET CLR 1.1.4322)"
205.188.208.70 - - [26/Feb/2004:18:42:27 -0800] "GET /ncaa/pdf/brackets/NCAA%201990.pdf HTTP/1.1" 206 108150 "-" "Mozilla/4.0 (compatible; MSIE 6.0; AOL 7.0; Windows NT 5.1; .NET CLR 1.0.3705; .NET CLR 1.1.4322)"
67.193.66.39 - - [26/Feb/2004:18:43:11 -0800] "GET /eiwa/brackets.htm HTTP/1.1" 200 2415 "http://wrestlingreport.com/Forums/EIWA.mv?parm_func=showmsg+parm_msgnum=1000148" "Mozilla/4.0 (compatible; MSIE 5.5; Windows 98)"
67.193.66.39 - - [26/Feb/2004:18:43:16 -0800] "GET /apPopupMenu.class HTTP/1.1" 200 19469 "-" "Mozilla/4.0 (compatible; MSIE 5.0; Win32)"
67.193.66.39 - - [26/Feb/2004:18:43:20 -0800] "GET /eiwa/pdf/brackets/EIWA%201979.pdf HTTP/1.1" 200 130961 "http://www.wrestlingstats.com/eiwa/brackets.htm" "Mozilla/4.0 (compatible; MSIE 5.5; Windows 98)"
67.193.66.39 - - [26/Feb/2004:18:43:22 -0800] "GET /eiwa/pdf/brackets/EIWA%201979.pdf HTTP/1.1" 206 130654 "-" "Mozilla/4.0 (compatible; MSIE 5.5; Windows 98)"
67.193.66.39 - - [26/Feb/2004:18:43:30 -0800] "GET /eiwa/pdf/brackets/EIWA%201979.pdf HTTP/1.1" 206 101863 "-" "Mozilla/4.0 (compatible; MSIE 5.5; Windows 98)"
67.80.64.254 - - [26/Feb/2004:18:43:51 -0800] "GET /ncaa/pdf/brackets/NCAA%201994.pdf HTTP/1.1" 200 226551 "http://msxml.excite.com/info.xcite/search/web/%2522Matt%2BFinacchio%2522" "Mozilla/4.0 (compatible; MSIE 6.0; Windows 98; Win 9x 4.90; .NET CLR 1.1.4322)"
67.80.64.254 - - [26/Feb/2004:18:43:51 -0800] "GET /ncaa/pdf/brackets/NCAA%201994.pdf HTTP/1.1" 206 222401 "-" "Mozilla/4.0 (compatible; MSIE 6.0; Windows 98; Win 9x 4.90; .NET CLR 1.1.4322)"
205.188.208.70 - - [26/Feb/2004:18:43:59 -0800] "GET /ncaa/pdf/brackets/NCAA%201990.pdf HTTP/1.0" 206 57359 "-" "Mozilla/4.0 (compatible; MSIE 6.0; AOL 7.0; Windows NT 5.1; .NET CLR 1.0.3705; .NET CLR 1.1.4322)"
205.188.208.70 - - [26/Feb/2004:18:44:17 -0800] "GET /ncaa/pdf/brackets/NCAA%201991.pdf HTTP/1.0" 200 229431 "http://www.wrestlingstats.com/ncaa/brackets.htm" "Mozilla/4.0 (compatible; MSIE 6.0; AOL 7.0; Windows NT 5.1; .NET CLR 1.0.3705; .NET CLR 1.1.4322)"
205.188.208.70 - - [26/Feb/2004:18:44:18 -0800] "GET /ncaa/pdf/brackets/NCAA%201991.pdf HTTP/1.0" 200 229431 "-" "Mozilla/4.0 (compatible; MSIE 6.0; AOL 7.0; Windows NT 5.1; .NET CLR 1.0.3705; .NET CLR 1.1.4322)"
205.188.208.70 - - [26/Feb/2004:18:44:20 -0800] "GET /ncaa/pdf/brackets/NCAA%201991.pdf HTTP/1.0" 206 106410 "-" "Mozilla/4.0 (compatible; MSIE 6.0; AOL 7.0; Windows NT 5.1; .NET CLR 1.0.3705; .NET CLR 1.1.4322)"
67.193.66.39 - - [26/Feb/2004:18:44:31 -0800] "GET /images/home32.gif HTTP/1.1" 200 287 "-" "Mozilla/4.0 (compatible; MSIE 5.0; Win32)"
67.193.66.39 - - [26/Feb/2004:18:44:32 -0800] "GET /images/mail32.gif HTTP/1.1" 200 317 "-" "Mozilla/4.0 (compatible; MSIE 5.0; Win32)"
198.81.26.45 - - [26/Feb/2004:18:44:33 -0800] "GET / HTTP/1.0" 200 1794 "-" "Mozilla/4.0 (compatible; MSIE 6.0; AOL 8.0; Windows NT 5.1)"
67.193.66.39 - - [26/Feb/2004:18:44:35 -0800] "GET /eiwa/pdf/brackets/EIWA%201984.pdf HTTP/1.1" 200 69151 "http://www.wrestlingstats.com/eiwa/brackets.htm" "Mozilla/4.0 (compatible; MSIE 5.5; Windows 98)"
198.81.26.6 - - [26/Feb/2004:18:44:36 -0800] "GET /NCAA2003.jpg HTTP/1.0" 200 84807 "http://www.wrestlingstats.com/" "Mozilla/4.0 (compatible; MSIE 6.0; AOL 8.0; Windows NT 5.1)"
198.81.26.49 - - [26/Feb/2004:18:44:36 -0800] "GET /apPopupMenu.class HTTP/1.0" 200 19469 "-" "Java 1.1"
67.193.66.39 - - [26/Feb/2004:18:44:37 -0800] "GET /eiwa/pdf/brackets/EIWA%201984.pdf HTTP/1.1" 206 64554 "-" "Mozilla/4.0 (compatible; MSIE 5.5; Windows 98)"
67.193.66.39 - - [26/Feb/2004:18:44:40 -0800] "GET /eiwa/pdf/brackets/EIWA%201984.pdf HTTP/1.1" 206 60397 "-" "Mozilla/4.0 (compatible; MSIE 5.5; Windows 98)"
198.81.26.47 - - [26/Feb/2004:18:44:41 -0800] "GET /ncaa/brackets.htm HTTP/1.0" 200 2834 "-" "Mozilla/4.0 (compatible; MSIE 6.0; AOL 8.0; Windows NT 5.1)"
198.81.26.12 - - [26/Feb/2004:18:44:45 -0800] "GET /ncaa/pdf/brackets/NCAA%201999.pdf HTTP/1.1" 200 131072 "http://www.wrestlingstats.com/ncaa/brackets.htm" "Mozilla/4.0 (compatible; MSIE 6.0; AOL 8.0; Windows NT 5.1)"
198.81.26.12 - - [26/Feb/2004:18:44:46 -0800] "GET /ncaa/pdf/brackets/NCAA%201999.pdf HTTP/1.0" 200 231535 "-" "Mozilla/4.0 (compatible; MSIE 6.0; AOL 8.0; Windows NT 5.1)"
198.81.26.12 - - [26/Feb/2004:18:44:58 -0800] "GET /ncaa/pdf/brackets/NCAA%201999.pdf HTTP/1.0" 206 60978 "-" "Mozilla/4.0 (compatible; MSIE 6.0; AOL 8.0; Windows NT 5.1)"
198.81.26.12 - - [26/Feb/2004:18:44:59 -0800] "GET /ncaa/pdf/brackets/NCAA%201999.pdf HTTP/1.1" 206 2151 "-" "Mozilla/4.0 (compatible; MSIE 6.0; AOL 8.0; Windows NT 5.1)"
198.81.26.12 - - [26/Feb/2004:18:45:00 -0800] "GET /ncaa/pdf/brackets/NCAA%201999.pdf HTTP/1.0" 206 123008 "-" "Mozilla/4.0 (compatible; MSIE 6.0; AOL 8.0; Windows NT 5.1)"
67.193.66.39 - - [26/Feb/2004:18:45:33 -0800] "GET /eiwa/pdf/brackets/EIWA%201981.pdf HTTP/1.1" 200 131236 "http://www.wrestlingstats.com/eiwa/brackets.htm" "Mozilla/4.0 (compatible; MSIE 5.5; Windows 98)"
67.193.66.39 - - [26/Feb/2004:18:45:35 -0800] "GET /eiwa/pdf/brackets/EIWA%201981.pdf HTTP/1.1" 206 126641 "-" "Mozilla/4.0 (compatible; MSIE 5.5; Windows 98)"
67.193.66.39 - - [26/Feb/2004:18:45:38 -0800] "GET /eiwa/pdf/brackets/EIWA%201981.pdf HTTP/1.1" 206 100992 "-" "Mozilla/4.0 (compatible; MSIE 5.5; Windows 98)"
24.3.151.52 - - [26/Feb/2004:18:45:43 -0800] "GET / HTTP/1.1" 200 1757 "http://www.wrestlingreport.com/" "Mozilla/4.0 (compatible; MSIE 6.0; Windows NT 5.1; FunWebProducts; .NET CLR 1.1.4322)"
