68.78.37.181 - - [23/Feb/2004:12:59:54 -0800] "GET /ncaa/pdf/brackets/NCAA%201971.pdf HTTP/1.1" 206 185394 "-" "Mozilla/4.0 (compatible; MSIE 6.0; Windows NT 5.1)"
68.78.37.181 - - [23/Feb/2004:13:00:02 -0800] "GET /ncaa/brackets.htm HTTP/1.1" 200 12926 "-" "Mozilla/4.0 (compatible; MSIE 6.0; Windows NT 5.1)"
68.78.37.181 - - [23/Feb/2004:13:00:06 -0800] "GET /ncaa/pdf/brackets/NCAA%201969.pdf HTTP/1.1" 200 219821 "-" "Mozilla/4.0 (compatible; MSIE 6.0; Windows NT 5.1)"
68.78.37.181 - - [23/Feb/2004:13:00:07 -0800] "GET /ncaa/pdf/brackets/NCAA%201969.pdf HTTP/1.1" 200 219821 "-" "Mozilla/4.0 (compatible; MSIE 6.0; Windows NT 5.1)"
68.78.37.181 - - [23/Feb/2004:13:00:07 -0800] "GET /ncaa/pdf/brackets/NCAA%201969.pdf HTTP/1.1" 206 212290 "-" "Mozilla/4.0 (compatible; MSIE 6.0; Windows NT 5.1)"
68.78.37.181 - - [23/Feb/2004:13:00:19 -0800] "GET /ncaa/brackets.htm HTTP/1.1" 200 12926 "-" "Mozilla/4.0 (compatible; MSIE 6.0; Windows NT 5.1)"
68.78.37.181 - - [23/Feb/2004:13:00:21 -0800] "GET /ncaa/pdf/brackets/NCAA%201968.pdf HTTP/1.1" 200 139554 "-" "Mozilla/4.0 (compatible; MSIE 6.0; Windows NT 5.1)"
68.78.37.181 - - [23/Feb/2004:13:00:22 -0800] "GET /ncaa/pdf/brackets/NCAA%201968.pdf HTTP/1.1" 200 139554 "-" "Mozilla/4.0 (compatible; MSIE 6.0; Windows NT 5.1)"
68.78.37.181 - - [23/Feb/2004:13:00:22 -0800] "GET /ncaa/pdf/brackets/NCAA%201968.pdf HTTP/1.1" 206 131741 "-" "Mozilla/4.0 (compatible; MSIE 6.0; Windows NT 5.1)"
68.78.37.181 - - [23/Feb/2004:13:00:32 -0800] "GET /ncaa/brackets.htm HTTP/1.1" 200 12926 "-" "Mozilla/4.0 (compatible; MSIE 6.0; Windows NT 5.1)"
68.78.37.181 - - [23/Feb/2004:13:00:38 -0800] "GET /ncaa/pdf/brackets/NCAA%201968.pdf HTTP/1.1" 200 139554 "-" "Mozilla/4.0 (compatible; MSIE 6.0; Windows NT 5.1)"
68.78.37.181 - - [23/Feb/2004:13:00:39 -0800] "GET /ncaa/pdf/brackets/NCAA%201968.pdf HTTP/1.1" 200 139554 "-" "Mozilla/4.0 (compatible; MSIE 6.0; Windows NT 5.1)"
68.78.37.181 - - [23/Feb/2004:13:00:39 -0800] "GET /ncaa/pdf/brackets/NCAA%201968.pdf HTTP/1.1" 206 131741 "-" "Mozilla/4.0 (compatible; MSIE 6.0; Windows NT 5.1)"
68.78.37.181 - - [23/Feb/2004:13:00:47 -0800] "GET /ncaa/brackets.htm HTTP/1.1" 200 12926 "-" "Mozilla/4.0 (compatible; MSIE 6.0; Windows NT 5.1)"
68.78.37.181 - - [23/Feb/2004:13:00:50 -0800] "GET /ncaa/pdf/brackets/NCAA%201967.pdf HTTP/1.1" 200 216170 "-" "Mozilla/4.0 (compatible; MSIE 6.0; Windows NT 5.1)"
68.78.37.181 - - [23/Feb/2004:13:00:51 -0800] "GET /ncaa/pdf/brackets/NCAA%201967.pdf HTTP/1.1" 200 216170 "-" "Mozilla/4.0 (compatible; MSIE 6.0; Windows NT 5.1)"
68.78.37.181 - - [23/Feb/2004:13:00:51 -0800] "GET /ncaa/pdf/brackets/NCAA%201967.pdf HTTP/1.1" 206 208545 "-" "Mozilla/4.0 (compatible; MSIE 6.0; Windows NT 5.1)"
68.78.37.181 - - [23/Feb/2004:13:01:08 -0800] "GET /ncaa/brackets.htm HTTP/1.1" 200 12926 "-" "Mozilla/4.0 (compatible; MSIE 6.0; Windows NT 5.1)"
68.78.37.181 - - [23/Feb/2004:13:01:13 -0800] "GET /ncaa/pdf/brackets/NCAA%201967.pdf HTTP/1.1" 200 216170 "-" "Mozilla/4.0 (compatible; MSIE 6.0; Windows NT 5.1)"
68.78.37.181 - - [23/Feb/2004:13:01:14 -0800] "GET /ncaa/pdf/brackets/NCAA%201967.pdf HTTP/1.1" 200 216170 "-" "Mozilla/4.0 (compatible; MSIE 6.0; Windows NT 5.1)"
68.78.37.181 - - [23/Feb/2004:13:01:14 -0800] "GET /ncaa/pdf/brackets/NCAA%201967.pdf HTTP/1.1" 206 208545 "-" "Mozilla/4.0 (compatible; MSIE 6.0; Windows NT 5.1)"
68.78.37.181 - - [23/Feb/2004:13:01:26 -0800] "GET /ncaa/brackets.htm HTTP/1.1" 200 12926 "-" "Mozilla/4.0 (compatible; MSIE 6.0; Windows NT 5.1)"
68.78.37.181 - - [23/Feb/2004:13:01:28 -0800] "GET /ncaa/pdf/brackets/NCAA%201965.pdf HTTP/1.1" 200 181764 "-" "Mozilla/4.0 (compatible; MSIE 6.0; Windows NT 5.1)"
68.78.37.181 - - [23/Feb/2004:13:01:29 -0800] "GET /ncaa/pdf/brackets/NCAA%201965.pdf HTTP/1.1" 200 181764 "-" "Mozilla/4.0 (compatible; MSIE 6.0; Windows NT 5.1)"
68.78.37.181 - - [23/Feb/2004:13:01:29 -0800] "GET /ncaa/pdf/brackets/NCAA%201965.pdf HTTP/1.1" 206 174045 "-" "Mozilla/4.0 (compatible; MSIE 6.0; Windows NT 5.1)"
68.78.37.181 - - [23/Feb/2004:13:01:50 -0800] "GET /ncaa/brackets.htm HTTP/1.1" 200 12926 "-" "Mozilla/4.0 (compatible; MSIE 6.0; Windows NT 5.1)"
68.78.37.181 - - [23/Feb/2004:13:01:53 -0800] "GET /ncaa/pdf/brackets/NCAA%201964.pdf HTTP/1.1" 200 117743 "-" "Mozilla/4.0 (compatible; MSIE 6.0; Windows NT 5.1)"
68.78.37.181 - - [23/Feb/2004:13:01:54 -0800] "GET /ncaa/pdf/brackets/NCAA%201964.pdf HTTP/1.1" 200 117743 "-" "Mozilla/4.0 (compatible; MSIE 6.0; Windows NT 5.1)"
68.78.37.181 - - [23/Feb/2004:13:01:54 -0800] "GET /ncaa/pdf/brackets/NCAA%201964.pdf HTTP/1.1" 206 109836 "-" "Mozilla/4.0 (compatible; MSIE 6.0; Windows NT 5.1)"
68.78.37.181 - - [23/Feb/2004:13:02:27 -0800] "GET /ncaa/brackets.htm HTTP/1.1" 200 12926 "-" "Mozilla/4.0 (compatible; MSIE 6.0; Windows NT 5.1)"
68.78.37.181 - - [23/Feb/2004:13:02:30 -0800] "GET /ncaa/pdf/brackets/NCAA%201964.pdf HTTP/1.1" 200 117743 "-" "contype"
68.78.37.181 - - [23/Feb/2004:13:02:30 -0800] "GET /ncaa/pdf/brackets/NCAA%201964.pdf HTTP/1.1" 200 117743 "-" "Mozilla/4.0 (compatible; MSIE 6.0; Windows NT 5.1)"
68.78.37.181 - - [23/Feb/2004:13:02:31 -0800] "GET /ncaa/pdf/brackets/NCAA%201964.pdf HTTP/1.1" 206 110126 "-" "Mozilla/4.0 (compatible; MSIE 6.0; Windows NT 5.1)"
68.78.37.181 - - [23/Feb/2004:13:02:42 -0800] "GET /ncaa/brackets.htm HTTP/1.1" 200 12926 "-" "Mozilla/4.0 (compatible; MSIE 6.0; Windows NT 5.1)"
68.78.37.181 - - [23/Feb/2004:13:02:45 -0800] "GET /ncaa/pdf/brackets/NCAA%201963.pdf HTTP/1.1" 200 101917 "-" "Mozilla/4.0 (compatible; MSIE 6.0; Windows NT 5.1)"
68.78.37.181 - - [23/Feb/2004:13:02:46 -0800] "GET /ncaa/pdf/brackets/NCAA%201963.pdf HTTP/1.1" 200 101917 "-" "Mozilla/4.0 (compatible; MSIE 6.0; Windows NT 5.1)"
68.78.37.181 - - [23/Feb/2004:13:02:46 -0800] "GET /ncaa/pdf/brackets/NCAA%201963.pdf HTTP/1.1" 206 94008 "-" "Mozilla/4.0 (compatible; MSIE 6.0; Windows NT 5.1)"
68.78.37.181 - - [23/Feb/2004:13:03:09 -0800] "GET /ncaa/brackets.htm HTTP/1.1" 200 12926 "-" "Mozilla/4.0 (compatible; MSIE 6.0; Windows NT 5.1)"
68.78.37.181 - - [23/Feb/2004:13:03:12 -0800] "GET /ncaa/pdf/brackets/NCAA%201962.pdf HTTP/1.1" 200 96564 "-" "Mozilla/4.0 (compatible; MSIE 6.0; Windows NT 5.1)"
68.78.37.181 - - [23/Feb/2004:13:03:13 -0800] "GET /ncaa/pdf/brackets/NCAA%201962.pdf HTTP/1.1" 200 96564 "-" "Mozilla/4.0 (compatible; MSIE 6.0; Windows NT 5.1)"
68.78.37.181 - - [23/Feb/2004:13:03:13 -0800] "GET /ncaa/pdf/brackets/NCAA%201962.pdf HTTP/1.1" 206 88554 "-" "Mozilla/4.0 (compatible; MSIE 6.0; Windows NT 5.1)"
68.78.37.181 - - [23/Feb/2004:13:03:43 -0800] "GET /ncaa/brackets.htm HTTP/1.1" 200 12926 "-" "Mozilla/4.0 (compatible; MSIE 6.0; Windows NT 5.1)"
68.78.37.181 - - [23/Feb/2004:13:03:47 -0800] "GET /ncaa/pdf/brackets/NCAA%201961.pdf HTTP/1.1" 200 94434 "-" "Mozilla/4.0 (compatible; MSIE 6.0; Windows NT 5.1)"
68.78.37.181 - - [23/Feb/2004:13:03:48 -0800] "GET /ncaa/pdf/brackets/NCAA%201961.pdf HTTP/1.1" 200 94434 "-" "Mozilla/4.0 (compatible; MSIE 6.0; Windows NT 5.1)"
68.78.37.181 - - [23/Feb/2004:13:03:48 -0800] "GET /ncaa/pdf/brackets/NCAA%201961.pdf HTTP/1.1" 206 86424 "-" "Mozilla/4.0 (compatible; MSIE 6.0; Windows NT 5.1)"
68.78.37.181 - - [23/Feb/2004:13:04:02 -0800] "GET /ncaa/brackets.htm HTTP/1.1" 200 12926 "-" "Mozilla/4.0 (compatible; MSIE 6.0; Windows NT 5.1)"
68.78.37.181 - - [23/Feb/2004:13:04:05 -0800] "GET /ncaa/pdf/brackets/NCAA%201962.pdf HTTP/1.1" 200 96564 "-" "Mozilla/4.0 (compatible; MSIE 6.0; Windows NT 5.1)"
68.78.37.181 - - [23/Feb/2004:13:04:06 -0800] "GET /ncaa/pdf/brackets/NCAA%201962.pdf HTTP/1.1" 200 96564 "-" "Mozilla/4.0 (compatible; MSIE 6.0; Windows NT 5.1)"
68.78.37.181 - - [23/Feb/2004:13:04:06 -0800] "GET /ncaa/pdf/brackets/NCAA%201962.pdf HTTP/1.1" 206 88554 "-" "Mozilla/4.0 (compatible; MSIE 6.0; Windows NT 5.1)"
68.78.37.181 - - [23/Feb/2004:13:06:59 -0800] "GET /ncaa/brackets.htm HTTP/1.1" 200 12926 "-" "Mozilla/4.0 (compatible; MSIE 6.0; Windows NT 5.1)"
68.78.37.181 - - [23/Feb/2004:13:07:02 -0800] "GET /ncaa/pdf/brackets/NCAA%201964.pdf HTTP/1.1" 200 117743 "-" "Mozilla/4.0 (compatible; MSIE 6.0; Windows NT 5.1)"
68.78.37.181 - - [23/Feb/2004:13:07:03 -0800] "GET /ncaa/pdf/brackets/NCAA%201964.pdf HTTP/1.1" 200 117743 "-" "Mozilla/4.0 (compatible; MSIE 6.0; Windows NT 5.1)"
68.78.37.181 - - [23/Feb/2004:13:07:04 -0800] "GET /ncaa/pdf/brackets/NCAA%201964.pdf HTTP/1.1" 206 109836 "-" "Mozilla/4.0 (compatible; MSIE 6.0; Windows NT 5.1)"
68.78.37.181 - - [23/Feb/2004:13:07:20 -0800] "GET /ncaa/brackets.htm HTTP/1.1" 200 12926 "-" "Mozilla/4.0 (compatible; MSIE 6.0; Windows NT 5.1)"
68.78.37.181 - - [23/Feb/2004:13:07:24 -0800] "GET /ncaa/pdf/brackets/NCAA%201963.pdf HTTP/1.1" 200 101917 "-" "Mozilla/4.0 (compatible; MSIE 6.0; Windows NT 5.1)"
68.78.37.181 - - [23/Feb/2004:13:07:25 -0800] "GET /ncaa/pdf/brackets/NCAA%201963.pdf HTTP/1.1" 200 101917 "-" "Mozilla/4.0 (compatible; MSIE 6.0; Windows NT 5.1)"
68.78.37.181 - - [23/Feb/2004:13:07:25 -0800] "GET /ncaa/pdf/brackets/NCAA%201963.pdf HTTP/1.1" 206 94008 "-" "Mozilla/4.0 (compatible; MSIE 6.0; Windows NT 5.1)"
68.78.37.181 - - [23/Feb/2004:13:07:49 -0800] "GET /ncaa/brackets.htm HTTP/1.1" 200 12926 "-" "Mozilla/4.0 (compatible; MSIE 6.0; Windows NT 5.1)"
68.78.37.181 - - [23/Feb/2004:13:07:53 -0800] "GET /ncaa/pdf/brackets/NCAA%201965.pdf HTTP/1.1" 200 181764 "-" "Mozilla/4.0 (compatible; MSIE 6.0; Windows NT 5.1)"
68.78.37.181 - - [23/Feb/2004:13:07:54 -0800] "GET /ncaa/pdf/brackets/NCAA%201965.pdf HTTP/1.1" 200 181764 "-" "Mozilla/4.0 (compatible; MSIE 6.0; Windows NT 5.1)"
68.78.37.181 - - [23/Feb/2004:13:08:10 -0800] "GET /ncaa/brackets.htm HTTP/1.1" 200 12926 "-" "Mozilla/4.0 (compatible; MSIE 6.0; Windows NT 5.1)"
68.78.37.181 - - [23/Feb/2004:13:08:18 -0800] "GET /ncaa/pdf/brackets/NCAA%201962.pdf HTTP/1.1" 200 96564 "-" "Mozilla/4.0 (compatible; MSIE 6.0; Windows NT 5.1)"
68.78.37.181 - - [23/Feb/2004:13:08:19 -0800] "GET /ncaa/pdf/brackets/NCAA%201962.pdf HTTP/1.1" 200 96564 "-" "Mozilla/4.0 (compatible; MSIE 6.0; Windows NT 5.1)"
68.78.37.181 - - [23/Feb/2004:13:08:19 -0800] "GET /ncaa/pdf/brackets/NCAA%201962.pdf HTTP/1.1" 206 88554 "-" "Mozilla/4.0 (compatible; MSIE 6.0; Windows NT 5.1)"
68.78.37.181 - - [23/Feb/2004:13:08:40 -0800] "GET /ncaa/brackets.htm HTTP/1.1" 200 12926 "-" "Mozilla/4.0 (compatible; MSIE 6.0; Windows NT 5.1)"
68.78.37.181 - - [23/Feb/2004:13:08:43 -0800] "GET /ncaa/pdf/brackets/NCAA%201963.pdf HTTP/1.1" 200 101917 "-" "Mozilla/4.0 (compatible; MSIE 6.0; Windows NT 5.1)"
68.78.37.181 - - [23/Feb/2004:13:08:44 -0800] "GET /ncaa/pdf/brackets/NCAA%201963.pdf HTTP/1.1" 200 101917 "-" "Mozilla/4.0 (compatible; MSIE 6.0; Windows NT 5.1)"
68.78.37.181 - - [23/Feb/2004:13:08:44 -0800] "GET /ncaa/pdf/brackets/NCAA%201963.pdf HTTP/1.1" 206 94008 "-" "Mozilla/4.0 (compatible; MSIE 6.0; Windows NT 5.1)"
68.78.37.181 - - [23/Feb/2004:13:09:23 -0800] "GET /ncaa/brackets.htm HTTP/1.1" 200 12926 "-" "Mozilla/4.0 (compatible; MSIE 6.0; Windows NT 5.1)"
68.78.37.181 - - [23/Feb/2004:13:09:26 -0800] "GET /ncaa/pdf/brackets/NCAA%201964.pdf HTTP/1.1" 200 117743 "-" "Mozilla/4.0 (compatible; MSIE 6.0; Windows NT 5.1)"
68.78.37.181 - - [23/Feb/2004:13:09:27 -0800] "GET /ncaa/pdf/brackets/NCAA%201964.pdf HTTP/1.1" 200 117743 "-" "Mozilla/4.0 (compatible; MSIE 6.0; Windows NT 5.1)"
68.78.37.181 - - [23/Feb/2004:13:09:27 -0800] "GET /ncaa/pdf/brackets/NCAA%201964.pdf HTTP/1.1" 206 109836 "-" "Mozilla/4.0 (compatible; MSIE 6.0; Windows NT 5.1)"
68.78.37.181 - - [23/Feb/2004:13:10:14 -0800] "GET /ncaa/brackets.htm HTTP/1.1" 200 12926 "-" "Mozilla/4.0 (compatible; MSIE 6.0; Windows NT 5.1)"
68.78.37.181 - - [23/Feb/2004:13:10:18 -0800] "GET /ncaa/pdf/brackets/NCAA%201965.pdf HTTP/1.1" 200 181764 "-" "Mozilla/4.0 (compatible; MSIE 6.0; Windows NT 5.1)"
68.78.37.181 - - [23/Feb/2004:13:10:18 -0800] "GET /ncaa/pdf/brackets/NCAA%201965.pdf HTTP/1.1" 200 181764 "-" "Mozilla/4.0 (compatible; MSIE 6.0; Windows NT 5.1)"
68.78.37.181 - - [23/Feb/2004:13:10:19 -0800] "GET /ncaa/pdf/brackets/NCAA%201965.pdf HTTP/1.1" 206 174045 "-" "Mozilla/4.0 (compatible; MSIE 6.0; Windows NT 5.1)"
68.78.37.181 - - [23/Feb/2004:13:10:45 -0800] "GET /ncaa/brackets.htm HTTP/1.1" 200 12926 "-" "Mozilla/4.0 (compatible; MSIE 6.0; Windows NT 5.1)"
68.78.37.181 - - [23/Feb/2004:13:10:48 -0800] "GET /ncaa/pdf/brackets/NCAA%201966.pdf HTTP/1.1" 200 184930 "-" "Mozilla/4.0 (compatible; MSIE 6.0; Windows NT 5.1)"
68.78.37.181 - - [23/Feb/2004:13:10:49 -0800] "GET /ncaa/pdf/brackets/NCAA%201966.pdf HTTP/1.1" 200 184930 "-" "Mozilla/4.0 (compatible; MSIE 6.0; Windows NT 5.1)"
68.78.37.181 - - [23/Feb/2004:13:10:49 -0800] "GET /ncaa/pdf/brackets/NCAA%201966.pdf HTTP/1.1" 206 177211 "-" "Mozilla/4.0 (compatible; MSIE 6.0; Windows NT 5.1)"
68.78.37.181 - - [23/Feb/2004:13:11:13 -0800] "GET /ncaa/brackets.htm HTTP/1.1" 200 12926 "-" "Mozilla/4.0 (compatible; MSIE 6.0; Windows NT 5.1)"
68.78.37.181 - - [23/Feb/2004:13:11:19 -0800] "GET /ncaa/pdf/brackets/NCAA%201970.pdf HTTP/1.1" 200 215841 "-" "Mozilla/4.0 (compatible; MSIE 6.0; Windows NT 5.1)"
68.78.37.181 - - [23/Feb/2004:13:11:20 -0800] "GET /ncaa/pdf/brackets/NCAA%201970.pdf HTTP/1.1" 200 215841 "-" "Mozilla/4.0 (compatible; MSIE 6.0; Windows NT 5.1)"
68.78.37.181 - - [23/Feb/2004:13:11:20 -0800] "GET /ncaa/pdf/brackets/NCAA%201970.pdf HTTP/1.1" 206 208216 "-" "Mozilla/4.0 (compatible; MSIE 6.0; Windows NT 5.1)"
68.78.37.181 - - [23/Feb/2004:13:12:25 -0800] "GET /ncaa/brackets.htm HTTP/1.1" 200 12926 "-" "Mozilla/4.0 (compatible; MSIE 6.0; Windows NT 5.1)"
68.78.37.181 - - [23/Feb/2004:13:12:30 -0800] "GET /ncaa/pdf/brackets/NCAA%201966.pdf HTTP/1.1" 200 184930 "-" "Mozilla/4.0 (compatible; MSIE 6.0; Windows NT 5.1)"
68.78.37.181 - - [23/Feb/2004:13:12:31 -0800] "GET /ncaa/pdf/brackets/NCAA%201966.pdf HTTP/1.1" 200 184930 "-" "Mozilla/4.0 (compatible; MSIE 6.0; Windows NT 5.1)"
68.78.37.181 - - [23/Feb/2004:13:12:31 -0800] "GET /ncaa/pdf/brackets/NCAA%201966.pdf HTTP/1.1" 206 177211 "-" "Mozilla/4.0 (compatible; MSIE 6.0; Windows NT 5.1)"
68.78.37.181 - - [23/Feb/2004:13:12:44 -0800] "GET /ncaa/brackets.htm HTTP/1.1" 200 12926 "-" "Mozilla/4.0 (compatible; MSIE 6.0; Windows NT 5.1)"
68.78.37.181 - - [23/Feb/2004:13:12:48 -0800] "GET /ncaa/pdf/brackets/NCAA%201965.pdf HTTP/1.1" 200 181764 "-" "Mozilla/4.0 (compatible; MSIE 6.0; Windows NT 5.1)"
68.78.37.181 - - [23/Feb/2004:13:12:48 -0800] "GET /ncaa/pdf/brackets/NCAA%201965.pdf HTTP/1.1" 200 181764 "-" "Mozilla/4.0 (compatible; MSIE 6.0; Windows NT 5.1)"
68.78.37.181 - - [23/Feb/2004:13:12:49 -0800] "GET /ncaa/pdf/brackets/NCAA%201965.pdf HTTP/1.1" 206 174045 "-" "Mozilla/4.0 (compatible; MSIE 6.0; Windows NT 5.1)"
68.78.37.181 - - [23/Feb/2004:13:13:00 -0800] "GET /ncaa/brackets.htm HTTP/1.1" 200 12926 "-" "Mozilla/4.0 (compatible; MSIE 6.0; Windows NT 5.1)"
68.78.37.181 - - [23/Feb/2004:13:13:03 -0800] "GET /ncaa/pdf/brackets/NCAA%201963.pdf HTTP/1.1" 200 101917 "-" "Mozilla/4.0 (compatible; MSIE 6.0; Windows NT 5.1)"
68.78.37.181 - - [23/Feb/2004:13:13:03 -0800] "GET /ncaa/pdf/brackets/NCAA%201963.pdf HTTP/1.1" 200 101917 "-" "Mozilla/4.0 (compatible; MSIE 6.0; Windows NT 5.1)"
68.78.37.181 - - [23/Feb/2004:13:13:04 -0800] "GET /ncaa/pdf/brackets/NCAA%201963.pdf HTTP/1.1" 206 94008 "-" "Mozilla/4.0 (compatible; MSIE 6.0; Windows NT 5.1)"
68.78.37.181 - - [23/Feb/2004:13:13:14 -0800] "GET /ncaa/brackets.htm HTTP/1.1" 200 12926 "-" "Mozilla/4.0 (compatible; MSIE 6.0; Windows NT 5.1)"
68.78.37.181 - - [23/Feb/2004:13:13:17 -0800] "GET /ncaa/pdf/brackets/NCAA%201965.pdf HTTP/1.1" 200 181764 "-" "Mozilla/4.0 (compatible; MSIE 6.0; Windows NT 5.1)"
68.78.37.181 - - [23/Feb/2004:13:13:18 -0800] "GET /ncaa/pdf/brackets/NCAA%201965.pdf HTTP/1.1" 200 181764 "-" "Mozilla/4.0 (compatible; MSIE 6.0; Windows NT 5.1)"
68.78.37.181 - - [23/Feb/2004:13:13:18 -0800] "GET /ncaa/pdf/brackets/NCAA%201965.pdf HTTP/1.1" 206 174045 "-" "Mozilla/4.0 (compatible; MSIE 6.0; Windows NT 5.1)"
205.162.230.8 - - [23/Feb/2004:13:13:23 -0800] "GET /ncaa/pdf/NCAA%20Bout%20Scoring.pdf HTTP/1.1" 200 46083 "http://www.google.com/search?hl=en&lr=&ie=ISO-8859-1&q=ncaa+wrestling+rules" "Mozilla/4.0 (compatible; MSIE 5.21; Mac_PowerPC)"
68.78.37.181 - - [23/Feb/2004:13:13:27 -0800] "GET /ncaa/brackets.htm HTTP/1.1" 200 12926 "-" "Mozilla/4.0 (compatible; MSIE 6.0; Windows NT 5.1)"
68.78.37.181 - - [23/Feb/2004:13:13:30 -0800] "GET /ncaa/pdf/brackets/NCAA%201967.pdf HTTP/1.1" 200 216170 "-" "Mozilla/4.0 (compatible; MSIE 6.0; Windows NT 5.1)"
68.78.37.181 - - [23/Feb/2004:13:13:30 -0800] "GET /ncaa/pdf/brackets/NCAA%201967.pdf HTTP/1.1" 200 216170 "-" "Mozilla/4.0 (compatible; MSIE 6.0; Windows NT 5.1)"
68.78.37.181 - - [23/Feb/2004:13:13:31 -0800] "GET /ncaa/pdf/brackets/NCAA%201967.pdf HTTP/1.1" 206 208545 "-" "Mozilla/4.0 (compatible; MSIE 6.0; Windows NT 5.1)"
68.78.37.181 - - [23/Feb/2004:13:14:59 -0800] "GET /ncaa/brackets.htm HTTP/1.1" 200 12926 "-" "Mozilla/4.0 (compatible; MSIE 6.0; Windows NT 5.1)"
68.78.37.181 - - [23/Feb/2004:13:15:05 -0800] "GET /ncaa/pdf/brackets/NCAA%201969.pdf HTTP/1.1" 200 219821 "-" "Mozilla/4.0 (compatible; MSIE 6.0; Windows NT 5.1)"
68.78.37.181 - - [23/Feb/2004:13:15:05 -0800] "GET /ncaa/pdf/brackets/NCAA%201969.pdf HTTP/1.1" 200 219821 "-" "Mozilla/4.0 (compatible; MSIE 6.0; Windows NT 5.1)"
68.78.37.181 - - [23/Feb/2004:13:15:06 -0800] "GET /ncaa/pdf/brackets/NCAA%201969.pdf HTTP/1.1" 206 212290 "-" "Mozilla/4.0 (compatible; MSIE 6.0; Windows NT 5.1)"
68.78.37.181 - - [23/Feb/2004:13:16:06 -0800] "GET /ncaa/brackets.htm HTTP/1.1" 200 12926 "-" "Mozilla/4.0 (compatible; MSIE 6.0; Windows NT 5.1)"
68.78.37.181 - - [23/Feb/2004:13:16:10 -0800] "GET /ncaa/pdf/brackets/NCAA%201968.pdf HTTP/1.1" 200 139554 "-" "Mozilla/4.0 (compatible; MSIE 6.0; Windows NT 5.1)"
68.78.37.181 - - [23/Feb/2004:13:16:10 -0800] "GET /ncaa/pdf/brackets/NCAA%201968.pdf HTTP/1.1" 200 139554 "-" "Mozilla/4.0 (compatible; MSIE 6.0; Windows NT 5.1)"
68.78.37.181 - - [23/Feb/2004:13:16:11 -0800] "GET /ncaa/pdf/brackets/NCAA%201968.pdf HTTP/1.1" 206 131741 "-" "Mozilla/4.0 (compatible; MSIE 6.0; Windows NT 5.1)"
68.78.37.181 - - [23/Feb/2004:13:16:52 -0800] "GET /ncaa/brackets.htm HTTP/1.1" 200 12926 "-" "Mozilla/4.0 (compatible; MSIE 6.0; Windows NT 5.1)"
68.78.37.181 - - [23/Feb/2004:13:16:55 -0800] "GET /ncaa/pdf/brackets/NCAA%201969.pdf HTTP/1.1" 200 219821 "-" "Mozilla/4.0 (compatible; MSIE 6.0; Windows NT 5.1)"
68.78.37.181 - - [23/Feb/2004:13:16:55 -0800] "GET /ncaa/pdf/brackets/NCAA%201969.pdf HTTP/1.1" 200 219821 "-" "Mozilla/4.0 (compatible; MSIE 6.0; Windows NT 5.1)"
68.78.37.181 - - [23/Feb/2004:13:16:56 -0800] "GET /ncaa/pdf/brackets/NCAA%201969.pdf HTTP/1.1" 206 212290 "-" "Mozilla/4.0 (compatible; MSIE 6.0; Windows NT 5.1)"
68.78.37.181 - - [23/Feb/2004:13:17:37 -0800] "GET /ncaa/brackets.htm HTTP/1.1" 200 12926 "-" "Mozilla/4.0 (compatible; MSIE 6.0; Windows NT 5.1)"
68.78.37.181 - - [23/Feb/2004:13:17:42 -0800] "GET /ncaa/pdf/brackets/NCAA%201970.pdf HTTP/1.1" 200 215841 "-" "Mozilla/4.0 (compatible; MSIE 6.0; Windows NT 5.1)"
68.78.37.181 - - [23/Feb/2004:13:17:43 -0800] "GET /ncaa/pdf/brackets/NCAA%201970.pdf HTTP/1.1" 200 215841 "-" "Mozilla/4.0 (compatible; MSIE 6.0; Windows NT 5.1)"
68.78.37.181 - - [23/Feb/2004:13:17:44 -0800] "GET /ncaa/pdf/brackets/NCAA%201970.pdf HTTP/1.1" 206 208216 "-" "Mozilla/4.0 (compatible; MSIE 6.0; Windows NT 5.1)"
68.78.37.181 - - [23/Feb/2004:13:18:41 -0800] "GET /ncaa/brackets.htm HTTP/1.1" 200 12926 "-" "Mozilla/4.0 (compatible; MSIE 6.0; Windows NT 5.1)"
68.78.37.181 - - [23/Feb/2004:13:18:45 -0800] "GET /ncaa/pdf/brackets/NCAA%201971.pdf HTTP/1.1" 200 193019 "-" "Mozilla/4.0 (compatible; MSIE 6.0; Windows NT 5.1)"
68.78.37.181 - - [23/Feb/2004:13:18:46 -0800] "GET /ncaa/pdf/brackets/NCAA%201971.pdf HTTP/1.1" 200 193019 "-" "Mozilla/4.0 (compatible; MSIE 6.0; Windows NT 5.1)"
68.78.37.181 - - [23/Feb/2004:13:18:46 -0800] "GET /ncaa/pdf/brackets/NCAA%201971.pdf HTTP/1.1" 206 185394 "-" "Mozilla/4.0 (compatible; MSIE 6.0; Windows NT 5.1)"
68.78.37.181 - - [23/Feb/2004:13:19:17 -0800] "GET /ncaa/brackets.htm HTTP/1.1" 200 12926 "-" "Mozilla/4.0 (compatible; MSIE 6.0; Windows NT 5.1)"
68.78.37.181 - - [23/Feb/2004:13:19:19 -0800] "GET /ncaa/pdf/brackets/NCAA%201972.pdf HTTP/1.1" 200 217006 "-" "Mozilla/4.0 (compatible; MSIE 6.0; Windows NT 5.1)"
68.78.37.181 - - [23/Feb/2004:13:19:20 -0800] "GET /ncaa/pdf/brackets/NCAA%201972.pdf HTTP/1.1" 200 217006 "-" "Mozilla/4.0 (compatible; MSIE 6.0; Windows NT 5.1)"
68.78.37.181 - - [23/Feb/2004:13:19:20 -0800] "GET /ncaa/pdf/brackets/NCAA%201972.pdf HTTP/1.1" 206 209381 "-" "Mozilla/4.0 (compatible; MSIE 6.0; Windows NT 5.1)"
68.78.37.181 - - [23/Feb/2004:13:19:50 -0800] "GET /ncaa/brackets.htm HTTP/1.1" 200 12926 "-" "Mozilla/4.0 (compatible; MSIE 6.0; Windows NT 5.1)"
24.59.117.115 - - [23/Feb/2004:13:27:42 -0800] "GET /ncaa/brackets.htm HTTP/1.1" 200 2796 "http://www.wrestlinghalloffame.org/" "Mozilla/4.0 (compatible; MSIE 6.0; Windows NT 5.1; FunWebProducts; Hotbar 4.4.2.0; .NET CLR 1.1.4322)"
24.59.117.115 - - [23/Feb/2004:13:27:43 -0800] "GET / HTTP/1.1" 200 1754 "-" "Mozilla/4.0 (compatible; MSIE 6.0; Windows NT 5.1; FunWebProducts; Hotbar 4.4.2.0; .NET CLR 1.1.4322)"
24.59.117.115 - - [23/Feb/2004:13:27:55 -0800] "GET /apPopupMenu.class HTTP/1.1" 200 19469 "-" "Mozilla/4.0 (Windows XP 5.1) Java/1.4.2"
24.59.117.115 - - [23/Feb/2004:13:27:56 -0800] "GET /images/home32.gif HTTP/1.1" 200 287 "-" "Mozilla/4.0 (Windows XP 5.1) Java/1.4.2"
24.59.117.115 - - [23/Feb/2004:13:27:56 -0800] "GET /images/mail32.gif HTTP/1.1" 200 317 "-" "Mozilla/4.0 (Windows XP 5.1) Java/1.4.2"
24.59.117.115 - - [23/Feb/2004:13:29:46 -0800] "GET /ncaa/pdf/brackets/NCAA%201974.pdf HTTP/1.1" 200 221153 "http://www.wrestlingstats.com/ncaa/brackets.htm" "Mozilla/4.0 (compatible; MSIE 6.0; Windows NT 5.1; FunWebProducts; Hotbar 4.4.2.0; .NET CLR 1.1.4322)"
24.59.117.115 - - [23/Feb/2004:13:29:46 -0800] "GET / HTTP/1.1" 200 1755 "-" "Mozilla/4.0 (compatible; MSIE 6.0; Windows NT 5.1; FunWebProducts; Hotbar 4.4.2.0; .NET CLR 1.1.4322)"
24.59.117.115 - - [23/Feb/2004:13:29:47 -0800] "GET / HTTP/1.1" 200 1755 "-" "Mozilla/4.0 (compatible; MSIE 6.0; Windows NT 5.1; FunWebProducts; Hotbar 4.4.2.0; .NET CLR 1.1.4322)"
24.59.117.115 - - [23/Feb/2004:13:29:47 -0800] "GET /ncaa/pdf/brackets/NCAA%201974.pdf HTTP/1.1" 206 218462 "-" "Mozilla/4.0 (compatible; MSIE 6.0; Windows NT 5.1; FunWebProducts; Hotbar 4.4.2.0; .NET CLR 1.1.4322)"
24.59.117.115 - - [23/Feb/2004:13:30:16 -0800] "GET /ncaa/brackets.htm HTTP/1.1" 304 - "http://www.wrestlinghalloffame.org/" "Mozilla/4.0 (compatible; MSIE 6.0; Windows NT 5.1; FunWebProducts; Hotbar 4.4.2.0; .NET CLR 1.1.4322)"
24.59.117.115 - - [23/Feb/2004:13:30:24 -0800] "GET /ncaa/pdf/brackets/NCAA%201982.pdf HTTP/1.1" 200 244071 "http://www.wrestlingstats.com/ncaa/brackets.htm" "Mozilla/4.0 (compatible; MSIE 6.0; Windows NT 5.1; FunWebProducts; Hotbar 4.4.2.0; .NET CLR 1.1.4322)"
24.59.117.115 - - [23/Feb/2004:13:30:24 -0800] "GET / HTTP/1.1" 200 1755 "-" "Mozilla/4.0 (compatible; MSIE 6.0; Windows NT 5.1; FunWebProducts; Hotbar 4.4.2.0; .NET CLR 1.1.4322)"
24.59.117.115 - - [23/Feb/2004:13:30:25 -0800] "GET / HTTP/1.1" 200 1755 "-" "Mozilla/4.0 (compatible; MSIE 6.0; Windows NT 5.1; FunWebProducts; Hotbar 4.4.2.0; .NET CLR 1.1.4322)"
24.59.117.115 - - [23/Feb/2004:13:30:25 -0800] "GET /ncaa/pdf/brackets/NCAA%201982.pdf HTTP/1.1" 206 241380 "-" "Mozilla/4.0 (compatible; MSIE 6.0; Windows NT 5.1; FunWebProducts; Hotbar 4.4.2.0; .NET CLR 1.1.4322)"
24.59.117.115 - - [23/Feb/2004:13:30:49 -0800] "GET /ncaa/pdf/brackets/NCAA%201984.pdf HTTP/1.1" 200 222683 "http://www.wrestlingstats.com/ncaa/brackets.htm" "Mozilla/4.0 (compatible; MSIE 6.0; Windows NT 5.1; FunWebProducts; Hotbar 4.4.2.0; .NET CLR 1.1.4322)"
24.59.117.115 - - [23/Feb/2004:13:30:49 -0800] "GET / HTTP/1.1" 200 1755 "-" "Mozilla/4.0 (compatible; MSIE 6.0; Windows NT 5.1; FunWebProducts; Hotbar 4.4.2.0; .NET CLR 1.1.4322)"
24.59.117.115 - - [23/Feb/2004:13:30:50 -0800] "GET / HTTP/1.1" 200 1755 "-" "Mozilla/4.0 (compatible; MSIE 6.0; Windows NT 5.1; FunWebProducts; Hotbar 4.4.2.0; .NET CLR 1.1.4322)"
24.59.117.115 - - [23/Feb/2004:13:30:50 -0800] "GET /ncaa/pdf/brackets/NCAA%201984.pdf HTTP/1.1" 206 219992 "-" "Mozilla/4.0 (compatible; MSIE 6.0; Windows NT 5.1; FunWebProducts; Hotbar 4.4.2.0; .NET CLR 1.1.4322)"
24.59.117.115 - - [23/Feb/2004:13:30:51 -0800] "GET /ncaa/pdf/brackets/NCAA%201984.pdf HTTP/1.1" 206 161875 "-" "Mozilla/4.0 (compatible; MSIE 6.0; Windows NT 5.1; FunWebProducts; Hotbar 4.4.2.0; .NET CLR 1.1.4322)"
24.59.117.115 - - [23/Feb/2004:13:31:07 -0800] "GET /ncaa/pdf/brackets/NCAA%201983.pdf HTTP/1.1" 200 230241 "http://www.wrestlingstats.com/ncaa/brackets.htm" "Mozilla/4.0 (compatible; MSIE 6.0; Windows NT 5.1; FunWebProducts; Hotbar 4.4.2.0; .NET CLR 1.1.4322)"
24.59.117.115 - - [23/Feb/2004:13:31:08 -0800] "GET / HTTP/1.1" 200 1755 "-" "Mozilla/4.0 (compatible; MSIE 6.0; Windows NT 5.1; FunWebProducts; Hotbar 4.4.2.0; .NET CLR 1.1.4322)"
24.59.117.115 - - [23/Feb/2004:13:31:08 -0800] "GET / HTTP/1.1" 200 1755 "-" "Mozilla/4.0 (compatible; MSIE 6.0; Windows NT 5.1; FunWebProducts; Hotbar 4.4.2.0; .NET CLR 1.1.4322)"
24.59.117.115 - - [23/Feb/2004:13:31:08 -0800] "GET /ncaa/pdf/brackets/NCAA%201983.pdf HTTP/1.1" 206 226091 "-" "Mozilla/4.0 (compatible; MSIE 6.0; Windows NT 5.1; FunWebProducts; Hotbar 4.4.2.0; .NET CLR 1.1.4322)"
24.59.117.115 - - [23/Feb/2004:13:31:24 -0800] "GET /ncaa/pdf/brackets/NCAA%201985.pdf HTTP/1.1" 200 223425 "http://www.wrestlingstats.com/ncaa/brackets.htm" "Mozilla/4.0 (compatible; MSIE 6.0; Windows NT 5.1; FunWebProducts; Hotbar 4.4.2.0; .NET CLR 1.1.4322)"
24.59.117.115 - - [23/Feb/2004:13:31:25 -0800] "GET / HTTP/1.1" 200 1755 "-" "Mozilla/4.0 (compatible; MSIE 6.0; Windows NT 5.1; FunWebProducts; Hotbar 4.4.2.0; .NET CLR 1.1.4322)"
24.59.117.115 - - [23/Feb/2004:13:31:25 -0800] "GET /ncaa/pdf/brackets/NCAA%201985.pdf HTTP/1.1" 206 220734 "-" "Mozilla/4.0 (compatible; MSIE 6.0; Windows NT 5.1; FunWebProducts; Hotbar 4.4.2.0; .NET CLR 1.1.4322)"
24.59.117.115 - - [23/Feb/2004:13:31:25 -0800] "GET / HTTP/1.1" 200 1755 "-" "Mozilla/4.0 (compatible; MSIE 6.0; Windows NT 5.1; FunWebProducts; Hotbar 4.4.2.0; .NET CLR 1.1.4322)"
208.37.87.226 - - [23/Feb/2004:13:31:52 -0800] "GET /lehigh/show_leaders.php?term=C&leader=3 HTTP/1.1" 200 2653 "http://lehighwrestling.com/Lehigh/Stats/Lehigh%20Individual/individual.htm" "Mozilla/4.0 (compatible; MSIE 6.0; Windows 98)"
208.37.87.226 - - [23/Feb/2004:13:31:54 -0800] "GET /lehigh/apPopupMenu.class HTTP/1.1" 200 19469 "-" "Mozilla/4.0 (compatible; MSIE 6.0; Win32)"
198.208.223.35 - - [23/Feb/2004:13:31:55 -0800] "GET / HTTP/1.1" 200 2887 "-" "Mozilla/4.0 (compatible; MSIE 6.0; Windows NT 5.0; H010818)"
198.208.223.35 - - [23/Feb/2004:13:31:55 -0800] "GET /NCAA2003.jpg HTTP/1.1" 200 84807 "http://www.wrestlingstats.com/" "Mozilla/4.0 (compatible; MSIE 6.0; Windows NT 5.0; H010818)"
208.37.87.226 - - [23/Feb/2004:13:31:56 -0800] "GET /lehigh/pix/home.gif HTTP/1.1" 200 215 "-" "Mozilla/4.0 (compatible; MSIE 6.0; Win32)"
208.37.87.226 - - [23/Feb/2004:13:31:56 -0800] "GET /lehigh/pix/apbfind.gif HTTP/1.1" 200 89 "-" "Mozilla/4.0 (compatible; MSIE 6.0; Win32)"
198.208.223.35 - - [23/Feb/2004:13:31:57 -0800] "GET /apPopupMenu.class HTTP/1.1" 200 19469 "-" "Mozilla/4.0 (compatible; MSIE 6.0; Win32)"
198.208.223.35 - - [23/Feb/2004:13:31:59 -0800] "GET /images/home32.gif HTTP/1.1" 200 287 "-" "Mozilla/4.0 (compatible; MSIE 6.0; Win32)"
198.208.223.35 - - [23/Feb/2004:13:32:00 -0800] "GET /images/mail32.gif HTTP/1.1" 200 317 "-" "Mozilla/4.0 (compatible; MSIE 6.0; Win32)"
198.208.223.35 - - [23/Feb/2004:13:32:06 -0800] "GET /eiwa/brackets.htm HTTP/1.1" 200 11529 "-" "Mozilla/4.0 (compatible; MSIE 6.0; Windows NT 5.0; H010818)"
198.208.223.35 - - [23/Feb/2004:13:32:11 -0800] "GET /eiwa/pdf/brackets/EIWA%201982.pdf HTTP/1.1" 200 132086 "http://www.wrestlingstats.com/eiwa/brackets.htm" "Mozilla/4.0 (compatible; MSIE 6.0; Windows NT 5.0; H010818)"
208.37.87.226 - - [23/Feb/2004:13:32:15 -0800] "GET /lehigh/show_leaders.php?term=C&leader=4 HTTP/1.1" 200 2635 "http://lehighwrestling.com/Lehigh/Stats/Lehigh%20Individual/individual.htm" "Mozilla/4.0 (compatible; MSIE 6.0; Windows 98)"
199.43.32.21 - - [23/Feb/2004:13:32:26 -0800] "GET /lehigh/show_leaders.php?term=C&leader=1 HTTP/1.0" 200 2627 "http://lehighwrestling.com/Lehigh/Stats/Lehigh%20Individual/individual.htm" "Mozilla/4.0 (compatible; MSIE 5.5; Windows NT 4.0; H010818)"
199.43.32.21 - - [23/Feb/2004:13:32:27 -0800] "GET /lehigh/apPopupMenu.class HTTP/1.1" 200 19469 "-" "Mozilla/4.0 (compatible; MSIE 5.0; Win32)"
199.43.32.21 - - [23/Feb/2004:13:32:28 -0800] "GET /lehigh/pix/home.gif HTTP/1.1" 200 215 "-" "Mozilla/4.0 (compatible; MSIE 5.0; Win32)"
199.43.32.21 - - [23/Feb/2004:13:32:28 -0800] "GET /lehigh/pix/apbfind.gif HTTP/1.1" 200 89 "-" "Mozilla/4.0 (compatible; MSIE 5.0; Win32)"
208.37.87.226 - - [23/Feb/2004:13:32:31 -0800] "GET /lehigh/show_leaders.php?term=C&leader=5 HTTP/1.1" 200 2663 "http://lehighwrestling.com/Lehigh/Stats/Lehigh%20Individual/individual.htm" "Mozilla/4.0 (compatible; MSIE 6.0; Windows 98)"
208.37.87.226 - - [23/Feb/2004:13:32:52 -0800] "GET /lehigh/show_leaders.php?term=C&leader=6 HTTP/1.1" 200 2661 "http://lehighwrestling.com/Lehigh/Stats/Lehigh%20Individual/individual.htm" "Mozilla/4.0 (compatible; MSIE 6.0; Windows 98)"
199.43.32.21 - - [23/Feb/2004:13:33:05 -0800] "GET /lehigh/show_leaders.php?term=S&leader=1 HTTP/1.1" 200 2494 "http://lehighwrestling.com/Lehigh/Stats/Lehigh%20Individual/individual.htm" "Mozilla/4.0 (compatible; MSIE 5.5; Windows NT 4.0; H010818)"
156.99.90.162 - - [23/Feb/2004:13:33:11 -0800] "GET /ncaa/pdf/brackets/NCAA%201965.pdf HTTP/1.1" 200 181764 "http://myway.mywebsearch.com/jsp/GGmain.jsp?PG=SEAS&SEC=ABMANY&ptnrS=ZSzeb001&st=kwd&searchfor=yojiro+uetake" "Mozilla/4.0 (compatible; MSIE 5.5; Windows NT 4.0; MN DHS; FunWebProducts)"
156.99.90.162 - - [23/Feb/2004:13:33:11 -0800] "GET /ncaa/pdf/brackets/NCAA%201965.pdf HTTP/1.1" 206 177613 "-" "contype"
156.99.90.162 - - [23/Feb/2004:13:33:11 -0800] "GET /ncaa/pdf/brackets/NCAA%201965.pdf HTTP/1.1" 206 177613 "-" "Mozilla/4.0 (compatible; MSIE 5.5; Windows NT 4.0; MN DHS; FunWebProducts)"
156.99.90.162 - - [23/Feb/2004:13:33:15 -0800] "GET /ncaa/pdf/brackets/NCAA%201965.pdf HTTP/1.1" 206 155329 "-" "Mozilla/4.0 (compatible; MSIE 5.5; Windows NT 4.0; MN DHS; FunWebProducts)"
208.37.87.226 - - [23/Feb/2004:13:33:16 -0800] "GET /lehigh/show_leaders.php?term=S&leader=3 HTTP/1.1" 200 2474 "http://lehighwrestling.com/Lehigh/Stats/Lehigh%20Individual/individual.htm" "Mozilla/4.0 (compatible; MSIE 6.0; Windows 98)"
208.37.87.226 - - [23/Feb/2004:13:33:24 -0800] "GET /lehigh/show_leaders.php?term=SD&leader=3 HTTP/1.1" 200 2476 "http://lehighwrestling.com/Lehigh/Stats/Lehigh%20Individual/individual.htm" "Mozilla/4.0 (compatible; MSIE 6.0; Windows 98)"
198.208.223.35 - - [23/Feb/2004:13:33:32 -0800] "GET /eiwa/pdf/brackets/EIWA%201981.pdf HTTP/1.1" 200 131236 "http://www.wrestlingstats.com/eiwa/brackets.htm" "Mozilla/4.0 (compatible; MSIE 6.0; Windows NT 5.0; H010818)"
208.37.87.226 - - [23/Feb/2004:13:33:32 -0800] "GET /lehigh/apPopupMenuBeanInfo.class HTTP/1.1" 404 363 "-" "Mozilla/4.0 (compatible; MSIE 6.0; Win32)"
208.37.87.226 - - [23/Feb/2004:13:33:33 -0800] "GET /lehigh/wrestlers.php HTTP/1.1" 200 1934 "-" "Mozilla/4.0 (compatible; MSIE 6.0; Windows 98)"
69.40.178.137 - - [23/Feb/2004:13:33:37 -0800] "GET / HTTP/1.1" 200 1754 "http://www.wrestlingreport.com/" "Mozilla/4.0 (compatible; MSIE 6.0; Windows 98; FunWebProducts)"
69.40.178.137 - - [23/Feb/2004:13:33:38 -0800] "GET /NCAA2003.jpg HTTP/1.1" 200 84807 "http://www.wrestlingstats.com/" "Mozilla/4.0 (compatible; MSIE 6.0; Windows 98; FunWebProducts)"
208.37.87.226 - - [23/Feb/2004:13:33:41 -0800] "POST /lehigh/view_all_wrestlers.php HTTP/1.1" 200 2042 "http://www.wrestlingstats.com/lehigh/wrestlers.php" "Mozilla/4.0 (compatible; MSIE 6.0; Windows 98)"
69.40.178.137 - - [23/Feb/2004:13:33:42 -0800] "GET /apPopupMenu.class HTTP/1.1" 200 19469 "-" "Java 1.1"
69.40.178.137 - - [23/Feb/2004:13:33:44 -0800] "GET /images/home32.gif HTTP/1.1" 200 287 "-" "Java 1.1"
69.40.178.137 - - [23/Feb/2004:13:33:44 -0800] "GET /images/mail32.gif HTTP/1.1" 200 317 "-" "Java 1.1"
208.37.87.226 - - [23/Feb/2004:13:33:58 -0800] "GET /lehigh/home.php HTTP/1.1" 200 2019 "-" "Mozilla/4.0 (compatible; MSIE 6.0; Windows 98)"
208.37.87.226 - - [23/Feb/2004:13:33:59 -0800] "GET /lehigh/EIWAChamps.jpg HTTP/1.1" 200 42637 "http://www.wrestlingstats.com/lehigh/home.php" "Mozilla/4.0 (compatible; MSIE 6.0; Windows 98)"
65.71.217.129 - - [23/Feb/2004:13:34:12 -0800] "GET /ncaa/brackets.htm HTTP/1.0" 200 2774 "http://www.wrestlinghalloffame.org/" "Mozilla/4.0 (compatible; MSIE 5.5; Windows NT 5.0)"
65.71.217.129 - - [23/Feb/2004:13:34:12 -0800] "GET /apPopupMenu.class HTTP/1.0" 200 19469 "-" "Mozilla/4.0 (compatible; MSIE 5.0; Win32)"
65.71.217.129 - - [23/Feb/2004:13:34:13 -0800] "GET /images/home32.gif HTTP/1.0" 200 287 "-" "Mozilla/4.0 (compatible; MSIE 5.0; Win32)"
65.71.217.129 - - [23/Feb/2004:13:34:14 -0800] "GET /images/mail32.gif HTTP/1.0" 200 317 "-" "Mozilla/4.0 (compatible; MSIE 5.0; Win32)"
198.208.223.35 - - [23/Feb/2004:13:34:19 -0800] "GET /eiwa/pdf/brackets/EIWA%201980.pdf HTTP/1.1" 200 131505 "http://www.wrestlingstats.com/eiwa/brackets.htm" "Mozilla/4.0 (compatible; MSIE 6.0; Windows NT 5.0; H010818)"
65.71.217.129 - - [23/Feb/2004:13:34:22 -0800] "GET /ncaa/pdf/brackets/NCAA%202003.pdf HTTP/1.0" 200 144218 "http://www.wrestlingstats.com/ncaa/brackets.htm" "Mozilla/4.0 (compatible; MSIE 5.5; Windows NT 5.0)"
198.208.223.35 - - [23/Feb/2004:13:34:40 -0800] "GET /eiwa/pdf/brackets/EIWA%201979.pdf HTTP/1.1" 200 130961 "http://www.wrestlingstats.com/eiwa/brackets.htm" "Mozilla/4.0 (compatible; MSIE 6.0; Windows NT 5.0; H010818)"
65.71.217.129 - - [23/Feb/2004:13:35:31 -0800] "GET /apPopupMenuBeanInfo.class HTTP/1.0" 404 363 "-" "Mozilla/4.0 (compatible; MSIE 5.0; Win32)"
65.71.217.129 - - [23/Feb/2004:13:35:31 -0800] "GET /apPopupMenu$COMClassObject.class HTTP/1.0" 404 363 "-" "Mozilla/4.0 (compatible; MSIE 5.0; Win32)"
65.71.217.129 - - [23/Feb/2004:13:35:31 -0800] "GET /lehigh/index.html HTTP/1.0" 200 814 "-" "Mozilla/4.0 (compatible; MSIE 5.5; Windows NT 5.0)"
65.71.217.129 - - [23/Feb/2004:13:35:32 -0800] "GET /lehigh/home.php HTTP/1.0" 200 1997 "-" "Mozilla/4.0 (compatible; MSIE 5.5; Windows NT 5.0)"
65.71.217.129 - - [23/Feb/2004:13:35:33 -0800] "GET /lehigh/EIWAChamps.jpg HTTP/1.0" 200 42637 "http://www.wrestlingstats.com/lehigh/home.php" "Mozilla/4.0 (compatible; MSIE 5.5; Windows NT 5.0)"
65.71.217.129 - - [23/Feb/2004:13:35:33 -0800] "GET /lehigh/apPopupMenu.class HTTP/1.0" 200 19469 "-" "Mozilla/4.0 (compatible; MSIE 5.0; Win32)"
65.71.217.129 - - [23/Feb/2004:13:35:34 -0800] "GET /lehigh/pix/home.gif HTTP/1.0" 200 215 "-" "Mozilla/4.0 (compatible; MSIE 5.0; Win32)"
65.71.217.129 - - [23/Feb/2004:13:35:34 -0800] "GET /lehigh/pix/apbfind.gif HTTP/1.0" 200 89 "-" "Mozilla/4.0 (compatible; MSIE 5.0; Win32)"
24.59.117.115 - - [23/Feb/2004:13:35:52 -0800] "GET / HTTP/1.1" 304 - "http://is1.websearch.com/_1_W98ULU0CH2P2__websrch.panweb.40/dog/results?otmpl=dog/webresults.htm&qkw=wrestlingstats.com&qcat=web&top=1&start=&ver=11248" "Mozilla/4.0 (compatible; MSIE 6.0; Windows NT 5.1; FunWebProducts; Hotbar 4.4.2.0; .NET CLR 1.1.4322)"
24.59.117.115 - - [23/Feb/2004:13:35:53 -0800] "GET /NCAA2003.jpg HTTP/1.1" 200 84807 "http://www.wrestlingstats.com/" "Mozilla/4.0 (compatible; MSIE 6.0; Windows NT 5.1; FunWebProducts; Hotbar 4.4.2.0; .NET CLR 1.1.4322)"
24.59.117.115 - - [23/Feb/2004:13:35:56 -0800] "GET /apPopupMenu.class HTTP/1.1" 200 19469 "-" "Mozilla/4.0 (Windows XP 5.1) Java/1.4.2"
65.71.217.129 - - [23/Feb/2004:13:35:56 -0800] "GET /ncaa/ncaa.htm HTTP/1.0" 200 1775 "-" "Mozilla/4.0 (compatible; MSIE 5.5; Windows NT 5.0)"
24.59.117.115 - - [23/Feb/2004:13:35:56 -0800] "GET /images/home32.gif HTTP/1.1" 200 287 "-" "Mozilla/4.0 (Windows XP 5.1) Java/1.4.2"
24.59.117.115 - - [23/Feb/2004:13:35:57 -0800] "GET /images/mail32.gif HTTP/1.1" 200 317 "-" "Mozilla/4.0 (Windows XP 5.1) Java/1.4.2"
65.71.217.129 - - [23/Feb/2004:13:36:04 -0800] "GET /ncaa/pdf/NCAA%20Wrestling%20Tournament%20Summary.pdf HTTP/1.0" 200 12017 "http://www.wrestlingstats.com/ncaa/ncaa.htm" "Mozilla/4.0 (compatible; MSIE 5.5; Windows NT 5.0)"
198.208.223.35 - - [23/Feb/2004:13:36:22 -0800] "GET /eiwa/pdf/brackets/EIWA%201978.pdf HTTP/1.1" 200 70304 "http://www.wrestlingstats.com/eiwa/brackets.htm" "Mozilla/4.0 (compatible; MSIE 6.0; Windows NT 5.0; H010818)"
24.59.117.115 - - [23/Feb/2004:13:37:22 -0800] "GET / HTTP/1.1" 200 1755 "-" "Mozilla/4.0 (compatible; MSIE 6.0; Windows NT 5.1; FunWebProducts; Hotbar 4.4.2.0; .NET CLR 1.1.4322)"
24.59.117.115 - - [23/Feb/2004:13:37:24 -0800] "GET / HTTP/1.1" 304 - "http://is1.websearch.com/_1_W98ULU0CH2P2__websrch.panweb.40/dog/results?otmpl=dog/webresults.htm&qkw=wrestlingstats.com&qcat=web&top=1&start=&ver=11248" "Mozilla/4.0 (compatible; MSIE 6.0; Windows NT 5.1; FunWebProducts; Hotbar 4.4.2.0; .NET CLR 1.1.4322)"
24.59.117.115 - - [23/Feb/2004:13:37:24 -0800] "GET /NCAA2003.jpg HTTP/1.1" 304 - "http://www.wrestlingstats.com/" "Mozilla/4.0 (compatible; MSIE 6.0; Windows NT 5.1; FunWebProducts; Hotbar 4.4.2.0; .NET CLR 1.1.4322)"
24.59.117.115 - - [23/Feb/2004:13:37:34 -0800] "GET / HTTP/1.1" 200 1755 "-" "Mozilla/4.0 (compatible; MSIE 6.0; Windows NT 5.1; FunWebProducts; Hotbar 4.4.2.0; .NET CLR 1.1.4322)"
65.71.217.129 - - [23/Feb/2004:13:37:59 -0800] "GET /ncaa/home.htm HTTP/1.0" 200 2368 "-" "Mozilla/4.0 (compatible; MSIE 5.5; Windows NT 5.0)"
65.71.217.129 - - [23/Feb/2004:13:38:00 -0800] "GET /ncaa/ncaa02.jpg HTTP/1.0" 200 81812 "http://www.wrestlingstats.com/ncaa/home.htm" "Mozilla/4.0 (compatible; MSIE 5.5; Windows NT 5.0)"
65.71.217.129 - - [23/Feb/2004:13:38:00 -0800] "GET /ncaa/pix/home.gif HTTP/1.0" 404 363 "-" "Mozilla/4.0 (compatible; MSIE 5.0; Win32)"
65.71.217.129 - - [23/Feb/2004:13:38:01 -0800] "GET /ncaa/apbfind.gif HTTP/1.0" 200 89 "-" "Mozilla/4.0 (compatible; MSIE 5.0; Win32)"
198.208.223.35 - - [23/Feb/2004:13:38:14 -0800] "GET /eiwa/pdf/brackets/EIWA%201983.pdf HTTP/1.1" 200 131512 "http://www.wrestlingstats.com/eiwa/brackets.htm" "Mozilla/4.0 (compatible; MSIE 6.0; Windows NT 5.0; H010818)"
65.71.217.129 - - [23/Feb/2004:13:38:15 -0800] "GET /apPopupMenu$COMClassObject.class HTTP/1.0" 404 363 "-" "Mozilla/4.0 (compatible; MSIE 5.0; Win32)"
65.71.217.129 - - [23/Feb/2004:13:38:16 -0800] "GET /ncaa/pdf/Champs%20by%20School.pdf HTTP/1.0" 200 57751 "http://www.wrestlingstats.com/ncaa/ncaa.htm" "Mozilla/4.0 (compatible; MSIE 5.5; Windows NT 5.0)"
65.71.217.129 - - [23/Feb/2004:13:38:19 -0800] "GET /ncaa/pdf/Champs%20by%20School.pdf HTTP/1.0" 304 - "-" "Mozilla/4.0 (compatible; MSIE 5.5; Windows NT 5.0)"
65.71.217.129 - - [23/Feb/2004:13:38:22 -0800] "GET /ncaa/pdf/Champs%20by%20School.pdf HTTP/1.0" 304 - "-" "Mozilla/4.0 (compatible; MSIE 5.5; Windows NT 5.0)"
24.59.117.115 - - [23/Feb/2004:13:38:28 -0800] "GET / HTTP/1.1" 200 1755 "-" "Mozilla/4.0 (compatible; MSIE 6.0; Windows NT 5.1; FunWebProducts; Hotbar 4.4.2.0; .NET CLR 1.1.4322)"
65.71.217.129 - - [23/Feb/2004:13:39:34 -0800] "GET /lehigh/show_coach.php?coachid=7&coach=Greg%20Strobel HTTP/1.0" 200 2440 "-" "Mozilla/4.0 (compatible; MSIE 5.5; Windows NT 5.0)"
65.71.217.129 - - [23/Feb/2004:13:39:44 -0800] "GET /lehigh/view_coach_duals.php?season=2002 HTTP/1.0" 200 2821 "http://www.wrestlingstats.com/lehigh/show_coach.php?coachid=7&coach=Greg Strobel" "Mozilla/4.0 (compatible; MSIE 5.5; Windows NT 5.0)"
65.71.217.129 - - [23/Feb/2004:13:39:52 -0800] "GET /lehigh/show_coach.php?coachid=7&coach=Greg%20Strobel HTTP/1.0" 200 2440 "-" "Mozilla/4.0 (compatible; MSIE 5.5; Windows NT 5.0)"
198.208.223.35 - - [23/Feb/2004:13:40:00 -0800] "GET /ncaa/brackets.htm HTTP/1.1" 200 12926 "-" "Mozilla/4.0 (compatible; MSIE 6.0; Windows NT 5.0; H010818)"
198.208.223.35 - - [23/Feb/2004:13:40:04 -0800] "GET /ncaa/pdf/brackets/NCAA%201981.pdf HTTP/1.1" 200 228281 "http://www.wrestlingstats.com/ncaa/brackets.htm" "Mozilla/4.0 (compatible; MSIE 6.0; Windows NT 5.0; H010818)"
151.205.187.200 - - [23/Feb/2004:13:40:13 -0800] "GET /ncaa/pdf/brackets/NCAA%201993.pdf HTTP/1.1" 200 228307 "http://www.google.com/search?hl=en&lr=&ie=ISO-8859-1&q=Troy+bouzakis%2C+wrestling" "Mozilla/5.0 (Macintosh; U; PPC; en-US; rv:1.0.2) Gecko/20030208 Netscape/7.02"
65.71.217.129 - - [23/Feb/2004:13:40:20 -0800] "GET /lehigh/show_coach.php?coachid=6&coach=Bob%20Latessa HTTP/1.0" 200 2070 "-" "Mozilla/4.0 (compatible; MSIE 5.5; Windows NT 5.0)"
65.71.217.129 - - [23/Feb/2004:13:40:39 -0800] "GET /lehigh/show_coach.php?coachid=5&coach=Tom%20Hutchinson HTTP/1.0" 200 - "-" "Mozilla/4.0 (compatible; MSIE 5.5; Windows NT 5.0)"
65.71.217.129 - - [23/Feb/2004:13:40:40 -0800] "GET /lehigh/show_coach.php?coachid=5&coach=Tom%20Hutchinson HTTP/1.0" 200 1962 "-" "Mozilla/4.0 (compatible; MSIE 5.5; Windows NT 5.0)"
65.71.217.129 - - [23/Feb/2004:13:40:58 -0800] "GET /lehigh/show_coach.php?coachid=4&coach=Thad%20Turner HTTP/1.0" 200 2838 "-" "Mozilla/4.0 (compatible; MSIE 5.5; Windows NT 5.0)"
65.71.217.129 - - [23/Feb/2004:13:41:36 -0800] "GET /lehigh/show_coach.php?coachid=3&coach=Gerry%20Leeman HTTP/1.0" 200 2768 "-" "Mozilla/4.0 (compatible; MSIE 5.5; Windows NT 5.0)"
65.71.217.129 - - [23/Feb/2004:13:41:49 -0800] "GET /lehigh/show_coach.php?coachid=2&coach=Billy%20Sheridan HTTP/1.0" 200 22092 "-" "Mozilla/4.0 (compatible; MSIE 5.5; Windows NT 5.0)"
65.71.217.129 - - [23/Feb/2004:13:42:02 -0800] "GET /lehigh/apPopupMenuBeanInfo.class HTTP/1.0" 404 363 "-" "Mozilla/4.0 (compatible; MSIE 5.0; Win32)"
65.71.217.129 - - [23/Feb/2004:13:42:02 -0800] "GET /lehigh/apPopupMenu$COMClassObject.class HTTP/1.0" 404 363 "-" "Mozilla/4.0 (compatible; MSIE 5.0; Win32)"
65.71.217.129 - - [23/Feb/2004:13:42:20 -0800] "GET /lehigh/wrestlers.php HTTP/1.0" 200 1912 "-" "Mozilla/4.0 (compatible; MSIE 5.5; Windows NT 5.0)"
198.208.223.35 - - [23/Feb/2004:13:42:21 -0800] "GET /ncaa/pdf/brackets/NCAA%201982.pdf HTTP/1.1" 200 244071 "http://www.wrestlingstats.com/ncaa/brackets.htm" "Mozilla/4.0 (compatible; MSIE 6.0; Windows NT 5.0; H010818)"
65.71.217.129 - - [23/Feb/2004:13:42:32 -0800] "POST /lehigh/view_all_wrestlers.php HTTP/1.0" 200 2100 "http://www.wrestlingstats.com/lehigh/wrestlers.php" "Mozilla/4.0 (compatible; MSIE 5.5; Windows NT 5.0)"
65.71.217.129 - - [23/Feb/2004:13:42:37 -0800] "GET /lehigh/view_wrestlers.php?wrestler=225 HTTP/1.0" 200 2785 "http://www.wrestlingstats.com/lehigh/view_all_wrestlers.php" "Mozilla/4.0 (compatible; MSIE 5.5; Windows NT 5.0)"
68.99.69.47 - - [23/Feb/2004:13:42:50 -0800] "GET / HTTP/1.1" 200 1755 "-" "Mozilla/4.0 (compatible; MSIE 6.0; Windows NT 5.1; FunWebProducts)"
68.99.69.47 - - [23/Feb/2004:13:42:50 -0800] "GET /NCAA2003.jpg HTTP/1.1" 200 84807 "http://www.wrestlingstats.com/" "Mozilla/4.0 (compatible; MSIE 6.0; Windows NT 5.1; FunWebProducts)"
68.99.69.47 - - [23/Feb/2004:13:42:52 -0800] "GET /apPopupMenu.class HTTP/1.1" 200 19469 "-" "Java 1.1"
68.99.69.47 - - [23/Feb/2004:13:42:52 -0800] "GET /images/home32.gif HTTP/1.1" 200 287 "-" "Java 1.1"
68.99.69.47 - - [23/Feb/2004:13:42:53 -0800] "GET /images/mail32.gif HTTP/1.1" 200 317 "-" "Java 1.1"
68.99.69.47 - - [23/Feb/2004:13:43:00 -0800] "GET /ncaa/brackets.htm HTTP/1.1" 200 2797 "-" "Mozilla/4.0 (compatible; MSIE 6.0; Windows NT 5.1; FunWebProducts)"
68.99.69.47 - - [23/Feb/2004:13:43:05 -0800] "GET /ncaa/pdf/brackets/NCAA%202003.pdf HTTP/1.1" 200 144218 "http://www.wrestlingstats.com/ncaa/brackets.htm" "Mozilla/4.0 (compatible; MSIE 6.0; Windows NT 5.1; FunWebProducts)"
68.99.69.47 - - [23/Feb/2004:13:43:06 -0800] "GET /ncaa/pdf/brackets/NCAA%202003.pdf HTTP/1.1" 206 140067 "-" "Mozilla/4.0 (compatible; MSIE 6.0; Windows NT 5.1; FunWebProducts)"
65.71.217.129 - - [23/Feb/2004:13:43:06 -0800] "GET /lehigh/view_wrestler_bouts.php?wrestler=225&season=1976 HTTP/1.0" 200 3025 "http://www.wrestlingstats.com/lehigh/view_wrestlers.php?wrestler=225" "Mozilla/4.0 (compatible; MSIE 5.5; Windows NT 5.0)"
68.99.69.47 - - [23/Feb/2004:13:43:13 -0800] "GET /ncaa/pdf/brackets/NCAA%202003.pdf HTTP/1.1" 206 62970 "-" "Mozilla/4.0 (compatible; MSIE 6.0; Windows NT 5.1; FunWebProducts)"
65.71.217.129 - - [23/Feb/2004:13:43:24 -0800] "GET /lehigh/home.php HTTP/1.0" 200 1997 "-" "Mozilla/4.0 (compatible; MSIE 5.5; Windows NT 5.0)"
65.71.217.129 - - [23/Feb/2004:13:43:26 -0800] "GET /lehigh/home.php HTTP/1.0" 200 1997 "-" "Mozilla/4.0 (compatible; MSIE 5.5; Windows NT 5.0)"
65.71.217.129 - - [23/Feb/2004:13:43:27 -0800] "GET /lehigh/home.php HTTP/1.0" 200 4902 "-" "Mozilla/4.0 (compatible; MSIE 5.5; Windows NT 5.0)"
65.71.217.129 - - [23/Feb/2004:13:43:33 -0800] "GET /lehigh/home.php HTTP/1.0" 200 1997 "-" "Mozilla/4.0 (compatible; MSIE 5.5; Windows NT 5.0)"
198.208.223.35 - - [23/Feb/2004:13:43:37 -0800] "GET /ncaa/pdf/brackets/NCAA%201983.pdf HTTP/1.1" 200 230241 "http://www.wrestlingstats.com/ncaa/brackets.htm" "Mozilla/4.0 (compatible; MSIE 6.0; Windows NT 5.0; H010818)"
65.71.217.129 - - [23/Feb/2004:13:43:48 -0800] "GET /lehigh/home.php HTTP/1.0" 200 1997 "-" "Mozilla/4.0 (compatible; MSIE 5.5; Windows NT 5.0)"
68.99.69.47 - - [23/Feb/2004:13:43:57 -0800] "GET /ncaa/pdf/brackets/NCAA%202002.pdf HTTP/1.1" 200 230468 "http://www.wrestlingstats.com/ncaa/brackets.htm" "Mozilla/4.0 (compatible; MSIE 6.0; Windows NT 5.1; FunWebProducts)"
68.99.69.47 - - [23/Feb/2004:13:43:58 -0800] "GET /ncaa/pdf/brackets/NCAA%202002.pdf HTTP/1.1" 206 226317 "-" "Mozilla/4.0 (compatible; MSIE 6.0; Windows NT 5.1; FunWebProducts)"
128.138.27.233 - - [23/Feb/2004:13:45:53 -0800] "GET / HTTP/1.1" 200 1754 "http://www.lehighwrestling.com/Lehigh/uploads/links.htm" "Mozilla/4.0 (compatible; MSIE 6.0; Windows NT 5.1; .NET CLR 1.0.3705)"
128.138.27.233 - - [23/Feb/2004:13:45:53 -0800] "GET /NCAA2003.jpg HTTP/1.1" 200 84807 "http://www.wrestlingstats.com/" "Mozilla/4.0 (compatible; MSIE 6.0; Windows NT 5.1; .NET CLR 1.0.3705)"
128.138.27.233 - - [23/Feb/2004:13:45:55 -0800] "GET /apPopupMenu.class HTTP/1.1" 200 19469 "-" "Java 1.1"
128.138.27.233 - - [23/Feb/2004:13:45:55 -0800] "GET /images/home32.gif HTTP/1.1" 200 287 "-" "Java 1.1"
128.138.27.233 - - [23/Feb/2004:13:45:55 -0800] "GET /images/mail32.gif HTTP/1.1" 200 317 "-" "Java 1.1"
128.138.27.233 - - [23/Feb/2004:13:46:16 -0800] "GET /apPopupMenuBeanInfo.class HTTP/1.1" 404 363 "-" "Java 1.1"
128.138.27.233 - - [23/Feb/2004:13:46:16 -0800] "GET /apPopupMenu$COMClassObject.class HTTP/1.1" 404 363 "-" "Java 1.1"
128.138.27.233 - - [23/Feb/2004:13:46:26 -0800] "GET /lehigh/index.html HTTP/1.1" 200 839 "-" "Mozilla/4.0 (compatible; MSIE 6.0; Windows NT 5.1; .NET CLR 1.0.3705)"
128.138.27.233 - - [23/Feb/2004:13:46:27 -0800] "GET /lehigh/home.php HTTP/1.1" 200 2019 "http://www.lehighwrestling.com/Lehigh/LUWC.php" "Mozilla/4.0 (compatible; MSIE 6.0; Windows NT 5.1; .NET CLR 1.0.3705)"
128.138.27.233 - - [23/Feb/2004:13:46:27 -0800] "GET /lehigh/EIWAChamps.jpg HTTP/1.1" 200 42637 "http://www.wrestlingstats.com/lehigh/home.php" "Mozilla/4.0 (compatible; MSIE 6.0; Windows NT 5.1; .NET CLR 1.0.3705)"
128.138.27.233 - - [23/Feb/2004:13:46:27 -0800] "GET /lehigh/apPopupMenu.class HTTP/1.1" 200 19469 "-" "Java 1.1"
128.138.27.233 - - [23/Feb/2004:13:46:27 -0800] "GET /lehigh/pix/home.gif HTTP/1.1" 200 215 "-" "Java 1.1"
128.138.27.233 - - [23/Feb/2004:13:46:27 -0800] "GET /lehigh/pix/apbfind.gif HTTP/1.1" 200 89 "-" "Java 1.1"
198.208.223.35 - - [23/Feb/2004:13:46:33 -0800] "GET /ncaa/pdf/brackets/NCAA%201986.pdf HTTP/1.1" 200 227750 "http://www.wrestlingstats.com/ncaa/brackets.htm" "Mozilla/4.0 (compatible; MSIE 6.0; Windows NT 5.0; H010818)"
198.208.223.35 - - [23/Feb/2004:13:46:46 -0800] "GET /ncaa/pdf/brackets/NCAA%201985.pdf HTTP/1.1" 200 223425 "http://www.wrestlingstats.com/ncaa/brackets.htm" "Mozilla/4.0 (compatible; MSIE 6.0; Windows NT 5.0; H010818)"
128.138.27.233 - - [23/Feb/2004:13:46:52 -0800] "GET /lehigh/apPopupMenuBeanInfo.class HTTP/1.1" 404 363 "-" "Java 1.1"
128.138.27.233 - - [23/Feb/2004:13:46:53 -0800] "GET /lehigh/apPopupMenu$COMClassObject.class HTTP/1.1" 404 363 "-" "Java 1.1"
128.138.27.233 - - [23/Feb/2004:13:46:53 -0800] "GET /lehigh/wrestlers.php HTTP/1.1" 200 1934 "-" "Mozilla/4.0 (compatible; MSIE 6.0; Windows NT 5.1; .NET CLR 1.0.3705)"
128.138.27.233 - - [23/Feb/2004:13:46:57 -0800] "POST /lehigh/view_all_wrestlers.php HTTP/1.1" 200 2028 "http://www.wrestlingstats.com/lehigh/wrestlers.php" "Mozilla/4.0 (compatible; MSIE 6.0; Windows NT 5.1; .NET CLR 1.0.3705)"
128.138.27.233 - - [23/Feb/2004:13:47:00 -0800] "GET /lehigh/view_wrestlers.php?wrestler=756 HTTP/1.1" 200 2096 "http://www.wrestlingstats.com/lehigh/view_all_wrestlers.php" "Mozilla/4.0 (compatible; MSIE 6.0; Windows NT 5.1; .NET CLR 1.0.3705)"
128.138.27.233 - - [23/Feb/2004:13:47:08 -0800] "GET /lehigh/view_wrestler_bouts.php?wrestler=756&season=2004 HTTP/1.1" 200 2279 "http://www.wrestlingstats.com/lehigh/view_wrestlers.php?wrestler=756" "Mozilla/4.0 (compatible; MSIE 6.0; Windows NT 5.1; .NET CLR 1.0.3705)"
128.138.27.233 - - [23/Feb/2004:13:47:33 -0800] "GET /lehigh/view_wrestlers.php?wrestler=756 HTTP/1.1" 200 2096 "http://www.wrestlingstats.com/lehigh/view_all_wrestlers.php" "Mozilla/4.0 (compatible; MSIE 6.0; Windows NT 5.1; .NET CLR 1.0.3705)"
198.208.223.35 - - [23/Feb/2004:13:47:57 -0800] "GET /ncaa/pdf/brackets/NCAA%201984.pdf HTTP/1.1" 200 222683 "http://www.wrestlingstats.com/ncaa/brackets.htm" "Mozilla/4.0 (compatible; MSIE 6.0; Windows NT 5.0; H010818)"
68.78.37.181 - - [23/Feb/2004:13:48:37 -0800] "GET /ncaa/pdf/brackets/NCAA%201970.pdf HTTP/1.1" 200 215841 "-" "Mozilla/4.0 (compatible; MSIE 6.0; Windows NT 5.1)"
68.78.37.181 - - [23/Feb/2004:13:48:38 -0800] "GET /ncaa/pdf/brackets/NCAA%201970.pdf HTTP/1.1" 200 215841 "-" "Mozilla/4.0 (compatible; MSIE 6.0; Windows NT 5.1)"
