65.27.66.218 - - [25/Feb/2004:07:39:30 -0800] "GET /ncaa/pdf/brackets/NCAA%201990.pdf HTTP/1.1" 200 232154 "-" "Mozilla/4.0 (compatible; MSIE 6.0; Windows NT 5.1; (R1 1.3); .NET CLR 1.0.3705; .NET CLR 1.1.4322)"
65.27.66.218 - - [25/Feb/2004:07:39:30 -0800] "GET /ncaa/pdf/brackets/NCAA%201990.pdf HTTP/1.1" 206 223962 "-" "Mozilla/4.0 (compatible; MSIE 6.0; Windows NT 5.1; (R1 1.3); .NET CLR 1.0.3705; .NET CLR 1.1.4322)"
204.186.176.34 - - [25/Feb/2004:07:40:15 -0800] "GET /lehigh/apPopupMenuBeanInfo.class HTTP/1.1" 404 363 "-" "Mozilla/4.0 (compatible; MSIE 6.0; Win32; Hotbar 4.4.2.0)"
204.186.176.34 - - [25/Feb/2004:07:40:15 -0800] "GET /lehigh/apPopupMenu$COMClassObject.class HTTP/1.1" 404 363 "-" "Mozilla/4.0 (compatible; MSIE 6.0; Win32; Hotbar 4.4.2.0)"
204.186.176.34 - - [25/Feb/2004:07:40:16 -0800] "GET /lehigh/wrestlers.php HTTP/1.1" 200 4870 "-" "Mozilla/4.0 (compatible; MSIE 6.0; Windows NT 5.1; Hotbar 4.4.2.0; .NET CLR 1.0.3705)"
204.186.176.34 - - [25/Feb/2004:07:40:29 -0800] "POST /lehigh/view_all_wrestlers.php HTTP/1.1" 200 5479 "http://www.wrestlingstats.com/lehigh/wrestlers.php" "Mozilla/4.0 (compatible; MSIE 6.0; Windows NT 5.1; Hotbar 4.4.2.0; .NET CLR 1.0.3705)"
204.186.176.34 - - [25/Feb/2004:07:40:31 -0800] "GET /lehigh/view_wrestlers.php?wrestler=552 HTTP/1.1" 200 10008 "http://www.wrestlingstats.com/lehigh/view_all_wrestlers.php" "Mozilla/4.0 (compatible; MSIE 6.0; Windows NT 5.1; Hotbar 4.4.2.0; .NET CLR 1.0.3705)"
65.27.66.218 - - [25/Feb/2004:07:40:43 -0800] "GET /ncaa/pdf/brackets/NCAA%201989.pdf HTTP/1.1" 200 196608 "-" "Mozilla/4.0 (compatible; MSIE 6.0; Windows NT 5.1; (R1 1.3); .NET CLR 1.0.3705; .NET CLR 1.1.4322)"
65.27.66.218 - - [25/Feb/2004:07:40:44 -0800] "GET /ncaa/pdf/brackets/NCAA%201989.pdf HTTP/1.1" 206 244850 "-" "Mozilla/4.0 (compatible; MSIE 6.0; Windows NT 5.1; (R1 1.3); .NET CLR 1.0.3705; .NET CLR 1.1.4322)"
65.27.66.218 - - [25/Feb/2004:07:40:44 -0800] "GET /ncaa/pdf/brackets/NCAA%201989.pdf HTTP/1.1" 206 93581 "-" "Mozilla/4.0 (compatible; MSIE 6.0; Windows NT 5.1; (R1 1.3); .NET CLR 1.0.3705; .NET CLR 1.1.4322)"
65.27.66.218 - - [25/Feb/2004:07:40:49 -0800] "GET /ncaa/pdf/brackets/NCAA%201989.pdf HTTP/1.1" 206 34145 "-" "Mozilla/4.0 (compatible; MSIE 6.0; Windows NT 5.1; (R1 1.3); .NET CLR 1.0.3705; .NET CLR 1.1.4322)"
65.27.66.218 - - [25/Feb/2004:07:40:51 -0800] "GET /ncaa/pdf/brackets/NCAA%201989.pdf HTTP/1.1" 206 28106 "-" "Mozilla/4.0 (compatible; MSIE 6.0; Windows NT 5.1; (R1 1.3); .NET CLR 1.0.3705; .NET CLR 1.1.4322)"
65.27.66.218 - - [25/Feb/2004:07:40:53 -0800] "GET /ncaa/pdf/brackets/NCAA%201989.pdf HTTP/1.1" 206 13220 "-" "Mozilla/4.0 (compatible; MSIE 6.0; Windows NT 5.1; (R1 1.3); .NET CLR 1.0.3705; .NET CLR 1.1.4322)"
65.27.66.218 - - [25/Feb/2004:07:40:55 -0800] "GET /ncaa/pdf/brackets/NCAA%201989.pdf HTTP/1.1" 206 13510 "-" "Mozilla/4.0 (compatible; MSIE 6.0; Windows NT 5.1; (R1 1.3); .NET CLR 1.0.3705; .NET CLR 1.1.4322)"
65.27.66.218 - - [25/Feb/2004:07:40:57 -0800] "GET /ncaa/pdf/brackets/NCAA%201989.pdf HTTP/1.1" 206 14446 "-" "Mozilla/4.0 (compatible; MSIE 6.0; Windows NT 5.1; (R1 1.3); .NET CLR 1.0.3705; .NET CLR 1.1.4322)"
65.27.66.218 - - [25/Feb/2004:07:40:58 -0800] "GET /ncaa/pdf/brackets/NCAA%201989.pdf HTTP/1.1" 206 13905 "-" "Mozilla/4.0 (compatible; MSIE 6.0; Windows NT 5.1; (R1 1.3); .NET CLR 1.0.3705; .NET CLR 1.1.4322)"
65.27.66.218 - - [25/Feb/2004:07:41:00 -0800] "GET /ncaa/pdf/brackets/NCAA%201989.pdf HTTP/1.1" 206 12844 "-" "Mozilla/4.0 (compatible; MSIE 6.0; Windows NT 5.1; (R1 1.3); .NET CLR 1.0.3705; .NET CLR 1.1.4322)"
65.27.66.218 - - [25/Feb/2004:07:41:02 -0800] "GET /ncaa/pdf/brackets/NCAA%201989.pdf HTTP/1.1" 206 13944 "-" "Mozilla/4.0 (compatible; MSIE 6.0; Windows NT 5.1; (R1 1.3); .NET CLR 1.0.3705; .NET CLR 1.1.4322)"
204.186.176.34 - - [25/Feb/2004:07:41:04 -0800] "GET /lehigh/view_wrestlers.php?wrestler=551 HTTP/1.1" 200 9694 "http://www.wrestlingstats.com/lehigh/view_all_wrestlers.php" "Mozilla/4.0 (compatible; MSIE 6.0; Windows NT 5.1; Hotbar 4.4.2.0; .NET CLR 1.0.3705)"
65.27.66.218 - - [25/Feb/2004:07:41:04 -0800] "GET /ncaa/pdf/brackets/NCAA%201989.pdf HTTP/1.1" 206 3822 "-" "Mozilla/4.0 (compatible; MSIE 6.0; Windows NT 5.1; (R1 1.3); .NET CLR 1.0.3705; .NET CLR 1.1.4322)"
65.27.66.218 - - [25/Feb/2004:07:41:06 -0800] "GET /ncaa/pdf/brackets/NCAA%201989.pdf HTTP/1.1" 206 3322 "-" "Mozilla/4.0 (compatible; MSIE 6.0; Windows NT 5.1; (R1 1.3); .NET CLR 1.0.3705; .NET CLR 1.1.4322)"
151.196.46.171 - - [25/Feb/2004:07:41:18 -0800] "GET /eiwa/brackets.htm HTTP/1.1" 304 - "-" "Mozilla/4.0 (compatible; MSIE 6.0; Windows NT 5.1)"
204.186.176.34 - - [25/Feb/2004:07:41:19 -0800] "GET /lehigh/apPopupMenu$COMClassObject.class HTTP/1.1" 404 363 "-" "Mozilla/4.0 (compatible; MSIE 6.0; Win32; Hotbar 4.4.2.0)"
151.196.46.171 - - [25/Feb/2004:07:41:23 -0800] "GET /ncaa/brackets.htm HTTP/1.1" 304 - "-" "Mozilla/4.0 (compatible; MSIE 6.0; Windows NT 5.1)"
65.27.66.218 - - [25/Feb/2004:07:42:38 -0800] "GET /ncaa/pdf/brackets/NCAA%201988.pdf HTTP/1.1" 200 229279 "-" "Mozilla/4.0 (compatible; MSIE 6.0; Windows NT 5.1; (R1 1.3); .NET CLR 1.0.3705; .NET CLR 1.1.4322)"
65.27.66.218 - - [25/Feb/2004:07:42:38 -0800] "GET /ncaa/pdf/brackets/NCAA%201988.pdf HTTP/1.1" 206 221087 "-" "Mozilla/4.0 (compatible; MSIE 6.0; Windows NT 5.1; (R1 1.3); .NET CLR 1.0.3705; .NET CLR 1.1.4322)"
216.15.67.52 - - [25/Feb/2004:07:47:20 -0800] "GET / HTTP/1.1" 304 - "-" "Mozilla/4.0 (compatible; MSIE 6.0; Windows 98; sureseeker.com)"
216.15.67.52 - - [25/Feb/2004:07:47:20 -0800] "GET /NCAA2003.jpg HTTP/1.1" 304 - "http://wrestlingstats.com/" "Mozilla/4.0 (compatible; MSIE 6.0; Windows 98; sureseeker.com)"
216.15.67.52 - - [25/Feb/2004:07:47:22 -0800] "GET /apPopupMenu.class HTTP/1.1" 304 - "-" "Java 1.1"
216.15.67.52 - - [25/Feb/2004:07:47:22 -0800] "GET /images/home32.gif HTTP/1.1" 200 287 "-" "Java 1.1"
216.15.67.52 - - [25/Feb/2004:07:47:23 -0800] "GET /images/mail32.gif HTTP/1.1" 200 317 "-" "Java 1.1"
216.15.67.52 - - [25/Feb/2004:07:47:30 -0800] "GET /ncaa/brackets.htm HTTP/1.1" 304 - "http://wrestlingstats.com/ncaa/ncaa.htm" "Mozilla/4.0 (compatible; MSIE 6.0; Windows 98; sureseeker.com)"
216.15.67.52 - - [25/Feb/2004:07:47:48 -0800] "GET /ncaa/pdf/brackets/NCAA%201994.pdf HTTP/1.1" 200 226551 "http://wrestlingstats.com/ncaa/brackets.htm" "Mozilla/4.0 (compatible; MSIE 6.0; Windows 98; sureseeker.com)"
216.15.67.52 - - [25/Feb/2004:07:47:51 -0800] "GET /ncaa/pdf/brackets/NCAA%201994.pdf HTTP/1.1" 200 226551 "-" "Mozilla/4.0 (compatible; MSIE 6.0; Windows 98; sureseeker.com)"
216.15.67.52 - - [25/Feb/2004:07:47:52 -0800] "GET /ncaa/pdf/brackets/NCAA%201994.pdf HTTP/1.1" 206 103316 "-" "Mozilla/4.0 (compatible; MSIE 6.0; Windows 98; sureseeker.com)"
216.15.67.52 - - [25/Feb/2004:07:47:53 -0800] "GET /ncaa/pdf/brackets/NCAA%201994.pdf HTTP/1.1" 206 1024 "-" "Mozilla/4.0 (compatible; MSIE 6.0; Windows 98; sureseeker.com)"
216.15.67.52 - - [25/Feb/2004:07:47:54 -0800] "GET /ncaa/pdf/brackets/NCAA%201994.pdf HTTP/1.1" 206 386 "-" "Mozilla/4.0 (compatible; MSIE 6.0; Windows 98; sureseeker.com)"
216.15.67.52 - - [25/Feb/2004:07:48:01 -0800] "GET /ncaa/pdf/brackets/NCAA%201994.pdf HTTP/1.1" 206 57264 "-" "Mozilla/4.0 (compatible; MSIE 6.0; Windows 98; sureseeker.com)"
63.160.138.53 - - [25/Feb/2004:07:48:42 -0800] "GET /ncaa/brackets.htm HTTP/1.0" 200 12926 "http://www.google.com/search?hl=en&ie=UTF-8&oe=UTF-8&q=wrestling+tournament+brackets&spell=1" "Mozilla/4.0 (compatible; MSIE 6.0; Windows NT 5.1)"
216.15.67.52 - - [25/Feb/2004:07:48:50 -0800] "GET /ncaa/pdf/brackets/NCAA%201994.pdf HTTP/1.1" 206 3467 "-" "Mozilla/4.0 (compatible; MSIE 6.0; Windows 98; sureseeker.com)"
63.160.138.53 - - [25/Feb/2004:07:48:51 -0800] "GET /apPopupMenu.class HTTP/1.0" 200 19469 "-" "Mozilla/4.0 (Windows XP 5.1) Java/1.4.2"
63.160.138.53 - - [25/Feb/2004:07:48:51 -0800] "GET /images/home32.gif HTTP/1.0" 200 287 "-" "Mozilla/4.0 (Windows XP 5.1) Java/1.4.2"
63.160.138.53 - - [25/Feb/2004:07:48:52 -0800] "GET /images/mail32.gif HTTP/1.0" 200 317 "-" "Mozilla/4.0 (Windows XP 5.1) Java/1.4.2"
216.15.67.52 - - [25/Feb/2004:07:48:53 -0800] "GET /ncaa/pdf/brackets/NCAA%201994.pdf HTTP/1.1" 206 4995 "-" "Mozilla/4.0 (compatible; MSIE 6.0; Windows 98; sureseeker.com)"
216.15.67.52 - - [25/Feb/2004:07:48:59 -0800] "GET /ncaa/pdf/brackets/NCAA%201994.pdf HTTP/1.1" 206 2501 "-" "Mozilla/4.0 (compatible; MSIE 6.0; Windows 98; sureseeker.com)"
216.15.67.52 - - [25/Feb/2004:07:49:45 -0800] "GET /ncaa/pdf/brackets/NCAA%201994.pdf HTTP/1.1" 206 851 "-" "Mozilla/4.0 (compatible; MSIE 6.0; Windows 98; sureseeker.com)"
216.15.67.52 - - [25/Feb/2004:07:49:46 -0800] "GET /ncaa/pdf/brackets/NCAA%201994.pdf HTTP/1.1" 206 2746 "-" "Mozilla/4.0 (compatible; MSIE 6.0; Windows 98; sureseeker.com)"
65.27.66.218 - - [25/Feb/2004:07:50:31 -0800] "GET /ncaa/pdf/brackets/NCAA%201987.pdf HTTP/1.1" 200 228177 "-" "Mozilla/4.0 (compatible; MSIE 6.0; Windows NT 5.1; (R1 1.3); .NET CLR 1.0.3705; .NET CLR 1.1.4322)"
65.27.66.218 - - [25/Feb/2004:07:50:31 -0800] "GET /ncaa/pdf/brackets/NCAA%201987.pdf HTTP/1.1" 206 219985 "-" "Mozilla/4.0 (compatible; MSIE 6.0; Windows NT 5.1; (R1 1.3); .NET CLR 1.0.3705; .NET CLR 1.1.4322)"
216.15.67.52 - - [25/Feb/2004:07:51:31 -0800] "GET /ncaa/pdf/brackets/NCAA%201994.pdf HTTP/1.1" 206 2457 "-" "Mozilla/4.0 (compatible; MSIE 6.0; Windows 98; sureseeker.com)"
216.15.67.52 - - [25/Feb/2004:07:51:32 -0800] "GET /ncaa/pdf/brackets/NCAA%201994.pdf HTTP/1.1" 206 600 "-" "Mozilla/4.0 (compatible; MSIE 6.0; Windows 98; sureseeker.com)"
65.27.66.218 - - [25/Feb/2004:07:51:33 -0800] "GET /ncaa/pdf/brackets/NCAA%201986.pdf HTTP/1.1" 200 227750 "-" "Mozilla/4.0 (compatible; MSIE 6.0; Windows NT 5.1; (R1 1.3); .NET CLR 1.0.3705; .NET CLR 1.1.4322)"
65.27.66.218 - - [25/Feb/2004:07:51:34 -0800] "GET /ncaa/pdf/brackets/NCAA%201986.pdf HTTP/1.1" 206 219558 "-" "Mozilla/4.0 (compatible; MSIE 6.0; Windows NT 5.1; (R1 1.3); .NET CLR 1.0.3705; .NET CLR 1.1.4322)"
216.15.67.52 - - [25/Feb/2004:07:51:35 -0800] "GET /ncaa/pdf/brackets/NCAA%201994.pdf HTTP/1.1" 206 2837 "-" "Mozilla/4.0 (compatible; MSIE 6.0; Windows 98; sureseeker.com)"
198.174.193.180 - - [25/Feb/2004:07:52:23 -0800] "GET /ncaa/pdf/NCAA%20Bout%20Scoring.pdf HTTP/1.0" 200 46083 "http://www.google.com/search?hl=en&ie=UTF-8&oe=UTF-8&q=wrestling+scoring+system&btnG=Google+Search" "Mozilla/4.0 (compatible; MSIE 5.5; Windows NT 4.0)"
198.174.193.180 - - [25/Feb/2004:07:52:24 -0800] "GET /ncaa/pdf/NCAA%20Bout%20Scoring.pdf HTTP/1.0" 206 41930 "-" "Mozilla/4.0 (compatible; MSIE 5.5; Windows NT 4.0)"
65.27.66.218 - - [25/Feb/2004:07:52:26 -0800] "GET /ncaa/pdf/brackets/NCAA%201985.pdf HTTP/1.1" 200 223425 "-" "Mozilla/4.0 (compatible; MSIE 6.0; Windows NT 5.1; (R1 1.3); .NET CLR 1.0.3705; .NET CLR 1.1.4322)"
65.27.66.218 - - [25/Feb/2004:07:52:26 -0800] "GET /ncaa/pdf/brackets/NCAA%201985.pdf HTTP/1.1" 206 215233 "-" "Mozilla/4.0 (compatible; MSIE 6.0; Windows NT 5.1; (R1 1.3); .NET CLR 1.0.3705; .NET CLR 1.1.4322)"
216.15.67.52 - - [25/Feb/2004:07:52:37 -0800] "GET /ncaa/pdf/brackets/NCAA%201994.pdf HTTP/1.1" 206 2525 "-" "Mozilla/4.0 (compatible; MSIE 6.0; Windows 98; sureseeker.com)"
65.27.66.218 - - [25/Feb/2004:07:52:49 -0800] "GET /ncaa/pdf/brackets/NCAA%201984.pdf HTTP/1.1" 200 222683 "-" "Mozilla/4.0 (compatible; MSIE 6.0; Windows NT 5.1; (R1 1.3); .NET CLR 1.0.3705; .NET CLR 1.1.4322)"
65.27.66.218 - - [25/Feb/2004:07:52:49 -0800] "GET /ncaa/pdf/brackets/NCAA%201984.pdf HTTP/1.1" 206 214491 "-" "Mozilla/4.0 (compatible; MSIE 6.0; Windows NT 5.1; (R1 1.3); .NET CLR 1.0.3705; .NET CLR 1.1.4322)"
65.27.66.218 - - [25/Feb/2004:07:53:15 -0800] "GET /ncaa/pdf/brackets/NCAA%201983.pdf HTTP/1.1" 200 230241 "-" "Mozilla/4.0 (compatible; MSIE 6.0; Windows NT 5.1; (R1 1.3); .NET CLR 1.0.3705; .NET CLR 1.1.4322)"
65.27.66.218 - - [25/Feb/2004:07:53:15 -0800] "GET /ncaa/pdf/brackets/NCAA%201983.pdf HTTP/1.1" 206 222049 "-" "Mozilla/4.0 (compatible; MSIE 6.0; Windows NT 5.1; (R1 1.3); .NET CLR 1.0.3705; .NET CLR 1.1.4322)"
65.27.66.218 - - [25/Feb/2004:07:53:58 -0800] "GET /ncaa/pdf/brackets/NCAA%201982.pdf HTTP/1.1" 200 196608 "-" "Mozilla/4.0 (compatible; MSIE 6.0; Windows NT 5.1; (R1 1.3); .NET CLR 1.0.3705; .NET CLR 1.1.4322)"
65.27.66.218 - - [25/Feb/2004:07:53:58 -0800] "GET /ncaa/pdf/brackets/NCAA%201982.pdf HTTP/1.1" 206 235879 "-" "Mozilla/4.0 (compatible; MSIE 6.0; Windows NT 5.1; (R1 1.3); .NET CLR 1.0.3705; .NET CLR 1.1.4322)"
65.27.66.218 - - [25/Feb/2004:07:55:02 -0800] "GET /ncaa/pdf/brackets/NCAA%201981.pdf HTTP/1.1" 200 228281 "-" "Mozilla/4.0 (compatible; MSIE 6.0; Windows NT 5.1; (R1 1.3); .NET CLR 1.0.3705; .NET CLR 1.1.4322)"
65.27.66.218 - - [25/Feb/2004:07:55:02 -0800] "GET /ncaa/pdf/brackets/NCAA%201981.pdf HTTP/1.1" 206 220089 "-" "Mozilla/4.0 (compatible; MSIE 6.0; Windows NT 5.1; (R1 1.3); .NET CLR 1.0.3705; .NET CLR 1.1.4322)"
65.27.66.218 - - [25/Feb/2004:07:56:29 -0800] "GET /ncaa/pdf/brackets/NCAA%201980.pdf HTTP/1.1" 200 222124 "-" "Mozilla/4.0 (compatible; MSIE 6.0; Windows NT 5.1; (R1 1.3); .NET CLR 1.0.3705; .NET CLR 1.1.4322)"
65.27.66.218 - - [25/Feb/2004:07:56:30 -0800] "GET /ncaa/pdf/brackets/NCAA%201980.pdf HTTP/1.1" 206 213932 "-" "Mozilla/4.0 (compatible; MSIE 6.0; Windows NT 5.1; (R1 1.3); .NET CLR 1.0.3705; .NET CLR 1.1.4322)"
24.103.133.147 - - [25/Feb/2004:07:56:37 -0800] "GET /ncaa/pdf/brackets/NCAA%201972.pdf HTTP/1.1" 200 217006 "-" "Mozilla/4.0 (compatible; MSIE 6.0; Windows NT 5.1)"
24.103.133.147 - - [25/Feb/2004:07:56:37 -0800] "GET /ncaa/pdf/brackets/NCAA%201972.pdf HTTP/1.1" 200 217006 "-" "Mozilla/4.0 (compatible; MSIE 6.0; Windows NT 5.1)"
216.15.67.52 - - [25/Feb/2004:07:57:15 -0800] "GET /ncaa/pdf/brackets/NCAA%201997.pdf HTTP/1.1" 200 230238 "http://wrestlingstats.com/ncaa/brackets.htm" "Mozilla/4.0 (compatible; MSIE 6.0; Windows 98; sureseeker.com)"
216.15.67.52 - - [25/Feb/2004:07:57:15 -0800] "GET /ncaa/pdf/brackets/NCAA%201997.pdf HTTP/1.1" 200 230238 "-" "Mozilla/4.0 (compatible; MSIE 6.0; Windows 98; sureseeker.com)"
216.15.67.52 - - [25/Feb/2004:07:57:16 -0800] "GET /ncaa/pdf/brackets/NCAA%201997.pdf HTTP/1.1" 206 103577 "-" "Mozilla/4.0 (compatible; MSIE 6.0; Windows 98; sureseeker.com)"
216.15.67.52 - - [25/Feb/2004:07:57:17 -0800] "GET /ncaa/pdf/brackets/NCAA%201997.pdf HTTP/1.1" 206 1024 "-" "Mozilla/4.0 (compatible; MSIE 6.0; Windows 98; sureseeker.com)"
216.15.67.52 - - [25/Feb/2004:07:57:18 -0800] "GET /ncaa/pdf/brackets/NCAA%201997.pdf HTTP/1.1" 206 386 "-" "Mozilla/4.0 (compatible; MSIE 6.0; Windows 98; sureseeker.com)"
65.27.66.218 - - [25/Feb/2004:07:57:29 -0800] "GET /ncaa/pdf/brackets/NCAA%201979.pdf HTTP/1.1" 200 221713 "-" "Mozilla/4.0 (compatible; MSIE 6.0; Windows NT 5.1; (R1 1.3); .NET CLR 1.0.3705; .NET CLR 1.1.4322)"
65.27.66.218 - - [25/Feb/2004:07:57:30 -0800] "GET /ncaa/pdf/brackets/NCAA%201979.pdf HTTP/1.1" 206 213521 "-" "Mozilla/4.0 (compatible; MSIE 6.0; Windows NT 5.1; (R1 1.3); .NET CLR 1.0.3705; .NET CLR 1.1.4322)"
65.27.66.218 - - [25/Feb/2004:07:58:40 -0800] "GET /ncaa/pdf/brackets/NCAA%201978.pdf HTTP/1.1" 200 135019 "-" "Mozilla/4.0 (compatible; MSIE 6.0; Windows NT 5.1; (R1 1.3); .NET CLR 1.0.3705; .NET CLR 1.1.4322)"
65.27.66.218 - - [25/Feb/2004:07:58:40 -0800] "GET /ncaa/pdf/brackets/NCAA%201978.pdf HTTP/1.1" 206 126827 "-" "Mozilla/4.0 (compatible; MSIE 6.0; Windows NT 5.1; (R1 1.3); .NET CLR 1.0.3705; .NET CLR 1.1.4322)"
216.15.67.52 - - [25/Feb/2004:07:59:08 -0800] "GET /ncaa/pdf/brackets/NCAA%201997.pdf HTTP/1.1" 206 56576 "-" "Mozilla/4.0 (compatible; MSIE 6.0; Windows 98; sureseeker.com)"
65.27.66.218 - - [25/Feb/2004:07:59:12 -0800] "GET /ncaa/pdf/brackets/NCAA%201977.pdf HTTP/1.1" 200 225054 "-" "Mozilla/4.0 (compatible; MSIE 6.0; Windows NT 5.1; (R1 1.3); .NET CLR 1.0.3705; .NET CLR 1.1.4322)"
65.27.66.218 - - [25/Feb/2004:07:59:12 -0800] "GET /ncaa/pdf/brackets/NCAA%201977.pdf HTTP/1.1" 206 216862 "-" "Mozilla/4.0 (compatible; MSIE 6.0; Windows NT 5.1; (R1 1.3); .NET CLR 1.0.3705; .NET CLR 1.1.4322)"
65.27.66.218 - - [25/Feb/2004:08:01:35 -0800] "GET /ncaa/pdf/brackets/NCAA%201976.pdf HTTP/1.1" 200 215763 "-" "Mozilla/4.0 (compatible; MSIE 6.0; Windows NT 5.1; (R1 1.3); .NET CLR 1.0.3705; .NET CLR 1.1.4322)"
65.27.66.218 - - [25/Feb/2004:08:01:35 -0800] "GET /ncaa/pdf/brackets/NCAA%201976.pdf HTTP/1.1" 206 207571 "-" "Mozilla/4.0 (compatible; MSIE 6.0; Windows NT 5.1; (R1 1.3); .NET CLR 1.0.3705; .NET CLR 1.1.4322)"
65.27.66.218 - - [25/Feb/2004:08:02:44 -0800] "GET /ncaa/pdf/brackets/NCAA%201975.pdf HTTP/1.1" 200 219309 "-" "Mozilla/4.0 (compatible; MSIE 6.0; Windows NT 5.1; (R1 1.3); .NET CLR 1.0.3705; .NET CLR 1.1.4322)"
65.27.66.218 - - [25/Feb/2004:08:02:45 -0800] "GET /ncaa/pdf/brackets/NCAA%201975.pdf HTTP/1.1" 206 211117 "-" "Mozilla/4.0 (compatible; MSIE 6.0; Windows NT 5.1; (R1 1.3); .NET CLR 1.0.3705; .NET CLR 1.1.4322)"
65.27.66.218 - - [25/Feb/2004:08:03:39 -0800] "GET /ncaa/pdf/brackets/NCAA%201974.pdf HTTP/1.1" 200 221153 "-" "Mozilla/4.0 (compatible; MSIE 6.0; Windows NT 5.1; (R1 1.3); .NET CLR 1.0.3705; .NET CLR 1.1.4322)"
65.27.66.218 - - [25/Feb/2004:08:03:40 -0800] "GET /ncaa/pdf/brackets/NCAA%201974.pdf HTTP/1.1" 206 212961 "-" "Mozilla/4.0 (compatible; MSIE 6.0; Windows NT 5.1; (R1 1.3); .NET CLR 1.0.3705; .NET CLR 1.1.4322)"
65.27.66.218 - - [25/Feb/2004:08:04:15 -0800] "GET /ncaa/pdf/brackets/NCAA%201973.pdf HTTP/1.1" 200 212304 "-" "Mozilla/4.0 (compatible; MSIE 6.0; Windows NT 5.1; (R1 1.3); .NET CLR 1.0.3705; .NET CLR 1.1.4322)"
65.27.66.218 - - [25/Feb/2004:08:04:15 -0800] "GET /ncaa/pdf/brackets/NCAA%201973.pdf HTTP/1.1" 206 204112 "-" "Mozilla/4.0 (compatible; MSIE 6.0; Windows NT 5.1; (R1 1.3); .NET CLR 1.0.3705; .NET CLR 1.1.4322)"
65.27.66.218 - - [25/Feb/2004:08:04:40 -0800] "GET /ncaa/pdf/brackets/NCAA%201972.pdf HTTP/1.1" 200 217006 "-" "Mozilla/4.0 (compatible; MSIE 6.0; Windows NT 5.1; (R1 1.3); .NET CLR 1.0.3705; .NET CLR 1.1.4322)"
65.27.66.218 - - [25/Feb/2004:08:04:40 -0800] "GET /ncaa/pdf/brackets/NCAA%201972.pdf HTTP/1.1" 206 208814 "-" "Mozilla/4.0 (compatible; MSIE 6.0; Windows NT 5.1; (R1 1.3); .NET CLR 1.0.3705; .NET CLR 1.1.4322)"
65.27.66.218 - - [25/Feb/2004:08:05:49 -0800] "GET /ncaa/pdf/brackets/NCAA%201971.pdf HTTP/1.1" 200 193019 "-" "Mozilla/4.0 (compatible; MSIE 6.0; Windows NT 5.1; (R1 1.3); .NET CLR 1.0.3705; .NET CLR 1.1.4322)"
65.27.66.218 - - [25/Feb/2004:08:06:13 -0800] "GET /ncaa/pdf/brackets/NCAA%201970.pdf HTTP/1.1" 200 215841 "-" "Mozilla/4.0 (compatible; MSIE 6.0; Windows NT 5.1; (R1 1.3); .NET CLR 1.0.3705; .NET CLR 1.1.4322)"
65.27.66.218 - - [25/Feb/2004:08:06:13 -0800] "GET /ncaa/pdf/brackets/NCAA%201970.pdf HTTP/1.1" 206 207649 "-" "Mozilla/4.0 (compatible; MSIE 6.0; Windows NT 5.1; (R1 1.3); .NET CLR 1.0.3705; .NET CLR 1.1.4322)"
65.27.66.218 - - [25/Feb/2004:08:06:57 -0800] "GET /ncaa/pdf/brackets/NCAA%201969.pdf HTTP/1.1" 200 219821 "-" "Mozilla/4.0 (compatible; MSIE 6.0; Windows NT 5.1; (R1 1.3); .NET CLR 1.0.3705; .NET CLR 1.1.4322)"
65.27.66.218 - - [25/Feb/2004:08:06:58 -0800] "GET /ncaa/pdf/brackets/NCAA%201969.pdf HTTP/1.1" 206 211629 "-" "Mozilla/4.0 (compatible; MSIE 6.0; Windows NT 5.1; (R1 1.3); .NET CLR 1.0.3705; .NET CLR 1.1.4322)"
65.27.66.218 - - [25/Feb/2004:08:08:01 -0800] "GET /ncaa/pdf/brackets/NCAA%201968.pdf HTTP/1.1" 200 139554 "-" "Mozilla/4.0 (compatible; MSIE 6.0; Windows NT 5.1; (R1 1.3); .NET CLR 1.0.3705; .NET CLR 1.1.4322)"
65.27.66.218 - - [25/Feb/2004:08:08:02 -0800] "GET /ncaa/pdf/brackets/NCAA%201968.pdf HTTP/1.1" 206 131362 "-" "Mozilla/4.0 (compatible; MSIE 6.0; Windows NT 5.1; (R1 1.3); .NET CLR 1.0.3705; .NET CLR 1.1.4322)"
65.27.66.218 - - [25/Feb/2004:08:08:22 -0800] "GET /ncaa/pdf/brackets/NCAA%201967.pdf HTTP/1.1" 200 216170 "-" "Mozilla/4.0 (compatible; MSIE 6.0; Windows NT 5.1; (R1 1.3); .NET CLR 1.0.3705; .NET CLR 1.1.4322)"
65.27.66.218 - - [25/Feb/2004:08:08:22 -0800] "GET /ncaa/pdf/brackets/NCAA%201967.pdf HTTP/1.1" 206 207978 "-" "Mozilla/4.0 (compatible; MSIE 6.0; Windows NT 5.1; (R1 1.3); .NET CLR 1.0.3705; .NET CLR 1.1.4322)"
65.27.66.218 - - [25/Feb/2004:08:09:13 -0800] "GET /ncaa/pdf/brackets/NCAA%201966.pdf HTTP/1.1" 200 184930 "-" "Mozilla/4.0 (compatible; MSIE 6.0; Windows NT 5.1; (R1 1.3); .NET CLR 1.0.3705; .NET CLR 1.1.4322)"
65.27.66.218 - - [25/Feb/2004:08:09:13 -0800] "GET /ncaa/pdf/brackets/NCAA%201966.pdf HTTP/1.1" 206 176738 "-" "Mozilla/4.0 (compatible; MSIE 6.0; Windows NT 5.1; (R1 1.3); .NET CLR 1.0.3705; .NET CLR 1.1.4322)"
65.27.66.218 - - [25/Feb/2004:08:09:39 -0800] "GET /ncaa/pdf/brackets/NCAA%201965.pdf HTTP/1.1" 200 181764 "-" "Mozilla/4.0 (compatible; MSIE 6.0; Windows NT 5.1; (R1 1.3); .NET CLR 1.0.3705; .NET CLR 1.1.4322)"
65.27.66.218 - - [25/Feb/2004:08:09:39 -0800] "GET /ncaa/pdf/brackets/NCAA%201965.pdf HTTP/1.1" 206 173572 "-" "Mozilla/4.0 (compatible; MSIE 6.0; Windows NT 5.1; (R1 1.3); .NET CLR 1.0.3705; .NET CLR 1.1.4322)"
65.27.66.218 - - [25/Feb/2004:08:10:13 -0800] "GET /ncaa/pdf/brackets/NCAA%201964.pdf HTTP/1.1" 200 117743 "-" "Mozilla/4.0 (compatible; MSIE 6.0; Windows NT 5.1; (R1 1.3); .NET CLR 1.0.3705; .NET CLR 1.1.4322)"
65.27.66.218 - - [25/Feb/2004:08:10:13 -0800] "GET /ncaa/pdf/brackets/NCAA%201964.pdf HTTP/1.1" 206 109551 "-" "Mozilla/4.0 (compatible; MSIE 6.0; Windows NT 5.1; (R1 1.3); .NET CLR 1.0.3705; .NET CLR 1.1.4322)"
65.27.66.218 - - [25/Feb/2004:08:11:24 -0800] "GET /ncaa/pdf/brackets/NCAA%201963.pdf HTTP/1.1" 200 101917 "-" "Mozilla/4.0 (compatible; MSIE 6.0; Windows NT 5.1; (R1 1.3); .NET CLR 1.0.3705; .NET CLR 1.1.4322)"
65.27.66.218 - - [25/Feb/2004:08:11:24 -0800] "GET /ncaa/pdf/brackets/NCAA%201963.pdf HTTP/1.1" 206 93725 "-" "Mozilla/4.0 (compatible; MSIE 6.0; Windows NT 5.1; (R1 1.3); .NET CLR 1.0.3705; .NET CLR 1.1.4322)"
65.27.66.218 - - [25/Feb/2004:08:12:21 -0800] "GET /ncaa/pdf/brackets/NCAA%201962.pdf HTTP/1.1" 200 96564 "-" "Mozilla/4.0 (compatible; MSIE 6.0; Windows NT 5.1; (R1 1.3); .NET CLR 1.0.3705; .NET CLR 1.1.4322)"
65.27.66.218 - - [25/Feb/2004:08:12:21 -0800] "GET /ncaa/pdf/brackets/NCAA%201962.pdf HTTP/1.1" 206 88372 "-" "Mozilla/4.0 (compatible; MSIE 6.0; Windows NT 5.1; (R1 1.3); .NET CLR 1.0.3705; .NET CLR 1.1.4322)"
65.27.66.218 - - [25/Feb/2004:08:13:31 -0800] "GET /ncaa/pdf/brackets/NCAA%201961.pdf HTTP/1.1" 200 94434 "-" "Mozilla/4.0 (compatible; MSIE 6.0; Windows NT 5.1; (R1 1.3); .NET CLR 1.0.3705; .NET CLR 1.1.4322)"
65.27.66.218 - - [25/Feb/2004:08:13:31 -0800] "GET /ncaa/pdf/brackets/NCAA%201961.pdf HTTP/1.1" 206 86242 "-" "Mozilla/4.0 (compatible; MSIE 6.0; Windows NT 5.1; (R1 1.3); .NET CLR 1.0.3705; .NET CLR 1.1.4322)"
65.27.66.218 - - [25/Feb/2004:08:13:53 -0800] "GET /ncaa/pdf/brackets/NCAA%201960.pdf HTTP/1.1" 200 98238 "-" "Mozilla/4.0 (compatible; MSIE 6.0; Windows NT 5.1; (R1 1.3); .NET CLR 1.0.3705; .NET CLR 1.1.4322)"
65.27.66.218 - - [25/Feb/2004:08:13:55 -0800] "GET /ncaa/pdf/brackets/NCAA%201960.pdf HTTP/1.1" 206 90046 "-" "Mozilla/4.0 (compatible; MSIE 6.0; Windows NT 5.1; (R1 1.3); .NET CLR 1.0.3705; .NET CLR 1.1.4322)"
65.27.66.218 - - [25/Feb/2004:08:14:39 -0800] "GET /ncaa/pdf/brackets/NCAA%201959.pdf HTTP/1.1" 200 96431 "-" "Mozilla/4.0 (compatible; MSIE 6.0; Windows NT 5.1; (R1 1.3); .NET CLR 1.0.3705; .NET CLR 1.1.4322)"
65.27.66.218 - - [25/Feb/2004:08:14:39 -0800] "GET /ncaa/pdf/brackets/NCAA%201959.pdf HTTP/1.1" 206 88239 "-" "Mozilla/4.0 (compatible; MSIE 6.0; Windows NT 5.1; (R1 1.3); .NET CLR 1.0.3705; .NET CLR 1.1.4322)"
65.27.66.218 - - [25/Feb/2004:08:15:42 -0800] "GET /ncaa/pdf/brackets/NCAA%201958.pdf HTTP/1.1" 200 94975 "-" "Mozilla/4.0 (compatible; MSIE 6.0; Windows NT 5.1; (R1 1.3); .NET CLR 1.0.3705; .NET CLR 1.1.4322)"
65.27.66.218 - - [25/Feb/2004:08:15:43 -0800] "GET /ncaa/pdf/brackets/NCAA%201958.pdf HTTP/1.1" 206 86783 "-" "Mozilla/4.0 (compatible; MSIE 6.0; Windows NT 5.1; (R1 1.3); .NET CLR 1.0.3705; .NET CLR 1.1.4322)"
65.27.66.218 - - [25/Feb/2004:08:16:00 -0800] "GET /ncaa/pdf/brackets/NCAA%201957.pdf HTTP/1.1" 200 97249 "-" "Mozilla/4.0 (compatible; MSIE 6.0; Windows NT 5.1; (R1 1.3); .NET CLR 1.0.3705; .NET CLR 1.1.4322)"
65.27.66.218 - - [25/Feb/2004:08:16:00 -0800] "GET /ncaa/pdf/brackets/NCAA%201957.pdf HTTP/1.1" 206 89057 "-" "Mozilla/4.0 (compatible; MSIE 6.0; Windows NT 5.1; (R1 1.3); .NET CLR 1.0.3705; .NET CLR 1.1.4322)"
66.194.6.78 - - [25/Feb/2004:08:29:30 -0800] "GET / HTTP/1.1" 200 2887 "-" "Mozilla/5.0 (compatible; Konqueror/3.0-rc4; i686 Linux; 20021211)"
66.28.244.19 - - [25/Feb/2004:08:33:09 -0800] "GET / HTTP/1.1" 200 2887 "http://www.wrestlingreport.com" "Mozilla/4.0 (compatible; MSIE 6.0; Windows NT 5.1; Q312461; .NET CLR 1.0.3705)"
66.28.244.19 - - [25/Feb/2004:08:33:09 -0800] "GET /NCAA2003.jpg HTTP/1.1" 200 84807 "http://www.wrestlingstats.com/" "Mozilla/4.0 (compatible; MSIE 6.0; Windows NT 5.1; Q312461; .NET CLR 1.0.3705)"
66.28.244.19 - - [25/Feb/2004:08:33:29 -0800] "GET /ncaa/pdf/brackets/NCAA%201989.pdf HTTP/1.1" 200 253042 "http://www.wrestlingstats.com/ncaa/brackets.htm" "Mozilla/4.0 (compatible; MSIE 6.0; Windows NT 5.1; Q312461; .NET CLR 1.0.3705)"
66.28.244.19 - - [25/Feb/2004:08:33:31 -0800] "GET /ncaa/pdf/brackets/NCAA%201989.pdf HTTP/1.1" 304 - "-" "Mozilla/4.0 (compatible; MSIE 6.0; Windows NT 5.1; Q312461; .NET CLR 1.0.3705)"
66.28.244.19 - - [25/Feb/2004:08:34:34 -0800] "GET /ncaa/pdf/brackets/NCAA%201991.pdf HTTP/1.1" 200 229431 "http://www.wrestlingstats.com/ncaa/brackets.htm" "Mozilla/4.0 (compatible; MSIE 6.0; Windows NT 5.1; Q312461; .NET CLR 1.0.3705)"
66.28.244.19 - - [25/Feb/2004:08:34:36 -0800] "GET /ncaa/pdf/brackets/NCAA%201991.pdf HTTP/1.1" 304 - "-" "Mozilla/4.0 (compatible; MSIE 6.0; Windows NT 5.1; Q312461; .NET CLR 1.0.3705)"
66.28.244.19 - - [25/Feb/2004:08:35:29 -0800] "GET /ncaa/pdf/brackets/NCAA%201990.pdf HTTP/1.1" 200 232154 "http://www.wrestlingstats.com/ncaa/brackets.htm" "Mozilla/4.0 (compatible; MSIE 6.0; Windows NT 5.1; Q312461; .NET CLR 1.0.3705)"
66.28.244.19 - - [25/Feb/2004:08:35:31 -0800] "GET /ncaa/pdf/brackets/NCAA%201990.pdf HTTP/1.1" 304 - "-" "Mozilla/4.0 (compatible; MSIE 6.0; Windows NT 5.1; Q312461; .NET CLR 1.0.3705)"
68.236.145.110 - - [25/Feb/2004:08:35:38 -0800] "GET /eiwa/brackets.htm HTTP/1.1" 200 2415 "http://wrestlingreport.com/Forums/EIWA.mv?parm_func=showmsg+parm_msgnum=1000148" "Mozilla/4.0 (compatible; MSIE 6.0; Windows NT 5.1; .NET CLR 1.0.3705)"
68.236.145.110 - - [25/Feb/2004:08:35:41 -0800] "GET /apPopupMenu.class HTTP/1.1" 200 19469 "-" "Java 1.1"
68.236.145.110 - - [25/Feb/2004:08:35:42 -0800] "GET /images/home32.gif HTTP/1.1" 200 287 "-" "Java 1.1"
68.236.145.110 - - [25/Feb/2004:08:35:45 -0800] "GET /images/mail32.gif HTTP/1.1" 200 317 "-" "Java 1.1"
68.236.145.110 - - [25/Feb/2004:08:36:08 -0800] "GET /eiwa/pdf/brackets/EIWA%202003.pdf HTTP/1.1" 206 66613 "-" "Mozilla/4.0 (compatible; MSIE 6.0; Windows NT 5.1; .NET CLR 1.0.3705)"
66.28.244.19 - - [25/Feb/2004:08:36:22 -0800] "GET /ncaa/pdf/brackets/NCAA%201988.pdf HTTP/1.1" 200 229279 "http://www.wrestlingstats.com/ncaa/brackets.htm" "Mozilla/4.0 (compatible; MSIE 6.0; Windows NT 5.1; Q312461; .NET CLR 1.0.3705)"
66.28.244.19 - - [25/Feb/2004:08:36:24 -0800] "GET /ncaa/pdf/brackets/NCAA%201988.pdf HTTP/1.1" 304 - "-" "Mozilla/4.0 (compatible; MSIE 6.0; Windows NT 5.1; Q312461; .NET CLR 1.0.3705)"
204.196.79.116 - - [25/Feb/2004:08:36:38 -0800] "GET /ncaa/pdf/brackets/NCAA%201967.pdf HTTP/1.1" 200 216170 "http://www.GOOGLE.com/search?hl=en&lr=&ie=ISO-8859-1&q=WRESTLER+TIM+MCCALL" "Mozilla/4.0 (compatible; MSIE 5.0; Mac_PowerPC)"
204.196.79.116 - - [25/Feb/2004:08:36:42 -0800] "GET /ncaa/pdf/brackets/NCAA%201967.pdf HTTP/1.1" 206 215815 "http://www.wrestlingstats.com/ncaa/pdf/brackets/NCAA%201967.pdf" "Mozilla/4.0 (compatible; MSIE 5.0; Mac_PowerPC)"
69.26.225.190 - - [25/Feb/2004:08:37:15 -0800] "GET /ncaa/pdf/brackets/NCAA%201994.pdf HTTP/1.1" 200 226551 "http://www.google.com/search?q=dan+finacchio&btnG=Google+Search&hl=en&lr=&ie=UTF-8&oe=UTF-8" "Mozilla/4.0 (compatible; MSIE 5.5; Windows NT 5.0; .NET CLR 1.1.4322)"
69.26.225.190 - - [25/Feb/2004:08:37:15 -0800] "GET /ncaa/pdf/brackets/NCAA%201994.pdf HTTP/1.1" 206 222401 "-" "Mozilla/4.0 (compatible; MSIE 5.5; Windows NT 5.0; .NET CLR 1.1.4322)"
69.26.225.190 - - [25/Feb/2004:08:37:37 -0800] "GET /ncaa/pdf/brackets/NCAA%201994.pdf HTTP/1.1" 206 192698 "-" "Mozilla/4.0 (compatible; MSIE 5.5; Windows NT 5.0; .NET CLR 1.1.4322)"
66.28.244.19 - - [25/Feb/2004:08:38:11 -0800] "GET /ncaa/pdf/brackets/NCAA%201992.pdf HTTP/1.1" 200 225940 "http://www.wrestlingstats.com/ncaa/brackets.htm" "Mozilla/4.0 (compatible; MSIE 6.0; Windows NT 5.1; Q312461; .NET CLR 1.0.3705)"
63.97.240.1 - - [25/Feb/2004:08:38:12 -0800] "GET /ncaa/brackets.htm HTTP/1.0" 200 12926 "http://www.wrestlinghalloffame.org/topics.php?op=viewtopic&topic=6&menu=8" "Mozilla/4.0 (compatible; MSIE 5.5; Windows NT 5.0)"
66.28.244.19 - - [25/Feb/2004:08:38:13 -0800] "GET /ncaa/pdf/brackets/NCAA%201992.pdf HTTP/1.1" 304 - "-" "Mozilla/4.0 (compatible; MSIE 6.0; Windows NT 5.1; Q312461; .NET CLR 1.0.3705)"
63.97.240.1 - - [25/Feb/2004:08:38:18 -0800] "GET /apPopupMenu.class HTTP/1.0" 200 19469 "-" "Mozilla/4.0 (compatible; MSIE 5.0; Win32)"
63.97.240.1 - - [25/Feb/2004:08:38:19 -0800] "GET /images/home32.gif HTTP/1.0" 200 287 "-" "Mozilla/4.0 (compatible; MSIE 5.0; Win32)"
63.97.240.1 - - [25/Feb/2004:08:38:19 -0800] "GET /images/mail32.gif HTTP/1.0" 200 317 "-" "Mozilla/4.0 (compatible; MSIE 5.0; Win32)"
63.97.240.1 - - [25/Feb/2004:08:38:31 -0800] "GET /apPopupMenuBeanInfo.class HTTP/1.0" 404 363 "-" "Mozilla/4.0 (compatible; MSIE 5.0; Win32)"
63.97.240.1 - - [25/Feb/2004:08:38:31 -0800] "GET /apPopupMenu$COMClassObject.class HTTP/1.0" 404 363 "-" "Mozilla/4.0 (compatible; MSIE 5.0; Win32)"
63.97.240.1 - - [25/Feb/2004:08:38:51 -0800] "GET /ncaa/pdf/brackets/NCAA%202003.pdf HTTP/1.0" 200 144218 "http://www.wrestlingstats.com/ncaa/brackets.htm" "Mozilla/4.0 (compatible; MSIE 5.5; Windows NT 5.0)"
66.28.244.19 - - [25/Feb/2004:08:39:39 -0800] "GET /ncaa/pdf/brackets/NCAA%201993.pdf HTTP/1.1" 200 228307 "http://www.wrestlingstats.com/ncaa/brackets.htm" "Mozilla/4.0 (compatible; MSIE 6.0; Windows NT 5.1; Q312461; .NET CLR 1.0.3705)"
66.28.244.19 - - [25/Feb/2004:08:39:41 -0800] "GET /ncaa/pdf/brackets/NCAA%201993.pdf HTTP/1.1" 304 - "-" "Mozilla/4.0 (compatible; MSIE 6.0; Windows NT 5.1; Q312461; .NET CLR 1.0.3705)"
63.97.240.1 - - [25/Feb/2004:08:40:31 -0800] "GET /ncaa/pdf/brackets/NCAA%202002.pdf HTTP/1.0" 200 230468 "http://www.wrestlingstats.com/ncaa/brackets.htm" "Mozilla/4.0 (compatible; MSIE 5.5; Windows NT 5.0)"
63.97.240.1 - - [25/Feb/2004:08:40:33 -0800] "GET /ncaa/pdf/brackets/NCAA%202002.pdf HTTP/1.0" 304 - "-" "Mozilla/4.0 (compatible; MSIE 5.5; Windows NT 5.0)"
63.97.240.1 - - [25/Feb/2004:08:40:33 -0800] "GET /ncaa/pdf/brackets/NCAA%202002.pdf HTTP/1.0" 304 - "-" "Mozilla/4.0 (compatible; MSIE 5.5; Windows NT 5.0)"
66.28.244.19 - - [25/Feb/2004:08:41:18 -0800] "GET /ncaa/pdf/brackets/NCAA%201991.pdf HTTP/1.1" 304 - "http://www.wrestlingstats.com/ncaa/brackets.htm" "Mozilla/4.0 (compatible; MSIE 6.0; Windows NT 5.1; Q312461; .NET CLR 1.0.3705)"
66.28.244.19 - - [25/Feb/2004:08:41:18 -0800] "GET /ncaa/pdf/brackets/NCAA%201991.pdf HTTP/1.1" 304 - "-" "Mozilla/4.0 (compatible; MSIE 6.0; Windows NT 5.1; Q312461; .NET CLR 1.0.3705)"
66.28.244.19 - - [25/Feb/2004:08:41:29 -0800] "GET /ncaa/pdf/brackets/NCAA%201990.pdf HTTP/1.1" 304 - "http://www.wrestlingstats.com/ncaa/brackets.htm" "Mozilla/4.0 (compatible; MSIE 6.0; Windows NT 5.1; Q312461; .NET CLR 1.0.3705)"
66.28.244.19 - - [25/Feb/2004:08:41:29 -0800] "GET /ncaa/pdf/brackets/NCAA%201990.pdf HTTP/1.1" 304 - "-" "Mozilla/4.0 (compatible; MSIE 6.0; Windows NT 5.1; Q312461; .NET CLR 1.0.3705)"
66.28.244.19 - - [25/Feb/2004:08:41:38 -0800] "GET /ncaa/pdf/brackets/NCAA%201989.pdf HTTP/1.1" 304 - "http://www.wrestlingstats.com/ncaa/brackets.htm" "Mozilla/4.0 (compatible; MSIE 6.0; Windows NT 5.1; Q312461; .NET CLR 1.0.3705)"
66.28.244.19 - - [25/Feb/2004:08:41:38 -0800] "GET /ncaa/pdf/brackets/NCAA%201989.pdf HTTP/1.1" 304 - "-" "Mozilla/4.0 (compatible; MSIE 6.0; Windows NT 5.1; Q312461; .NET CLR 1.0.3705)"
66.28.244.19 - - [25/Feb/2004:08:42:23 -0800] "GET /ncaa/pdf/brackets/NCAA%201988.pdf HTTP/1.1" 304 - "http://www.wrestlingstats.com/ncaa/brackets.htm" "Mozilla/4.0 (compatible; MSIE 6.0; Windows NT 5.1; Q312461; .NET CLR 1.0.3705)"
66.28.244.19 - - [25/Feb/2004:08:42:23 -0800] "GET /ncaa/pdf/brackets/NCAA%201988.pdf HTTP/1.1" 304 - "-" "Mozilla/4.0 (compatible; MSIE 6.0; Windows NT 5.1; Q312461; .NET CLR 1.0.3705)"
24.104.125.125 - - [25/Feb/2004:08:43:48 -0800] "GET / HTTP/1.1" 200 1755 "http://www.wrestlingreport.com/" "Mozilla/4.0 (compatible; MSIE 6.0; Windows 98)"
24.104.125.125 - - [25/Feb/2004:08:43:48 -0800] "GET /NCAA2003.jpg HTTP/1.1" 200 84807 "http://www.wrestlingstats.com/" "Mozilla/4.0 (compatible; MSIE 6.0; Windows 98)"
24.104.125.125 - - [25/Feb/2004:08:43:50 -0800] "GET /apPopupMenu.class HTTP/1.1" 200 19469 "-" "Mozilla/4.0 (compatible; MSIE 6.0; Win32)"
24.104.125.125 - - [25/Feb/2004:08:43:50 -0800] "GET /images/home32.gif HTTP/1.1" 200 287 "-" "Mozilla/4.0 (compatible; MSIE 6.0; Win32)"
24.104.125.125 - - [25/Feb/2004:08:43:51 -0800] "GET /images/mail32.gif HTTP/1.1" 200 317 "-" "Mozilla/4.0 (compatible; MSIE 6.0; Win32)"
63.97.240.1 - - [25/Feb/2004:08:45:33 -0800] "GET /ncaa/pdf/brackets/NCAA%202000.pdf HTTP/1.0" 200 231911 "http://www.wrestlingstats.com/ncaa/brackets.htm" "Mozilla/4.0 (compatible; MSIE 5.5; Windows NT 5.0)"
63.97.240.1 - - [25/Feb/2004:08:45:33 -0800] "GET /ncaa/pdf/brackets/NCAA%202000.pdf HTTP/1.0" 206 839 "-" "Mozilla/4.0 (compatible; MSIE 5.5; Windows NT 5.0)"
63.97.240.1 - - [25/Feb/2004:08:45:34 -0800] "GET /ncaa/pdf/brackets/NCAA%202000.pdf HTTP/1.0" 206 1024 "-" "Mozilla/4.0 (compatible; MSIE 5.5; Windows NT 5.0)"
63.97.240.1 - - [25/Feb/2004:08:45:34 -0800] "GET /ncaa/pdf/brackets/NCAA%202000.pdf HTTP/1.0" 206 386 "-" "Mozilla/4.0 (compatible; MSIE 5.5; Windows NT 5.0)"
63.97.240.1 - - [25/Feb/2004:08:45:42 -0800] "GET /ncaa/pdf/brackets/NCAA%202000.pdf HTTP/1.0" 206 57392 "-" "Mozilla/4.0 (compatible; MSIE 5.5; Windows NT 5.0)"
216.79.194.97 - - [25/Feb/2004:08:46:00 -0800] "GET / HTTP/1.0" 200 1733 "http://wrestlingreport.com/" "Mozilla/4.0 (compatible; MSIE 6.0; Windows NT 5.0)"
216.79.194.97 - - [25/Feb/2004:08:46:03 -0800] "GET /NCAA2003.jpg HTTP/1.0" 200 84807 "http://www.wrestlingstats.com/" "Mozilla/4.0 (compatible; MSIE 6.0; Windows NT 5.0)"
216.79.194.97 - - [25/Feb/2004:08:46:04 -0800] "GET /apPopupMenu.class HTTP/1.0" 200 19469 "-" "Mozilla/4.0 (compatible; MSIE 5.0; Win32)"
216.79.194.97 - - [25/Feb/2004:08:46:07 -0800] "GET /images/home32.gif HTTP/1.0" 200 287 "-" "Mozilla/4.0 (compatible; MSIE 5.0; Win32)"
216.79.194.97 - - [25/Feb/2004:08:46:10 -0800] "GET /images/mail32.gif HTTP/1.0" 200 317 "-" "Mozilla/4.0 (compatible; MSIE 5.0; Win32)"
63.97.240.1 - - [25/Feb/2004:08:46:29 -0800] "GET /ncaa/pdf/brackets/NCAA%201998.pdf HTTP/1.0" 200 231756 "http://www.wrestlingstats.com/ncaa/brackets.htm" "Mozilla/4.0 (compatible; MSIE 5.5; Windows NT 5.0)"
63.97.240.1 - - [25/Feb/2004:08:46:29 -0800] "GET /ncaa/pdf/brackets/NCAA%201998.pdf HTTP/1.0" 206 229141 "-" "contype"
63.97.240.1 - - [25/Feb/2004:08:46:30 -0800] "GET /ncaa/pdf/brackets/NCAA%201998.pdf HTTP/1.0" 304 - "-" "Mozilla/4.0 (compatible; MSIE 5.5; Windows NT 5.0)"
63.97.240.1 - - [25/Feb/2004:08:46:30 -0800] "GET /ncaa/pdf/brackets/NCAA%201998.pdf HTTP/1.0" 304 - "-" "Mozilla/4.0 (compatible; MSIE 5.5; Windows NT 5.0)"
63.97.240.1 - - [25/Feb/2004:08:46:34 -0800] "GET /ncaa/pdf/brackets/NCAA%202000.pdf HTTP/1.0" 206 39586 "http://www.wrestlingstats.com/ncaa/brackets.htm" "Mozilla/4.0 (compatible; MSIE 5.5; Windows NT 5.0)"
63.97.240.1 - - [25/Feb/2004:08:47:17 -0800] "GET /ncaa/pdf/brackets/NCAA%201999.pdf HTTP/1.0" 200 231535 "http://www.wrestlingstats.com/ncaa/brackets.htm" "Mozilla/4.0 (compatible; MSIE 5.5; Windows NT 5.0)"
63.97.240.1 - - [25/Feb/2004:08:47:18 -0800] "GET /ncaa/pdf/brackets/NCAA%201999.pdf HTTP/1.0" 304 - "-" "Mozilla/4.0 (compatible; MSIE 5.5; Windows NT 5.0)"
63.97.240.1 - - [25/Feb/2004:08:47:19 -0800] "GET /ncaa/pdf/brackets/NCAA%201999.pdf HTTP/1.0" 304 - "-" "Mozilla/4.0 (compatible; MSIE 5.5; Windows NT 5.0)"
63.97.240.1 - - [25/Feb/2004:08:48:07 -0800] "GET /ncaa/pdf/brackets/NCAA%201997.pdf HTTP/1.0" 200 230238 "http://www.wrestlingstats.com/ncaa/brackets.htm" "Mozilla/4.0 (compatible; MSIE 5.5; Windows NT 5.0)"
63.97.240.1 - - [25/Feb/2004:08:48:07 -0800] "GET /ncaa/pdf/brackets/NCAA%201997.pdf HTTP/1.0" 206 227622 "-" "Mozilla/4.0 (compatible; MSIE 5.5; Windows NT 5.0)"
63.97.240.1 - - [25/Feb/2004:08:48:07 -0800] "GET /ncaa/pdf/brackets/NCAA%201997.pdf HTTP/1.0" 206 103067 "-" "Mozilla/4.0 (compatible; MSIE 5.5; Windows NT 5.0)"
63.97.240.1 - - [25/Feb/2004:08:48:07 -0800] "GET /ncaa/pdf/brackets/NCAA%201997.pdf HTTP/1.0" 206 839 "-" "Mozilla/4.0 (compatible; MSIE 5.5; Windows NT 5.0)"
63.97.240.1 - - [25/Feb/2004:08:48:07 -0800] "GET /ncaa/pdf/brackets/NCAA%201997.pdf HTTP/1.0" 206 1024 "-" "Mozilla/4.0 (compatible; MSIE 5.5; Windows NT 5.0)"
63.97.240.1 - - [25/Feb/2004:08:48:08 -0800] "GET /ncaa/pdf/brackets/NCAA%201997.pdf HTTP/1.0" 206 382 "-" "Mozilla/4.0 (compatible; MSIE 5.5; Windows NT 5.0)"
139.78.94.49 - - [25/Feb/2004:08:48:42 -0800] "GET /ncaa/brackets.htm HTTP/1.1" 200 12926 "http://www.wrestlinghalloffame.org/article.php?sid=20" "Mozilla/4.0 (compatible; MSIE 6.0; Windows NT 5.1; .NET CLR 1.0.3705; .NET CLR 1.1.4322)"
63.97.240.1 - - [25/Feb/2004:08:48:43 -0800] "GET /ncaa/pdf/brackets/NCAA%201996.pdf HTTP/1.0" 200 230299 "http://www.wrestlingstats.com/ncaa/brackets.htm" "Mozilla/4.0 (compatible; MSIE 5.5; Windows NT 5.0)"
63.97.240.1 - - [25/Feb/2004:08:48:45 -0800] "GET /ncaa/pdf/brackets/NCAA%201996.pdf HTTP/1.0" 304 - "-" "Mozilla/4.0 (compatible; MSIE 5.5; Windows NT 5.0)"
63.97.240.1 - - [25/Feb/2004:08:48:45 -0800] "GET /ncaa/pdf/brackets/NCAA%201996.pdf HTTP/1.0" 304 - "-" "Mozilla/4.0 (compatible; MSIE 5.5; Windows NT 5.0)"
139.78.94.49 - - [25/Feb/2004:08:48:52 -0800] "GET /apPopupMenu.class HTTP/1.1" 200 19469 "-" "Mozilla/4.0 (Windows XP 5.1) Java/1.4.1_02"
139.78.94.49 - - [25/Feb/2004:08:48:52 -0800] "GET /images/home32.gif HTTP/1.1" 200 287 "-" "Mozilla/4.0 (Windows XP 5.1) Java/1.4.1_02"
139.78.94.49 - - [25/Feb/2004:08:48:53 -0800] "GET /images/mail32.gif HTTP/1.1" 200 317 "-" "Mozilla/4.0 (Windows XP 5.1) Java/1.4.1_02"
63.97.240.1 - - [25/Feb/2004:08:49:04 -0800] "GET /ncaa/pdf/brackets/NCAA%201997.pdf HTTP/1.0" 206 143032 "http://www.wrestlingstats.com/ncaa/brackets.htm" "Mozilla/4.0 (compatible; MSIE 5.5; Windows NT 5.0)"
216.15.67.52 - - [25/Feb/2004:08:49:05 -0800] "GET /big10/big10.htm HTTP/1.1" 304 - "-" "Mozilla/4.0 (compatible; MSIE 6.0; Windows 98; sureseeker.com)"
63.97.240.1 - - [25/Feb/2004:08:49:06 -0800] "GET /ncaa/pdf/brackets/NCAA%201997.pdf HTTP/1.0" 206 77616 "http://www.wrestlingstats.com/ncaa/brackets.htm" "Mozilla/4.0 (compatible; MSIE 5.5; Windows NT 5.0)"
139.78.94.49 - - [25/Feb/2004:08:49:11 -0800] "GET /ncaa/pdf/brackets/NCAA%201939.pdf HTTP/1.1" 200 55486 "http://www.wrestlingstats.com/ncaa/brackets.htm" "Mozilla/4.0 (compatible; MSIE 6.0; Windows NT 5.1; .NET CLR 1.0.3705; .NET CLR 1.1.4322)"
216.15.67.52 - - [25/Feb/2004:08:49:12 -0800] "GET /big10/pdf/Big%2010-1996.pdf HTTP/1.1" 200 27251 "http://wrestlingstats.com/big10/big10.htm" "Mozilla/4.0 (compatible; MSIE 6.0; Windows 98; sureseeker.com)"
216.15.67.52 - - [25/Feb/2004:08:49:12 -0800] "GET /big10/pdf/Big%2010-1996.pdf HTTP/1.1" 200 27251 "-" "Mozilla/4.0 (compatible; MSIE 6.0; Windows 98; sureseeker.com)"
139.78.94.49 - - [25/Feb/2004:08:49:12 -0800] "GET /ncaa/pdf/brackets/NCAA%201939.pdf HTTP/1.1" 206 51333 "-" "Mozilla/4.0 (compatible; MSIE 6.0; Windows NT 5.1; .NET CLR 1.0.3705; .NET CLR 1.1.4322)"
216.15.67.52 - - [25/Feb/2004:08:49:12 -0800] "GET /big10/pdf/Big%2010-1996.pdf HTTP/1.1" 206 23394 "-" "Mozilla/4.0 (compatible; MSIE 6.0; Windows 98; sureseeker.com)"
63.97.240.1 - - [25/Feb/2004:08:49:46 -0800] "GET /ncaa/pdf/brackets/NCAA%201988.pdf HTTP/1.0" 200 229279 "http://www.wrestlingstats.com/ncaa/brackets.htm" "Mozilla/4.0 (compatible; MSIE 5.5; Windows NT 5.0)"
216.15.67.52 - - [25/Feb/2004:08:50:44 -0800] "GET /big10/pdf/Big%2010-1997.pdf HTTP/1.1" 200 26823 "http://wrestlingstats.com/big10/big10.htm" "Mozilla/4.0 (compatible; MSIE 6.0; Windows 98; sureseeker.com)"
216.15.67.52 - - [25/Feb/2004:08:50:44 -0800] "GET /big10/pdf/Big%2010-1997.pdf HTTP/1.1" 200 26823 "-" "Mozilla/4.0 (compatible; MSIE 6.0; Windows 98; sureseeker.com)"
216.15.67.52 - - [25/Feb/2004:08:50:44 -0800] "GET /big10/pdf/Big%2010-1997.pdf HTTP/1.1" 206 22966 "-" "Mozilla/4.0 (compatible; MSIE 6.0; Windows 98; sureseeker.com)"
63.97.240.1 - - [25/Feb/2004:08:51:22 -0800] "GET /ncaa/pdf/brackets/NCAA%202003.pdf HTTP/1.0" 304 - "-" "Mozilla/4.0 (compatible; MSIE 5.5; Windows NT 5.0)"
63.97.240.1 - - [25/Feb/2004:08:52:09 -0800] "GET /ncaa/pdf/brackets/NCAA%202002.pdf HTTP/1.0" 304 - "-" "Mozilla/4.0 (compatible; MSIE 5.5; Windows NT 5.0)"
63.97.240.1 - - [25/Feb/2004:08:52:09 -0800] "GET /ncaa/pdf/brackets/NCAA%202002.pdf HTTP/1.0" 304 - "-" "Mozilla/4.0 (compatible; MSIE 5.5; Windows NT 5.0)"
63.97.240.1 - - [25/Feb/2004:08:52:09 -0800] "GET /ncaa/pdf/brackets/NCAA%202002.pdf HTTP/1.0" 304 - "-" "Mozilla/4.0 (compatible; MSIE 5.5; Windows NT 5.0)"
216.15.67.52 - - [25/Feb/2004:08:52:11 -0800] "GET /big10/pdf/Big%2010-1998.PDF HTTP/1.1" 404 363 "http://wrestlingstats.com/big10/big10.htm" "Mozilla/4.0 (compatible; MSIE 6.0; Windows 98; sureseeker.com)"
63.97.240.1 - - [25/Feb/2004:08:52:16 -0800] "GET /ncaa/pdf/brackets/NCAA%202002.pdf HTTP/1.0" 304 - "-" "Mozilla/4.0 (compatible; MSIE 5.5; Windows NT 5.0)"
216.15.67.52 - - [25/Feb/2004:08:52:21 -0800] "GET /big10/pdf/Big%2010-1998.PDF HTTP/1.1" 404 363 "http://wrestlingstats.com/big10/big10.htm" "Mozilla/4.0 (compatible; MSIE 6.0; Windows 98; sureseeker.com)"
63.97.240.1 - - [25/Feb/2004:08:52:47 -0800] "GET /ncaa/pdf/brackets/NCAA%202001.pdf HTTP/1.0" 200 144227 "http://www.wrestlingstats.com/ncaa/brackets.htm" "Mozilla/4.0 (compatible; MSIE 5.5; Windows NT 5.0)"
63.97.240.1 - - [25/Feb/2004:08:52:48 -0800] "GET /ncaa/pdf/brackets/NCAA%202001.pdf HTTP/1.0" 206 141612 "-" "Mozilla/4.0 (compatible; MSIE 5.5; Windows NT 5.0)"
63.97.240.1 - - [25/Feb/2004:08:53:21 -0800] "GET /ncaa/pdf/brackets/NCAA%201980.pdf HTTP/1.0" 200 222124 "http://www.wrestlingstats.com/ncaa/brackets.htm" "Mozilla/4.0 (compatible; MSIE 5.5; Windows NT 5.0)"
63.97.240.1 - - [25/Feb/2004:08:53:21 -0800] "GET /ncaa/pdf/brackets/NCAA%201980.pdf HTTP/1.0" 206 219509 "-" "contype"
63.97.240.1 - - [25/Feb/2004:08:53:21 -0800] "GET /ncaa/pdf/brackets/NCAA%201980.pdf HTTP/1.0" 206 219509 "-" "Mozilla/4.0 (compatible; MSIE 5.5; Windows NT 5.0)"
63.97.240.1 - - [25/Feb/2004:08:53:21 -0800] "GET /ncaa/pdf/brackets/NCAA%201980.pdf HTTP/1.0" 206 102870 "-" "Mozilla/4.0 (compatible; MSIE 5.5; Windows NT 5.0)"
63.97.240.1 - - [25/Feb/2004:08:53:22 -0800] "GET /ncaa/pdf/brackets/NCAA%201980.pdf HTTP/1.0" 206 548 "-" "Mozilla/4.0 (compatible; MSIE 5.5; Windows NT 5.0)"
63.97.240.1 - - [25/Feb/2004:08:53:22 -0800] "GET /ncaa/pdf/brackets/NCAA%201980.pdf HTTP/1.0" 206 1024 "-" "Mozilla/4.0 (compatible; MSIE 5.5; Windows NT 5.0)"
63.97.240.1 - - [25/Feb/2004:08:53:22 -0800] "GET /ncaa/pdf/brackets/NCAA%201980.pdf HTTP/1.0" 206 272 "-" "Mozilla/4.0 (compatible; MSIE 5.5; Windows NT 5.0)"
63.97.240.1 - - [25/Feb/2004:08:53:37 -0800] "GET /ncaa/pdf/brackets/NCAA%201980.pdf HTTP/1.0" 206 19353 "-" "Mozilla/4.0 (compatible; MSIE 5.5; Windows NT 5.0)"
63.97.240.1 - - [25/Feb/2004:08:54:17 -0800] "GET /ncaa/pdf/brackets/NCAA%201980.pdf HTTP/1.0" 206 134918 "http://www.wrestlingstats.com/ncaa/brackets.htm" "Mozilla/4.0 (compatible; MSIE 5.5; Windows NT 5.0)"
63.97.240.1 - - [25/Feb/2004:08:54:20 -0800] "GET /ncaa/pdf/brackets/NCAA%201980.pdf HTTP/1.0" 206 69502 "http://www.wrestlingstats.com/ncaa/brackets.htm" "Mozilla/4.0 (compatible; MSIE 5.5; Windows NT 5.0)"
63.97.240.1 - - [25/Feb/2004:08:55:07 -0800] "GET /ncaa/pdf/brackets/NCAA%201981.pdf HTTP/1.0" 200 228281 "http://www.wrestlingstats.com/ncaa/brackets.htm" "Mozilla/4.0 (compatible; MSIE 5.5; Windows NT 5.0)"
63.97.240.1 - - [25/Feb/2004:08:55:09 -0800] "GET /ncaa/pdf/brackets/NCAA%201981.pdf HTTP/1.0" 304 - "-" "Mozilla/4.0 (compatible; MSIE 5.5; Windows NT 5.0)"
63.97.240.1 - - [25/Feb/2004:08:55:09 -0800] "GET /ncaa/pdf/brackets/NCAA%201981.pdf HTTP/1.0" 304 - "-" "Mozilla/4.0 (compatible; MSIE 5.5; Windows NT 5.0)"
63.97.240.1 - - [25/Feb/2004:08:55:11 -0800] "GET /ncaa/pdf/brackets/NCAA%201981.pdf HTTP/1.0" 304 - "-" "Mozilla/4.0 (compatible; MSIE 5.5; Windows NT 5.0)"
63.97.240.1 - - [25/Feb/2004:08:55:30 -0800] "GET /ncaa/pdf/brackets/NCAA%201979.pdf HTTP/1.0" 200 221713 "http://www.wrestlingstats.com/ncaa/brackets.htm" "Mozilla/4.0 (compatible; MSIE 5.5; Windows NT 5.0)"
63.97.240.1 - - [25/Feb/2004:08:56:03 -0800] "GET /ncaa/pdf/brackets/NCAA%201982.pdf HTTP/1.0" 200 244071 "http://www.wrestlingstats.com/ncaa/brackets.htm" "Mozilla/4.0 (compatible; MSIE 5.5; Windows NT 5.0)"
63.97.240.1 - - [25/Feb/2004:08:56:22 -0800] "GET /ncaa/pdf/brackets/NCAA%201983.pdf HTTP/1.0" 200 230241 "http://www.wrestlingstats.com/ncaa/brackets.htm" "Mozilla/4.0 (compatible; MSIE 5.5; Windows NT 5.0)"
63.97.240.1 - - [25/Feb/2004:08:56:24 -0800] "GET /ncaa/pdf/brackets/NCAA%201983.pdf HTTP/1.0" 304 - "-" "Mozilla/4.0 (compatible; MSIE 5.5; Windows NT 5.0)"
63.97.240.1 - - [25/Feb/2004:08:56:24 -0800] "GET /ncaa/pdf/brackets/NCAA%201983.pdf HTTP/1.0" 304 - "-" "Mozilla/4.0 (compatible; MSIE 5.5; Windows NT 5.0)"
66.194.6.73 - - [25/Feb/2004:09:08:36 -0800] "GET /ncaa/brackets.htm HTTP/1.1" 200 12926 "-" "Mozilla/5.0 (compatible; Konqueror/3.1-rc5; i686 Linux; 20020107)"
62.254.189.92 - - [25/Feb/2004:09:09:02 -0800] "GET / HTTP/1.0" 200 2887 "http://www.geocities.com/Colosseum/Sideline/9563/wrescoll.html" "Mozilla/4.0 (compatible; MSIE 5.5; Windows NT 4.0)"
62.254.189.92 - - [25/Feb/2004:09:09:02 -0800] "GET /NCAA2003.jpg HTTP/1.0" 200 84807 "http://www.wrestlingstats.com/" "Mozilla/4.0 (compatible; MSIE 5.5; Windows NT 4.0)"
62.254.189.92 - - [25/Feb/2004:09:09:02 -0800] "GET /apPopupMenu.class HTTP/1.0" 200 19469 "-" "Mozilla/4.0 (compatible; MSIE 5.0; Win32)"
62.254.189.92 - - [25/Feb/2004:09:09:04 -0800] "GET /images/home32.gif HTTP/1.0" 200 287 "-" "Mozilla/4.0 (compatible; MSIE 5.0; Win32)"
62.254.189.92 - - [25/Feb/2004:09:09:04 -0800] "GET /images/mail32.gif HTTP/1.0" 200 317 "-" "Mozilla/4.0 (compatible; MSIE 5.0; Win32)"
216.15.67.52 - - [25/Feb/2004:09:13:55 -0800] "GET / HTTP/1.1" 304 - "-" "Mozilla/4.0 (compatible; MSIE 6.0; Windows 98; sureseeker.com)"
216.15.67.52 - - [25/Feb/2004:09:13:55 -0800] "GET /NCAA2003.jpg HTTP/1.1" 304 - "http://wrestlingstats.com/" "Mozilla/4.0 (compatible; MSIE 6.0; Windows 98; sureseeker.com)"
216.15.67.52 - - [25/Feb/2004:09:13:56 -0800] "GET /lehigh/index.html HTTP/1.1" 304 - "-" "Mozilla/4.0 (compatible; MSIE 6.0; Windows 98; sureseeker.com)"
216.15.67.52 - - [25/Feb/2004:09:13:57 -0800] "GET /lehigh/home.php HTTP/1.1" 200 2019 "-" "Mozilla/4.0 (compatible; MSIE 6.0; Windows 98; sureseeker.com)"
216.15.67.52 - - [25/Feb/2004:09:13:57 -0800] "GET /lehigh/EIWAChamps.jpg HTTP/1.1" 200 42637 "http://wrestlingstats.com/lehigh/home.php" "Mozilla/4.0 (compatible; MSIE 6.0; Windows 98; sureseeker.com)"
216.15.67.52 - - [25/Feb/2004:09:13:57 -0800] "GET /lehigh/apPopupMenu.class HTTP/1.1" 200 19469 "-" "Java 1.1"
216.15.67.52 - - [25/Feb/2004:09:13:58 -0800] "GET /lehigh/pix/home.gif HTTP/1.1" 200 215 "-" "Java 1.1"
216.15.67.52 - - [25/Feb/2004:09:13:58 -0800] "GET /lehigh/pix/apbfind.gif HTTP/1.1" 200 89 "-" "Java 1.1"
216.15.67.52 - - [25/Feb/2004:09:14:03 -0800] "GET /lehigh/home.php HTTP/1.1" 200 2019 "-" "Mozilla/4.0 (compatible; MSIE 6.0; Windows 98; sureseeker.com)"
216.15.67.52 - - [25/Feb/2004:09:14:03 -0800] "GET /lehigh/EIWAChamps.jpg HTTP/1.1" 200 42637 "http://wrestlingstats.com/lehigh/home.php" "Mozilla/4.0 (compatible; MSIE 6.0; Windows 98; sureseeker.com)"
216.15.67.52 - - [25/Feb/2004:09:14:10 -0800] "GET /eiwa/eiwa.htm HTTP/1.1" 304 - "-" "Mozilla/4.0 (compatible; MSIE 6.0; Windows 98; sureseeker.com)"
216.15.67.52 - - [25/Feb/2004:09:14:12 -0800] "GET /eiwa/brackets.htm HTTP/1.1" 304 - "http://wrestlingstats.com/eiwa/eiwa.htm" "Mozilla/4.0 (compatible; MSIE 6.0; Windows 98; sureseeker.com)"
216.15.67.52 - - [25/Feb/2004:09:14:14 -0800] "GET /eiwa/pdf/brackets/EIWA%201998.pdf HTTP/1.1" 200 70550 "http://wrestlingstats.com/eiwa/brackets.htm" "Mozilla/4.0 (compatible; MSIE 6.0; Windows 98; sureseeker.com)"
216.15.67.52 - - [25/Feb/2004:09:14:14 -0800] "GET /eiwa/pdf/brackets/EIWA%201998.pdf HTTP/1.1" 200 70550 "-" "Mozilla/4.0 (compatible; MSIE 6.0; Windows 98; sureseeker.com)"
216.15.67.52 - - [25/Feb/2004:09:14:14 -0800] "GET /eiwa/pdf/brackets/EIWA%201998.pdf HTTP/1.1" 206 66872 "-" "Mozilla/4.0 (compatible; MSIE 6.0; Windows 98; sureseeker.com)"
216.15.67.52 - - [25/Feb/2004:09:14:45 -0800] "GET /eiwa/pdf/brackets/EIWA%201997.pdf HTTP/1.1" 200 70255 "http://wrestlingstats.com/eiwa/brackets.htm" "Mozilla/4.0 (compatible; MSIE 6.0; Windows 98; sureseeker.com)"
216.15.67.52 - - [25/Feb/2004:09:14:45 -0800] "GET /eiwa/pdf/brackets/EIWA%201997.pdf HTTP/1.1" 200 70255 "-" "Mozilla/4.0 (compatible; MSIE 6.0; Windows 98; sureseeker.com)"
216.15.67.52 - - [25/Feb/2004:09:14:45 -0800] "GET /eiwa/pdf/brackets/EIWA%201997.pdf HTTP/1.1" 206 66577 "-" "Mozilla/4.0 (compatible; MSIE 6.0; Windows 98; sureseeker.com)"
216.186.6.10 - - [25/Feb/2004:09:14:50 -0800] "GET /ncaa/brackets.htm HTTP/1.0" 200 12926 "http://www.wrestlinghalloffame.org/champions/?events&event=191" "Mozilla/4.0 (compatible; MSIE 6.0; Windows NT 5.1)"
216.186.6.10 - - [25/Feb/2004:09:14:54 -0800] "GET /apPopupMenu.class HTTP/1.0" 200 19469 "-" "Mozilla/4.0 (compatible; MSIE 6.0; Win32)"
