128.122.128.25 - - [24/Feb/2004:07:59:16 -0800] "POST /lehigh/view_seasons.php HTTP/1.0" 200 11279 "http://www.wrestlingstats.com/lehigh/seasons.php" "Mozilla/4.0 (compatible; MSIE 6.0; Windows NT 5.1)"
128.122.128.25 - - [24/Feb/2004:07:59:25 -0800] "POST /lehigh/view_seasons.php HTTP/1.0" 200 13407 "http://www.wrestlingstats.com/lehigh/seasons.php" "Mozilla/4.0 (compatible; MSIE 6.0; Windows NT 5.1)"
128.122.128.25 - - [24/Feb/2004:07:59:39 -0800] "POST /lehigh/view_seasons.php HTTP/1.0" 200 13056 "http://www.wrestlingstats.com/lehigh/seasons.php" "Mozilla/4.0 (compatible; MSIE 6.0; Windows NT 5.1)"
128.122.128.25 - - [24/Feb/2004:07:59:49 -0800] "POST /lehigh/view_seasons.php HTTP/1.0" 200 10460 "http://www.wrestlingstats.com/lehigh/seasons.php" "Mozilla/4.0 (compatible; MSIE 6.0; Windows NT 5.1)"
128.122.128.25 - - [24/Feb/2004:07:59:59 -0800] "POST /lehigh/view_seasons.php HTTP/1.0" 200 9469 "http://www.wrestlingstats.com/lehigh/seasons.php" "Mozilla/4.0 (compatible; MSIE 6.0; Windows NT 5.1)"
128.122.128.25 - - [24/Feb/2004:08:00:05 -0800] "POST /lehigh/view_seasons.php HTTP/1.0" 200 10465 "http://www.wrestlingstats.com/lehigh/seasons.php" "Mozilla/4.0 (compatible; MSIE 6.0; Windows NT 5.1)"
128.122.128.25 - - [24/Feb/2004:08:00:14 -0800] "POST /lehigh/view_seasons.php HTTP/1.0" 200 9480 "http://www.wrestlingstats.com/lehigh/seasons.php" "Mozilla/4.0 (compatible; MSIE 6.0; Windows NT 5.1)"
128.122.128.25 - - [24/Feb/2004:08:00:21 -0800] "POST /lehigh/view_seasons.php HTTP/1.0" 200 11124 "http://www.wrestlingstats.com/lehigh/seasons.php" "Mozilla/4.0 (compatible; MSIE 6.0; Windows NT 5.1)"
128.122.128.25 - - [24/Feb/2004:08:00:30 -0800] "POST /lehigh/view_seasons.php HTTP/1.0" 200 9799 "http://www.wrestlingstats.com/lehigh/seasons.php" "Mozilla/4.0 (compatible; MSIE 6.0; Windows NT 5.1)"
128.122.128.25 - - [24/Feb/2004:08:00:39 -0800] "POST /lehigh/view_seasons.php HTTP/1.0" 200 11127 "http://www.wrestlingstats.com/lehigh/seasons.php" "Mozilla/4.0 (compatible; MSIE 6.0; Windows NT 5.1)"
128.122.128.25 - - [24/Feb/2004:08:00:52 -0800] "POST /lehigh/view_seasons.php HTTP/1.0" 200 9801 "http://www.wrestlingstats.com/lehigh/seasons.php" "Mozilla/4.0 (compatible; MSIE 6.0; Windows NT 5.1)"
128.122.128.25 - - [24/Feb/2004:08:01:00 -0800] "POST /lehigh/view_seasons.php HTTP/1.0" 200 10463 "http://www.wrestlingstats.com/lehigh/seasons.php" "Mozilla/4.0 (compatible; MSIE 6.0; Windows NT 5.1)"
156.12.245.158 - - [24/Feb/2004:08:01:08 -0800] "GET /ncaa/brackets.htm HTTP/1.1" 200 2798 "http://www.google.com/search?hl=en&ie=UTF-8&q=wrestling+tournament+brackets&spell=1" "Mozilla/4.0 (compatible; MSIE 5.0; Windows 98; DigExt)"
128.122.128.25 - - [24/Feb/2004:08:01:10 -0800] "POST /lehigh/view_seasons.php HTTP/1.0" 200 10132 "http://www.wrestlingstats.com/lehigh/seasons.php" "Mozilla/4.0 (compatible; MSIE 6.0; Windows NT 5.1)"
156.12.245.158 - - [24/Feb/2004:08:01:11 -0800] "GET /apPopupMenu.class HTTP/1.1" 200 19469 "-" "Java 1.1"
156.12.245.158 - - [24/Feb/2004:08:01:12 -0800] "GET /images/home32.gif HTTP/1.1" 200 287 "-" "Java 1.1"
156.12.245.158 - - [24/Feb/2004:08:01:13 -0800] "GET /images/mail32.gif HTTP/1.1" 200 317 "-" "Java 1.1"
128.122.128.25 - - [24/Feb/2004:08:01:27 -0800] "POST /lehigh/view_seasons.php HTTP/1.0" 200 11122 "http://www.wrestlingstats.com/lehigh/seasons.php" "Mozilla/4.0 (compatible; MSIE 6.0; Windows NT 5.1)"
128.122.128.25 - - [24/Feb/2004:08:01:37 -0800] "POST /lehigh/view_seasons.php HTTP/1.0" 200 11126 "http://www.wrestlingstats.com/lehigh/seasons.php" "Mozilla/4.0 (compatible; MSIE 6.0; Windows NT 5.1)"
128.122.128.25 - - [24/Feb/2004:08:01:52 -0800] "POST /lehigh/view_seasons.php HTTP/1.0" 200 9796 "http://www.wrestlingstats.com/lehigh/seasons.php" "Mozilla/4.0 (compatible; MSIE 6.0; Windows NT 5.1)"
216.15.67.52 - - [24/Feb/2004:08:01:54 -0800] "GET / HTTP/1.1" 304 - "-" "Mozilla/4.0 (compatible; MSIE 6.0; Windows 98; sureseeker.com)"
216.15.67.52 - - [24/Feb/2004:08:01:54 -0800] "GET /NCAA2003.jpg HTTP/1.1" 200 84807 "http://wrestlingstats.com/" "Mozilla/4.0 (compatible; MSIE 6.0; Windows 98; sureseeker.com)"
216.15.67.52 - - [24/Feb/2004:08:01:56 -0800] "GET /apPopupMenu.class HTTP/1.1" 200 19469 "-" "Java 1.1"
216.15.67.52 - - [24/Feb/2004:08:01:57 -0800] "GET /images/home32.gif HTTP/1.1" 200 287 "-" "Java 1.1"
216.15.67.52 - - [24/Feb/2004:08:01:58 -0800] "GET /images/mail32.gif HTTP/1.1" 200 317 "-" "Java 1.1"
128.122.128.25 - - [24/Feb/2004:08:02:01 -0800] "POST /lehigh/view_seasons.php HTTP/1.0" 200 12116 "http://www.wrestlingstats.com/lehigh/seasons.php" "Mozilla/4.0 (compatible; MSIE 6.0; Windows NT 5.1)"
216.15.67.52 - - [24/Feb/2004:08:02:06 -0800] "GET /eiwa/eiwa.htm HTTP/1.1" 304 - "-" "Mozilla/4.0 (compatible; MSIE 6.0; Windows 98; sureseeker.com)"
216.15.67.52 - - [24/Feb/2004:08:02:10 -0800] "GET /eiwa/brackets.htm HTTP/1.1" 304 - "http://wrestlingstats.com/eiwa/eiwa.htm" "Mozilla/4.0 (compatible; MSIE 6.0; Windows 98; sureseeker.com)"
216.15.67.52 - - [24/Feb/2004:08:02:13 -0800] "GET /eiwa/pdf/brackets/EIWA%201999.pdf HTTP/1.1" 200 70161 "http://wrestlingstats.com/eiwa/brackets.htm" "Mozilla/4.0 (compatible; MSIE 6.0; Windows 98; sureseeker.com)"
128.122.128.25 - - [24/Feb/2004:08:02:14 -0800] "POST /lehigh/view_seasons.php HTTP/1.0" 200 10798 "http://www.wrestlingstats.com/lehigh/seasons.php" "Mozilla/4.0 (compatible; MSIE 6.0; Windows NT 5.1)"
216.15.67.52 - - [24/Feb/2004:08:02:17 -0800] "GET /eiwa/pdf/brackets/EIWA%201999.pdf HTTP/1.1" 200 70161 "-" "Mozilla/4.0 (compatible; MSIE 6.0; Windows 98; sureseeker.com)"
216.15.67.52 - - [24/Feb/2004:08:02:17 -0800] "GET /eiwa/pdf/brackets/EIWA%201999.pdf HTTP/1.1" 206 66488 "-" "Mozilla/4.0 (compatible; MSIE 6.0; Windows 98; sureseeker.com)"
128.122.128.25 - - [24/Feb/2004:08:02:23 -0800] "POST /lehigh/view_seasons.php HTTP/1.0" 200 10468 "http://www.wrestlingstats.com/lehigh/seasons.php" "Mozilla/4.0 (compatible; MSIE 6.0; Windows NT 5.1)"
128.122.128.25 - - [24/Feb/2004:08:02:38 -0800] "POST /lehigh/view_seasons.php HTTP/1.0" 200 11122 "http://www.wrestlingstats.com/lehigh/seasons.php" "Mozilla/4.0 (compatible; MSIE 6.0; Windows NT 5.1)"
128.122.128.25 - - [24/Feb/2004:08:02:49 -0800] "POST /lehigh/view_seasons.php HTTP/1.0" 200 10130 "http://www.wrestlingstats.com/lehigh/seasons.php" "Mozilla/4.0 (compatible; MSIE 6.0; Windows NT 5.1)"
128.122.128.25 - - [24/Feb/2004:08:02:58 -0800] "POST /lehigh/view_seasons.php HTTP/1.0" 200 10157 "http://www.wrestlingstats.com/lehigh/seasons.php" "Mozilla/4.0 (compatible; MSIE 6.0; Windows NT 5.1)"
128.122.128.25 - - [24/Feb/2004:08:03:07 -0800] "POST /lehigh/view_seasons.php HTTP/1.0" 200 11460 "http://www.wrestlingstats.com/lehigh/seasons.php" "Mozilla/4.0 (compatible; MSIE 6.0; Windows NT 5.1)"
68.76.190.51 - - [24/Feb/2004:08:03:14 -0800] "GET / HTTP/1.1" 200 2887 "-" "Mozilla/4.0 (compatible; MSIE 5.23; Mac_PowerPC)"
68.76.190.51 - - [24/Feb/2004:08:03:17 -0800] "GET /apPopupMenu.class HTTP/1.1" 200 19469 "-" "Java1.3.1"
68.76.190.51 - - [24/Feb/2004:08:03:17 -0800] "GET /NCAA2003.jpg HTTP/1.1" 200 84807 "http://www.wrestlingstats.com/" "Mozilla/4.0 (compatible; MSIE 5.23; Mac_PowerPC)"
68.76.190.51 - - [24/Feb/2004:08:03:19 -0800] "GET /images/home32.gif HTTP/1.1" 200 287 "-" "Java1.3.1"
68.76.190.51 - - [24/Feb/2004:08:03:19 -0800] "GET /images/mail32.gif HTTP/1.1" 200 317 "-" "Java1.3.1"
128.122.128.25 - - [24/Feb/2004:08:03:23 -0800] "POST /lehigh/view_seasons.php HTTP/1.0" 200 11149 "http://www.wrestlingstats.com/lehigh/seasons.php" "Mozilla/4.0 (compatible; MSIE 6.0; Windows NT 5.1)"
68.76.190.51 - - [24/Feb/2004:08:03:26 -0800] "GET /big10/big10.htm HTTP/1.1" 200 8941 "http://www.wrestlingstats.com/" "Mozilla/4.0 (compatible; MSIE 5.23; Mac_PowerPC)"
216.15.67.52 - - [24/Feb/2004:08:03:28 -0800] "GET /NCAA2003.jpg HTTP/1.1" 200 84807 "http://wrestlingstats.com/" "Mozilla/4.0 (compatible; MSIE 6.0; Windows 98; sureseeker.com)"
128.122.128.25 - - [24/Feb/2004:08:03:34 -0800] "POST /lehigh/view_seasons.php HTTP/1.0" 200 11101 "http://www.wrestlingstats.com/lehigh/seasons.php" "Mozilla/4.0 (compatible; MSIE 6.0; Windows NT 5.1)"
216.15.67.52 - - [24/Feb/2004:08:03:36 -0800] "GET /eiwa/pdf/brackets/EIWA%202000.pdf HTTP/1.1" 200 70894 "http://wrestlingstats.com/eiwa/brackets.htm" "Mozilla/4.0 (compatible; MSIE 6.0; Windows 98; sureseeker.com)"
216.15.67.52 - - [24/Feb/2004:08:03:36 -0800] "GET /eiwa/pdf/brackets/EIWA%202000.pdf HTTP/1.1" 200 70894 "-" "Mozilla/4.0 (compatible; MSIE 6.0; Windows 98; sureseeker.com)"
216.15.67.52 - - [24/Feb/2004:08:03:36 -0800] "GET /eiwa/pdf/brackets/EIWA%202000.pdf HTTP/1.1" 206 67222 "-" "Mozilla/4.0 (compatible; MSIE 6.0; Windows 98; sureseeker.com)"
68.76.190.51 - - [24/Feb/2004:08:03:41 -0800] "GET /big10/pdf/Big%2010-1993.pdf HTTP/1.1" 200 26134 "http://www.wrestlingstats.com/big10/big10.htm" "Mozilla/4.0 (compatible; MSIE 5.23; Mac_PowerPC)"
128.122.128.25 - - [24/Feb/2004:08:03:48 -0800] "POST /lehigh/view_seasons.php HTTP/1.0" 200 10794 "http://www.wrestlingstats.com/lehigh/seasons.php" "Mozilla/4.0 (compatible; MSIE 6.0; Windows NT 5.1)"
128.122.128.25 - - [24/Feb/2004:08:03:54 -0800] "GET /lehigh/view_wrestlers.php?wrestler=470 HTTP/1.0" 200 9264 "http://www.wrestlingstats.com/lehigh/view_seasons.php" "Mozilla/4.0 (compatible; MSIE 6.0; Windows NT 5.1)"
128.122.128.25 - - [24/Feb/2004:08:04:07 -0800] "GET /lehigh/view_wrestlers.php?wrestler=564 HTTP/1.0" 200 9556 "http://www.wrestlingstats.com/lehigh/view_seasons.php" "Mozilla/4.0 (compatible; MSIE 6.0; Windows NT 5.1)"
209.50.160.98 - - [24/Feb/2004:08:04:08 -0800] "GET /eiwa/pdf/brackets/EIWA%201992.pdf HTTP/1.1" 200 70726 "http://www.wrestlingstats.com/eiwa/brackets.htm" "Mozilla/4.0 (compatible; MSIE 5.01; Windows NT 5.0)"
209.50.160.98 - - [24/Feb/2004:08:04:08 -0800] "GET /eiwa/pdf/brackets/EIWA%201992.pdf HTTP/1.1" 206 62674 "-" "Mozilla/4.0 (compatible; MSIE 5.01; Windows NT 5.0)"
209.50.160.98 - - [24/Feb/2004:08:04:09 -0800] "GET /eiwa/pdf/brackets/EIWA%201992.pdf HTTP/1.1" 206 63148 "-" "Mozilla/4.0 (compatible; MSIE 5.01; Windows NT 5.0)"
128.122.128.25 - - [24/Feb/2004:08:04:27 -0800] "POST /lehigh/view_seasons.php HTTP/1.0" 200 11466 "http://www.wrestlingstats.com/lehigh/seasons.php" "Mozilla/4.0 (compatible; MSIE 6.0; Windows NT 5.1)"
68.76.190.51 - - [24/Feb/2004:08:04:28 -0800] "GET /eiwa/pdf/brackets/EIWA%201992.pdf HTTP/1.1" 200 70726 "http://www.wrestlingstats.com/big10/big10.htm" "Mozilla/4.0 (compatible; MSIE 5.23; Mac_PowerPC)"
128.122.128.25 - - [24/Feb/2004:08:04:38 -0800] "POST /lehigh/view_seasons.php HTTP/1.0" 200 11467 "http://www.wrestlingstats.com/lehigh/seasons.php" "Mozilla/4.0 (compatible; MSIE 6.0; Windows NT 5.1)"
68.76.190.51 - - [24/Feb/2004:08:05:23 -0800] "GET /eiwa/pdf/brackets/EIWA%201991.pdf HTTP/1.1" 200 71310 "http://www.wrestlingstats.com/big10/big10.htm" "Mozilla/4.0 (compatible; MSIE 5.23; Mac_PowerPC)"
209.50.160.98 - - [24/Feb/2004:08:06:09 -0800] "GET /eiwa/pdf/brackets/EIWA%201993.pdf HTTP/1.1" 200 70712 "http://www.wrestlingstats.com/eiwa/brackets.htm" "Mozilla/4.0 (compatible; MSIE 5.01; Windows NT 5.0)"
209.50.160.98 - - [24/Feb/2004:08:06:09 -0800] "GET /eiwa/pdf/brackets/EIWA%201993.pdf HTTP/1.1" 206 62660 "-" "Mozilla/4.0 (compatible; MSIE 5.01; Windows NT 5.0)"
209.50.160.98 - - [24/Feb/2004:08:06:10 -0800] "GET /eiwa/pdf/brackets/EIWA%201993.pdf HTTP/1.1" 206 63134 "-" "Mozilla/4.0 (compatible; MSIE 5.01; Windows NT 5.0)"
68.76.190.51 - - [24/Feb/2004:08:06:13 -0800] "GET /big10/pdf/Big%2010-1990.pdf HTTP/1.1" 200 26383 "http://www.wrestlingstats.com/big10/big10.htm" "Mozilla/4.0 (compatible; MSIE 5.23; Mac_PowerPC)"
216.15.67.52 - - [24/Feb/2004:08:06:15 -0800] "GET /eiwa/pdf/brackets/EIWA%202001.pdf HTTP/1.1" 200 71223 "http://wrestlingstats.com/eiwa/brackets.htm" "Mozilla/4.0 (compatible; MSIE 6.0; Windows 98; sureseeker.com)"
216.15.67.52 - - [24/Feb/2004:08:06:16 -0800] "GET /eiwa/pdf/brackets/EIWA%202001.pdf HTTP/1.1" 200 71223 "-" "Mozilla/4.0 (compatible; MSIE 6.0; Windows 98; sureseeker.com)"
216.15.67.52 - - [24/Feb/2004:08:06:16 -0800] "GET /eiwa/pdf/brackets/EIWA%202001.pdf HTTP/1.1" 206 67551 "-" "Mozilla/4.0 (compatible; MSIE 6.0; Windows 98; sureseeker.com)"
216.193.162.30 - - [24/Feb/2004:08:06:20 -0800] "GET /eiwa/brackets.htm HTTP/1.1" 200 2414 "http://wrestlingreport.com/Forums/EIWA.mv?parm_func=showmsg+parm_msgnum=1000148" "Mozilla/4.0 (compatible; MSIE 6.0; Windows 98; isp1057)"
216.193.162.30 - - [24/Feb/2004:08:06:28 -0800] "GET /eiwa/pdf/brackets/EIWA%201985.pdf HTTP/1.1" 200 70276 "http://www.wrestlingstats.com/eiwa/brackets.htm" "Mozilla/4.0 (compatible; MSIE 6.0; Windows 98; isp1057)"
216.193.162.30 - - [24/Feb/2004:08:06:32 -0800] "GET /eiwa/pdf/brackets/EIWA%201985.pdf HTTP/1.1" 206 65679 "-" "Mozilla/4.0 (compatible; MSIE 6.0; Windows 98; isp1057)"
216.193.162.30 - - [24/Feb/2004:08:06:36 -0800] "GET /eiwa/pdf/brackets/EIWA%201985.pdf HTTP/1.1" 206 61614 "-" "Mozilla/4.0 (compatible; MSIE 6.0; Windows 98; isp1057)"
216.15.67.52 - - [24/Feb/2004:08:06:36 -0800] "GET /eiwa/pdf/brackets/EIWA%202002.pdf HTTP/1.1" 200 70105 "http://wrestlingstats.com/eiwa/brackets.htm" "Mozilla/4.0 (compatible; MSIE 6.0; Windows 98; sureseeker.com)"
216.15.67.52 - - [24/Feb/2004:08:06:37 -0800] "GET /eiwa/pdf/brackets/EIWA%202002.pdf HTTP/1.1" 200 70105 "-" "Mozilla/4.0 (compatible; MSIE 6.0; Windows 98; sureseeker.com)"
216.15.67.52 - - [24/Feb/2004:08:06:37 -0800] "GET /eiwa/pdf/brackets/EIWA%202002.pdf HTTP/1.1" 206 66433 "-" "Mozilla/4.0 (compatible; MSIE 6.0; Windows 98; sureseeker.com)"
68.76.190.51 - - [24/Feb/2004:08:07:07 -0800] "GET /big10/pdf/Big%2010-1994.pdf HTTP/1.1" 200 27339 "http://www.wrestlingstats.com/big10/big10.htm" "Mozilla/4.0 (compatible; MSIE 5.23; Mac_PowerPC)"
68.76.190.51 - - [24/Feb/2004:08:08:27 -0800] "GET /big10/pdf/Big%2010-1995.pdf HTTP/1.1" 200 27026 "http://www.wrestlingstats.com/big10/big10.htm" "Mozilla/4.0 (compatible; MSIE 5.23; Mac_PowerPC)"
209.50.160.98 - - [24/Feb/2004:08:09:05 -0800] "GET /eiwa/pdf/brackets/EIWA%201995.pdf HTTP/1.1" 200 70895 "http://www.wrestlingstats.com/eiwa/brackets.htm" "Mozilla/4.0 (compatible; MSIE 5.01; Windows NT 5.0)"
209.50.160.98 - - [24/Feb/2004:08:09:05 -0800] "GET /eiwa/pdf/brackets/EIWA%201995.pdf HTTP/1.1" 206 62842 "-" "Mozilla/4.0 (compatible; MSIE 5.01; Windows NT 5.0)"
209.50.160.98 - - [24/Feb/2004:08:09:06 -0800] "GET /eiwa/pdf/brackets/EIWA%201995.pdf HTTP/1.1" 206 63316 "-" "Mozilla/4.0 (compatible; MSIE 5.01; Windows NT 5.0)"
216.193.162.30 - - [24/Feb/2004:08:10:08 -0800] "GET /eiwa/pdf/brackets/EIWA%201986.pdf HTTP/1.1" 200 71328 "http://www.wrestlingstats.com/eiwa/brackets.htm" "Mozilla/4.0 (compatible; MSIE 6.0; Windows 98; isp1057)"
216.193.162.30 - - [24/Feb/2004:08:10:10 -0800] "GET /eiwa/pdf/brackets/EIWA%201986.pdf HTTP/1.1" 206 66732 "-" "Mozilla/4.0 (compatible; MSIE 6.0; Windows 98; isp1057)"
216.193.162.30 - - [24/Feb/2004:08:10:13 -0800] "GET /eiwa/pdf/brackets/EIWA%201986.pdf HTTP/1.1" 206 62668 "-" "Mozilla/4.0 (compatible; MSIE 6.0; Windows 98; isp1057)"
208.191.35.5 - - [24/Feb/2004:08:10:49 -0800] "GET /ncaa/brackets.htm HTTP/1.0" 200 12926 "http://www.google.com/search?hl=en&ie=ISO-8859-1&q=Kansas+State+Wrestling+Brackets&btnG=Google+Search" "Mozilla/4.0 (compatible; MSIE 5.13; Mac_PowerPC)"
208.191.35.5 - - [24/Feb/2004:08:10:55 -0800] "GET /apPopupMenu.class HTTP/1.0" 200 19469 "-" "Mozilla/4.0 (compatible; MSIE 5.13; Mac_PowerPC)"
208.191.35.5 - - [24/Feb/2004:08:11:13 -0800] "GET /images/home32.gif HTTP/1.0" 200 287 "-" "Mozilla/4.0 (compatible; MSIE 5.13; Mac_PowerPC)"
216.15.67.52 - - [24/Feb/2004:08:12:40 -0800] "GET /NCAA2003.jpg HTTP/1.1" 200 84807 "http://wrestlingstats.com/" "Mozilla/4.0 (compatible; MSIE 6.0; Windows 98; sureseeker.com)"
216.15.67.52 - - [24/Feb/2004:08:13:21 -0800] "GET /apPopupMenuBeanInfo.class HTTP/1.1" 404 363 "-" "Java 1.1"
216.15.67.52 - - [24/Feb/2004:08:13:21 -0800] "GET /lehigh/index.html HTTP/1.1" 304 - "-" "Mozilla/4.0 (compatible; MSIE 6.0; Windows 98; sureseeker.com)"
216.15.67.52 - - [24/Feb/2004:08:13:22 -0800] "GET /lehigh/home.php HTTP/1.1" 200 2019 "-" "Mozilla/4.0 (compatible; MSIE 6.0; Windows 98; sureseeker.com)"
216.15.67.52 - - [24/Feb/2004:08:13:22 -0800] "GET /lehigh/EIWAChamps.jpg HTTP/1.1" 200 42637 "http://wrestlingstats.com/lehigh/home.php" "Mozilla/4.0 (compatible; MSIE 6.0; Windows 98; sureseeker.com)"
216.15.67.52 - - [24/Feb/2004:08:13:22 -0800] "GET /lehigh/apPopupMenu.class HTTP/1.1" 200 19469 "-" "Java 1.1"
216.15.67.52 - - [24/Feb/2004:08:13:23 -0800] "GET /lehigh/pix/home.gif HTTP/1.1" 200 215 "-" "Java 1.1"
216.15.67.52 - - [24/Feb/2004:08:13:23 -0800] "GET /lehigh/pix/apbfind.gif HTTP/1.1" 200 89 "-" "Java 1.1"
216.15.67.52 - - [24/Feb/2004:08:13:30 -0800] "GET /lehigh/show_coach.php?coachid=7&coach=Greg%20Strobel HTTP/1.1" 200 2462 "-" "Mozilla/4.0 (compatible; MSIE 6.0; Windows 98; sureseeker.com)"
152.163.252.195 - - [24/Feb/2004:08:13:45 -0800] "GET /eiwa/brackets.htm HTTP/1.0" 200 2453 "http://wrestlingreport.com/Forums/EIWA.mv?parm_func=showmsg+parm_msgnum=1000148" "Mozilla/4.0 (compatible; MSIE 6.0; AOL 8.0; Windows 98)"
209.50.160.98 - - [24/Feb/2004:08:14:01 -0800] "GET /eiwa/pdf/brackets/EIWA%201957.pdf HTTP/1.1" 200 55830 "http://www.wrestlingstats.com/eiwa/brackets.htm" "Mozilla/4.0 (compatible; MSIE 5.01; Windows NT 5.0)"
209.50.160.98 - - [24/Feb/2004:08:14:02 -0800] "GET /eiwa/pdf/brackets/EIWA%201957.pdf HTTP/1.1" 206 47777 "-" "Mozilla/4.0 (compatible; MSIE 5.01; Windows NT 5.0)"
209.50.160.98 - - [24/Feb/2004:08:14:03 -0800] "GET /eiwa/pdf/brackets/EIWA%201957.pdf HTTP/1.1" 206 48160 "-" "Mozilla/4.0 (compatible; MSIE 5.01; Windows NT 5.0)"
209.50.160.98 - - [24/Feb/2004:08:14:32 -0800] "GET /eiwa/pdf/brackets/EIWA%201956.pdf HTTP/1.1" 200 55823 "http://www.wrestlingstats.com/eiwa/brackets.htm" "Mozilla/4.0 (compatible; MSIE 5.01; Windows NT 5.0)"
209.50.160.98 - - [24/Feb/2004:08:14:32 -0800] "GET /eiwa/pdf/brackets/EIWA%201956.pdf HTTP/1.1" 206 47770 "-" "Mozilla/4.0 (compatible; MSIE 5.01; Windows NT 5.0)"
209.50.160.98 - - [24/Feb/2004:08:14:33 -0800] "GET /eiwa/pdf/brackets/EIWA%201956.pdf HTTP/1.1" 206 48153 "-" "Mozilla/4.0 (compatible; MSIE 5.01; Windows NT 5.0)"
152.163.252.65 - - [24/Feb/2004:08:14:33 -0800] "GET /eiwa/pdf/brackets/EIWA%202003.pdf HTTP/1.0" 200 70502 "http://www.wrestlingstats.com/eiwa/brackets.htm" "Mozilla/4.0 (compatible; MSIE 6.0; AOL 8.0; Windows 98)"
152.163.252.65 - - [24/Feb/2004:08:14:38 -0800] "GET /eiwa/pdf/brackets/EIWA%202003.pdf HTTP/1.0" 200 70502 "-" "Mozilla/4.0 (compatible; MSIE 6.0; AOL 8.0; Windows 98)"
152.163.252.65 - - [24/Feb/2004:08:14:42 -0800] "GET /eiwa/pdf/brackets/EIWA%202003.pdf HTTP/1.0" 206 65947 "-" "Mozilla/4.0 (compatible; MSIE 6.0; AOL 8.0; Windows 98)"
209.50.160.98 - - [24/Feb/2004:08:14:53 -0800] "GET /eiwa/pdf/brackets/EIWA%201955.pdf HTTP/1.1" 200 49424 "http://www.wrestlingstats.com/eiwa/brackets.htm" "Mozilla/4.0 (compatible; MSIE 5.01; Windows NT 5.0)"
209.50.160.98 - - [24/Feb/2004:08:14:54 -0800] "GET /eiwa/pdf/brackets/EIWA%201955.pdf HTTP/1.1" 206 41754 "-" "Mozilla/4.0 (compatible; MSIE 5.01; Windows NT 5.0)"
209.50.160.98 - - [24/Feb/2004:08:15:05 -0800] "GET /eiwa/pdf/brackets/EIWA%201954.pdf HTTP/1.1" 200 169275 "http://www.wrestlingstats.com/eiwa/brackets.htm" "Mozilla/4.0 (compatible; MSIE 5.01; Windows NT 5.0)"
209.50.160.98 - - [24/Feb/2004:08:15:06 -0800] "GET /eiwa/pdf/brackets/EIWA%201954.pdf HTTP/1.1" 206 161223 "-" "Mozilla/4.0 (compatible; MSIE 5.01; Windows NT 5.0)"
209.50.160.98 - - [24/Feb/2004:08:15:32 -0800] "GET /eiwa/pdf/brackets/EIWA%201953.pdf HTTP/1.1" 200 167967 "http://www.wrestlingstats.com/eiwa/brackets.htm" "Mozilla/4.0 (compatible; MSIE 5.01; Windows NT 5.0)"
209.50.160.98 - - [24/Feb/2004:08:15:33 -0800] "GET /eiwa/pdf/brackets/EIWA%201953.pdf HTTP/1.1" 206 159915 "-" "Mozilla/4.0 (compatible; MSIE 5.01; Windows NT 5.0)"
209.50.160.98 - - [24/Feb/2004:08:15:48 -0800] "GET /eiwa/pdf/brackets/EIWA%201958.pdf HTTP/1.1" 200 49190 "http://www.wrestlingstats.com/eiwa/brackets.htm" "Mozilla/4.0 (compatible; MSIE 5.01; Windows NT 5.0)"
209.50.160.98 - - [24/Feb/2004:08:15:51 -0800] "GET /eiwa/pdf/brackets/EIWA%201958.pdf HTTP/1.1" 206 41137 "-" "Mozilla/4.0 (compatible; MSIE 5.01; Windows NT 5.0)"
209.50.160.98 - - [24/Feb/2004:08:15:54 -0800] "GET /eiwa/pdf/brackets/EIWA%201958.pdf HTTP/1.1" 206 41520 "-" "Mozilla/4.0 (compatible; MSIE 5.01; Windows NT 5.0)"
216.193.162.30 - - [24/Feb/2004:08:16:10 -0800] "GET /eiwa/pdf/brackets/EIWA%201987.pdf HTTP/1.1" 200 71264 "http://www.wrestlingstats.com/eiwa/brackets.htm" "Mozilla/4.0 (compatible; MSIE 6.0; Windows 98; isp1057)"
216.193.162.30 - - [24/Feb/2004:08:16:12 -0800] "GET /eiwa/pdf/brackets/EIWA%201987.pdf HTTP/1.1" 206 66668 "-" "Mozilla/4.0 (compatible; MSIE 6.0; Windows 98; isp1057)"
216.193.162.30 - - [24/Feb/2004:08:16:15 -0800] "GET /eiwa/pdf/brackets/EIWA%201987.pdf HTTP/1.1" 206 62604 "-" "Mozilla/4.0 (compatible; MSIE 6.0; Windows 98; isp1057)"
216.15.67.52 - - [24/Feb/2004:08:16:21 -0800] "GET /lehigh/home.php HTTP/1.1" 200 2019 "-" "Mozilla/4.0 (compatible; MSIE 6.0; Windows 98; sureseeker.com)"
216.15.67.52 - - [24/Feb/2004:08:16:21 -0800] "GET /lehigh/EIWAChamps.jpg HTTP/1.1" 200 42637 "http://wrestlingstats.com/lehigh/home.php" "Mozilla/4.0 (compatible; MSIE 6.0; Windows 98; sureseeker.com)"
216.15.67.52 - - [24/Feb/2004:08:16:26 -0800] "GET /lehigh/wrestlers.php HTTP/1.1" 200 1934 "-" "Mozilla/4.0 (compatible; MSIE 6.0; Windows 98; sureseeker.com)"
216.15.67.52 - - [24/Feb/2004:08:16:40 -0800] "POST /lehigh/view_all_wrestlers.php HTTP/1.1" 200 3618 "http://wrestlingstats.com/lehigh/wrestlers.php" "Mozilla/4.0 (compatible; MSIE 6.0; Windows 98; sureseeker.com)"
209.50.160.98 - - [24/Feb/2004:08:16:51 -0800] "GET /eiwa/pdf/brackets/EIWA%201959.pdf HTTP/1.1" 200 48887 "http://www.wrestlingstats.com/eiwa/brackets.htm" "Mozilla/4.0 (compatible; MSIE 5.01; Windows NT 5.0)"
209.50.160.98 - - [24/Feb/2004:08:16:53 -0800] "GET /eiwa/pdf/brackets/EIWA%201959.pdf HTTP/1.1" 206 47734 "-" "Mozilla/4.0 (compatible; MSIE 5.01; Windows NT 5.0)"
209.50.160.98 - - [24/Feb/2004:08:16:54 -0800] "GET /eiwa/pdf/brackets/EIWA%201959.pdf HTTP/1.1" 206 48117 "-" "Mozilla/4.0 (compatible; MSIE 5.01; Windows NT 5.0)"
216.15.67.52 - - [24/Feb/2004:08:17:04 -0800] "GET /lehigh/view_wrestlers.php?wrestler=734 HTTP/1.1" 200 2590 "http://wrestlingstats.com/lehigh/view_all_wrestlers.php" "Mozilla/4.0 (compatible; MSIE 6.0; Windows 98; sureseeker.com)"
209.50.160.98 - - [24/Feb/2004:08:17:25 -0800] "GET /eiwa/pdf/brackets/EIWA%201957.pdf HTTP/1.1" 206 47777 "http://www.wrestlingstats.com/eiwa/brackets.htm" "Mozilla/4.0 (compatible; MSIE 5.01; Windows NT 5.0)"
209.50.160.98 - - [24/Feb/2004:08:17:26 -0800] "GET /eiwa/pdf/brackets/EIWA%201957.pdf HTTP/1.1" 206 47777 "-" "Mozilla/4.0 (compatible; MSIE 5.01; Windows NT 5.0)"
209.50.160.98 - - [24/Feb/2004:08:17:26 -0800] "GET /eiwa/pdf/brackets/EIWA%201957.pdf HTTP/1.1" 206 48160 "-" "Mozilla/4.0 (compatible; MSIE 5.01; Windows NT 5.0)"
216.15.67.52 - - [24/Feb/2004:08:17:46 -0800] "GET /lehigh/EIWAChamps.jpg HTTP/1.1" 200 42637 "http://wrestlingstats.com/lehigh/home.php" "Mozilla/4.0 (compatible; MSIE 6.0; Windows 98; sureseeker.com)"
216.15.67.52 - - [24/Feb/2004:08:17:48 -0800] "GET /lehigh/home.php HTTP/1.1" 200 2019 "-" "Mozilla/4.0 (compatible; MSIE 6.0; Windows 98; sureseeker.com)"
216.15.67.52 - - [24/Feb/2004:08:17:48 -0800] "GET /lehigh/EIWAChamps.jpg HTTP/1.1" 200 42637 "http://wrestlingstats.com/lehigh/home.php" "Mozilla/4.0 (compatible; MSIE 6.0; Windows 98; sureseeker.com)"
216.15.67.52 - - [24/Feb/2004:08:18:04 -0800] "GET /lehigh/show_leaders.php?term=C&leader=6 HTTP/1.1" 200 2661 "-" "Mozilla/4.0 (compatible; MSIE 6.0; Windows 98; sureseeker.com)"
216.15.67.52 - - [24/Feb/2004:08:18:36 -0800] "GET /lehigh/home.php HTTP/1.1" 200 2019 "-" "Mozilla/4.0 (compatible; MSIE 6.0; Windows 98; sureseeker.com)"
216.15.67.52 - - [24/Feb/2004:08:18:37 -0800] "GET /lehigh/EIWAChamps.jpg HTTP/1.1" 200 42637 "http://wrestlingstats.com/lehigh/home.php" "Mozilla/4.0 (compatible; MSIE 6.0; Windows 98; sureseeker.com)"
216.15.67.52 - - [24/Feb/2004:08:18:38 -0800] "GET /lehigh/home.php HTTP/1.1" 200 2019 "-" "Mozilla/4.0 (compatible; MSIE 6.0; Windows 98; sureseeker.com)"
216.15.67.52 - - [24/Feb/2004:08:18:39 -0800] "GET /lehigh/EIWAChamps.jpg HTTP/1.1" 200 42637 "http://wrestlingstats.com/lehigh/home.php" "Mozilla/4.0 (compatible; MSIE 6.0; Windows 98; sureseeker.com)"
209.50.160.98 - - [24/Feb/2004:08:18:39 -0800] "GET /eiwa/pdf/brackets/EIWA%201957.pdf HTTP/1.1" 206 47777 "http://www.wrestlingstats.com/eiwa/brackets.htm" "Mozilla/4.0 (compatible; MSIE 5.01; Windows NT 5.0)"
209.50.160.98 - - [24/Feb/2004:08:18:40 -0800] "GET /eiwa/pdf/brackets/EIWA%201957.pdf HTTP/1.1" 206 47777 "-" "Mozilla/4.0 (compatible; MSIE 5.01; Windows NT 5.0)"
216.15.67.52 - - [24/Feb/2004:08:18:40 -0800] "GET /lehigh/home.php HTTP/1.1" 200 2019 "-" "Mozilla/4.0 (compatible; MSIE 6.0; Windows 98; sureseeker.com)"
216.15.67.52 - - [24/Feb/2004:08:18:40 -0800] "GET /lehigh/EIWAChamps.jpg HTTP/1.1" 200 42637 "http://wrestlingstats.com/lehigh/home.php" "Mozilla/4.0 (compatible; MSIE 6.0; Windows 98; sureseeker.com)"
209.50.160.98 - - [24/Feb/2004:08:18:40 -0800] "GET /eiwa/pdf/brackets/EIWA%201957.pdf HTTP/1.1" 206 48160 "-" "Mozilla/4.0 (compatible; MSIE 5.01; Windows NT 5.0)"
216.15.67.52 - - [24/Feb/2004:08:18:41 -0800] "GET /lehigh/home.php HTTP/1.1" 200 2019 "-" "Mozilla/4.0 (compatible; MSIE 6.0; Windows 98; sureseeker.com)"
216.15.67.52 - - [24/Feb/2004:08:18:41 -0800] "GET /lehigh/EIWAChamps.jpg HTTP/1.1" 200 42637 "http://wrestlingstats.com/lehigh/home.php" "Mozilla/4.0 (compatible; MSIE 6.0; Windows 98; sureseeker.com)"
216.15.67.52 - - [24/Feb/2004:08:18:42 -0800] "GET /lehigh/home.php HTTP/1.1" 200 2019 "-" "Mozilla/4.0 (compatible; MSIE 6.0; Windows 98; sureseeker.com)"
216.15.67.52 - - [24/Feb/2004:08:18:43 -0800] "GET /lehigh/EIWAChamps.jpg HTTP/1.1" 200 42637 "http://wrestlingstats.com/lehigh/home.php" "Mozilla/4.0 (compatible; MSIE 6.0; Windows 98; sureseeker.com)"
216.15.67.52 - - [24/Feb/2004:08:18:44 -0800] "GET /lehigh/home.php HTTP/1.1" 200 2019 "-" "Mozilla/4.0 (compatible; MSIE 6.0; Windows 98; sureseeker.com)"
216.15.67.52 - - [24/Feb/2004:08:18:44 -0800] "GET /lehigh/EIWAChamps.jpg HTTP/1.1" 200 42637 "http://wrestlingstats.com/lehigh/home.php" "Mozilla/4.0 (compatible; MSIE 6.0; Windows 98; sureseeker.com)"
207.172.230.20 - - [24/Feb/2004:08:18:44 -0800] "GET /eiwa/brackets.htm HTTP/1.1" 200 11529 "http://wrestlingreport.com/Forums/EIWA.mv?parm_func=showmsg+parm_msgnum=1000148" "Mozilla/4.0 (compatible; MSIE 6.0; Windows NT 5.1; .NET CLR 1.1.4322)"
216.15.67.52 - - [24/Feb/2004:08:18:47 -0800] "GET /NCAA2003.jpg HTTP/1.1" 200 84807 "http://wrestlingstats.com/" "Mozilla/4.0 (compatible; MSIE 6.0; Windows 98; sureseeker.com)"
207.172.230.20 - - [24/Feb/2004:08:18:48 -0800] "GET /apPopupMenu.class HTTP/1.1" 200 19469 "-" "Mozilla/4.0 (Windows XP 5.1) Java/1.4.2_01"
207.172.230.20 - - [24/Feb/2004:08:18:48 -0800] "GET /images/home32.gif HTTP/1.1" 200 287 "-" "Mozilla/4.0 (Windows XP 5.1) Java/1.4.2_01"
207.172.230.20 - - [24/Feb/2004:08:18:48 -0800] "GET /images/mail32.gif HTTP/1.1" 200 317 "-" "Mozilla/4.0 (Windows XP 5.1) Java/1.4.2_01"
216.15.67.52 - - [24/Feb/2004:08:18:57 -0800] "GET /eiwa/pdf/brackets/EIWA%201999.pdf HTTP/1.1" 200 70161 "http://wrestlingstats.com/eiwa/brackets.htm" "Mozilla/4.0 (compatible; MSIE 6.0; Windows 98; sureseeker.com)"
216.15.67.52 - - [24/Feb/2004:08:18:57 -0800] "GET /eiwa/pdf/brackets/EIWA%201999.pdf HTTP/1.1" 200 70161 "-" "Mozilla/4.0 (compatible; MSIE 6.0; Windows 98; sureseeker.com)"
216.15.67.52 - - [24/Feb/2004:08:18:58 -0800] "GET /eiwa/pdf/brackets/EIWA%201999.pdf HTTP/1.1" 206 66488 "-" "Mozilla/4.0 (compatible; MSIE 6.0; Windows 98; sureseeker.com)"
216.193.162.30 - - [24/Feb/2004:08:19:00 -0800] "GET /eiwa/pdf/brackets/EIWA%201988.pdf HTTP/1.1" 200 71590 "http://www.wrestlingstats.com/eiwa/brackets.htm" "Mozilla/4.0 (compatible; MSIE 6.0; Windows 98; isp1057)"
216.193.162.30 - - [24/Feb/2004:08:19:02 -0800] "GET /eiwa/pdf/brackets/EIWA%201988.pdf HTTP/1.1" 206 66994 "-" "Mozilla/4.0 (compatible; MSIE 6.0; Windows 98; isp1057)"
216.193.162.30 - - [24/Feb/2004:08:19:05 -0800] "GET /eiwa/pdf/brackets/EIWA%201988.pdf HTTP/1.1" 206 62930 "-" "Mozilla/4.0 (compatible; MSIE 6.0; Windows 98; isp1057)"
209.50.160.98 - - [24/Feb/2004:08:19:15 -0800] "GET /eiwa/pdf/brackets/EIWA%201956.pdf HTTP/1.1" 206 47770 "http://www.wrestlingstats.com/eiwa/brackets.htm" "Mozilla/4.0 (compatible; MSIE 5.01; Windows NT 5.0)"
209.50.160.98 - - [24/Feb/2004:08:19:15 -0800] "GET /eiwa/pdf/brackets/EIWA%201956.pdf HTTP/1.1" 206 47770 "-" "Mozilla/4.0 (compatible; MSIE 5.01; Windows NT 5.0)"
209.50.160.98 - - [24/Feb/2004:08:19:16 -0800] "GET /eiwa/pdf/brackets/EIWA%201956.pdf HTTP/1.1" 206 48153 "-" "Mozilla/4.0 (compatible; MSIE 5.01; Windows NT 5.0)"
209.50.160.98 - - [24/Feb/2004:08:19:51 -0800] "GET /eiwa/pdf/brackets/EIWA%201955.pdf HTTP/1.1" 206 41371 "http://www.wrestlingstats.com/eiwa/brackets.htm" "Mozilla/4.0 (compatible; MSIE 5.01; Windows NT 5.0)"
209.50.160.98 - - [24/Feb/2004:08:19:51 -0800] "GET /eiwa/pdf/brackets/EIWA%201955.pdf HTTP/1.1" 206 41371 "-" "Mozilla/4.0 (compatible; MSIE 5.01; Windows NT 5.0)"
209.50.160.98 - - [24/Feb/2004:08:19:52 -0800] "GET /eiwa/pdf/brackets/EIWA%201955.pdf HTTP/1.1" 206 41754 "-" "Mozilla/4.0 (compatible; MSIE 5.01; Windows NT 5.0)"
209.50.160.98 - - [24/Feb/2004:08:20:53 -0800] "GET /eiwa/pdf/brackets/EIWA%201977.pdf HTTP/1.1" 200 131879 "http://www.wrestlingstats.com/eiwa/brackets.htm" "Mozilla/4.0 (compatible; MSIE 5.01; Windows NT 5.0)"
209.50.160.98 - - [24/Feb/2004:08:20:53 -0800] "GET /eiwa/pdf/brackets/EIWA%201977.pdf HTTP/1.1" 206 123828 "-" "Mozilla/4.0 (compatible; MSIE 5.01; Windows NT 5.0)"
216.193.162.30 - - [24/Feb/2004:08:21:12 -0800] "GET /eiwa/pdf/brackets/EIWA%201989.pdf HTTP/1.1" 200 70692 "http://www.wrestlingstats.com/eiwa/brackets.htm" "Mozilla/4.0 (compatible; MSIE 6.0; Windows 98; isp1057)"
216.193.162.30 - - [24/Feb/2004:08:21:14 -0800] "GET /eiwa/pdf/brackets/EIWA%201989.pdf HTTP/1.1" 206 66096 "-" "Mozilla/4.0 (compatible; MSIE 6.0; Windows 98; isp1057)"
216.193.162.30 - - [24/Feb/2004:08:21:17 -0800] "GET /eiwa/pdf/brackets/EIWA%201989.pdf HTTP/1.1" 206 62032 "-" "Mozilla/4.0 (compatible; MSIE 6.0; Windows 98; isp1057)"
216.15.67.52 - - [24/Feb/2004:08:21:30 -0800] "GET /eiwa/pdf/brackets/EIWA%202000.pdf HTTP/1.1" 200 70894 "http://wrestlingstats.com/eiwa/brackets.htm" "Mozilla/4.0 (compatible; MSIE 6.0; Windows 98; sureseeker.com)"
216.15.67.52 - - [24/Feb/2004:08:21:30 -0800] "GET /eiwa/pdf/brackets/EIWA%202000.pdf HTTP/1.1" 200 70894 "-" "Mozilla/4.0 (compatible; MSIE 6.0; Windows 98; sureseeker.com)"
216.15.67.52 - - [24/Feb/2004:08:21:30 -0800] "GET /eiwa/pdf/brackets/EIWA%202000.pdf HTTP/1.1" 206 67222 "-" "Mozilla/4.0 (compatible; MSIE 6.0; Windows 98; sureseeker.com)"
209.50.160.98 - - [24/Feb/2004:08:21:36 -0800] "GET /eiwa/pdf/brackets/EIWA%201978.pdf HTTP/1.1" 200 70304 "http://www.wrestlingstats.com/eiwa/brackets.htm" "Mozilla/4.0 (compatible; MSIE 5.01; Windows NT 5.0)"
209.50.160.98 - - [24/Feb/2004:08:21:36 -0800] "GET /eiwa/pdf/brackets/EIWA%201978.pdf HTTP/1.1" 206 62252 "-" "Mozilla/4.0 (compatible; MSIE 5.01; Windows NT 5.0)"
209.50.160.98 - - [24/Feb/2004:08:21:37 -0800] "GET /eiwa/pdf/brackets/EIWA%201978.pdf HTTP/1.1" 206 62726 "-" "Mozilla/4.0 (compatible; MSIE 5.01; Windows NT 5.0)"
216.15.67.52 - - [24/Feb/2004:08:21:57 -0800] "GET /eiwa/pdf/brackets/EIWA%202001.pdf HTTP/1.1" 200 71223 "http://wrestlingstats.com/eiwa/brackets.htm" "Mozilla/4.0 (compatible; MSIE 6.0; Windows 98; sureseeker.com)"
216.15.67.52 - - [24/Feb/2004:08:21:58 -0800] "GET /eiwa/pdf/brackets/EIWA%202001.pdf HTTP/1.1" 200 71223 "-" "Mozilla/4.0 (compatible; MSIE 6.0; Windows 98; sureseeker.com)"
216.15.67.52 - - [24/Feb/2004:08:21:58 -0800] "GET /eiwa/pdf/brackets/EIWA%202001.pdf HTTP/1.1" 206 67551 "-" "Mozilla/4.0 (compatible; MSIE 6.0; Windows 98; sureseeker.com)"
128.122.128.25 - - [24/Feb/2004:08:22:21 -0800] "GET /lehigh/view_wrestlers.php?wrestler=305 HTTP/1.0" 200 9408 "http://www.wrestlingstats.com/lehigh/view_seasons.php" "Mozilla/4.0 (compatible; MSIE 6.0; Windows NT 5.1)"
216.37.148.66 - - [24/Feb/2004:08:22:28 -0800] "GET /lehigh/show_leaders.php?term=C&leader=1 HTTP/1.1" 200 2649 "http://www.lehighwrestling.com/Lehigh/Stats/Lehigh%20Individual/individual.htm" "Mozilla/4.0 (compatible; MSIE 5.01; Windows NT 5.0)"
216.37.148.66 - - [24/Feb/2004:08:22:29 -0800] "GET /lehigh/apPopupMenu.class HTTP/1.1" 200 19469 "-" "Mozilla/4.0 (compatible; MSIE 5.0; Win32)"
216.37.148.66 - - [24/Feb/2004:08:22:31 -0800] "GET /lehigh/pix/home.gif HTTP/1.1" 200 215 "-" "Mozilla/4.0 (compatible; MSIE 5.0; Win32)"
216.37.148.66 - - [24/Feb/2004:08:22:31 -0800] "GET /lehigh/pix/apbfind.gif HTTP/1.1" 200 89 "-" "Mozilla/4.0 (compatible; MSIE 5.0; Win32)"
162.129.227.254 - - [24/Feb/2004:08:22:37 -0800] "GET /ncaa/pdf/brackets/NCAA%201989.pdf HTTP/1.1" 200 253042 "http://www.google.com/search?hl=en&lr=&ie=ISO-8859-1&q=%22DOUG+HARPER%22+%2B+wrestling" "Mozilla/4.0 (compatible; MSIE 5.22; Mac_PowerPC)"
209.50.160.98 - - [24/Feb/2004:08:22:53 -0800] "GET /eiwa/pdf/brackets/EIWA%201979.pdf HTTP/1.1" 200 130961 "http://www.wrestlingstats.com/eiwa/brackets.htm" "Mozilla/4.0 (compatible; MSIE 5.01; Windows NT 5.0)"
209.50.160.98 - - [24/Feb/2004:08:22:56 -0800] "GET /eiwa/pdf/brackets/EIWA%201979.pdf HTTP/1.1" 206 122910 "-" "Mozilla/4.0 (compatible; MSIE 5.01; Windows NT 5.0)"
216.37.148.66 - - [24/Feb/2004:08:23:07 -0800] "GET /lehigh/show_leaders_pct.php?type=1 HTTP/1.1" 200 2635 "http://www.lehighwrestling.com/Lehigh/Stats/Lehigh%20Individual/individual.htm" "Mozilla/4.0 (compatible; MSIE 5.01; Windows NT 5.0)"
216.15.67.52 - - [24/Feb/2004:08:23:28 -0800] "GET /eiwa/pdf/brackets/EIWA%201999.pdf HTTP/1.1" 200 70161 "http://wrestlingstats.com/eiwa/brackets.htm" "Mozilla/4.0 (compatible; MSIE 6.0; Windows 98; sureseeker.com)"
216.15.67.52 - - [24/Feb/2004:08:23:28 -0800] "GET /eiwa/pdf/brackets/EIWA%201999.pdf HTTP/1.1" 200 70161 "-" "Mozilla/4.0 (compatible; MSIE 6.0; Windows 98; sureseeker.com)"
216.15.67.52 - - [24/Feb/2004:08:23:29 -0800] "GET /eiwa/pdf/brackets/EIWA%201999.pdf HTTP/1.1" 206 66488 "-" "Mozilla/4.0 (compatible; MSIE 6.0; Windows 98; sureseeker.com)"
216.193.162.30 - - [24/Feb/2004:08:23:40 -0800] "GET /eiwa/pdf/brackets/EIWA%201990.pdf HTTP/1.1" 200 71627 "http://www.wrestlingstats.com/eiwa/brackets.htm" "Mozilla/4.0 (compatible; MSIE 6.0; Windows 98; isp1057)"
216.193.162.30 - - [24/Feb/2004:08:23:42 -0800] "GET /eiwa/pdf/brackets/EIWA%201990.pdf HTTP/1.1" 206 67030 "-" "Mozilla/4.0 (compatible; MSIE 6.0; Windows 98; isp1057)"
216.193.162.30 - - [24/Feb/2004:08:23:45 -0800] "GET /eiwa/pdf/brackets/EIWA%201990.pdf HTTP/1.1" 206 62965 "-" "Mozilla/4.0 (compatible; MSIE 6.0; Windows 98; isp1057)"
216.37.148.66 - - [24/Feb/2004:08:24:44 -0800] "GET / HTTP/1.1" 200 1755 "http://www.lehighwrestling.com/Lehigh/uploads/links.htm" "Mozilla/4.0 (compatible; MSIE 5.01; Windows NT 5.0)"
216.37.148.66 - - [24/Feb/2004:08:24:44 -0800] "GET /NCAA2003.jpg HTTP/1.1" 200 84807 "http://www.wrestlingstats.com/" "Mozilla/4.0 (compatible; MSIE 5.01; Windows NT 5.0)"
216.37.148.66 - - [24/Feb/2004:08:24:44 -0800] "GET /apPopupMenu.class HTTP/1.1" 200 19469 "-" "Mozilla/4.0 (compatible; MSIE 5.0; Win32)"
216.37.148.66 - - [24/Feb/2004:08:24:45 -0800] "GET /images/home32.gif HTTP/1.1" 200 287 "-" "Mozilla/4.0 (compatible; MSIE 5.0; Win32)"
216.37.148.66 - - [24/Feb/2004:08:24:54 -0800] "GET /images/mail32.gif HTTP/1.1" 200 317 "-" "Mozilla/4.0 (compatible; MSIE 5.0; Win32)"
151.197.162.54 - - [24/Feb/2004:08:25:12 -0800] "GET / HTTP/1.1" 200 1753 "http://lehighwrestling.com/Lehigh/uploads/links.htm" "Mozilla/4.0 (compatible; MSIE 5.0; Windows 98; DigExt)"
151.197.162.54 - - [24/Feb/2004:08:25:12 -0800] "GET /NCAA2003.jpg HTTP/1.1" 200 84807 "http://www.wrestlingstats.com/" "Mozilla/4.0 (compatible; MSIE 5.0; Windows 98; DigExt)"
216.15.67.52 - - [24/Feb/2004:08:25:53 -0800] "GET /eiwa/pdf/brackets/EIWA%202001.pdf HTTP/1.1" 200 71223 "http://wrestlingstats.com/eiwa/brackets.htm" "Mozilla/4.0 (compatible; MSIE 6.0; Windows 98; sureseeker.com)"
216.15.67.52 - - [24/Feb/2004:08:25:53 -0800] "GET /eiwa/pdf/brackets/EIWA%202001.pdf HTTP/1.1" 200 71223 "-" "Mozilla/4.0 (compatible; MSIE 6.0; Windows 98; sureseeker.com)"
216.15.67.52 - - [24/Feb/2004:08:25:53 -0800] "GET /eiwa/pdf/brackets/EIWA%202001.pdf HTTP/1.1" 206 67551 "-" "Mozilla/4.0 (compatible; MSIE 6.0; Windows 98; sureseeker.com)"
216.193.162.30 - - [24/Feb/2004:08:26:51 -0800] "GET /eiwa/pdf/brackets/EIWA%201991.pdf HTTP/1.1" 200 71310 "http://www.wrestlingstats.com/eiwa/brackets.htm" "Mozilla/4.0 (compatible; MSIE 6.0; Windows 98; isp1057)"
216.193.162.30 - - [24/Feb/2004:08:26:53 -0800] "GET /eiwa/pdf/brackets/EIWA%201991.pdf HTTP/1.1" 206 66714 "-" "Mozilla/4.0 (compatible; MSIE 6.0; Windows 98; isp1057)"
216.193.162.30 - - [24/Feb/2004:08:26:56 -0800] "GET /eiwa/pdf/brackets/EIWA%201991.pdf HTTP/1.1" 206 62650 "-" "Mozilla/4.0 (compatible; MSIE 6.0; Windows 98; isp1057)"
209.50.160.98 - - [24/Feb/2004:08:27:09 -0800] "GET /eiwa/pdf/brackets/EIWA%201980.pdf HTTP/1.1" 200 131505 "http://www.wrestlingstats.com/eiwa/brackets.htm" "Mozilla/4.0 (compatible; MSIE 5.01; Windows NT 5.0)"
209.50.160.98 - - [24/Feb/2004:08:27:09 -0800] "GET /eiwa/pdf/brackets/EIWA%201980.pdf HTTP/1.1" 206 123453 "-" "Mozilla/4.0 (compatible; MSIE 5.01; Windows NT 5.0)"
209.50.160.98 - - [24/Feb/2004:08:27:46 -0800] "GET /eiwa/pdf/brackets/EIWA%201981.pdf HTTP/1.1" 200 131236 "http://www.wrestlingstats.com/eiwa/brackets.htm" "Mozilla/4.0 (compatible; MSIE 5.01; Windows NT 5.0)"
209.50.160.98 - - [24/Feb/2004:08:27:47 -0800] "GET /eiwa/pdf/brackets/EIWA%201981.pdf HTTP/1.1" 206 123185 "-" "Mozilla/4.0 (compatible; MSIE 5.01; Windows NT 5.0)"
32.97.110.142 - - [24/Feb/2004:08:28:50 -0800] "GET /eiwa/brackets.htm HTTP/1.1" 200 2414 "http://wrestlingreport.com/Forums/EIWA.mv?parm_func=showmsg+parm_msgnum=1000148" "Mozilla/4.0 (compatible; MSIE 6.0; Windows NT 5.1)"
32.97.110.142 - - [24/Feb/2004:08:28:51 -0800] "GET /apPopupMenu.class HTTP/1.1" 200 19469 "-" "Mozilla/4.0 (compatible; MSIE 6.0; Win32)"
32.97.110.142 - - [24/Feb/2004:08:28:51 -0800] "GET /images/home32.gif HTTP/1.1" 200 287 "-" "Mozilla/4.0 (compatible; MSIE 6.0; Win32)"
32.97.110.142 - - [24/Feb/2004:08:28:52 -0800] "GET /images/mail32.gif HTTP/1.1" 200 317 "-" "Mozilla/4.0 (compatible; MSIE 6.0; Win32)"
32.97.110.142 - - [24/Feb/2004:08:28:56 -0800] "GET /eiwa/pdf/brackets/EIWA%202003.pdf HTTP/1.1" 200 70502 "http://www.wrestlingstats.com/eiwa/brackets.htm" "Mozilla/4.0 (compatible; MSIE 6.0; Windows NT 5.1)"
32.97.110.142 - - [24/Feb/2004:08:28:56 -0800] "GET /eiwa/pdf/brackets/EIWA%202003.pdf HTTP/1.1" 206 66589 "-" "Mozilla/4.0 (compatible; MSIE 6.0; Windows NT 5.1)"
32.97.110.142 - - [24/Feb/2004:08:30:34 -0800] "GET /eiwa/brackets.htm HTTP/1.1" 304 - "http://wrestlingreport.com/Forums/EIWA.mv?parm_func=showmsg+parm_msgnum=1000148" "Mozilla/4.0 (compatible; MSIE 6.0; Windows NT 5.1)"
32.97.110.142 - - [24/Feb/2004:08:30:58 -0800] "GET /favicon.ico HTTP/1.1" 404 363 "-" "Mozilla/4.0 (compatible; MSIE 6.0; Windows NT 5.1)"
32.97.110.142 - - [24/Feb/2004:08:31:05 -0800] "GET /ncaa/brackets.htm HTTP/1.1" 200 2797 "-" "Mozilla/4.0 (compatible; MSIE 6.0; Windows NT 5.1)"
32.97.110.142 - - [24/Feb/2004:08:31:15 -0800] "GET /big8/big8.htm HTTP/1.1" 200 2259 "-" "Mozilla/4.0 (compatible; MSIE 6.0; Windows NT 5.1)"
32.97.110.142 - - [24/Feb/2004:08:31:20 -0800] "GET /big8/pdf/Big%208-2003.pdf HTTP/1.1" 200 24923 "http://www.wrestlingstats.com/big8/big8.htm" "Mozilla/4.0 (compatible; MSIE 6.0; Windows NT 5.1)"
32.97.110.142 - - [24/Feb/2004:08:31:20 -0800] "GET /big8/pdf/Big%208-2003.pdf HTTP/1.1" 206 21010 "-" "Mozilla/4.0 (compatible; MSIE 6.0; Windows NT 5.1)"
209.50.160.98 - - [24/Feb/2004:08:31:23 -0800] "GET /eiwa/pdf/brackets/EIWA%201982.pdf HTTP/1.1" 200 132086 "http://www.wrestlingstats.com/eiwa/brackets.htm" "Mozilla/4.0 (compatible; MSIE 5.01; Windows NT 5.0)"
209.50.160.98 - - [24/Feb/2004:08:31:24 -0800] "GET /eiwa/pdf/brackets/EIWA%201982.pdf HTTP/1.1" 206 123894 "-" "Mozilla/4.0 (compatible; MSIE 5.01; Windows NT 5.0)"
32.97.110.142 - - [24/Feb/2004:08:32:18 -0800] "GET /apPopupMenuBeanInfo.class HTTP/1.1" 404 363 "-" "Mozilla/4.0 (compatible; MSIE 6.0; Win32)"
32.97.110.142 - - [24/Feb/2004:08:32:18 -0800] "GET /apPopupMenu$COMClassObject.class HTTP/1.1" 404 363 "-" "Mozilla/4.0 (compatible; MSIE 6.0; Win32)"
32.97.110.142 - - [24/Feb/2004:08:32:18 -0800] "GET /lehigh/index.html HTTP/1.1" 200 840 "-" "Mozilla/4.0 (compatible; MSIE 6.0; Windows NT 5.1)"
32.97.110.142 - - [24/Feb/2004:08:32:19 -0800] "GET /lehigh/home.php HTTP/1.1" 200 2019 "-" "Mozilla/4.0 (compatible; MSIE 6.0; Windows NT 5.1)"
32.97.110.142 - - [24/Feb/2004:08:32:19 -0800] "GET /lehigh/apPopupMenu.class HTTP/1.1" 200 19469 "-" "Mozilla/4.0 (compatible; MSIE 6.0; Win32)"
32.97.110.142 - - [24/Feb/2004:08:32:20 -0800] "GET /lehigh/EIWAChamps.jpg HTTP/1.1" 200 42637 "http://www.wrestlingstats.com/lehigh/home.php" "Mozilla/4.0 (compatible; MSIE 6.0; Windows NT 5.1)"
32.97.110.142 - - [24/Feb/2004:08:32:20 -0800] "GET /lehigh/pix/home.gif HTTP/1.1" 200 215 "-" "Mozilla/4.0 (compatible; MSIE 6.0; Win32)"
32.97.110.142 - - [24/Feb/2004:08:32:20 -0800] "GET /lehigh/pix/apbfind.gif HTTP/1.1" 200 89 "-" "Mozilla/4.0 (compatible; MSIE 6.0; Win32)"
209.50.160.98 - - [24/Feb/2004:08:32:26 -0800] "GET /eiwa/pdf/brackets/EIWA%201983.pdf HTTP/1.1" 200 131512 "http://www.wrestlingstats.com/eiwa/brackets.htm" "Mozilla/4.0 (compatible; MSIE 5.01; Windows NT 5.0)"
209.50.160.98 - - [24/Feb/2004:08:32:26 -0800] "GET /eiwa/pdf/brackets/EIWA%201983.pdf HTTP/1.1" 206 127600 "-" "Mozilla/4.0 (compatible; MSIE 5.01; Windows NT 5.0)"
32.97.110.142 - - [24/Feb/2004:08:32:48 -0800] "GET /lehigh/show_aas.php HTTP/1.1" 200 4932 "-" "Mozilla/4.0 (compatible; MSIE 6.0; Windows NT 5.1)"
209.50.160.98 - - [24/Feb/2004:08:32:53 -0800] "GET /eiwa/pdf/brackets/EIWA%201984.pdf HTTP/1.1" 200 69151 "http://www.wrestlingstats.com/eiwa/brackets.htm" "Mozilla/4.0 (compatible; MSIE 5.01; Windows NT 5.0)"
209.50.160.98 - - [24/Feb/2004:08:32:53 -0800] "GET /eiwa/pdf/brackets/EIWA%201984.pdf HTTP/1.1" 206 61098 "-" "Mozilla/4.0 (compatible; MSIE 5.01; Windows NT 5.0)"
209.50.160.98 - - [24/Feb/2004:08:32:54 -0800] "GET /eiwa/pdf/brackets/EIWA%201984.pdf HTTP/1.1" 206 61481 "-" "Mozilla/4.0 (compatible; MSIE 5.01; Windows NT 5.0)"
32.97.110.142 - - [24/Feb/2004:08:33:04 -0800] "GET /lehigh/home.php HTTP/1.1" 200 2019 "-" "Mozilla/4.0 (compatible; MSIE 6.0; Windows NT 5.1)"
32.97.110.142 - - [24/Feb/2004:08:33:04 -0800] "GET /lehigh/EIWAChamps.jpg HTTP/1.1" 304 - "http://www.wrestlingstats.com/lehigh/home.php" "Mozilla/4.0 (compatible; MSIE 6.0; Windows NT 5.1)"
32.97.110.142 - - [24/Feb/2004:08:33:05 -0800] "GET /lehigh/home.php HTTP/1.1" 200 2019 "-" "Mozilla/4.0 (compatible; MSIE 6.0; Windows NT 5.1)"
32.97.110.142 - - [24/Feb/2004:08:33:06 -0800] "GET /lehigh/EIWAChamps.jpg HTTP/1.1" 304 - "http://www.wrestlingstats.com/lehigh/home.php" "Mozilla/4.0 (compatible; MSIE 6.0; Windows NT 5.1)"
192.158.61.141 - - [24/Feb/2004:08:39:59 -0800] "GET / HTTP/1.1" 200 2887 "-" "Mozilla/4.0 (compatible; MSIE 6.0; Windows NT 5.1; .NET CLR 1.0.3705; .NET CLR 1.1.4322)"
192.158.61.141 - - [24/Feb/2004:08:40:00 -0800] "GET /NCAA2003.jpg HTTP/1.1" 200 84807 "-" "Mozilla/3.01 (compatible;)"
192.158.61.141 - - [24/Feb/2004:08:40:00 -0800] "GET /apPopupMenu.class HTTP/1.1" 200 19469 "-" "Mozilla/4.0 (compatible; MSIE 6.0; Win32)"
192.158.61.141 - - [24/Feb/2004:08:40:00 -0800] "GET /images/home32.gif HTTP/1.1" 200 287 "-" "Mozilla/4.0 (compatible; MSIE 6.0; Win32)"
192.158.61.141 - - [24/Feb/2004:08:40:00 -0800] "GET /images/mail32.gif HTTP/1.1" 200 317 "-" "Mozilla/4.0 (compatible; MSIE 6.0; Win32)"
216.193.145.194 - - [24/Feb/2004:08:40:42 -0800] "GET / HTTP/1.1" 200 1753 "http://wrestlingreport.com/" "Mozilla/5.0 (Windows; U; Win98; en-US; rv:1.0.1) Gecko/20020823 Netscape/7.0"
216.193.145.194 - - [24/Feb/2004:08:40:44 -0800] "GET /favicon.ico HTTP/1.1" 404 363 "-" "Mozilla/5.0 (Windows; U; Win98; en-US; rv:1.0.1) Gecko/20020823 Netscape/7.0"
216.193.145.194 - - [24/Feb/2004:08:40:45 -0800] "GET /NCAA2003.jpg HTTP/1.1" 200 84807 "http://www.wrestlingstats.com/" "Mozilla/5.0 (Windows; U; Win98; en-US; rv:1.0.1) Gecko/20020823 Netscape/7.0"
216.193.145.194 - - [24/Feb/2004:08:41:20 -0800] "GET /apPopupMenu.class HTTP/1.1" 200 19469 "-" "Java1.3.0_01"
66.194.6.78 - - [24/Feb/2004:08:42:10 -0800] "GET / HTTP/1.1" 200 2887 "-" "Mozilla/5.0 (compatible; Konqueror/3.1-rc5; i686 Linux; 20020313)"
192.158.61.141 - - [24/Feb/2004:08:42:11 -0800] "GET /big10/pdf/Big%2010-1994.pdf HTTP/1.1" 200 27339 "http://www.wrestlingstats.com/big10/big10.htm" "Mozilla/4.0 (compatible; MSIE 6.0; Windows NT 5.1; .NET CLR 1.0.3705; .NET CLR 1.1.4322)"
192.158.61.141 - - [24/Feb/2004:08:47:39 -0800] "GET /apPopupMenuBeanInfo.class HTTP/1.1" 404 363 "-" "Mozilla/4.0 (compatible; MSIE 6.0; Win32)"
192.158.61.141 - - [24/Feb/2004:08:47:39 -0800] "GET /apPopupMenu$COMClassObject.class HTTP/1.1" 404 363 "-" "Mozilla/4.0 (compatible; MSIE 6.0; Win32)"
192.158.61.141 - - [24/Feb/2004:08:47:44 -0800] "GET /ncaa/brackets.htm HTTP/1.1" 200 12926 "-" "Mozilla/4.0 (compatible; MSIE 6.0; Windows NT 5.1; .NET CLR 1.0.3705; .NET CLR 1.1.4322)"
192.158.61.141 - - [24/Feb/2004:08:47:47 -0800] "GET /ncaa/pdf/brackets/NCAA%201994.pdf HTTP/1.1" 200 226551 "http://www.wrestlingstats.com/ncaa/brackets.htm" "Mozilla/4.0 (compatible; MSIE 6.0; Windows NT 5.1; .NET CLR 1.0.3705; .NET CLR 1.1.4322)"
192.158.61.141 - - [24/Feb/2004:08:50:18 -0800] "GET /ncaa/pdf/brackets/NCAA%201995.pdf HTTP/1.1" 200 227502 "http://www.wrestlingstats.com/ncaa/brackets.htm" "Mozilla/4.0 (compatible; MSIE 6.0; Windows NT 5.1; .NET CLR 1.0.3705; .NET CLR 1.1.4322)"
12.23.30.130 - - [24/Feb/2004:08:50:35 -0800] "GET /ncaa/brackets.htm HTTP/1.1" 200 12926 "http://www.google.com/search?hl=en&lr=&ie=ISO-8859-1&q=1990++NCAA+Wrestling+brackets&btnG=Google+Search" "Mozilla/4.0 (compatible; MSIE 5.0; Mac_PowerPC)"
12.23.30.130 - - [24/Feb/2004:08:50:40 -0800] "GET /apPopupMenu.class HTTP/1.1" 200 19469 "-" "Mozilla/4.0 (compatible; MSIE 5.0; Mac_PowerPC)"
12.23.30.130 - - [24/Feb/2004:08:50:42 -0800] "GET /images/home32.gif HTTP/1.1" 200 287 "-" "Mozilla/4.0 (compatible; MSIE 5.0; Mac_PowerPC)"
12.23.30.130 - - [24/Feb/2004:08:50:42 -0800] "GET /images/mail32.gif HTTP/1.1" 200 317 "-" "Mozilla/4.0 (compatible; MSIE 5.0; Mac_PowerPC)"
64.157.83.164 - - [24/Feb/2004:08:51:09 -0800] "GET /eiwa/pdf/brackets/EIWA%201965.pdf HTTP/1.1" 206 97317 "-" "Mozilla/4.0 (compatible; MSIE 6.0; Windows 98; Win 9x 4.90; MSN 8.0; MSN 8.5; MSNbMSNI; MSNmen-us; MSNcIA)"
64.157.83.164 - - [24/Feb/2004:08:51:16 -0800] "GET /eiwa/pdf/brackets/EIWA%201965.pdf HTTP/1.1" 206 97317 "-" "Mozilla/4.0 (compatible; MSIE 6.0; Windows 98; Win 9x 4.90; MSN 8.0; MSN 8.5; MSNbMSNI; MSNmen-us; MSNcIA)"
64.157.83.164 - - [24/Feb/2004:08:51:18 -0800] "GET /eiwa/pdf/brackets/EIWA%201965.pdf HTTP/1.1" 206 73320 "-" "Mozilla/4.0 (compatible; MSIE 6.0; Windows 98; Win 9x 4.90; MSN 8.0; MSN 8.5; MSNbMSNI; MSNmen-us; MSNcIA)"
64.157.83.164 - - [24/Feb/2004:08:51:18 -0800] "GET /eiwa/pdf/brackets/EIWA%201965.pdf HTTP/1.1" 206 878 "-" "Mozilla/4.0 (compatible; MSIE 6.0; Windows 98; Win 9x 4.90; MSN 8.0; MSN 8.5; MSNbMSNI; MSNmen-us; MSNcIA)"
12.23.30.130 - - [24/Feb/2004:08:51:18 -0800] "GET /ncaa/pdf/brackets/NCAA%201989.pdf HTTP/1.1" 200 253042 "http://www.wrestlingstats.com/ncaa/brackets.htm" "Mozilla/4.0 (compatible; MSIE 5.0; Mac_PowerPC)"
64.157.83.164 - - [24/Feb/2004:08:51:20 -0800] "GET /eiwa/pdf/brackets/EIWA%201965.pdf HTTP/1.1" 206 1024 "-" "Mozilla/4.0 (compatible; MSIE 6.0; Windows 98; Win 9x 4.90; MSN 8.0; MSN 8.5; MSNbMSNI; MSNmen-us; MSNcIA)"
12.23.30.130 - - [24/Feb/2004:08:51:21 -0800] "GET /ncaa/pdf/brackets/NCAA%201989.pdf HTTP/1.1" 206 251419 "http://www.wrestlingstats.com/ncaa/pdf/brackets/NCAA%201989.pdf" "Mozilla/4.0 (compatible; MSIE 5.0; Mac_PowerPC)"
64.157.83.164 - - [24/Feb/2004:08:51:22 -0800] "GET /eiwa/pdf/brackets/EIWA%201965.pdf HTTP/1.1" 206 379 "-" "Mozilla/4.0 (compatible; MSIE 6.0; Windows 98; Win 9x 4.90; MSN 8.0; MSN 8.5; MSNbMSNI; MSNmen-us; MSNcIA)"
216.129.143.119 - - [24/Feb/2004:08:51:44 -0800] "GET /ncaa/brackets.htm HTTP/1.1" 200 2797 "http://www.wrestlinghalloffame.org/search.php" "Mozilla/4.0 (compatible; MSIE 5.01; Windows 98)"
216.162.27.1 - - [24/Feb/2004:08:51:44 -0800] "GET /ncaa/pdf/brackets/NCAA%201928.pdf HTTP/1.1" 200 51469 "http://www.mysearch.com/jsp/GGmain.jsp?searchfor=Earl+McCready" "Mozilla/4.0 (compatible; MSIE 5.0; Windows 98; DigExt)"
216.129.143.119 - - [24/Feb/2004:08:51:45 -0800] "GET /apPopupMenu.class HTTP/1.1" 200 19469 "-" "Mozilla/4.0 (compatible; MSIE 5.0; Win32)"
216.162.27.1 - - [24/Feb/2004:08:51:47 -0800] "GET /ncaa/pdf/brackets/NCAA%201928.pdf HTTP/1.1" 206 47316 "-" "contype"
216.129.143.119 - - [24/Feb/2004:08:51:47 -0800] "GET /images/home32.gif HTTP/1.1" 200 287 "-" "Mozilla/4.0 (compatible; MSIE 5.0; Win32)"
216.129.143.119 - - [24/Feb/2004:08:51:48 -0800] "GET /images/mail32.gif HTTP/1.1" 200 317 "-" "Mozilla/4.0 (compatible; MSIE 5.0; Win32)"
216.162.27.1 - - [24/Feb/2004:08:51:52 -0800] "GET /ncaa/pdf/brackets/NCAA%201928.pdf HTTP/1.1" 206 47316 "-" "Mozilla/4.0 (compatible; MSIE 5.0; Windows 98; DigExt)"
216.162.27.1 - - [24/Feb/2004:08:51:55 -0800] "GET /ncaa/pdf/brackets/NCAA%201928.pdf HTTP/1.1" 206 15684 "-" "Mozilla/4.0 (compatible; MSIE 5.0; Windows 98; DigExt)"
