57.69.14.130 - - [26/Feb/2004:20:55:18 -0800] "GET / HTTP/1.0" 200 2887 "-" "Mozilla/4.0 (compatible; MSIE 5.5; Windows NT 5.0) Fetch API Request"
198.81.26.12 - - [26/Feb/2004:20:55:33 -0800] "GET /ncaa/pdf/brackets/NCAA%201979.pdf HTTP/1.1" 200 221713 "http://www.wrestlingstats.com/ncaa/brackets.htm" "Mozilla/4.0 (compatible; MSIE 6.0; AOL 8.0; Windows NT 5.1)"
198.81.26.12 - - [26/Feb/2004:20:55:33 -0800] "GET /ncaa/pdf/brackets/NCAA%201979.pdf HTTP/1.0" 200 221713 "-" "Mozilla/4.0 (compatible; MSIE 6.0; AOL 8.0; Windows NT 5.1)"
198.81.26.12 - - [26/Feb/2004:20:55:34 -0800] "GET /ncaa/pdf/brackets/NCAA%201979.pdf HTTP/1.1" 206 102821 "-" "Mozilla/4.0 (compatible; MSIE 6.0; AOL 8.0; Windows NT 5.1)"
198.81.26.12 - - [26/Feb/2004:20:55:48 -0800] "GET /ncaa/pdf/brackets/NCAA%201979.pdf HTTP/1.0" 206 113022 "-" "Mozilla/4.0 (compatible; MSIE 6.0; AOL 8.0; Windows NT 5.1)"
198.81.26.12 - - [26/Feb/2004:20:55:56 -0800] "GET /ncaa/pdf/brackets/NCAA%201978.pdf HTTP/1.1" 200 135019 "http://www.wrestlingstats.com/ncaa/brackets.htm" "Mozilla/4.0 (compatible; MSIE 6.0; AOL 8.0; Windows NT 5.1)"
198.81.26.12 - - [26/Feb/2004:20:55:56 -0800] "GET /ncaa/pdf/brackets/NCAA%201978.pdf HTTP/1.1" 200 135019 "-" "Mozilla/4.0 (compatible; MSIE 6.0; AOL 8.0; Windows NT 5.1)"
24.186.42.75 - - [26/Feb/2004:20:56:09 -0800] "GET /ncaa/pdf/brackets/NCAA%201997.pdf HTTP/1.1" 200 230238 "-" "Mozilla/4.0 (compatible; MSIE 6.0; Windows NT 5.1; .NET CLR 1.0.3705)"
24.186.42.75 - - [26/Feb/2004:20:56:09 -0800] "GET /ncaa/pdf/brackets/NCAA%201997.pdf HTTP/1.1" 200 230238 "-" "Mozilla/4.0 (compatible; MSIE 6.0; Windows NT 5.1; .NET CLR 1.0.3705)"
198.81.26.12 - - [26/Feb/2004:20:56:09 -0800] "GET /ncaa/pdf/brackets/NCAA%201983.pdf HTTP/1.0" 200 230241 "http://www.wrestlingstats.com/ncaa/brackets.htm" "Mozilla/4.0 (compatible; MSIE 6.0; AOL 8.0; Windows NT 5.1)"
198.81.26.12 - - [26/Feb/2004:20:56:10 -0800] "GET /ncaa/pdf/brackets/NCAA%201983.pdf HTTP/1.0" 200 230241 "-" "Mozilla/4.0 (compatible; MSIE 6.0; AOL 8.0; Windows NT 5.1)"
198.81.26.12 - - [26/Feb/2004:20:56:10 -0800] "GET /ncaa/pdf/brackets/NCAA%201983.pdf HTTP/1.0" 206 106986 "-" "Mozilla/4.0 (compatible; MSIE 6.0; AOL 8.0; Windows NT 5.1)"
198.81.26.12 - - [26/Feb/2004:20:56:11 -0800] "GET /ncaa/pdf/brackets/NCAA%201983.pdf HTTP/1.1" 206 120106 "-" "Mozilla/4.0 (compatible; MSIE 6.0; AOL 8.0; Windows NT 5.1)"
24.186.42.75 - - [26/Feb/2004:20:56:17 -0800] "GET /ncaa/pdf/brackets/NCAA%201999.pdf HTTP/1.1" 200 231535 "-" "Mozilla/4.0 (compatible; MSIE 6.0; Windows NT 5.1; .NET CLR 1.0.3705)"
24.186.42.75 - - [26/Feb/2004:20:56:17 -0800] "GET /ncaa/pdf/brackets/NCAA%201999.pdf HTTP/1.1" 200 231535 "-" "Mozilla/4.0 (compatible; MSIE 6.0; Windows NT 5.1; .NET CLR 1.0.3705)"
198.81.26.12 - - [26/Feb/2004:20:57:07 -0800] "GET /ncaa/pdf/brackets/NCAA%201984.pdf HTTP/1.1" 200 222683 "http://www.wrestlingstats.com/ncaa/brackets.htm" "Mozilla/4.0 (compatible; MSIE 6.0; AOL 8.0; Windows NT 5.1)"
198.81.26.12 - - [26/Feb/2004:20:57:07 -0800] "GET /ncaa/pdf/brackets/NCAA%201984.pdf HTTP/1.0" 200 222683 "-" "Mozilla/4.0 (compatible; MSIE 6.0; AOL 8.0; Windows NT 5.1)"
198.81.26.12 - - [26/Feb/2004:20:57:08 -0800] "GET /ncaa/pdf/brackets/NCAA%201984.pdf HTTP/1.0" 206 101241 "-" "Mozilla/4.0 (compatible; MSIE 6.0; AOL 8.0; Windows NT 5.1)"
198.81.26.12 - - [26/Feb/2004:20:57:09 -0800] "GET /ncaa/pdf/brackets/NCAA%201984.pdf HTTP/1.0" 206 114215 "-" "Mozilla/4.0 (compatible; MSIE 6.0; AOL 8.0; Windows NT 5.1)"
198.81.26.12 - - [26/Feb/2004:20:59:31 -0800] "GET /ncaa/pdf/brackets/NCAA%201984.pdf HTTP/1.0" 200 222683 "http://www.wrestlingstats.com/ncaa/brackets.htm" "Mozilla/4.0 (compatible; MSIE 6.0; AOL 8.0; Windows NT 5.1)"
198.81.26.12 - - [26/Feb/2004:20:59:31 -0800] "GET /ncaa/pdf/brackets/NCAA%201984.pdf HTTP/1.0" 200 222683 "-" "Mozilla/4.0 (compatible; MSIE 6.0; AOL 8.0; Windows NT 5.1)"
198.81.26.12 - - [26/Feb/2004:20:59:32 -0800] "GET /ncaa/pdf/brackets/NCAA%201984.pdf HTTP/1.1" 206 102605 "-" "Mozilla/4.0 (compatible; MSIE 6.0; AOL 8.0; Windows NT 5.1)"
198.81.26.12 - - [26/Feb/2004:20:59:33 -0800] "GET /ncaa/pdf/brackets/NCAA%201984.pdf HTTP/1.0" 206 114212 "-" "Mozilla/4.0 (compatible; MSIE 6.0; AOL 8.0; Windows NT 5.1)"
198.81.26.12 - - [26/Feb/2004:21:01:15 -0800] "GET /ncaa/pdf/brackets/NCAA%201983.pdf HTTP/1.0" 200 230241 "http://www.wrestlingstats.com/ncaa/brackets.htm" "Mozilla/4.0 (compatible; MSIE 6.0; AOL 8.0; Windows NT 5.1)"
198.81.26.12 - - [26/Feb/2004:21:01:15 -0800] "GET /ncaa/pdf/brackets/NCAA%201983.pdf HTTP/1.0" 200 230241 "-" "Mozilla/4.0 (compatible; MSIE 6.0; AOL 8.0; Windows NT 5.1)"
198.81.26.12 - - [26/Feb/2004:21:01:16 -0800] "GET /ncaa/pdf/brackets/NCAA%201983.pdf HTTP/1.0" 206 106990 "-" "Mozilla/4.0 (compatible; MSIE 6.0; AOL 8.0; Windows NT 5.1)"
198.81.26.12 - - [26/Feb/2004:21:01:17 -0800] "GET /ncaa/pdf/brackets/NCAA%201983.pdf HTTP/1.1" 206 120106 "-" "Mozilla/4.0 (compatible; MSIE 6.0; AOL 8.0; Windows NT 5.1)"
198.81.26.12 - - [26/Feb/2004:21:01:36 -0800] "GET /ncaa/pdf/brackets/NCAA%201985.pdf HTTP/1.0" 200 223425 "http://www.wrestlingstats.com/ncaa/brackets.htm" "Mozilla/4.0 (compatible; MSIE 6.0; AOL 8.0; Windows NT 5.1)"
198.81.26.12 - - [26/Feb/2004:21:01:36 -0800] "GET /ncaa/pdf/brackets/NCAA%201985.pdf HTTP/1.0" 200 223425 "-" "Mozilla/4.0 (compatible; MSIE 6.0; AOL 8.0; Windows NT 5.1)"
198.81.26.12 - - [26/Feb/2004:21:01:37 -0800] "GET /ncaa/pdf/brackets/NCAA%201985.pdf HTTP/1.1" 206 101585 "-" "Mozilla/4.0 (compatible; MSIE 6.0; AOL 8.0; Windows NT 5.1)"
198.81.26.12 - - [26/Feb/2004:21:01:37 -0800] "GET /ncaa/pdf/brackets/NCAA%201985.pdf HTTP/1.0" 206 20900 "-" "Mozilla/4.0 (compatible; MSIE 6.0; AOL 8.0; Windows NT 5.1)"
198.81.26.12 - - [26/Feb/2004:21:01:38 -0800] "GET /ncaa/pdf/brackets/NCAA%201985.pdf HTTP/1.1" 206 4336 "-" "Mozilla/4.0 (compatible; MSIE 6.0; AOL 8.0; Windows NT 5.1)"
198.81.26.12 - - [26/Feb/2004:21:01:38 -0800] "GET /ncaa/pdf/brackets/NCAA%201985.pdf HTTP/1.1" 206 91402 "-" "Mozilla/4.0 (compatible; MSIE 6.0; AOL 8.0; Windows NT 5.1)"
198.81.26.12 - - [26/Feb/2004:21:02:23 -0800] "GET /ncaa/pdf/brackets/NCAA%201982.pdf HTTP/1.1" 200 244071 "http://www.wrestlingstats.com/ncaa/brackets.htm" "Mozilla/4.0 (compatible; MSIE 6.0; AOL 8.0; Windows NT 5.1)"
198.81.26.12 - - [26/Feb/2004:21:02:23 -0800] "GET /ncaa/pdf/brackets/NCAA%201982.pdf HTTP/1.0" 200 244071 "-" "Mozilla/4.0 (compatible; MSIE 6.0; AOL 8.0; Windows NT 5.1)"
198.81.26.12 - - [26/Feb/2004:21:02:24 -0800] "GET /ncaa/pdf/brackets/NCAA%201982.pdf HTTP/1.0" 206 99749 "-" "Mozilla/4.0 (compatible; MSIE 6.0; AOL 8.0; Windows NT 5.1)"
198.81.26.12 - - [26/Feb/2004:21:02:25 -0800] "GET /ncaa/pdf/brackets/NCAA%201982.pdf HTTP/1.1" 206 134377 "-" "Mozilla/4.0 (compatible; MSIE 6.0; AOL 8.0; Windows NT 5.1)"
198.81.26.12 - - [26/Feb/2004:21:03:28 -0800] "GET /ncaa/pdf/brackets/NCAA%201983.pdf HTTP/1.0" 200 230241 "http://www.wrestlingstats.com/ncaa/brackets.htm" "Mozilla/4.0 (compatible; MSIE 6.0; AOL 8.0; Windows NT 5.1)"
198.81.26.12 - - [26/Feb/2004:21:03:28 -0800] "GET /ncaa/pdf/brackets/NCAA%201983.pdf HTTP/1.0" 200 230241 "-" "Mozilla/4.0 (compatible; MSIE 6.0; AOL 8.0; Windows NT 5.1)"
198.81.26.12 - - [26/Feb/2004:21:03:29 -0800] "GET /ncaa/pdf/brackets/NCAA%201983.pdf HTTP/1.0" 206 104270 "-" "Mozilla/4.0 (compatible; MSIE 6.0; AOL 8.0; Windows NT 5.1)"
198.81.26.12 - - [26/Feb/2004:21:03:30 -0800] "GET /ncaa/pdf/brackets/NCAA%201983.pdf HTTP/1.0" 206 120106 "-" "Mozilla/4.0 (compatible; MSIE 6.0; AOL 8.0; Windows NT 5.1)"
198.81.26.12 - - [26/Feb/2004:21:11:32 -0800] "GET /ncaa/pdf/brackets/NCAA%201992.pdf HTTP/1.1" 200 225940 "http://www.wrestlingstats.com/ncaa/brackets.htm" "Mozilla/4.0 (compatible; MSIE 6.0; AOL 8.0; Windows NT 5.1)"
198.81.26.12 - - [26/Feb/2004:21:11:33 -0800] "GET /ncaa/pdf/brackets/NCAA%201992.pdf HTTP/1.0" 200 225940 "-" "Mozilla/4.0 (compatible; MSIE 6.0; AOL 8.0; Windows NT 5.1)"
198.81.26.12 - - [26/Feb/2004:21:11:33 -0800] "GET /ncaa/pdf/brackets/NCAA%201992.pdf HTTP/1.1" 206 103156 "-" "Mozilla/4.0 (compatible; MSIE 6.0; AOL 8.0; Windows NT 5.1)"
198.81.26.12 - - [26/Feb/2004:21:11:34 -0800] "GET /ncaa/pdf/brackets/NCAA%201992.pdf HTTP/1.0" 206 8007 "-" "Mozilla/4.0 (compatible; MSIE 6.0; AOL 8.0; Windows NT 5.1)"
198.81.26.12 - - [26/Feb/2004:21:11:34 -0800] "GET /ncaa/pdf/brackets/NCAA%201992.pdf HTTP/1.0" 206 109971 "-" "Mozilla/4.0 (compatible; MSIE 6.0; AOL 8.0; Windows NT 5.1)"
68.162.54.11 - - [26/Feb/2004:21:11:45 -0800] "GET / HTTP/1.1" 200 1757 "http://www.lehighwrestling.com/Lehigh/uploads/links.htm" "Mozilla/4.0 (compatible; MSIE 6.0; Windows 98; Win 9x 4.90)"
68.162.54.11 - - [26/Feb/2004:21:11:45 -0800] "GET /NCAA2003.jpg HTTP/1.1" 200 84807 "http://www.wrestlingstats.com/" "Mozilla/4.0 (compatible; MSIE 6.0; Windows 98; Win 9x 4.90)"
68.162.54.11 - - [26/Feb/2004:21:11:48 -0800] "GET /apPopupMenu.class HTTP/1.1" 200 19469 "-" "Mozilla/4.0 (compatible; MSIE 6.0; Win32)"
68.162.54.11 - - [26/Feb/2004:21:11:49 -0800] "GET /images/home32.gif HTTP/1.1" 200 287 "-" "Mozilla/4.0 (compatible; MSIE 6.0; Win32)"
68.162.54.11 - - [26/Feb/2004:21:11:50 -0800] "GET /images/mail32.gif HTTP/1.1" 200 317 "-" "Mozilla/4.0 (compatible; MSIE 6.0; Win32)"
198.81.26.12 - - [26/Feb/2004:21:11:55 -0800] "GET /ncaa/pdf/brackets/NCAA%201991.pdf HTTP/1.0" 200 229431 "http://www.wrestlingstats.com/ncaa/brackets.htm" "Mozilla/4.0 (compatible; MSIE 6.0; AOL 8.0; Windows NT 5.1)"
198.81.26.12 - - [26/Feb/2004:21:11:55 -0800] "GET /ncaa/pdf/brackets/NCAA%201991.pdf HTTP/1.0" 200 229431 "-" "Mozilla/4.0 (compatible; MSIE 6.0; AOL 8.0; Windows NT 5.1)"
198.81.26.12 - - [26/Feb/2004:21:11:56 -0800] "GET /ncaa/pdf/brackets/NCAA%201991.pdf HTTP/1.0" 206 105054 "-" "Mozilla/4.0 (compatible; MSIE 6.0; AOL 8.0; Windows NT 5.1)"
68.162.54.11 - - [26/Feb/2004:21:12:01 -0800] "GET /apPopupMenuBeanInfo.class HTTP/1.1" 404 363 "-" "Mozilla/4.0 (compatible; MSIE 6.0; Win32)"
68.162.54.11 - - [26/Feb/2004:21:12:01 -0800] "GET /apPopupMenu$COMClassObject.class HTTP/1.1" 404 363 "-" "Mozilla/4.0 (compatible; MSIE 6.0; Win32)"
68.162.54.11 - - [26/Feb/2004:21:12:02 -0800] "GET /lehigh/index.html HTTP/1.1" 200 840 "-" "Mozilla/4.0 (compatible; MSIE 6.0; Windows 98; Win 9x 4.90)"
68.162.54.11 - - [26/Feb/2004:21:12:03 -0800] "GET /lehigh/home.php HTTP/1.1" 200 2019 "http://www.lehighwrestling.com/Lehigh/LUWC.php" "Mozilla/4.0 (compatible; MSIE 6.0; Windows 98; Win 9x 4.90)"
68.162.54.11 - - [26/Feb/2004:21:12:03 -0800] "GET /lehigh/EIWAChamps.jpg HTTP/1.1" 200 42637 "http://www.wrestlingstats.com/lehigh/home.php" "Mozilla/4.0 (compatible; MSIE 6.0; Windows 98; Win 9x 4.90)"
68.162.54.11 - - [26/Feb/2004:21:12:03 -0800] "GET /lehigh/apPopupMenu.class HTTP/1.1" 200 19469 "-" "Mozilla/4.0 (compatible; MSIE 6.0; Win32)"
68.162.54.11 - - [26/Feb/2004:21:12:04 -0800] "GET /lehigh/pix/home.gif HTTP/1.1" 200 215 "-" "Mozilla/4.0 (compatible; MSIE 6.0; Win32)"
68.162.54.11 - - [26/Feb/2004:21:12:04 -0800] "GET /lehigh/pix/apbfind.gif HTTP/1.1" 200 89 "-" "Mozilla/4.0 (compatible; MSIE 6.0; Win32)"
198.81.26.12 - - [26/Feb/2004:21:12:11 -0800] "GET /ncaa/pdf/brackets/NCAA%201991.pdf HTTP/1.0" 206 121230 "-" "Mozilla/4.0 (compatible; MSIE 6.0; AOL 8.0; Windows NT 5.1)"
68.162.54.11 - - [26/Feb/2004:21:12:14 -0800] "GET /lehigh/home.php HTTP/1.1" 200 2019 "http://www.lehighwrestling.com/Lehigh/LUWC.php" "Mozilla/4.0 (compatible; MSIE 6.0; Windows 98; Win 9x 4.90)"
68.162.54.11 - - [26/Feb/2004:21:12:16 -0800] "GET /lehigh/home.php HTTP/1.1" 200 2019 "http://www.lehighwrestling.com/Lehigh/LUWC.php" "Mozilla/4.0 (compatible; MSIE 6.0; Windows 98; Win 9x 4.90)"
68.162.54.11 - - [26/Feb/2004:21:12:17 -0800] "GET /lehigh/home.php HTTP/1.1" 200 2019 "http://www.lehighwrestling.com/Lehigh/LUWC.php" "Mozilla/4.0 (compatible; MSIE 6.0; Windows 98; Win 9x 4.90)"
68.162.54.11 - - [26/Feb/2004:21:12:17 -0800] "GET /lehigh/home.php HTTP/1.1" 200 2019 "http://www.lehighwrestling.com/Lehigh/LUWC.php" "Mozilla/4.0 (compatible; MSIE 6.0; Windows 98; Win 9x 4.90)"
68.162.54.11 - - [26/Feb/2004:21:12:18 -0800] "GET /lehigh/home.php HTTP/1.1" 200 0 "http://www.lehighwrestling.com/Lehigh/LUWC.php" "Mozilla/4.0 (compatible; MSIE 6.0; Windows 98; Win 9x 4.90)"
68.162.54.11 - - [26/Feb/2004:21:12:18 -0800] "GET /apPopupMenu.class HTTP/1.1" 304 - "-" "Mozilla/4.0 (compatible; MSIE 6.0; Win32)"
147.4.206.36 - - [26/Feb/2004:21:19:02 -0800] "GET /ncaa/brackets.htm HTTP/1.1" 200 2797 "http://www.wrestlinghalloffame.com/champions/" "Mozilla/4.0 (compatible; MSIE 6.0; Windows NT 5.1; {95700A97-066F-43AE-BEE9-91EECA059C8B})"
147.4.206.36 - - [26/Feb/2004:21:19:20 -0800] "GET /apPopupMenu.class HTTP/1.1" 200 19469 "-" "Mozilla/4.0 (compatible; MSIE 6.0; Windows NT 5.1; {95700A97-066F-43AE-BEE9-91EECA059C8B})"
147.4.206.36 - - [26/Feb/2004:21:19:24 -0800] "GET /images/home32.gif HTTP/1.1" 200 287 "-" "Mozilla/4.0 (compatible; MSIE 6.0; Windows NT 5.1; {95700A97-066F-43AE-BEE9-91EECA059C8B})"
147.4.206.36 - - [26/Feb/2004:21:19:24 -0800] "GET /images/mail32.gif HTTP/1.1" 200 317 "-" "Mozilla/4.0 (compatible; MSIE 6.0; Windows NT 5.1; {95700A97-066F-43AE-BEE9-91EECA059C8B})"
147.4.206.36 - - [26/Feb/2004:21:19:30 -0800] "GET /ncaa/pdf/brackets/NCAA%201955.pdf HTTP/1.1" 200 93633 "http://www.wrestlingstats.com/ncaa/brackets.htm" "Mozilla/4.0 (compatible; MSIE 6.0; Windows NT 5.1; {95700A97-066F-43AE-BEE9-91EECA059C8B})"
147.4.206.36 - - [26/Feb/2004:21:19:31 -0800] "GET /ncaa/pdf/brackets/NCAA%201955.pdf HTTP/1.1" 206 89721 "-" "Mozilla/4.0 (compatible; MSIE 6.0; Windows NT 5.1; {95700A97-066F-43AE-BEE9-91EECA059C8B})"
147.4.206.36 - - [26/Feb/2004:21:19:40 -0800] "GET /ncaa/pdf/brackets/NCAA%201955.pdf HTTP/1.1" 206 57265 "-" "Mozilla/4.0 (compatible; MSIE 6.0; Windows NT 5.1; {95700A97-066F-43AE-BEE9-91EECA059C8B})"
198.81.26.12 - - [26/Feb/2004:21:19:43 -0800] "GET /ncaa/pdf/brackets/NCAA%201990.pdf HTTP/1.0" 200 131072 "http://www.wrestlingstats.com/ncaa/brackets.htm" "Mozilla/4.0 (compatible; MSIE 6.0; AOL 8.0; Windows NT 5.1)"
198.81.26.12 - - [26/Feb/2004:21:19:46 -0800] "GET /ncaa/pdf/brackets/NCAA%201990.pdf HTTP/1.1" 200 232154 "-" "Mozilla/4.0 (compatible; MSIE 6.0; AOL 8.0; Windows NT 5.1)"
198.81.26.12 - - [26/Feb/2004:21:19:46 -0800] "GET /ncaa/pdf/brackets/NCAA%201990.pdf HTTP/1.1" 206 106798 "-" "Mozilla/4.0 (compatible; MSIE 6.0; AOL 8.0; Windows NT 5.1)"
198.81.26.12 - - [26/Feb/2004:21:19:47 -0800] "GET /ncaa/pdf/brackets/NCAA%201990.pdf HTTP/1.0" 206 122209 "-" "Mozilla/4.0 (compatible; MSIE 6.0; AOL 8.0; Windows NT 5.1)"
198.81.26.12 - - [26/Feb/2004:21:20:28 -0800] "GET /ncaa/pdf/brackets/NCAA%201991.pdf HTTP/1.0" 200 131072 "http://www.wrestlingstats.com/ncaa/brackets.htm" "Mozilla/4.0 (compatible; MSIE 6.0; AOL 8.0; Windows NT 5.1)"
198.81.26.12 - - [26/Feb/2004:21:20:28 -0800] "GET /ncaa/pdf/brackets/NCAA%201991.pdf HTTP/1.0" 200 229431 "-" "Mozilla/4.0 (compatible; MSIE 6.0; AOL 8.0; Windows NT 5.1)"
198.81.26.12 - - [26/Feb/2004:21:20:28 -0800] "GET /ncaa/pdf/brackets/NCAA%201991.pdf HTTP/1.0" 206 102338 "-" "Mozilla/4.0 (compatible; MSIE 6.0; AOL 8.0; Windows NT 5.1)"
198.81.26.12 - - [26/Feb/2004:21:20:29 -0800] "GET /ncaa/pdf/brackets/NCAA%201991.pdf HTTP/1.0" 206 121230 "-" "Mozilla/4.0 (compatible; MSIE 6.0; AOL 8.0; Windows NT 5.1)"
198.81.26.12 - - [26/Feb/2004:21:20:36 -0800] "GET /ncaa/pdf/brackets/NCAA%201990.pdf HTTP/1.0" 200 232154 "http://www.wrestlingstats.com/ncaa/brackets.htm" "Mozilla/4.0 (compatible; MSIE 6.0; AOL 8.0; Windows NT 5.1)"
198.81.26.12 - - [26/Feb/2004:21:20:36 -0800] "GET /ncaa/pdf/brackets/NCAA%201990.pdf HTTP/1.0" 200 232154 "-" "Mozilla/4.0 (compatible; MSIE 6.0; AOL 8.0; Windows NT 5.1)"
198.81.26.12 - - [26/Feb/2004:21:20:37 -0800] "GET /ncaa/pdf/brackets/NCAA%201990.pdf HTTP/1.1" 206 106798 "-" "Mozilla/4.0 (compatible; MSIE 6.0; AOL 8.0; Windows NT 5.1)"
198.81.26.12 - - [26/Feb/2004:21:20:38 -0800] "GET /ncaa/pdf/brackets/NCAA%201990.pdf HTTP/1.0" 206 122206 "-" "Mozilla/4.0 (compatible; MSIE 6.0; AOL 8.0; Windows NT 5.1)"
198.81.26.12 - - [26/Feb/2004:21:21:10 -0800] "GET /ncaa/pdf/brackets/NCAA%201992.pdf HTTP/1.0" 200 225940 "http://www.wrestlingstats.com/ncaa/brackets.htm" "Mozilla/4.0 (compatible; MSIE 6.0; AOL 8.0; Windows NT 5.1)"
198.81.26.12 - - [26/Feb/2004:21:21:11 -0800] "GET /ncaa/pdf/brackets/NCAA%201992.pdf HTTP/1.0" 200 225940 "-" "Mozilla/4.0 (compatible; MSIE 6.0; AOL 8.0; Windows NT 5.1)"
198.81.26.12 - - [26/Feb/2004:21:21:11 -0800] "GET /ncaa/pdf/brackets/NCAA%201992.pdf HTTP/1.0" 206 105880 "-" "Mozilla/4.0 (compatible; MSIE 6.0; AOL 8.0; Windows NT 5.1)"
198.81.26.12 - - [26/Feb/2004:21:21:12 -0800] "GET /ncaa/pdf/brackets/NCAA%201992.pdf HTTP/1.0" 206 116917 "-" "Mozilla/4.0 (compatible; MSIE 6.0; AOL 8.0; Windows NT 5.1)"
198.81.26.12 - - [26/Feb/2004:21:21:45 -0800] "GET /ncaa/pdf/brackets/NCAA%201993.pdf HTTP/1.1" 200 131072 "http://www.wrestlingstats.com/ncaa/brackets.htm" "Mozilla/4.0 (compatible; MSIE 6.0; AOL 8.0; Windows NT 5.1)"
198.81.26.12 - - [26/Feb/2004:21:21:45 -0800] "GET /ncaa/pdf/brackets/NCAA%201993.pdf HTTP/1.0" 200 228307 "-" "Mozilla/4.0 (compatible; MSIE 6.0; AOL 8.0; Windows NT 5.1)"
198.81.26.12 - - [26/Feb/2004:21:21:46 -0800] "GET /ncaa/pdf/brackets/NCAA%201993.pdf HTTP/1.0" 206 103685 "-" "Mozilla/4.0 (compatible; MSIE 6.0; AOL 8.0; Windows NT 5.1)"
198.81.26.12 - - [26/Feb/2004:21:22:01 -0800] "GET /ncaa/pdf/brackets/NCAA%201993.pdf HTTP/1.1" 206 118751 "-" "Mozilla/4.0 (compatible; MSIE 6.0; AOL 8.0; Windows NT 5.1)"
147.4.206.36 - - [26/Feb/2004:21:22:04 -0800] "GET /ncaa/pdf/brackets/NCAA%201956.pdf HTTP/1.1" 200 94257 "http://www.wrestlingstats.com/ncaa/brackets.htm" "Mozilla/4.0 (compatible; MSIE 6.0; Windows NT 5.1; {95700A97-066F-43AE-BEE9-91EECA059C8B})"
147.4.206.36 - - [26/Feb/2004:21:22:04 -0800] "GET /ncaa/pdf/brackets/NCAA%201956.pdf HTTP/1.1" 206 90345 "-" "Mozilla/4.0 (compatible; MSIE 6.0; Windows NT 5.1; {95700A97-066F-43AE-BEE9-91EECA059C8B})"
147.4.206.36 - - [26/Feb/2004:21:22:05 -0800] "GET /ncaa/pdf/brackets/NCAA%201956.pdf HTTP/1.1" 206 86959 "-" "Mozilla/4.0 (compatible; MSIE 6.0; Windows NT 5.1; {95700A97-066F-43AE-BEE9-91EECA059C8B})"
4.11.224.157 - - [26/Feb/2004:21:22:11 -0800] "GET /ncaa/brackets.htm HTTP/1.1" 200 2797 "-" "Mozilla/4.0 (compatible; MSIE 6.0; Windows NT 5.1; MSN 6.1; MSNbMSFT; MSNmen-us; MSNc00; v5m)"
4.11.224.157 - - [26/Feb/2004:21:22:14 -0800] "GET /apPopupMenu.class HTTP/1.1" 200 19469 "-" "Java 1.1"
4.11.224.157 - - [26/Feb/2004:21:22:15 -0800] "GET /images/home32.gif HTTP/1.1" 200 287 "-" "Java 1.1"
4.11.224.157 - - [26/Feb/2004:21:22:17 -0800] "GET /images/mail32.gif HTTP/1.1" 200 317 "-" "Java 1.1"
198.81.26.12 - - [26/Feb/2004:21:22:27 -0800] "GET /ncaa/pdf/brackets/NCAA%201994.pdf HTTP/1.1" 200 226551 "http://www.wrestlingstats.com/ncaa/brackets.htm" "Mozilla/4.0 (compatible; MSIE 6.0; AOL 8.0; Windows NT 5.1)"
198.81.26.12 - - [26/Feb/2004:21:22:27 -0800] "GET /ncaa/pdf/brackets/NCAA%201994.pdf HTTP/1.1" 200 226551 "-" "Mozilla/4.0 (compatible; MSIE 6.0; AOL 8.0; Windows NT 5.1)"
198.81.26.12 - - [26/Feb/2004:21:22:28 -0800] "GET /ncaa/pdf/brackets/NCAA%201994.pdf HTTP/1.1" 206 102009 "-" "Mozilla/4.0 (compatible; MSIE 6.0; AOL 8.0; Windows NT 5.1)"
198.81.26.12 - - [26/Feb/2004:21:22:32 -0800] "GET /ncaa/pdf/brackets/NCAA%201994.pdf HTTP/1.0" 206 57249 "-" "Mozilla/4.0 (compatible; MSIE 6.0; AOL 8.0; Windows NT 5.1)"
198.81.26.12 - - [26/Feb/2004:21:22:43 -0800] "GET /ncaa/pdf/brackets/NCAA%201994.pdf HTTP/1.0" 206 62862 "-" "Mozilla/4.0 (compatible; MSIE 6.0; AOL 8.0; Windows NT 5.1)"
147.4.206.36 - - [26/Feb/2004:21:22:48 -0800] "GET /ncaa/pdf/brackets/NCAA%201957.pdf HTTP/1.1" 200 97249 "http://www.wrestlingstats.com/ncaa/brackets.htm" "Mozilla/4.0 (compatible; MSIE 6.0; Windows NT 5.1; {95700A97-066F-43AE-BEE9-91EECA059C8B})"
147.4.206.36 - - [26/Feb/2004:21:22:48 -0800] "GET /ncaa/pdf/brackets/NCAA%201957.pdf HTTP/1.1" 206 93337 "-" "Mozilla/4.0 (compatible; MSIE 6.0; Windows NT 5.1; {95700A97-066F-43AE-BEE9-91EECA059C8B})"
147.4.206.36 - - [26/Feb/2004:21:22:49 -0800] "GET /ncaa/pdf/brackets/NCAA%201957.pdf HTTP/1.1" 206 89951 "-" "Mozilla/4.0 (compatible; MSIE 6.0; Windows NT 5.1; {95700A97-066F-43AE-BEE9-91EECA059C8B})"
198.81.26.12 - - [26/Feb/2004:21:22:53 -0800] "GET /ncaa/pdf/brackets/NCAA%201995.pdf HTTP/1.0" 200 227502 "http://www.wrestlingstats.com/ncaa/brackets.htm" "Mozilla/4.0 (compatible; MSIE 6.0; AOL 8.0; Windows NT 5.1)"
198.81.26.12 - - [26/Feb/2004:21:22:54 -0800] "GET /ncaa/pdf/brackets/NCAA%201995.pdf HTTP/1.0" 200 227502 "-" "Mozilla/4.0 (compatible; MSIE 6.0; AOL 8.0; Windows NT 5.1)"
198.81.26.12 - - [26/Feb/2004:21:22:54 -0800] "GET /ncaa/pdf/brackets/NCAA%201995.pdf HTTP/1.1" 206 103048 "-" "Mozilla/4.0 (compatible; MSIE 6.0; AOL 8.0; Windows NT 5.1)"
198.81.26.12 - - [26/Feb/2004:21:23:09 -0800] "GET /ncaa/pdf/brackets/NCAA%201995.pdf HTTP/1.1" 206 118584 "-" "Mozilla/4.0 (compatible; MSIE 6.0; AOL 8.0; Windows NT 5.1)"
147.4.206.36 - - [26/Feb/2004:21:23:20 -0800] "GET /ncaa/pdf/brackets/NCAA%201958.pdf HTTP/1.1" 200 94975 "http://www.wrestlingstats.com/ncaa/brackets.htm" "Mozilla/4.0 (compatible; MSIE 6.0; Windows NT 5.1; {95700A97-066F-43AE-BEE9-91EECA059C8B})"
147.4.206.36 - - [26/Feb/2004:21:23:21 -0800] "GET /ncaa/pdf/brackets/NCAA%201958.pdf HTTP/1.1" 206 91063 "-" "Mozilla/4.0 (compatible; MSIE 6.0; Windows NT 5.1; {95700A97-066F-43AE-BEE9-91EECA059C8B})"
147.4.206.36 - - [26/Feb/2004:21:23:21 -0800] "GET /ncaa/pdf/brackets/NCAA%201958.pdf HTTP/1.1" 206 87677 "-" "Mozilla/4.0 (compatible; MSIE 6.0; Windows NT 5.1; {95700A97-066F-43AE-BEE9-91EECA059C8B})"
147.4.206.36 - - [26/Feb/2004:21:23:43 -0800] "GET /ncaa/pdf/brackets/NCAA%201959.pdf HTTP/1.1" 200 96431 "http://www.wrestlingstats.com/ncaa/brackets.htm" "Mozilla/4.0 (compatible; MSIE 6.0; Windows NT 5.1; {95700A97-066F-43AE-BEE9-91EECA059C8B})"
147.4.206.36 - - [26/Feb/2004:21:23:44 -0800] "GET /ncaa/pdf/brackets/NCAA%201959.pdf HTTP/1.1" 206 92519 "-" "Mozilla/4.0 (compatible; MSIE 6.0; Windows NT 5.1; {95700A97-066F-43AE-BEE9-91EECA059C8B})"
147.4.206.36 - - [26/Feb/2004:21:23:44 -0800] "GET /ncaa/pdf/brackets/NCAA%201959.pdf HTTP/1.1" 206 89133 "-" "Mozilla/4.0 (compatible; MSIE 6.0; Windows NT 5.1; {95700A97-066F-43AE-BEE9-91EECA059C8B})"
198.81.26.12 - - [26/Feb/2004:21:23:47 -0800] "GET /ncaa/pdf/brackets/NCAA%201996.pdf HTTP/1.1" 200 230299 "http://www.wrestlingstats.com/ncaa/brackets.htm" "Mozilla/4.0 (compatible; MSIE 6.0; AOL 8.0; Windows NT 5.1)"
198.81.26.12 - - [26/Feb/2004:21:23:47 -0800] "GET /ncaa/pdf/brackets/NCAA%201996.pdf HTTP/1.0" 200 230299 "-" "Mozilla/4.0 (compatible; MSIE 6.0; AOL 8.0; Windows NT 5.1)"
198.81.26.12 - - [26/Feb/2004:21:23:48 -0800] "GET /ncaa/pdf/brackets/NCAA%201996.pdf HTTP/1.0" 206 104592 "-" "Mozilla/4.0 (compatible; MSIE 6.0; AOL 8.0; Windows NT 5.1)"
198.81.26.12 - - [26/Feb/2004:21:24:02 -0800] "GET /ncaa/pdf/brackets/NCAA%201996.pdf HTTP/1.0" 206 122561 "-" "Mozilla/4.0 (compatible; MSIE 6.0; AOL 8.0; Windows NT 5.1)"
147.4.206.36 - - [26/Feb/2004:21:24:37 -0800] "GET /ncaa/pdf/brackets/NCAA%201960.pdf HTTP/1.1" 200 96817 "http://www.wrestlingstats.com/ncaa/brackets.htm" "Mozilla/4.0 (compatible; MSIE 6.0; Windows NT 5.1; {95700A97-066F-43AE-BEE9-91EECA059C8B})"
147.4.206.36 - - [26/Feb/2004:21:24:37 -0800] "GET /ncaa/pdf/brackets/NCAA%201960.pdf HTTP/1.1" 206 92905 "-" "Mozilla/4.0 (compatible; MSIE 6.0; Windows NT 5.1; {95700A97-066F-43AE-BEE9-91EECA059C8B})"
147.4.206.36 - - [26/Feb/2004:21:25:07 -0800] "GET /ncaa/pdf/brackets/NCAA%201961.pdf HTTP/1.1" 200 94434 "http://www.wrestlingstats.com/ncaa/brackets.htm" "Mozilla/4.0 (compatible; MSIE 6.0; Windows NT 5.1; {95700A97-066F-43AE-BEE9-91EECA059C8B})"
147.4.206.36 - - [26/Feb/2004:21:25:07 -0800] "GET /ncaa/pdf/brackets/NCAA%201961.pdf HTTP/1.1" 206 90522 "-" "Mozilla/4.0 (compatible; MSIE 6.0; Windows NT 5.1; {95700A97-066F-43AE-BEE9-91EECA059C8B})"
147.4.206.36 - - [26/Feb/2004:21:25:08 -0800] "GET /ncaa/pdf/brackets/NCAA%201961.pdf HTTP/1.1" 206 87136 "-" "Mozilla/4.0 (compatible; MSIE 6.0; Windows NT 5.1; {95700A97-066F-43AE-BEE9-91EECA059C8B})"
64.68.82.184 - - [26/Feb/2004:21:25:18 -0800] "GET /ncaa/brackets.htm HTTP/1.0" 200 12926 "-" "Googlebot/2.1 (+http://www.googlebot.com/bot.html)"
147.4.206.36 - - [26/Feb/2004:21:25:31 -0800] "GET /ncaa/pdf/brackets/NCAA%201962.pdf HTTP/1.1" 200 96564 "http://www.wrestlingstats.com/ncaa/brackets.htm" "Mozilla/4.0 (compatible; MSIE 6.0; Windows NT 5.1; {95700A97-066F-43AE-BEE9-91EECA059C8B})"
147.4.206.36 - - [26/Feb/2004:21:25:31 -0800] "GET /ncaa/pdf/brackets/NCAA%201962.pdf HTTP/1.1" 206 92652 "-" "Mozilla/4.0 (compatible; MSIE 6.0; Windows NT 5.1; {95700A97-066F-43AE-BEE9-91EECA059C8B})"
147.4.206.36 - - [26/Feb/2004:21:25:32 -0800] "GET /ncaa/pdf/brackets/NCAA%201962.pdf HTTP/1.1" 206 89266 "-" "Mozilla/4.0 (compatible; MSIE 6.0; Windows NT 5.1; {95700A97-066F-43AE-BEE9-91EECA059C8B})"
147.4.206.36 - - [26/Feb/2004:21:26:01 -0800] "GET /ncaa/pdf/brackets/NCAA%201963.pdf HTTP/1.1" 200 101917 "http://www.wrestlingstats.com/ncaa/brackets.htm" "Mozilla/4.0 (compatible; MSIE 6.0; Windows NT 5.1; {95700A97-066F-43AE-BEE9-91EECA059C8B})"
147.4.206.36 - - [26/Feb/2004:21:26:01 -0800] "GET /ncaa/pdf/brackets/NCAA%201963.pdf HTTP/1.1" 206 98006 "-" "Mozilla/4.0 (compatible; MSIE 6.0; Windows NT 5.1; {95700A97-066F-43AE-BEE9-91EECA059C8B})"
147.4.206.36 - - [26/Feb/2004:21:26:02 -0800] "GET /ncaa/pdf/brackets/NCAA%201963.pdf HTTP/1.1" 206 94722 "-" "Mozilla/4.0 (compatible; MSIE 6.0; Windows NT 5.1; {95700A97-066F-43AE-BEE9-91EECA059C8B})"
147.4.206.36 - - [26/Feb/2004:21:26:29 -0800] "GET /ncaa/pdf/brackets/NCAA%201964.pdf HTTP/1.1" 200 117743 "http://www.wrestlingstats.com/ncaa/brackets.htm" "Mozilla/4.0 (compatible; MSIE 6.0; Windows NT 5.1; {95700A97-066F-43AE-BEE9-91EECA059C8B})"
147.4.206.36 - - [26/Feb/2004:21:26:29 -0800] "GET /ncaa/pdf/brackets/NCAA%201964.pdf HTTP/1.1" 206 113832 "-" "Mozilla/4.0 (compatible; MSIE 6.0; Windows NT 5.1; {95700A97-066F-43AE-BEE9-91EECA059C8B})"
147.4.206.36 - - [26/Feb/2004:21:26:30 -0800] "GET /ncaa/pdf/brackets/NCAA%201964.pdf HTTP/1.1" 206 110551 "-" "Mozilla/4.0 (compatible; MSIE 6.0; Windows NT 5.1; {95700A97-066F-43AE-BEE9-91EECA059C8B})"
147.4.206.36 - - [26/Feb/2004:21:27:08 -0800] "GET /ncaa/pdf/brackets/NCAA%201965.pdf HTTP/1.1" 200 181764 "http://www.wrestlingstats.com/ncaa/brackets.htm" "Mozilla/4.0 (compatible; MSIE 6.0; Windows NT 5.1; {95700A97-066F-43AE-BEE9-91EECA059C8B})"
147.4.206.36 - - [26/Feb/2004:21:27:08 -0800] "GET /ncaa/pdf/brackets/NCAA%201965.pdf HTTP/1.1" 206 177853 "-" "Mozilla/4.0 (compatible; MSIE 6.0; Windows NT 5.1; {95700A97-066F-43AE-BEE9-91EECA059C8B})"
147.4.206.36 - - [26/Feb/2004:21:27:09 -0800] "GET /ncaa/pdf/brackets/NCAA%201965.pdf HTTP/1.1" 206 174760 "-" "Mozilla/4.0 (compatible; MSIE 6.0; Windows NT 5.1; {95700A97-066F-43AE-BEE9-91EECA059C8B})"
198.81.26.12 - - [26/Feb/2004:21:27:16 -0800] "GET /ncaa/pdf/brackets/NCAA%201997.pdf HTTP/1.0" 200 230238 "http://www.wrestlingstats.com/ncaa/brackets.htm" "Mozilla/4.0 (compatible; MSIE 6.0; AOL 8.0; Windows NT 5.1)"
198.81.26.12 - - [26/Feb/2004:21:27:17 -0800] "GET /ncaa/pdf/brackets/NCAA%201997.pdf HTTP/1.0" 200 230238 "-" "Mozilla/4.0 (compatible; MSIE 6.0; AOL 8.0; Windows NT 5.1)"
198.81.26.12 - - [26/Feb/2004:21:27:17 -0800] "GET /ncaa/pdf/brackets/NCAA%201997.pdf HTTP/1.0" 206 104986 "-" "Mozilla/4.0 (compatible; MSIE 6.0; AOL 8.0; Windows NT 5.1)"
198.81.26.12 - - [26/Feb/2004:21:27:18 -0800] "GET /ncaa/pdf/brackets/NCAA%201997.pdf HTTP/1.1" 206 9348 "-" "Mozilla/4.0 (compatible; MSIE 6.0; AOL 8.0; Windows NT 5.1)"
198.81.26.12 - - [26/Feb/2004:21:27:18 -0800] "GET /ncaa/pdf/brackets/NCAA%201997.pdf HTTP/1.1" 206 2987 "-" "Mozilla/4.0 (compatible; MSIE 6.0; AOL 8.0; Windows NT 5.1)"
198.81.26.12 - - [26/Feb/2004:21:27:18 -0800] "GET /ncaa/pdf/brackets/NCAA%201997.pdf HTTP/1.1" 206 111032 "-" "Mozilla/4.0 (compatible; MSIE 6.0; AOL 8.0; Windows NT 5.1)"
147.4.206.36 - - [26/Feb/2004:21:27:31 -0800] "GET /ncaa/pdf/brackets/NCAA%201966.pdf HTTP/1.1" 200 184930 "http://www.wrestlingstats.com/ncaa/brackets.htm" "Mozilla/4.0 (compatible; MSIE 6.0; Windows NT 5.1; {95700A97-066F-43AE-BEE9-91EECA059C8B})"
147.4.206.36 - - [26/Feb/2004:21:27:31 -0800] "GET /ncaa/pdf/brackets/NCAA%201966.pdf HTTP/1.1" 206 181019 "-" "Mozilla/4.0 (compatible; MSIE 6.0; Windows NT 5.1; {95700A97-066F-43AE-BEE9-91EECA059C8B})"
147.4.206.36 - - [26/Feb/2004:21:27:32 -0800] "GET /ncaa/pdf/brackets/NCAA%201966.pdf HTTP/1.1" 206 177926 "-" "Mozilla/4.0 (compatible; MSIE 6.0; Windows NT 5.1; {95700A97-066F-43AE-BEE9-91EECA059C8B})"
147.4.206.36 - - [26/Feb/2004:21:27:58 -0800] "GET /ncaa/pdf/brackets/NCAA%201967.pdf HTTP/1.1" 200 216170 "http://www.wrestlingstats.com/ncaa/brackets.htm" "Mozilla/4.0 (compatible; MSIE 6.0; Windows NT 5.1; {95700A97-066F-43AE-BEE9-91EECA059C8B})"
147.4.206.36 - - [26/Feb/2004:21:27:58 -0800] "GET /ncaa/pdf/brackets/NCAA%201967.pdf HTTP/1.1" 206 212259 "-" "Mozilla/4.0 (compatible; MSIE 6.0; Windows NT 5.1; {95700A97-066F-43AE-BEE9-91EECA059C8B})"
147.4.206.36 - - [26/Feb/2004:21:27:59 -0800] "GET /ncaa/pdf/brackets/NCAA%201967.pdf HTTP/1.1" 206 209260 "-" "Mozilla/4.0 (compatible; MSIE 6.0; Windows NT 5.1; {95700A97-066F-43AE-BEE9-91EECA059C8B})"
198.81.26.12 - - [26/Feb/2004:21:28:52 -0800] "GET /ncaa/pdf/brackets/NCAA%201998.pdf HTTP/1.0" 200 231756 "http://www.wrestlingstats.com/ncaa/brackets.htm" "Mozilla/4.0 (compatible; MSIE 6.0; AOL 8.0; Windows NT 5.1)"
198.81.26.12 - - [26/Feb/2004:21:28:52 -0800] "GET /ncaa/pdf/brackets/NCAA%201998.pdf HTTP/1.0" 200 231756 "-" "Mozilla/4.0 (compatible; MSIE 6.0; AOL 8.0; Windows NT 5.1)"
198.81.26.12 - - [26/Feb/2004:21:28:53 -0800] "GET /ncaa/pdf/brackets/NCAA%201998.pdf HTTP/1.0" 206 104805 "-" "Mozilla/4.0 (compatible; MSIE 6.0; AOL 8.0; Windows NT 5.1)"
198.81.26.12 - - [26/Feb/2004:21:28:53 -0800] "GET /ncaa/pdf/brackets/NCAA%201998.pdf HTTP/1.0" 206 9370 "-" "Mozilla/4.0 (compatible; MSIE 6.0; AOL 8.0; Windows NT 5.1)"
198.81.26.12 - - [26/Feb/2004:21:28:54 -0800] "GET /ncaa/pdf/brackets/NCAA%201998.pdf HTTP/1.0" 206 115490 "-" "Mozilla/4.0 (compatible; MSIE 6.0; AOL 8.0; Windows NT 5.1)"
57.69.14.130 - - [26/Feb/2004:21:29:32 -0800] "GET /ncaa/brackets.htm HTTP/1.0" 200 12926 "-" "Mozilla/4.0 (compatible; MSIE 5.5; Windows NT 5.0) Fetch API Request"
198.81.26.12 - - [26/Feb/2004:21:30:08 -0800] "GET /ncaa/pdf/brackets/NCAA%201997.pdf HTTP/1.1" 200 230238 "http://www.wrestlingstats.com/ncaa/brackets.htm" "Mozilla/4.0 (compatible; MSIE 6.0; AOL 8.0; Windows NT 5.1)"
198.81.26.12 - - [26/Feb/2004:21:30:08 -0800] "GET /ncaa/pdf/brackets/NCAA%201997.pdf HTTP/1.0" 200 230238 "-" "Mozilla/4.0 (compatible; MSIE 6.0; AOL 8.0; Windows NT 5.1)"
198.81.26.12 - - [26/Feb/2004:21:30:09 -0800] "GET /ncaa/pdf/brackets/NCAA%201997.pdf HTTP/1.0" 206 104986 "-" "Mozilla/4.0 (compatible; MSIE 6.0; AOL 8.0; Windows NT 5.1)"
147.4.206.36 - - [26/Feb/2004:21:30:10 -0800] "GET /ncaa/pdf/brackets/NCAA%201968.pdf HTTP/1.1" 200 139554 "http://www.wrestlingstats.com/ncaa/brackets.htm" "Mozilla/4.0 (compatible; MSIE 6.0; Windows NT 5.1; {95700A97-066F-43AE-BEE9-91EECA059C8B})"
198.81.26.12 - - [26/Feb/2004:21:30:10 -0800] "GET /ncaa/pdf/brackets/NCAA%201997.pdf HTTP/1.0" 206 122105 "-" "Mozilla/4.0 (compatible; MSIE 6.0; AOL 8.0; Windows NT 5.1)"
147.4.206.36 - - [26/Feb/2004:21:30:10 -0800] "GET /ncaa/pdf/brackets/NCAA%201968.pdf HTTP/1.1" 206 135643 "-" "Mozilla/4.0 (compatible; MSIE 6.0; Windows NT 5.1; {95700A97-066F-43AE-BEE9-91EECA059C8B})"
147.4.206.36 - - [26/Feb/2004:21:30:11 -0800] "GET /ncaa/pdf/brackets/NCAA%201968.pdf HTTP/1.1" 206 132456 "-" "Mozilla/4.0 (compatible; MSIE 6.0; Windows NT 5.1; {95700A97-066F-43AE-BEE9-91EECA059C8B})"
198.81.26.12 - - [26/Feb/2004:21:30:29 -0800] "GET /ncaa/pdf/brackets/NCAA%201999.pdf HTTP/1.0" 200 231535 "http://www.wrestlingstats.com/ncaa/brackets.htm" "Mozilla/4.0 (compatible; MSIE 6.0; AOL 8.0; Windows NT 5.1)"
198.81.26.12 - - [26/Feb/2004:21:30:29 -0800] "GET /ncaa/pdf/brackets/NCAA%201999.pdf HTTP/1.1" 200 231535 "-" "Mozilla/4.0 (compatible; MSIE 6.0; AOL 8.0; Windows NT 5.1)"
198.81.26.12 - - [26/Feb/2004:21:30:30 -0800] "GET /ncaa/pdf/brackets/NCAA%201999.pdf HTTP/1.0" 206 101305 "-" "Mozilla/4.0 (compatible; MSIE 6.0; AOL 8.0; Windows NT 5.1)"
198.81.26.12 - - [26/Feb/2004:21:30:30 -0800] "GET /ncaa/pdf/brackets/NCAA%201999.pdf HTTP/1.0" 206 9535 "-" "Mozilla/4.0 (compatible; MSIE 6.0; AOL 8.0; Windows NT 5.1)"
198.81.26.12 - - [26/Feb/2004:21:30:31 -0800] "GET /ncaa/pdf/brackets/NCAA%201999.pdf HTTP/1.1" 206 1027 "-" "Mozilla/4.0 (compatible; MSIE 6.0; AOL 8.0; Windows NT 5.1)"
198.81.26.12 - - [26/Feb/2004:21:30:31 -0800] "GET /ncaa/pdf/brackets/NCAA%201999.pdf HTTP/1.1" 206 113403 "-" "Mozilla/4.0 (compatible; MSIE 6.0; AOL 8.0; Windows NT 5.1)"
147.4.206.36 - - [26/Feb/2004:21:30:43 -0800] "GET /ncaa/pdf/brackets/NCAA%201969.pdf HTTP/1.1" 200 219821 "http://www.wrestlingstats.com/ncaa/brackets.htm" "Mozilla/4.0 (compatible; MSIE 6.0; Windows NT 5.1; {95700A97-066F-43AE-BEE9-91EECA059C8B})"
147.4.206.36 - - [26/Feb/2004:21:30:44 -0800] "GET /ncaa/pdf/brackets/NCAA%201969.pdf HTTP/1.1" 206 215910 "-" "Mozilla/4.0 (compatible; MSIE 6.0; Windows NT 5.1; {95700A97-066F-43AE-BEE9-91EECA059C8B})"
147.4.206.36 - - [26/Feb/2004:21:30:44 -0800] "GET /ncaa/pdf/brackets/NCAA%201969.pdf HTTP/1.1" 206 213005 "-" "Mozilla/4.0 (compatible; MSIE 6.0; Windows NT 5.1; {95700A97-066F-43AE-BEE9-91EECA059C8B})"
198.81.26.11 - - [26/Feb/2004:21:32:06 -0800] "GET /ncaa/pdf/brackets/NCAA%202000.pdf HTTP/1.1" 200 231911 "http://www.wrestlingstats.com/ncaa/brackets.htm" "Mozilla/4.0 (compatible; MSIE 6.0; AOL 8.0; Windows NT 5.1)"
198.81.26.11 - - [26/Feb/2004:21:32:07 -0800] "GET /ncaa/pdf/brackets/NCAA%202000.pdf HTTP/1.0" 200 231911 "-" "Mozilla/4.0 (compatible; MSIE 6.0; AOL 8.0; Windows NT 5.1)"
198.81.26.11 - - [26/Feb/2004:21:32:07 -0800] "GET /ncaa/pdf/brackets/NCAA%202000.pdf HTTP/1.0" 206 104983 "-" "Mozilla/4.0 (compatible; MSIE 6.0; AOL 8.0; Windows NT 5.1)"
198.81.26.11 - - [26/Feb/2004:21:32:08 -0800] "GET /ncaa/pdf/brackets/NCAA%202000.pdf HTTP/1.0" 206 9261 "-" "Mozilla/4.0 (compatible; MSIE 6.0; AOL 8.0; Windows NT 5.1)"
198.81.26.11 - - [26/Feb/2004:21:32:08 -0800] "GET /ncaa/pdf/brackets/NCAA%202000.pdf HTTP/1.0" 206 2995 "-" "Mozilla/4.0 (compatible; MSIE 6.0; AOL 8.0; Windows NT 5.1)"
198.81.26.11 - - [26/Feb/2004:21:32:08 -0800] "GET /ncaa/pdf/brackets/NCAA%202000.pdf HTTP/1.0" 206 112695 "-" "Mozilla/4.0 (compatible; MSIE 6.0; AOL 8.0; Windows NT 5.1)"
198.81.26.11 - - [26/Feb/2004:21:33:00 -0800] "GET /ncaa/pdf/brackets/NCAA%202001.pdf HTTP/1.0" 200 144227 "http://www.wrestlingstats.com/ncaa/brackets.htm" "Mozilla/4.0 (compatible; MSIE 6.0; AOL 8.0; Windows NT 5.1)"
198.81.26.11 - - [26/Feb/2004:21:33:01 -0800] "GET /ncaa/pdf/brackets/NCAA%202001.pdf HTTP/1.0" 200 144227 "-" "Mozilla/4.0 (compatible; MSIE 6.0; AOL 8.0; Windows NT 5.1)"
147.4.206.36 - - [26/Feb/2004:21:33:09 -0800] "GET /ncaa/pdf/brackets/NCAA%201970.pdf HTTP/1.1" 200 215841 "http://www.wrestlingstats.com/ncaa/brackets.htm" "Mozilla/4.0 (compatible; MSIE 6.0; Windows NT 5.1; {95700A97-066F-43AE-BEE9-91EECA059C8B})"
147.4.206.36 - - [26/Feb/2004:21:33:10 -0800] "GET /ncaa/pdf/brackets/NCAA%201970.pdf HTTP/1.1" 206 211930 "-" "Mozilla/4.0 (compatible; MSIE 6.0; Windows NT 5.1; {95700A97-066F-43AE-BEE9-91EECA059C8B})"
147.4.206.36 - - [26/Feb/2004:21:33:10 -0800] "GET /ncaa/pdf/brackets/NCAA%201970.pdf HTTP/1.1" 206 208931 "-" "Mozilla/4.0 (compatible; MSIE 6.0; Windows NT 5.1; {95700A97-066F-43AE-BEE9-91EECA059C8B})"
198.81.26.12 - - [26/Feb/2004:21:33:41 -0800] "GET /ncaa/pdf/brackets/NCAA%202002.pdf HTTP/1.0" 200 196608 "http://www.wrestlingstats.com/ncaa/brackets.htm" "Mozilla/4.0 (compatible; MSIE 6.0; AOL 8.0; Windows NT 5.1)"
198.81.26.12 - - [26/Feb/2004:21:33:42 -0800] "GET /ncaa/pdf/brackets/NCAA%202002.pdf HTTP/1.1" 200 230468 "-" "Mozilla/4.0 (compatible; MSIE 6.0; AOL 8.0; Windows NT 5.1)"
198.81.26.12 - - [26/Feb/2004:21:33:42 -0800] "GET /ncaa/pdf/brackets/NCAA%202002.pdf HTTP/1.0" 206 104819 "-" "Mozilla/4.0 (compatible; MSIE 6.0; AOL 8.0; Windows NT 5.1)"
198.81.26.12 - - [26/Feb/2004:21:33:43 -0800] "GET /ncaa/pdf/brackets/NCAA%202002.pdf HTTP/1.0" 206 122499 "-" "Mozilla/4.0 (compatible; MSIE 6.0; AOL 8.0; Windows NT 5.1)"
147.4.206.36 - - [26/Feb/2004:21:33:44 -0800] "GET /ncaa/pdf/brackets/NCAA%201971.pdf HTTP/1.1" 200 193019 "http://www.wrestlingstats.com/ncaa/brackets.htm" "Mozilla/4.0 (compatible; MSIE 6.0; Windows NT 5.1; {95700A97-066F-43AE-BEE9-91EECA059C8B})"
147.4.206.36 - - [26/Feb/2004:21:33:44 -0800] "GET /ncaa/pdf/brackets/NCAA%201971.pdf HTTP/1.1" 206 189108 "-" "Mozilla/4.0 (compatible; MSIE 6.0; Windows NT 5.1; {95700A97-066F-43AE-BEE9-91EECA059C8B})"
147.4.206.36 - - [26/Feb/2004:21:33:45 -0800] "GET /ncaa/pdf/brackets/NCAA%201971.pdf HTTP/1.1" 206 186109 "-" "Mozilla/4.0 (compatible; MSIE 6.0; Windows NT 5.1; {95700A97-066F-43AE-BEE9-91EECA059C8B})"
198.81.26.12 - - [26/Feb/2004:21:34:06 -0800] "GET /ncaa/pdf/brackets/NCAA%202003.pdf HTTP/1.0" 200 144218 "http://www.wrestlingstats.com/ncaa/brackets.htm" "Mozilla/4.0 (compatible; MSIE 6.0; AOL 8.0; Windows NT 5.1)"
198.81.26.12 - - [26/Feb/2004:21:34:06 -0800] "GET /ncaa/pdf/brackets/NCAA%202003.pdf HTTP/1.0" 200 144218 "-" "Mozilla/4.0 (compatible; MSIE 6.0; AOL 8.0; Windows NT 5.1)"
198.81.26.12 - - [26/Feb/2004:21:34:52 -0800] "GET /ncaa/pdf/brackets/NCAA%202002.pdf HTTP/1.1" 200 230468 "http://www.wrestlingstats.com/ncaa/brackets.htm" "Mozilla/4.0 (compatible; MSIE 6.0; AOL 8.0; Windows NT 5.1)"
198.81.26.12 - - [26/Feb/2004:21:34:52 -0800] "GET /ncaa/pdf/brackets/NCAA%202002.pdf HTTP/1.0" 200 230468 "-" "Mozilla/4.0 (compatible; MSIE 6.0; AOL 8.0; Windows NT 5.1)"
198.81.26.12 - - [26/Feb/2004:21:34:53 -0800] "GET /ncaa/pdf/brackets/NCAA%202002.pdf HTTP/1.0" 206 104823 "-" "Mozilla/4.0 (compatible; MSIE 6.0; AOL 8.0; Windows NT 5.1)"
198.81.26.12 - - [26/Feb/2004:21:34:54 -0800] "GET /ncaa/pdf/brackets/NCAA%202002.pdf HTTP/1.0" 206 122499 "-" "Mozilla/4.0 (compatible; MSIE 6.0; AOL 8.0; Windows NT 5.1)"
198.81.26.16 - - [26/Feb/2004:21:35:19 -0800] "GET /ncaa/ncaa.htm HTTP/1.0" 200 1836 "-" "Mozilla/4.0 (compatible; MSIE 6.0; AOL 8.0; Windows NT 5.1)"
198.81.26.16 - - [26/Feb/2004:21:35:26 -0800] "GET /ncaa/home.htm HTTP/1.0" 200 2429 "-" "Mozilla/4.0 (compatible; MSIE 6.0; AOL 8.0; Windows NT 5.1)"
198.81.26.105 - - [26/Feb/2004:21:35:26 -0800] "GET /ncaa/pix/home.gif HTTP/1.0" 404 363 "-" "Java 1.1"
147.4.206.36 - - [26/Feb/2004:21:35:26 -0800] "GET /ncaa/pdf/brackets/NCAA%201972.pdf HTTP/1.1" 200 217006 "http://www.wrestlingstats.com/ncaa/brackets.htm" "Mozilla/4.0 (compatible; MSIE 6.0; Windows NT 5.1; {95700A97-066F-43AE-BEE9-91EECA059C8B})"
198.81.26.38 - - [26/Feb/2004:21:35:26 -0800] "GET /ncaa/ncaa02.jpg HTTP/1.0" 200 81812 "http://www.wrestlingstats.com/ncaa/home.htm" "Mozilla/4.0 (compatible; MSIE 6.0; AOL 8.0; Windows NT 5.1)"
147.4.206.36 - - [26/Feb/2004:21:35:26 -0800] "GET /ncaa/pdf/brackets/NCAA%201972.pdf HTTP/1.1" 206 213095 "-" "Mozilla/4.0 (compatible; MSIE 6.0; Windows NT 5.1; {95700A97-066F-43AE-BEE9-91EECA059C8B})"
147.4.206.36 - - [26/Feb/2004:21:35:27 -0800] "GET /ncaa/pdf/brackets/NCAA%201972.pdf HTTP/1.1" 206 210096 "-" "Mozilla/4.0 (compatible; MSIE 6.0; Windows NT 5.1; {95700A97-066F-43AE-BEE9-91EECA059C8B})"
198.81.26.42 - - [26/Feb/2004:21:35:37 -0800] "GET /ncaa/champs.php HTTP/1.0" 200 1600 "-" "Mozilla/4.0 (compatible; MSIE 6.0; AOL 8.0; Windows NT 5.1)"
198.81.26.7 - - [26/Feb/2004:21:35:39 -0800] "GET /apPopupMenuBeanInfo.class HTTP/1.0" 404 363 "-" "Java 1.1"
198.81.26.42 - - [26/Feb/2004:21:35:39 -0800] "GET /apPopupMenu$COMClassObject.class HTTP/1.0" 404 363 "-" "Java 1.1"
147.4.206.36 - - [26/Feb/2004:21:37:52 -0800] "GET /ncaa/pdf/brackets/NCAA%201973.pdf HTTP/1.1" 200 212304 "http://www.wrestlingstats.com/ncaa/brackets.htm" "Mozilla/4.0 (compatible; MSIE 6.0; Windows NT 5.1; {95700A97-066F-43AE-BEE9-91EECA059C8B})"
147.4.206.36 - - [26/Feb/2004:21:37:53 -0800] "GET /ncaa/pdf/brackets/NCAA%201973.pdf HTTP/1.1" 206 208393 "-" "Mozilla/4.0 (compatible; MSIE 6.0; Windows NT 5.1; {95700A97-066F-43AE-BEE9-91EECA059C8B})"
147.4.206.36 - - [26/Feb/2004:21:37:53 -0800] "GET /ncaa/pdf/brackets/NCAA%201973.pdf HTTP/1.1" 206 205394 "-" "Mozilla/4.0 (compatible; MSIE 6.0; Windows NT 5.1; {95700A97-066F-43AE-BEE9-91EECA059C8B})"
147.4.206.36 - - [26/Feb/2004:21:39:19 -0800] "GET /ncaa/pdf/brackets/NCAA%201994.pdf HTTP/1.1" 200 226551 "http://www.wrestlingstats.com/ncaa/brackets.htm" "Mozilla/4.0 (compatible; MSIE 6.0; Windows NT 5.1; {95700A97-066F-43AE-BEE9-91EECA059C8B})"
147.4.206.36 - - [26/Feb/2004:21:39:20 -0800] "GET /ncaa/pdf/brackets/NCAA%201994.pdf HTTP/1.1" 206 222641 "-" "Mozilla/4.0 (compatible; MSIE 6.0; Windows NT 5.1; {95700A97-066F-43AE-BEE9-91EECA059C8B})"
147.4.206.36 - - [26/Feb/2004:21:40:39 -0800] "GET /ncaa/pdf/brackets/NCAA%201995.pdf HTTP/1.1" 200 227502 "http://www.wrestlingstats.com/ncaa/brackets.htm" "Mozilla/4.0 (compatible; MSIE 6.0; Windows NT 5.1; {95700A97-066F-43AE-BEE9-91EECA059C8B})"
147.4.206.36 - - [26/Feb/2004:21:40:39 -0800] "GET /ncaa/pdf/brackets/NCAA%201995.pdf HTTP/1.1" 206 223591 "-" "Mozilla/4.0 (compatible; MSIE 6.0; Windows NT 5.1; {95700A97-066F-43AE-BEE9-91EECA059C8B})"
147.4.206.36 - - [26/Feb/2004:21:41:52 -0800] "GET /ncaa/pdf/brackets/NCAA%201996.pdf HTTP/1.1" 200 230299 "http://www.wrestlingstats.com/ncaa/brackets.htm" "Mozilla/4.0 (compatible; MSIE 6.0; Windows NT 5.1; {95700A97-066F-43AE-BEE9-91EECA059C8B})"
147.4.206.36 - - [26/Feb/2004:21:41:52 -0800] "GET /ncaa/pdf/brackets/NCAA%201996.pdf HTTP/1.1" 206 226388 "-" "Mozilla/4.0 (compatible; MSIE 6.0; Windows NT 5.1; {95700A97-066F-43AE-BEE9-91EECA059C8B})"
147.4.206.36 - - [26/Feb/2004:21:43:18 -0800] "GET /ncaa/pdf/brackets/NCAA%201997.pdf HTTP/1.1" 200 230238 "http://www.wrestlingstats.com/ncaa/brackets.htm" "Mozilla/4.0 (compatible; MSIE 6.0; Windows NT 5.1; {95700A97-066F-43AE-BEE9-91EECA059C8B})"
147.4.206.36 - - [26/Feb/2004:21:43:18 -0800] "GET /ncaa/pdf/brackets/NCAA%201997.pdf HTTP/1.1" 206 226327 "-" "Mozilla/4.0 (compatible; MSIE 6.0; Windows NT 5.1; {95700A97-066F-43AE-BEE9-91EECA059C8B})"
147.4.206.36 - - [26/Feb/2004:21:44:35 -0800] "GET /ncaa/pdf/brackets/NCAA%202002.pdf HTTP/1.1" 200 230468 "http://www.wrestlingstats.com/ncaa/brackets.htm" "Mozilla/4.0 (compatible; MSIE 6.0; Windows NT 5.1; {95700A97-066F-43AE-BEE9-91EECA059C8B})"
147.4.206.36 - - [26/Feb/2004:21:44:35 -0800] "GET /ncaa/pdf/brackets/NCAA%202002.pdf HTTP/1.1" 206 226557 "-" "Mozilla/4.0 (compatible; MSIE 6.0; Windows NT 5.1; {95700A97-066F-43AE-BEE9-91EECA059C8B})"
24.197.161.66 - - [26/Feb/2004:21:44:57 -0800] "GET / HTTP/1.0" 200 2887 "http://www.wrestlingreport.com/" "Mozilla/4.0 (compatible; MSIE 5.5; Windows NT 5.0)"
24.197.161.66 - - [26/Feb/2004:21:44:59 -0800] "GET /NCAA2003.jpg HTTP/1.0" 200 84807 "http://www.wrestlingstats.com/" "Mozilla/4.0 (compatible; MSIE 5.5; Windows NT 5.0)"
24.197.161.66 - - [26/Feb/2004:21:44:59 -0800] "GET /apPopupMenu.class HTTP/1.0" 200 19469 "-" "Mozilla/4.0 (compatible; MSIE 5.0; Win32)"
24.197.161.66 - - [26/Feb/2004:21:45:00 -0800] "GET /images/home32.gif HTTP/1.0" 200 287 "-" "Mozilla/4.0 (compatible; MSIE 5.0; Win32)"
24.197.161.66 - - [26/Feb/2004:21:45:00 -0800] "GET /images/mail32.gif HTTP/1.0" 200 317 "-" "Mozilla/4.0 (compatible; MSIE 5.0; Win32)"
24.197.161.66 - - [26/Feb/2004:21:45:15 -0800] "GET /apPopupMenuBeanInfo.class HTTP/1.0" 404 363 "-" "Mozilla/4.0 (compatible; MSIE 5.0; Win32)"
24.197.161.66 - - [26/Feb/2004:21:45:15 -0800] "GET /apPopupMenu$COMClassObject.class HTTP/1.0" 404 363 "-" "Mozilla/4.0 (compatible; MSIE 5.0; Win32)"
147.4.206.36 - - [26/Feb/2004:21:45:27 -0800] "GET /ncaa/pdf/brackets/NCAA%202003.pdf HTTP/1.1" 200 144218 "http://www.wrestlingstats.com/ncaa/brackets.htm" "Mozilla/4.0 (compatible; MSIE 6.0; Windows NT 5.1; {95700A97-066F-43AE-BEE9-91EECA059C8B})"
147.4.206.36 - - [26/Feb/2004:21:45:27 -0800] "GET /ncaa/pdf/brackets/NCAA%202003.pdf HTTP/1.1" 206 140307 "-" "Mozilla/4.0 (compatible; MSIE 6.0; Windows NT 5.1; {95700A97-066F-43AE-BEE9-91EECA059C8B})"
147.4.206.36 - - [26/Feb/2004:21:45:27 -0800] "GET /ncaa/pdf/brackets/NCAA%202003.pdf HTTP/1.1" 206 137120 "-" "Mozilla/4.0 (compatible; MSIE 6.0; Windows NT 5.1; {95700A97-066F-43AE-BEE9-91EECA059C8B})"
199.208.213.35 - - [26/Feb/2004:21:48:01 -0800] "GET /ncaa/pdf/brackets/NCAA%201971.pdf HTTP/1.0" 200 193019 "http://www.wrestlingstats.com/ncaa/brackets.htm" "Mozilla/4.0 (compatible; MSIE 6.0; Windows NT 5.0)"
199.208.213.35 - - [26/Feb/2004:21:48:54 -0800] "GET /ncaa/brackets.htm HTTP/1.0" 304 - "http://www.wrestlinghalloffame.org/" "Mozilla/4.0 (compatible; MSIE 6.0; Windows NT 5.0)"
199.208.213.35 - - [26/Feb/2004:21:48:58 -0800] "GET /ncaa/pdf/brackets/NCAA%201972.pdf HTTP/1.0" 304 - "http://www.wrestlingstats.com/ncaa/brackets.htm" "Mozilla/4.0 (compatible; MSIE 6.0; Windows NT 5.0)"
199.208.213.35 - - [26/Feb/2004:21:49:05 -0800] "GET /ncaa/pdf/brackets/NCAA%201970.pdf HTTP/1.0" 200 215841 "http://www.wrestlingstats.com/ncaa/brackets.htm" "Mozilla/4.0 (compatible; MSIE 6.0; Windows NT 5.0)"
199.208.213.35 - - [26/Feb/2004:21:51:33 -0800] "GET /ncaa/pdf/brackets/NCAA%201973.pdf HTTP/1.0" 200 212304 "http://www.wrestlingstats.com/ncaa/brackets.htm" "Mozilla/4.0 (compatible; MSIE 6.0; Windows NT 5.0)"
199.208.213.35 - - [26/Feb/2004:21:58:28 -0800] "GET /ncaa/pdf/brackets/NCAA%201974.pdf HTTP/1.0" 200 221153 "http://www.wrestlingstats.com/ncaa/brackets.htm" "Mozilla/4.0 (compatible; MSIE 6.0; Windows NT 5.0)"
199.208.213.35 - - [26/Feb/2004:21:59:43 -0800] "GET /ncaa/pdf/brackets/NCAA%201969.pdf HTTP/1.0" 200 219821 "http://www.wrestlingstats.com/ncaa/brackets.htm" "Mozilla/4.0 (compatible; MSIE 6.0; Windows NT 5.0)"
199.208.213.35 - - [26/Feb/2004:21:59:49 -0800] "GET /ncaa/pdf/brackets/NCAA%201969.pdf HTTP/1.0" 200 219821 "http://www.wrestlingstats.com/ncaa/brackets.htm" "Mozilla/4.0 (compatible; MSIE 6.0; Windows NT 5.0)"
199.208.213.35 - - [26/Feb/2004:22:05:06 -0800] "GET /ncaa/pdf/brackets/NCAA%201977.pdf HTTP/1.0" 200 225054 "http://www.wrestlingstats.com/ncaa/brackets.htm" "Mozilla/4.0 (compatible; MSIE 6.0; Windows NT 5.0)"
199.208.213.35 - - [26/Feb/2004:22:16:19 -0800] "GET /ncaa/pdf/brackets/NCAA%201979.pdf HTTP/1.0" 200 221713 "http://www.wrestlingstats.com/ncaa/brackets.htm" "Mozilla/4.0 (compatible; MSIE 6.0; Windows NT 5.0)"
24.225.146.126 - - [26/Feb/2004:22:19:36 -0800] "GET /lehigh/show_leaders.php?term=C&leader=1 HTTP/1.1" 200 8752 "-" "Mozilla/4.0 (compatible; MSIE 6.0; Windows NT 5.1; (R1 1.3))"
24.225.146.126 - - [26/Feb/2004:22:19:38 -0800] "GET /lehigh/apPopupMenu.class HTTP/1.1" 200 19469 "-" "Java 1.1"
24.225.146.126 - - [26/Feb/2004:22:19:39 -0800] "GET /lehigh/pix/home.gif HTTP/1.1" 200 215 "-" "Java 1.1"
24.225.146.126 - - [26/Feb/2004:22:19:39 -0800] "GET /lehigh/pix/apbfind.gif HTTP/1.1" 200 89 "-" "Java 1.1"
24.225.146.126 - - [26/Feb/2004:22:20:08 -0800] "GET /lehigh/show_leaders.php?term=C&leader=1 HTTP/1.1" 200 8752 "-" "Mozilla/4.0 (compatible; MSIE 6.0; Windows NT 5.1; (R1 1.3))"
68.12.243.86 - - [26/Feb/2004:22:21:07 -0800] "GET /okstate/ HTTP/1.1" 200 1466 "-" "Mozilla/4.0 (compatible; MSIE 6.0; Windows NT 5.1; FunWebProducts; .NET CLR 1.1.4322; Feat Ext 13)"
68.12.243.86 - - [26/Feb/2004:22:21:07 -0800] "GET /okstate/NCAAChamps.jpg HTTP/1.1" 304 - "http://www.wrestlingstats.com/okstate/" "Mozilla/4.0 (compatible; MSIE 6.0; Windows NT 5.1; FunWebProducts; .NET CLR 1.1.4322; Feat Ext 13)"
68.12.243.86 - - [26/Feb/2004:22:21:24 -0800] "GET /okstate/apPopupMenu.class HTTP/1.1" 200 19469 "-" "Mozilla/4.0 (Windows XP 5.1) Java/1.4.1"
68.12.243.86 - - [26/Feb/2004:22:21:27 -0800] "GET /okstate/pix/home.gif HTTP/1.1" 200 215 "-" "Mozilla/4.0 (Windows XP 5.1) Java/1.4.1"
68.12.243.86 - - [26/Feb/2004:22:21:27 -0800] "GET /okstate/pix/apbfind.gif HTTP/1.1" 200 89 "-" "Mozilla/4.0 (Windows XP 5.1) Java/1.4.1"
68.12.243.86 - - [26/Feb/2004:22:21:31 -0800] "GET /okstate/seasons.php HTTP/1.1" 200 1942 "-" "Mozilla/4.0 (compatible; MSIE 6.0; Windows NT 5.1; FunWebProducts; .NET CLR 1.1.4322; Feat Ext 13)"
68.12.243.86 - - [26/Feb/2004:22:21:44 -0800] "POST /okstate/view_seasons.php HTTP/1.1" 200 2557 "http://www.wrestlingstats.com/okstate/seasons.php" "Mozilla/4.0 (compatible; MSIE 6.0; Windows NT 5.1; FunWebProducts; .NET CLR 1.1.4322; Feat Ext 13)"
68.12.243.86 - - [26/Feb/2004:22:21:55 -0800] "GET /okstate/view_wrestlers.php?wrestler=147 HTTP/1.1" 200 2161 "http://www.wrestlingstats.com/okstate/view_seasons.php" "Mozilla/4.0 (compatible; MSIE 6.0; Windows NT 5.1; FunWebProducts; .NET CLR 1.1.4322; Feat Ext 13)"
68.12.243.86 - - [26/Feb/2004:22:22:12 -0800] "GET /okstate/view_wrestler_bouts.php?wrestler=147&season=1947 HTTP/1.1" 200 1620 "http://www.wrestlingstats.com/okstate/view_wrestlers.php?wrestler=147" "Mozilla/4.0 (compatible; MSIE 6.0; Windows NT 5.1; FunWebProducts; .NET CLR 1.1.4322; Feat Ext 13)"
68.12.243.86 - - [26/Feb/2004:22:22:18 -0800] "GET /okstate/view_wrestler_bouts.php?wrestler=147&season=1948 HTTP/1.1" 200 1620 "http://www.wrestlingstats.com/okstate/view_wrestlers.php?wrestler=147" "Mozilla/4.0 (compatible; MSIE 6.0; Windows NT 5.1; FunWebProducts; .NET CLR 1.1.4322; Feat Ext 13)"
68.12.243.86 - - [26/Feb/2004:22:22:25 -0800] "GET /okstate/view_wrestler_bouts.php?wrestler=147&season=1949 HTTP/1.1" 200 1619 "http://www.wrestlingstats.com/okstate/view_wrestlers.php?wrestler=147" "Mozilla/4.0 (compatible; MSIE 6.0; Windows NT 5.1; FunWebProducts; .NET CLR 1.1.4322; Feat Ext 13)"
68.12.243.86 - - [26/Feb/2004:22:24:54 -0800] "GET / HTTP/1.1" 200 1756 "-" "Mozilla/4.0 (compatible; MSIE 6.0; Windows NT 5.1; FunWebProducts; .NET CLR 1.1.4322; Feat Ext 13)"
